[INFO] cloning repository https://github.com/Goodjooy/illustrators_support
[INFO] running `Command { std: "git" "-c" "credential.helper=" "-c" "credential.helper=/workspace/cargo-home/bin/git-credential-null" "clone" "--bare" "https://github.com/Goodjooy/illustrators_support" "/workspace/cache/git-repos/https%3A%2F%2Fgithub.com%2FGoodjooy%2Fillustrators_support", kill_on_drop: false }`
[INFO] [stderr] Cloning into bare repository '/workspace/cache/git-repos/https%3A%2F%2Fgithub.com%2FGoodjooy%2Fillustrators_support'...
[INFO] running `Command { std: "git" "rev-parse" "HEAD", kill_on_drop: false }`
[INFO] [stdout] 3fbd436822d992a0583bc49f8d6204c13efc1a79
[INFO] testing Goodjooy/illustrators_support against beta-2023-04-20 for beta-1.70-1
[INFO] running `Command { std: "git" "clone" "/workspace/cache/git-repos/https%3A%2F%2Fgithub.com%2FGoodjooy%2Fillustrators_support" "/workspace/builds/worker-1-tc2/source", kill_on_drop: false }`
[INFO] [stderr] Cloning into '/workspace/builds/worker-1-tc2/source'...
[INFO] [stderr] done.
[INFO] validating manifest of git repo https://github.com/Goodjooy/illustrators_support on toolchain beta-2023-04-20
[INFO] running `Command { std: CARGO_HOME="/workspace/cargo-home" RUSTUP_HOME="/workspace/rustup-home" "/workspace/cargo-home/bin/cargo" "+beta-2023-04-20" "metadata" "--manifest-path" "Cargo.toml" "--no-deps", kill_on_drop: false }`
[INFO] started tweaking git repo https://github.com/Goodjooy/illustrators_support
[INFO] finished tweaking git repo https://github.com/Goodjooy/illustrators_support
[INFO] tweaked toml for git repo https://github.com/Goodjooy/illustrators_support written to /workspace/builds/worker-1-tc2/source/Cargo.toml
[INFO] crate git repo https://github.com/Goodjooy/illustrators_support already has a lockfile, it will not be regenerated
[INFO] running `Command { std: CARGO_HOME="/workspace/cargo-home" RUSTUP_HOME="/workspace/rustup-home" "/workspace/cargo-home/bin/cargo" "+beta-2023-04-20" "fetch" "--manifest-path" "Cargo.toml", kill_on_drop: false }`
[INFO] [stderr] warning: unused manifest key: package.author
[INFO] [stderr] warning: unused manifest key: target.x86_64-unknown-linux-gnu.linker
[INFO] [stderr] warning: unused manifest key: target.x86_64-unknown-linux-musl.linker
[INFO] [stderr]     Updating crates.io index
[INFO] [stderr]  Downloading crates ...
[INFO] [stderr]   Downloaded sea-query-derive v0.2.0
[INFO] [stderr]   Downloaded aliasable v0.1.3
[INFO] [stderr]   Downloaded ouroboros_macro v0.11.1
[INFO] [stderr]   Downloaded sea-strum_macros v0.21.2
[INFO] [stderr]   Downloaded rsa v0.4.1
[INFO] [stderr]   Downloaded ouroboros v0.11.1
[INFO] [stderr]   Downloaded bae v0.1.7
[INFO] [stderr]   Downloaded sea-strum v0.21.0
[INFO] [stderr]   Downloaded sqlx-rt v0.5.9
[INFO] [stderr]   Downloaded twoway v0.2.2
[INFO] [stderr]   Downloaded dashmap v5.0.0
[INFO] [stderr]   Downloaded sea-orm-macros v0.4.1
[INFO] [stderr]   Downloaded sqlx v0.5.9
[INFO] [stderr]   Downloaded ryu v1.0.6
[INFO] [stderr]   Downloaded simple_asn1 v0.5.4
[INFO] [stderr]   Downloaded rust_decimal v1.18.0
[INFO] [stderr]   Downloaded tracing-subscriber v0.3.3
[INFO] [stderr]   Downloaded sea-query v0.19.2
[INFO] [stderr]   Downloaded sqlx-core v0.5.9
[INFO] [stderr]   Downloaded sea-orm v0.4.1
[INFO] [stderr]   Downloaded libc v0.2.110
[INFO] [stderr]   Downloaded zeroize_derive v1.2.2
[INFO] [stderr]   Downloaded sqlx-macros v0.5.9
[INFO] [stderr]   Downloaded multer v2.0.1
[INFO] running `Command { std: "docker" "create" "-v" "/var/lib/crater-agent-workspace/builds/worker-1-tc2/target:/opt/rustwide/target:rw,Z" "-v" "/var/lib/crater-agent-workspace/builds/worker-1-tc2/source:/opt/rustwide/workdir:ro,Z" "-v" "/var/lib/crater-agent-workspace/cargo-home:/opt/rustwide/cargo-home:ro,Z" "-v" "/var/lib/crater-agent-workspace/rustup-home:/opt/rustwide/rustup-home:ro,Z" "-e" "SOURCE_DIR=/opt/rustwide/workdir" "-e" "CARGO_TARGET_DIR=/opt/rustwide/target" "-e" "CARGO_HOME=/opt/rustwide/cargo-home" "-e" "RUSTUP_HOME=/opt/rustwide/rustup-home" "-w" "/opt/rustwide/workdir" "-m" "1610612736" "--user" "0:0" "--network" "none" "ghcr.io/rust-lang/crates-build-env/linux@sha256:5ff2268d62e97bff2cde7d5815dd6ed5b47097566f13b8d0ca110b04b60e07ed" "/opt/rustwide/cargo-home/bin/cargo" "+beta-2023-04-20" "metadata" "--no-deps" "--format-version=1", kill_on_drop: false }`
[INFO] [stdout] 6c7b86f4c15b875a4d873ca0f7dddd3c5e0639616f934c7ffef58ea90f1ddfda
[INFO] running `Command { std: "docker" "start" "-a" "6c7b86f4c15b875a4d873ca0f7dddd3c5e0639616f934c7ffef58ea90f1ddfda", kill_on_drop: false }`
[INFO] running `Command { std: "docker" "inspect" "6c7b86f4c15b875a4d873ca0f7dddd3c5e0639616f934c7ffef58ea90f1ddfda", kill_on_drop: false }`
[INFO] running `Command { std: "docker" "rm" "-f" "6c7b86f4c15b875a4d873ca0f7dddd3c5e0639616f934c7ffef58ea90f1ddfda", kill_on_drop: false }`
[INFO] [stdout] 6c7b86f4c15b875a4d873ca0f7dddd3c5e0639616f934c7ffef58ea90f1ddfda
[INFO] running `Command { std: "docker" "create" "-v" "/var/lib/crater-agent-workspace/builds/worker-1-tc2/target:/opt/rustwide/target:rw,Z" "-v" "/var/lib/crater-agent-workspace/builds/worker-1-tc2/source:/opt/rustwide/workdir:ro,Z" "-v" "/var/lib/crater-agent-workspace/cargo-home:/opt/rustwide/cargo-home:ro,Z" "-v" "/var/lib/crater-agent-workspace/rustup-home:/opt/rustwide/rustup-home:ro,Z" "-e" "SOURCE_DIR=/opt/rustwide/workdir" "-e" "CARGO_TARGET_DIR=/opt/rustwide/target" "-e" "CARGO_INCREMENTAL=0" "-e" "RUST_BACKTRACE=full" "-e" "RUSTFLAGS=--cap-lints=warn" "-e" "RUSTDOCFLAGS=--cap-lints=warn" "-e" "CARGO_HOME=/opt/rustwide/cargo-home" "-e" "RUSTUP_HOME=/opt/rustwide/rustup-home" "-w" "/opt/rustwide/workdir" "-m" "1610612736" "--user" "0:0" "--network" "none" "ghcr.io/rust-lang/crates-build-env/linux@sha256:5ff2268d62e97bff2cde7d5815dd6ed5b47097566f13b8d0ca110b04b60e07ed" "/opt/rustwide/cargo-home/bin/cargo" "+beta-2023-04-20" "build" "--frozen" "--message-format=json", kill_on_drop: false }`
[INFO] [stdout] cb2b0bb8a7f3ae13caadc3157852afc84f30c140f9180b1b95be770889dda9c1
[INFO] running `Command { std: "docker" "start" "-a" "cb2b0bb8a7f3ae13caadc3157852afc84f30c140f9180b1b95be770889dda9c1", kill_on_drop: false }`
[INFO] [stderr] warning: unused manifest key: package.author
[INFO] [stderr] warning: unused manifest key: target.x86_64-unknown-linux-gnu.linker
[INFO] [stderr] warning: unused manifest key: target.x86_64-unknown-linux-musl.linker
[INFO] [stderr]    Compiling version_check v0.9.3
[INFO] [stderr]    Compiling proc-macro2 v1.0.33
[INFO] [stderr]    Compiling unicode-xid v0.2.2
[INFO] [stderr]    Compiling syn v1.0.82
[INFO] [stderr]    Compiling libc v0.2.110
[INFO] [stderr]    Compiling autocfg v1.0.1
[INFO] [stderr]    Compiling cfg-if v1.0.0
[INFO] [stderr]    Compiling once_cell v1.8.0
[INFO] [stderr]    Compiling spin v0.5.2
[INFO] [stderr]    Compiling pin-project-lite v0.2.7
[INFO] [stderr]    Compiling typenum v1.14.0
[INFO] [stderr]    Compiling futures-core v0.3.18
[INFO] [stderr]    Compiling serde_derive v1.0.131
[INFO] [stderr]    Compiling generic-array v0.14.4
[INFO] [stderr]    Compiling bytes v1.1.0
[INFO] [stderr]    Compiling libm v0.2.1
[INFO] [stderr]    Compiling num-traits v0.2.14
[INFO] [stderr]    Compiling lazy_static v1.4.0
[INFO] [stderr]    Compiling memchr v2.4.1
[INFO] [stderr]    Compiling futures-sink v0.3.18
[INFO] [stderr]    Compiling serde v1.0.131
[INFO] [stderr]    Compiling quote v1.0.10
[INFO] [stderr]    Compiling getrandom v0.2.3
[INFO] [stderr]    Compiling num_cpus v1.13.0
[INFO] [stderr]    Compiling ahash v0.7.6
[INFO] [stderr]    Compiling num-integer v0.1.44
[INFO] [stderr]    Compiling itoa v0.4.8
[INFO] [stderr]    Compiling smallvec v1.7.0
[INFO] [stderr]    Compiling log v0.4.14
[INFO] [stderr]    Compiling futures-channel v0.3.18
[INFO] [stderr]    Compiling pin-utils v0.1.0
[INFO] [stderr]    Compiling base64 v0.13.0
[INFO] [stderr]    Compiling hashbrown v0.11.2
[INFO] [stderr]    Compiling cc v1.0.72
[INFO] [stderr]    Compiling rand_core v0.6.3
[INFO] [stderr]    Compiling ppv-lite86 v0.2.15
[INFO] [stderr]    Compiling parking_lot_core v0.8.5
[INFO] [stderr]    Compiling tokio v1.14.0
[INFO] [stderr]    Compiling instant v0.1.12
[INFO] [stderr]    Compiling opaque-debug v0.3.0
[INFO] [stderr]    Compiling slab v0.4.5
[INFO] [stderr]    Compiling scopeguard v1.1.0
[INFO] [stderr]    Compiling untrusted v0.7.1
[INFO] [stderr]    Compiling lock_api v0.4.5
[INFO] [stderr]    Compiling mio v0.7.14
[INFO] [stderr]    Compiling rand_chacha v0.3.1
[INFO] [stderr]    Compiling digest v0.9.0
[INFO] [stderr]    Compiling subtle v2.4.1
[INFO] [stderr]    Compiling signal-hook-registry v1.4.0
[INFO] [stderr]    Compiling yansi v0.5.0
[INFO] [stderr]    Compiling ring v0.16.20
[INFO] [stderr]    Compiling percent-encoding v2.1.0
[INFO] [stderr]    Compiling futures-task v0.3.18
[INFO] [stderr]    Compiling indexmap v1.7.0
[INFO] [stderr]    Compiling proc-macro2-diagnostics v0.9.1
[INFO] [stderr]    Compiling either v1.6.1
[INFO] [stderr]    Compiling futures-util v0.3.18
[INFO] [stderr]    Compiling num-iter v0.1.42
[INFO] [stderr]    Compiling num-bigint v0.4.3
[INFO] [stderr]    Compiling standback v0.2.17
[INFO] [stderr]    Compiling ryu v1.0.6
[INFO] [stderr]    Compiling fnv v1.0.7
[INFO] [stderr]    Compiling futures-io v0.3.18
[INFO] [stderr]    Compiling proc-macro-hack v0.5.19
[INFO] [stderr]    Compiling autocfg v0.1.7
[INFO] [stderr]    Compiling http v0.2.5
[INFO] [stderr]    Compiling num-bigint-dig v0.7.0
[INFO] [stderr]    Compiling block-buffer v0.9.0
[INFO] [stderr]    Compiling nom v7.1.0
[INFO] [stderr]    Compiling unicode-segmentation v1.8.0
[INFO] [stderr]    Compiling tinyvec_macros v0.1.0
[INFO] [stderr]    Compiling cpufeatures v0.2.1
[INFO] [stderr]    Compiling tinyvec v1.5.1
[INFO] [stderr]    Compiling heck v0.3.3
[INFO] [stderr]    Compiling synstructure v0.12.6
[INFO] [stderr]    Compiling webpki v0.21.4
[INFO] [stderr]    Compiling sct v0.6.1
[INFO] [stderr]    Compiling rand v0.8.4
[INFO] [stderr]    Compiling tracing-core v0.1.21
[INFO] [stderr]    Compiling minimal-lexical v0.2.1
[INFO] [stderr]    Compiling httparse v1.5.1
[INFO] [stderr]    Compiling bitflags v1.3.2
[INFO] [stderr]    Compiling byteorder v1.4.3
[INFO] [stderr]    Compiling const_fn v0.4.8
[INFO] [stderr]    Compiling crossbeam-utils v0.8.5
[INFO] [stderr]    Compiling tracing v0.1.29
[INFO] [stderr]    Compiling unicode-normalization v0.1.19
[INFO] [stderr]    Compiling sha2 v0.9.8
[INFO] [stderr]    Compiling parking_lot v0.11.2
[INFO] [stderr]    Compiling time v0.1.43
[INFO] [stderr]    Compiling time v0.2.27
[INFO] [stderr]    Compiling proc-macro-error-attr v1.0.4
[INFO] [stderr]    Compiling arrayvec v0.5.2
[INFO] [stderr]    Compiling matches v0.1.9
[INFO] [stderr]    Compiling unicode-bidi v0.3.7
[INFO] [stderr]    Compiling try-lock v0.2.3
[INFO] [stderr]    Compiling itertools v0.10.3
[INFO] [stderr]    Compiling tokio-macros v1.6.0
[INFO] [stderr]    Compiling thiserror-impl v1.0.30
[INFO] [stderr]    Compiling futures-macro v0.3.18
[INFO] [stderr]    Compiling zeroize_derive v1.2.2
[INFO] [stderr]    Compiling time-macros-impl v0.1.2
[INFO] [stderr]    Compiling cipher v0.2.5
[INFO] [stderr]    Compiling num-bigint v0.3.3
[INFO] [stderr]    Compiling zeroize v1.3.0
[INFO] [stderr]    Compiling proc-macro-error v1.0.4
[INFO] [stderr]    Compiling serde_json v1.0.72
[INFO] [stderr]    Compiling time-macros v0.1.1
[INFO] [stderr]    Compiling unicode_categories v0.1.1
[INFO] [stderr]    Compiling regex-syntax v0.6.25
[INFO] [stderr]    Compiling crossbeam-queue v0.3.2
[INFO] [stderr]    Compiling pear_codegen v0.2.3
[INFO] [stderr]    Compiling idna v0.2.3
[INFO] [stderr]    Compiling thiserror v1.0.30
[INFO] [stderr]    Compiling regex v1.5.4
[INFO] [stderr]    Compiling form_urlencoded v1.0.1
[INFO] [stderr]    Compiling rustls v0.19.1
[INFO] [stderr]    Compiling http-body v0.4.4
[INFO] [stderr]    Compiling universal-hash v0.4.1
[INFO] [stderr]    Compiling chrono v0.4.19
[INFO] [stderr]    Compiling socket2 v0.4.2
[INFO] [stderr]    Compiling ref-cast v1.0.6
[INFO] [stderr]    Compiling crc-catalog v1.1.1
[INFO] [stderr]    Compiling tower-service v0.3.1
[INFO] [stderr]    Compiling inlinable_string v0.1.14
[INFO] [stderr]    Compiling cpuid-bool v0.2.0
[INFO] [stderr]    Compiling httpdate v1.0.2
[INFO] [stderr]    Compiling polyval v0.4.5
[INFO] [stderr]    Compiling tokio-util v0.6.9
[INFO] [stderr]    Compiling tokio-rustls v0.22.0
[INFO] [stderr]    Compiling pear v0.2.3
[INFO] [stderr]    Compiling simple_asn1 v0.5.4
[INFO] [stderr]    Compiling crc v2.1.0
[INFO] [stderr]    Compiling pem v0.8.3
[INFO] [stderr]    Compiling url v2.2.2
[INFO] [stderr]    Compiling aes-soft v0.6.4
[INFO] [stderr]    Compiling crossbeam-channel v0.5.1
[INFO] [stderr]    Compiling ref-cast-impl v1.0.6
[INFO] [stderr]    Compiling stringprep v0.1.2
[INFO] [stderr]    Compiling webpki-roots v0.21.1
[INFO] [stderr]    Compiling sha-1 v0.9.8
[INFO] [stderr]    Compiling crypto-mac v0.10.1
[INFO] [stderr]    Compiling hashlink v0.7.0
[INFO] [stderr]    Compiling atoi v0.4.0
[INFO] [stderr]    Compiling uncased v0.9.6
[INFO] [stderr]    Compiling cookie v0.15.1
[INFO] [stderr]    Compiling hex v0.4.3
[INFO] [stderr]    Compiling whoami v1.2.1
[INFO] [stderr]    Compiling mime v0.3.16
[INFO] [stderr]    Compiling rsa v0.4.1
[INFO] [stderr]    Compiling h2 v0.3.9
[INFO] [stderr]    Compiling hmac v0.10.1
[INFO] [stderr]    Compiling aes v0.6.0
[INFO] [stderr]    Compiling rust_decimal v1.18.0
[INFO] [stderr]    Compiling uuid v0.8.2
[INFO] [stderr]    Compiling sqlx-rt v0.5.9
[INFO] [stderr]    Compiling ghash v0.3.1
[INFO] [stderr]    Compiling tokio-stream v0.1.8
[INFO] [stderr]    Compiling ctr v0.6.0
[INFO] [stderr]    Compiling sqlformat v0.1.8
[INFO] [stderr]    Compiling want v0.3.0
[INFO] [stderr]    Compiling futures-intrusive v0.4.0
[INFO] [stderr]    Compiling devise_core v0.3.1
[INFO] [stderr]    Compiling aead v0.3.2
[INFO] [stderr]    Compiling encoding_rs v0.8.30
[INFO] [stderr]    Compiling async-trait v0.1.52
[INFO] [stderr]    Compiling state v0.5.2
[INFO] [stderr]    Compiling devise_codegen v0.3.1
[INFO] [stderr]    Compiling sqlx-core v0.5.9
[INFO] [stderr]    Compiling aes-gcm v0.8.0
[INFO] [stderr]    Compiling hkdf v0.10.0
[INFO] [stderr]    Compiling futures-executor v0.3.18
[INFO] [stderr]    Compiling async-stream-impl v0.3.2
[INFO] [stderr]    Compiling stable-pattern v0.1.0
[INFO] [stderr]    Compiling atomic v0.5.1
[INFO] [stderr]    Compiling figment v0.10.6
[INFO] [stderr]    Compiling multer v2.0.1
[INFO] [stderr]    Compiling unchecked-index v0.2.2
[INFO] [stderr]    Compiling gcc v0.3.55
[INFO] [stderr]    Compiling dotenv v0.15.0
[INFO] [stderr]    Compiling Inflector v0.11.4
[INFO] [stderr]    Compiling hyper v0.14.16
[INFO] [stderr]    Compiling async-stream v0.3.2
[INFO] [stderr]    Compiling ouroboros_macro v0.11.1
[INFO] [stderr]    Compiling twoway v0.2.2
[INFO] [stderr]    Compiling rust-crypto v0.2.36
[INFO] [stderr]    Compiling futures v0.3.18
[INFO] [stderr]    Compiling devise v0.3.1
[INFO] [stderr]    Compiling bae v0.1.7
[INFO] [stderr]    Compiling toml v0.5.8
[INFO] [stderr]    Compiling sea-query-derive v0.2.0
[INFO] [stderr]    Compiling sea-strum_macros v0.21.2
[INFO] [stderr]    Compiling rocket v0.5.0-rc.1
[INFO] [stderr]    Compiling rocket_http v0.5.0-rc.1
[INFO] [stderr]    Compiling sqlx-macros v0.5.9
[INFO] [stderr]    Compiling rand v0.4.6
[INFO] [stderr]    Compiling remove_dir_all v0.5.3
[INFO] [stderr]    Compiling stable_deref_trait v1.2.0
[INFO] [stderr]    Compiling glob v0.3.0
[INFO] [stderr]    Compiling aliasable v0.1.3
[INFO] [stderr]    Compiling spin v0.9.2
[INFO] [stderr]    Compiling sea-strum v0.21.0
[INFO] [stderr]    Compiling ouroboros v0.11.1
[INFO] [stderr]    Compiling rand v0.3.23
[INFO] [stderr]    Compiling tempfile v3.2.0
[INFO] [stderr]    Compiling sea-query v0.19.2
[INFO] [stderr]    Compiling sea-orm-macros v0.4.1
[INFO] [stderr]    Compiling ubyte v0.10.1
[INFO] [stderr]    Compiling rocket_codegen v0.5.0-rc.1
[INFO] [stderr]    Compiling atty v0.2.14
[INFO] [stderr]    Compiling rustc-serialize v0.3.24
[INFO] [stderr]    Compiling binascii v0.1.4
[INFO] [stderr]    Compiling dashmap v5.0.0
[INFO] [stderr]    Compiling sqlx v0.5.9
[INFO] [stderr]    Compiling sea-orm v0.4.1
[INFO] [stderr]    Compiling illustrators_support v0.1.0 (/opt/rustwide/workdir)
[INFO] [stdout] warning: private type `Identify` in public interface (error E0446)
[INFO] [stdout]   --> src/utils/data_structs/user_auth.rs:16:10
[INFO] [stdout]    |
[INFO] [stdout] 16 |     User(Identify),
[INFO] [stdout]    |          ^^^^^^^^
[INFO] [stdout]    |
[INFO] [stdout]    = warning: this was previously accepted by the compiler but is being phased out; it will become a hard error in a future release!
[INFO] [stdout]    = note: for more information, see issue #34537 <https://github.com/rust-lang/rust/issues/34537>
[INFO] [stdout]    = note: `#[warn(private_in_public)]` on by default
[INFO] [stdout] 
[INFO] [stdout] 
[INFO] [stdout] warning: private type `Identify` in public interface (error E0446)
[INFO] [stdout]   --> src/utils/data_structs/user_auth.rs:17:11
[INFO] [stdout]    |
[INFO] [stdout] 17 |     Admin(Identify),
[INFO] [stdout]    |           ^^^^^^^^
[INFO] [stdout]    |
[INFO] [stdout]    = warning: this was previously accepted by the compiler but is being phased out; it will become a hard error in a future release!
[INFO] [stdout]    = note: for more information, see issue #34537 <https://github.com/rust-lang/rust/issues/34537>
[INFO] [stdout] 
[INFO] [stdout] 
[INFO] [stdout] warning: private type `Identify` in public interface (error E0446)
[INFO] [stdout]   --> src/utils/data_structs/user_auth.rs:18:12
[INFO] [stdout]    |
[INFO] [stdout] 18 |     Both { u: Identify, a: Identify },
[INFO] [stdout]    |            ^^^^^^^^^^^
[INFO] [stdout]    |
[INFO] [stdout]    = warning: this was previously accepted by the compiler but is being phased out; it will become a hard error in a future release!
[INFO] [stdout]    = note: for more information, see issue #34537 <https://github.com/rust-lang/rust/issues/34537>
[INFO] [stdout] 
[INFO] [stdout] 
[INFO] [stdout] warning: private type `Identify` in public interface (error E0446)
[INFO] [stdout]   --> src/utils/data_structs/user_auth.rs:18:25
[INFO] [stdout]    |
[INFO] [stdout] 18 |     Both { u: Identify, a: Identify },
[INFO] [stdout]    |                         ^^^^^^^^^^^
[INFO] [stdout]    |
[INFO] [stdout]    = warning: this was previously accepted by the compiler but is being phased out; it will become a hard error in a future release!
[INFO] [stdout]    = note: for more information, see issue #34537 <https://github.com/rust-lang/rust/issues/34537>
[INFO] [stdout] 
[INFO] [stdout] 
[INFO] [stdout] warning: associated constants `USERS`, `ILLUSTRATOR_ACTS`, `ADMINS`, `INVITES`, and `UPDATE_RECORD` are never used
[INFO] [stdout]   --> src/database/update_bound.rs:32:15
[INFO] [stdout]    |
[INFO] [stdout] 27 | impl<'s> TableName<'s> {
[INFO] [stdout]    | ---------------------- associated constants in this implementation
[INFO] [stdout] ...
[INFO] [stdout] 32 |     pub const USERS: Option<Self> = Some(Self("users"));
[INFO] [stdout]    |               ^^^^^
[INFO] [stdout] ...
[INFO] [stdout] 36 |     pub const ILLUSTRATOR_ACTS: Option<Self> = Some(Self("illustrator_acts"));
[INFO] [stdout]    |               ^^^^^^^^^^^^^^^^
[INFO] [stdout] 37 |     pub const ADMINS: Option<Self> = Some(Self("admins"));
[INFO] [stdout]    |               ^^^^^^
[INFO] [stdout] 38 |     pub const INVITES: Option<Self> = Some(Self("invites"));
[INFO] [stdout]    |               ^^^^^^^
[INFO] [stdout] 39 |     pub const UPDATE_RECORD: Option<Self> = Some(Self("update_record"));
[INFO] [stdout]    |               ^^^^^^^^^^^^^
[INFO] [stdout]    |
[INFO] [stdout]    = note: `#[warn(dead_code)]` on by default
[INFO] [stdout] 
[INFO] [stdout] 
[INFO] [stdout] warning: method `change_status` is never used
[INFO] [stdout]   --> src/utils/data_structs/r_result.rs:86:12
[INFO] [stdout]    |
[INFO] [stdout] 44 | impl<T> RResult<T> {
[INFO] [stdout]    | ------------------ method in this implementation
[INFO] [stdout] ...
[INFO] [stdout] 86 |     pub fn change_status(self, status: Status) -> Self {
[INFO] [stdout]    |            ^^^^^^^^^^^^^
[INFO] [stdout] 
[INFO] [stdout] 
[INFO] [stdout] warning: variants `User`, `Admin`, and `Both` are never constructed
[INFO] [stdout]   --> src/utils/data_structs/user_auth.rs:16:5
[INFO] [stdout]    |
[INFO] [stdout] 15 | pub enum Auth {
[INFO] [stdout]    |          ---- variants in this enum
[INFO] [stdout] 16 |     User(Identify),
[INFO] [stdout]    |     ^^^^
[INFO] [stdout] 17 |     Admin(Identify),
[INFO] [stdout]    |     ^^^^^
[INFO] [stdout] 18 |     Both { u: Identify, a: Identify },
[INFO] [stdout]    |     ^^^^
[INFO] [stdout] 
[INFO] [stdout] 
[INFO] [stdout] warning: field `pwd` is never read
[INFO] [stdout]   --> src/utils/data_structs/user_auth.rs:23:5
[INFO] [stdout]    |
[INFO] [stdout] 21 | struct Identify {
[INFO] [stdout]    |        -------- field in this struct
[INFO] [stdout] 22 |     id: i64,
[INFO] [stdout] 23 |     pwd: CryptoString<6, 16>,
[INFO] [stdout]    |     ^^^
[INFO] [stdout] 
[INFO] [stdout] 
[INFO] [stdout] warning: associated items `new_user`, `new_admin`, `expand_user`, `expand_admin`, `have_user_auth`, and `have_admin_auth` are never used
[INFO] [stdout]   --> src/utils/data_structs/user_auth.rs:62:12
[INFO] [stdout]    |
[INFO] [stdout] 61 | impl Auth {
[INFO] [stdout]    | --------- associated items in this implementation
[INFO] [stdout] 62 |     pub fn new_user(user: UserLogin) -> Self {
[INFO] [stdout]    |            ^^^^^^^^
[INFO] [stdout] ...
[INFO] [stdout] 65 |     pub fn new_admin(admin: Admin) -> Self {
[INFO] [stdout]    |            ^^^^^^^^^
[INFO] [stdout] ...
[INFO] [stdout] 69 |     pub fn expand_user(self, admin: Admin) -> Self {
[INFO] [stdout]    |            ^^^^^^^^^^^
[INFO] [stdout] ...
[INFO] [stdout] 76 |     pub fn expand_admin(self, user: UserLogin) -> Self {
[INFO] [stdout]    |            ^^^^^^^^^^^^
[INFO] [stdout] ...
[INFO] [stdout] 83 |     pub fn have_user_auth(&self) -> bool {
[INFO] [stdout]    |            ^^^^^^^^^^^^^^
[INFO] [stdout] ...
[INFO] [stdout] 90 |     pub fn have_admin_auth(&self) -> bool {
[INFO] [stdout]    |            ^^^^^^^^^^^^^^^
[INFO] [stdout] 
[INFO] [stdout] 
[INFO] [stdout] warning: methods `add_user_auth`, `add_admin_auth`, `expand_user`, and `expand_admin` are never used
[INFO] [stdout]    --> src/utils/data_structs/user_auth.rs:216:12
[INFO] [stdout]     |
[INFO] [stdout] 215 | impl LifeTimeMap<String,Auth> {
[INFO] [stdout]     | ----------------------------- methods in this implementation
[INFO] [stdout] 216 |     pub fn add_user_auth(&self,user:UserLogin){
[INFO] [stdout]     |            ^^^^^^^^^^^^^
[INFO] [stdout] ...
[INFO] [stdout] 222 |     pub fn add_admin_auth(&self,admin:Admin)->Option<Auth>{
[INFO] [stdout]     |            ^^^^^^^^^^^^^^
[INFO] [stdout] ...
[INFO] [stdout] 228 |     pub fn expand_user(&self,key:String,admin:Admin)->Option<Auth>{
[INFO] [stdout]     |            ^^^^^^^^^^^
[INFO] [stdout] ...
[INFO] [stdout] 233 |     pub fn expand_admin(&self,key:String,user:UserLogin)->Option<Auth>{
[INFO] [stdout]     |            ^^^^^^^^^^^^
[INFO] [stdout] 
[INFO] [stdout] 
[INFO] [stdout] warning: 10 warnings emitted
[INFO] [stdout] 
[INFO] [stdout] 
[INFO] [stderr]     Finished dev [unoptimized + debuginfo] target(s) in 3m 19s
[INFO] [stderr] warning: the following packages contain code that will be rejected by a future version of Rust: rustc-serialize v0.3.24, sqlx-macros v0.5.9, ubyte v0.10.1
[INFO] [stderr] note: to see what the problems were, use the option `--future-incompat-report`, or run `cargo report future-incompatibilities --id 1`
[INFO] running `Command { std: "docker" "inspect" "cb2b0bb8a7f3ae13caadc3157852afc84f30c140f9180b1b95be770889dda9c1", kill_on_drop: false }`
[INFO] running `Command { std: "docker" "rm" "-f" "cb2b0bb8a7f3ae13caadc3157852afc84f30c140f9180b1b95be770889dda9c1", kill_on_drop: false }`
[INFO] [stdout] cb2b0bb8a7f3ae13caadc3157852afc84f30c140f9180b1b95be770889dda9c1
[INFO] running `Command { std: "docker" "create" "-v" "/var/lib/crater-agent-workspace/builds/worker-1-tc2/target:/opt/rustwide/target:rw,Z" "-v" "/var/lib/crater-agent-workspace/builds/worker-1-tc2/source:/opt/rustwide/workdir:ro,Z" "-v" "/var/lib/crater-agent-workspace/cargo-home:/opt/rustwide/cargo-home:ro,Z" "-v" "/var/lib/crater-agent-workspace/rustup-home:/opt/rustwide/rustup-home:ro,Z" "-e" "SOURCE_DIR=/opt/rustwide/workdir" "-e" "CARGO_TARGET_DIR=/opt/rustwide/target" "-e" "CARGO_INCREMENTAL=0" "-e" "RUST_BACKTRACE=full" "-e" "RUSTFLAGS=--cap-lints=warn" "-e" "RUSTDOCFLAGS=--cap-lints=warn" "-e" "CARGO_HOME=/opt/rustwide/cargo-home" "-e" "RUSTUP_HOME=/opt/rustwide/rustup-home" "-w" "/opt/rustwide/workdir" "-m" "1610612736" "--user" "0:0" "--network" "none" "ghcr.io/rust-lang/crates-build-env/linux@sha256:5ff2268d62e97bff2cde7d5815dd6ed5b47097566f13b8d0ca110b04b60e07ed" "/opt/rustwide/cargo-home/bin/cargo" "+beta-2023-04-20" "test" "--frozen" "--no-run" "--message-format=json", kill_on_drop: false }`
[INFO] [stdout] 89cf1678a5bed9cbf5bae76a220df649d6a3e3f520c160a4c1d63f281cce342a
[INFO] running `Command { std: "docker" "start" "-a" "89cf1678a5bed9cbf5bae76a220df649d6a3e3f520c160a4c1d63f281cce342a", kill_on_drop: false }`
[INFO] [stderr] warning: unused manifest key: package.author
[INFO] [stderr] warning: unused manifest key: target.x86_64-unknown-linux-gnu.linker
[INFO] [stderr] warning: unused manifest key: target.x86_64-unknown-linux-musl.linker
[INFO] [stderr]    Compiling illustrators_support v0.1.0 (/opt/rustwide/workdir)
[INFO] [stdout] warning: private type `Identify` in public interface (error E0446)
[INFO] [stdout]   --> src/utils/data_structs/user_auth.rs:16:10
[INFO] [stdout]    |
[INFO] [stdout] 16 |     User(Identify),
[INFO] [stdout]    |          ^^^^^^^^
[INFO] [stdout]    |
[INFO] [stdout]    = warning: this was previously accepted by the compiler but is being phased out; it will become a hard error in a future release!
[INFO] [stdout]    = note: for more information, see issue #34537 <https://github.com/rust-lang/rust/issues/34537>
[INFO] [stdout]    = note: `#[warn(private_in_public)]` on by default
[INFO] [stdout] 
[INFO] [stdout] 
[INFO] [stdout] warning: private type `Identify` in public interface (error E0446)
[INFO] [stdout]   --> src/utils/data_structs/user_auth.rs:17:11
[INFO] [stdout]    |
[INFO] [stdout] 17 |     Admin(Identify),
[INFO] [stdout]    |           ^^^^^^^^
[INFO] [stdout]    |
[INFO] [stdout]    = warning: this was previously accepted by the compiler but is being phased out; it will become a hard error in a future release!
[INFO] [stdout]    = note: for more information, see issue #34537 <https://github.com/rust-lang/rust/issues/34537>
[INFO] [stdout] 
[INFO] [stdout] 
[INFO] [stdout] warning: private type `Identify` in public interface (error E0446)
[INFO] [stdout]   --> src/utils/data_structs/user_auth.rs:18:12
[INFO] [stdout]    |
[INFO] [stdout] 18 |     Both { u: Identify, a: Identify },
[INFO] [stdout]    |            ^^^^^^^^^^^
[INFO] [stdout]    |
[INFO] [stdout]    = warning: this was previously accepted by the compiler but is being phased out; it will become a hard error in a future release!
[INFO] [stdout]    = note: for more information, see issue #34537 <https://github.com/rust-lang/rust/issues/34537>
[INFO] [stdout] 
[INFO] [stdout] 
[INFO] [stdout] warning: private type `Identify` in public interface (error E0446)
[INFO] [stdout]   --> src/utils/data_structs/user_auth.rs:18:25
[INFO] [stdout]    |
[INFO] [stdout] 18 |     Both { u: Identify, a: Identify },
[INFO] [stdout]    |                         ^^^^^^^^^^^
[INFO] [stdout]    |
[INFO] [stdout]    = warning: this was previously accepted by the compiler but is being phased out; it will become a hard error in a future release!
[INFO] [stdout]    = note: for more information, see issue #34537 <https://github.com/rust-lang/rust/issues/34537>
[INFO] [stdout] 
[INFO] [stdout] 
[INFO] [stdout] warning: associated constants `USERS`, `ILLUSTRATOR_ACTS`, `ADMINS`, `INVITES`, and `UPDATE_RECORD` are never used
[INFO] [stdout]   --> src/database/update_bound.rs:32:15
[INFO] [stdout]    |
[INFO] [stdout] 27 | impl<'s> TableName<'s> {
[INFO] [stdout]    | ---------------------- associated constants in this implementation
[INFO] [stdout] ...
[INFO] [stdout] 32 |     pub const USERS: Option<Self> = Some(Self("users"));
[INFO] [stdout]    |               ^^^^^
[INFO] [stdout] ...
[INFO] [stdout] 36 |     pub const ILLUSTRATOR_ACTS: Option<Self> = Some(Self("illustrator_acts"));
[INFO] [stdout]    |               ^^^^^^^^^^^^^^^^
[INFO] [stdout] 37 |     pub const ADMINS: Option<Self> = Some(Self("admins"));
[INFO] [stdout]    |               ^^^^^^
[INFO] [stdout] 38 |     pub const INVITES: Option<Self> = Some(Self("invites"));
[INFO] [stdout]    |               ^^^^^^^
[INFO] [stdout] 39 |     pub const UPDATE_RECORD: Option<Self> = Some(Self("update_record"));
[INFO] [stdout]    |               ^^^^^^^^^^^^^
[INFO] [stdout]    |
[INFO] [stdout]    = note: `#[warn(dead_code)]` on by default
[INFO] [stdout] 
[INFO] [stdout] 
[INFO] [stdout] warning: method `change_status` is never used
[INFO] [stdout]   --> src/utils/data_structs/r_result.rs:86:12
[INFO] [stdout]    |
[INFO] [stdout] 44 | impl<T> RResult<T> {
[INFO] [stdout]    | ------------------ method in this implementation
[INFO] [stdout] ...
[INFO] [stdout] 86 |     pub fn change_status(self, status: Status) -> Self {
[INFO] [stdout]    |            ^^^^^^^^^^^^^
[INFO] [stdout] 
[INFO] [stdout] 
[INFO] [stdout] warning: variants `User`, `Admin`, and `Both` are never constructed
[INFO] [stdout]   --> src/utils/data_structs/user_auth.rs:16:5
[INFO] [stdout]    |
[INFO] [stdout] 15 | pub enum Auth {
[INFO] [stdout]    |          ---- variants in this enum
[INFO] [stdout] 16 |     User(Identify),
[INFO] [stdout]    |     ^^^^
[INFO] [stdout] 17 |     Admin(Identify),
[INFO] [stdout]    |     ^^^^^
[INFO] [stdout] 18 |     Both { u: Identify, a: Identify },
[INFO] [stdout]    |     ^^^^
[INFO] [stdout] 
[INFO] [stdout] 
[INFO] [stdout] warning: field `pwd` is never read
[INFO] [stdout]   --> src/utils/data_structs/user_auth.rs:23:5
[INFO] [stdout]    |
[INFO] [stdout] 21 | struct Identify {
[INFO] [stdout]    |        -------- field in this struct
[INFO] [stdout] 22 |     id: i64,
[INFO] [stdout] 23 |     pwd: CryptoString<6, 16>,
[INFO] [stdout]    |     ^^^
[INFO] [stdout] 
[INFO] [stdout] 
[INFO] [stdout] warning: associated items `new_user`, `new_admin`, `expand_user`, `expand_admin`, `have_user_auth`, and `have_admin_auth` are never used
[INFO] [stdout]   --> src/utils/data_structs/user_auth.rs:62:12
[INFO] [stdout]    |
[INFO] [stdout] 61 | impl Auth {
[INFO] [stdout]    | --------- associated items in this implementation
[INFO] [stdout] 62 |     pub fn new_user(user: UserLogin) -> Self {
[INFO] [stdout]    |            ^^^^^^^^
[INFO] [stdout] ...
[INFO] [stdout] 65 |     pub fn new_admin(admin: Admin) -> Self {
[INFO] [stdout]    |            ^^^^^^^^^
[INFO] [stdout] ...
[INFO] [stdout] 69 |     pub fn expand_user(self, admin: Admin) -> Self {
[INFO] [stdout]    |            ^^^^^^^^^^^
[INFO] [stdout] ...
[INFO] [stdout] 76 |     pub fn expand_admin(self, user: UserLogin) -> Self {
[INFO] [stdout]    |            ^^^^^^^^^^^^
[INFO] [stdout] ...
[INFO] [stdout] 83 |     pub fn have_user_auth(&self) -> bool {
[INFO] [stdout]    |            ^^^^^^^^^^^^^^
[INFO] [stdout] ...
[INFO] [stdout] 90 |     pub fn have_admin_auth(&self) -> bool {
[INFO] [stdout]    |            ^^^^^^^^^^^^^^^
[INFO] [stdout] 
[INFO] [stdout] 
[INFO] [stdout] warning: methods `add_user_auth`, `add_admin_auth`, `expand_user`, and `expand_admin` are never used
[INFO] [stdout]    --> src/utils/data_structs/user_auth.rs:216:12
[INFO] [stdout]     |
[INFO] [stdout] 215 | impl LifeTimeMap<String,Auth> {
[INFO] [stdout]     | ----------------------------- methods in this implementation
[INFO] [stdout] 216 |     pub fn add_user_auth(&self,user:UserLogin){
[INFO] [stdout]     |            ^^^^^^^^^^^^^
[INFO] [stdout] ...
[INFO] [stdout] 222 |     pub fn add_admin_auth(&self,admin:Admin)->Option<Auth>{
[INFO] [stdout]     |            ^^^^^^^^^^^^^^
[INFO] [stdout] ...
[INFO] [stdout] 228 |     pub fn expand_user(&self,key:String,admin:Admin)->Option<Auth>{
[INFO] [stdout]     |            ^^^^^^^^^^^
[INFO] [stdout] ...
[INFO] [stdout] 233 |     pub fn expand_admin(&self,key:String,user:UserLogin)->Option<Auth>{
[INFO] [stdout]     |            ^^^^^^^^^^^^
[INFO] [stdout] 
[INFO] [stdout] 
[INFO] [stdout] warning: 10 warnings emitted
[INFO] [stdout] 
[INFO] [stdout] 
[INFO] [stderr]     Finished test [unoptimized + debuginfo] target(s) in 10.71s
[INFO] [stderr] warning: the following packages contain code that will be rejected by a future version of Rust: rustc-serialize v0.3.24, sqlx-macros v0.5.9, ubyte v0.10.1
[INFO] [stderr] note: to see what the problems were, use the option `--future-incompat-report`, or run `cargo report future-incompatibilities --id 1`
[INFO] running `Command { std: "docker" "inspect" "89cf1678a5bed9cbf5bae76a220df649d6a3e3f520c160a4c1d63f281cce342a", kill_on_drop: false }`
[INFO] running `Command { std: "docker" "rm" "-f" "89cf1678a5bed9cbf5bae76a220df649d6a3e3f520c160a4c1d63f281cce342a", kill_on_drop: false }`
[INFO] [stdout] 89cf1678a5bed9cbf5bae76a220df649d6a3e3f520c160a4c1d63f281cce342a
[INFO] running `Command { std: "docker" "create" "-v" "/var/lib/crater-agent-workspace/builds/worker-1-tc2/target:/opt/rustwide/target:rw,Z" "-v" "/var/lib/crater-agent-workspace/builds/worker-1-tc2/source:/opt/rustwide/workdir:ro,Z" "-v" "/var/lib/crater-agent-workspace/cargo-home:/opt/rustwide/cargo-home:ro,Z" "-v" "/var/lib/crater-agent-workspace/rustup-home:/opt/rustwide/rustup-home:ro,Z" "-e" "SOURCE_DIR=/opt/rustwide/workdir" "-e" "CARGO_TARGET_DIR=/opt/rustwide/target" "-e" "CARGO_INCREMENTAL=0" "-e" "RUST_BACKTRACE=full" "-e" "RUSTFLAGS=--cap-lints=warn" "-e" "RUSTDOCFLAGS=--cap-lints=warn" "-e" "CARGO_HOME=/opt/rustwide/cargo-home" "-e" "RUSTUP_HOME=/opt/rustwide/rustup-home" "-w" "/opt/rustwide/workdir" "-m" "1610612736" "--user" "0:0" "--network" "none" "ghcr.io/rust-lang/crates-build-env/linux@sha256:5ff2268d62e97bff2cde7d5815dd6ed5b47097566f13b8d0ca110b04b60e07ed" "/opt/rustwide/cargo-home/bin/cargo" "+beta-2023-04-20" "test" "--frozen", kill_on_drop: false }`
[INFO] [stdout] 9c420c7731db396a84b454d5875ee0a06a1ffc9d5cd0d852759bc6453b819d7b
[INFO] running `Command { std: "docker" "start" "-a" "9c420c7731db396a84b454d5875ee0a06a1ffc9d5cd0d852759bc6453b819d7b", kill_on_drop: false }`
[INFO] [stderr] warning: unused manifest key: package.author
[INFO] [stderr] warning: unused manifest key: target.x86_64-unknown-linux-gnu.linker
[INFO] [stderr] warning: unused manifest key: target.x86_64-unknown-linux-musl.linker
[INFO] [stderr] warning: private type `Identify` in public interface (error E0446)
[INFO] [stderr]   --> src/utils/data_structs/user_auth.rs:16:10
[INFO] [stderr]    |
[INFO] [stderr] 16 |     User(Identify),
[INFO] [stderr]    |          ^^^^^^^^
[INFO] [stderr]    |
[INFO] [stderr]    = warning: this was previously accepted by the compiler but is being phased out; it will become a hard error in a future release!
[INFO] [stderr]    = note: for more information, see issue #34537 <https://github.com/rust-lang/rust/issues/34537>
[INFO] [stderr]    = note: `#[warn(private_in_public)]` on by default
[INFO] [stderr] 
[INFO] [stderr] warning: private type `Identify` in public interface (error E0446)
[INFO] [stderr]   --> src/utils/data_structs/user_auth.rs:17:11
[INFO] [stderr]    |
[INFO] [stderr] 17 |     Admin(Identify),
[INFO] [stderr]    |           ^^^^^^^^
[INFO] [stderr]    |
[INFO] [stderr]    = warning: this was previously accepted by the compiler but is being phased out; it will become a hard error in a future release!
[INFO] [stderr]    = note: for more information, see issue #34537 <https://github.com/rust-lang/rust/issues/34537>
[INFO] [stderr] 
[INFO] [stderr] warning: private type `Identify` in public interface (error E0446)
[INFO] [stderr]   --> src/utils/data_structs/user_auth.rs:18:12
[INFO] [stderr]    |
[INFO] [stderr] 18 |     Both { u: Identify, a: Identify },
[INFO] [stderr]    |            ^^^^^^^^^^^
[INFO] [stderr]    |
[INFO] [stderr]    = warning: this was previously accepted by the compiler but is being phased out; it will become a hard error in a future release!
[INFO] [stderr]    = note: for more information, see issue #34537 <https://github.com/rust-lang/rust/issues/34537>
[INFO] [stderr] 
[INFO] [stderr] warning: private type `Identify` in public interface (error E0446)
[INFO] [stderr]   --> src/utils/data_structs/user_auth.rs:18:25
[INFO] [stderr]    |
[INFO] [stderr] 18 |     Both { u: Identify, a: Identify },
[INFO] [stderr]    |                         ^^^^^^^^^^^
[INFO] [stderr]    |
[INFO] [stderr]    = warning: this was previously accepted by the compiler but is being phased out; it will become a hard error in a future release!
[INFO] [stderr]    = note: for more information, see issue #34537 <https://github.com/rust-lang/rust/issues/34537>
[INFO] [stderr] 
[INFO] [stderr] warning: associated constants `USERS`, `ILLUSTRATOR_ACTS`, `ADMINS`, `INVITES`, and `UPDATE_RECORD` are never used
[INFO] [stderr]   --> src/database/update_bound.rs:32:15
[INFO] [stderr]    |
[INFO] [stderr] 27 | impl<'s> TableName<'s> {
[INFO] [stderr]    | ---------------------- associated constants in this implementation
[INFO] [stderr] ...
[INFO] [stderr] 32 |     pub const USERS: Option<Self> = Some(Self("users"));
[INFO] [stderr]    |               ^^^^^
[INFO] [stderr] ...
[INFO] [stderr] 36 |     pub const ILLUSTRATOR_ACTS: Option<Self> = Some(Self("illustrator_acts"));
[INFO] [stderr]    |               ^^^^^^^^^^^^^^^^
[INFO] [stderr] 37 |     pub const ADMINS: Option<Self> = Some(Self("admins"));
[INFO] [stderr]    |               ^^^^^^
[INFO] [stderr] 38 |     pub const INVITES: Option<Self> = Some(Self("invites"));
[INFO] [stderr]    |               ^^^^^^^
[INFO] [stderr] 39 |     pub const UPDATE_RECORD: Option<Self> = Some(Self("update_record"));
[INFO] [stderr]    |               ^^^^^^^^^^^^^
[INFO] [stderr]    |
[INFO] [stderr]    = note: `#[warn(dead_code)]` on by default
[INFO] [stderr] 
[INFO] [stderr] warning: method `change_status` is never used
[INFO] [stderr]   --> src/utils/data_structs/r_result.rs:86:12
[INFO] [stderr]    |
[INFO] [stderr] 44 | impl<T> RResult<T> {
[INFO] [stderr]    | ------------------ method in this implementation
[INFO] [stderr] ...
[INFO] [stderr] 86 |     pub fn change_status(self, status: Status) -> Self {
[INFO] [stderr]    |            ^^^^^^^^^^^^^
[INFO] [stderr] 
[INFO] [stderr] warning: variants `User`, `Admin`, and `Both` are never constructed
[INFO] [stderr]   --> src/utils/data_structs/user_auth.rs:16:5
[INFO] [stderr]    |
[INFO] [stderr] 15 | pub enum Auth {
[INFO] [stderr]    |          ---- variants in this enum
[INFO] [stderr] 16 |     User(Identify),
[INFO] [stderr]    |     ^^^^
[INFO] [stderr] 17 |     Admin(Identify),
[INFO] [stderr]    |     ^^^^^
[INFO] [stderr] 18 |     Both { u: Identify, a: Identify },
[INFO] [stderr]    |     ^^^^
[INFO] [stderr] 
[INFO] [stderr] warning: field `pwd` is never read
[INFO] [stderr]   --> src/utils/data_structs/user_auth.rs:23:5
[INFO] [stderr]    |
[INFO] [stderr] 21 | struct Identify {
[INFO] [stderr]    |        -------- field in this struct
[INFO] [stderr] 22 |     id: i64,
[INFO] [stderr] 23 |     pwd: CryptoString<6, 16>,
[INFO] [stderr]    |     ^^^
[INFO] [stderr] 
[INFO] [stderr] warning: associated items `new_user`, `new_admin`, `expand_user`, `expand_admin`, `have_user_auth`, and `have_admin_auth` are never used
[INFO] [stderr]   --> src/utils/data_structs/user_auth.rs:62:12
[INFO] [stderr]    |
[INFO] [stderr] 61 | impl Auth {
[INFO] [stderr]    | --------- associated items in this implementation
[INFO] [stderr] 62 |     pub fn new_user(user: UserLogin) -> Self {
[INFO] [stderr]    |            ^^^^^^^^
[INFO] [stderr] ...
[INFO] [stderr] 65 |     pub fn new_admin(admin: Admin) -> Self {
[INFO] [stderr]    |            ^^^^^^^^^
[INFO] [stderr] ...
[INFO] [stderr] 69 |     pub fn expand_user(self, admin: Admin) -> Self {
[INFO] [stderr]    |            ^^^^^^^^^^^
[INFO] [stderr] ...
[INFO] [stderr] 76 |     pub fn expand_admin(self, user: UserLogin) -> Self {
[INFO] [stderr]    |            ^^^^^^^^^^^^
[INFO] [stderr] ...
[INFO] [stderr] 83 |     pub fn have_user_auth(&self) -> bool {
[INFO] [stderr]    |            ^^^^^^^^^^^^^^
[INFO] [stderr] ...
[INFO] [stderr] 90 |     pub fn have_admin_auth(&self) -> bool {
[INFO] [stderr]    |            ^^^^^^^^^^^^^^^
[INFO] [stderr] 
[INFO] [stderr] warning: methods `add_user_auth`, `add_admin_auth`, `expand_user`, and `expand_admin` are never used
[INFO] [stderr]    --> src/utils/data_structs/user_auth.rs:216:12
[INFO] [stderr]     |
[INFO] [stderr] 215 | impl LifeTimeMap<String,Auth> {
[INFO] [stderr]     | ----------------------------- methods in this implementation
[INFO] [stderr] 216 |     pub fn add_user_auth(&self,user:UserLogin){
[INFO] [stderr]     |            ^^^^^^^^^^^^^
[INFO] [stderr] ...
[INFO] [stderr] 222 |     pub fn add_admin_auth(&self,admin:Admin)->Option<Auth>{
[INFO] [stderr]     |            ^^^^^^^^^^^^^^
[INFO] [stderr] ...
[INFO] [stderr] 228 |     pub fn expand_user(&self,key:String,admin:Admin)->Option<Auth>{
[INFO] [stderr]     |            ^^^^^^^^^^^
[INFO] [stderr] ...
[INFO] [stderr] 233 |     pub fn expand_admin(&self,key:String,user:UserLogin)->Option<Auth>{
[INFO] [stderr]     |            ^^^^^^^^^^^^
[INFO] [stderr] 
[INFO] [stderr] warning: `illustrators_support` (bin "illustrators_support" test) generated 10 warnings
[INFO] [stderr]     Finished test [unoptimized + debuginfo] target(s) in 0.25s
[INFO] [stderr] warning: the following packages contain code that will be rejected by a future version of Rust: rustc-serialize v0.3.24, sqlx-macros v0.5.9, ubyte v0.10.1
[INFO] [stderr] note: to see what the problems were, use the option `--future-incompat-report`, or run `cargo report future-incompatibilities --id 1`
[INFO] [stderr]      Running unittests src/main.rs (/opt/rustwide/target/debug/deps/illustrators_support-a4dc9e289b6bf8e7)
[INFO] [stdout] 
[INFO] [stdout] running 3 tests
[INFO] [stdout] test controllers::update_record::test_update::test_update_with_new ... FAILED
[INFO] [stdout] test controllers::update_record::test_update::test_update_without_head ... FAILED
[INFO] [stdout] test utils::data_structs::lifetime_hashmap::test::test_death_data ... ok
[INFO] [stderr] error: test failed, to rerun pass `--bin illustrators_support`
[INFO] [stdout] 
[INFO] [stdout] failures:
[INFO] [stdout] 
[INFO] [stdout] ---- controllers::update_record::test_update::test_update_with_new stdout ----
[INFO] [stdout] Configured for debug.
[INFO] [stdout]    >> address: 127.0.0.1
[INFO] [stdout]    >> port: 8000
[INFO] [stdout]    >> workers: 8
[INFO] [stdout]    >> ident: Rocket
[INFO] [stdout]    >> keep-alive: 5s
[INFO] [stdout]    >> limits: bytes = 8KiB, data-form = 2MiB, file = 1MiB, form = 32KiB, json = 1MiB, msgpack = 1MiB, string = 8KiB
[INFO] [stdout]    >> tls: disabled
[INFO] [stdout]    >> secret key: [generated]
[INFO] [stdout] Warning: secrets enabled without a stable `secret_key`
[INFO] [stdout]    >> disable `secrets` feature or configure a `secret_key`
[INFO] [stdout]    >> this becomes an error in non-debug profiles
[INFO] [stdout]    >> temp dir: /tmp
[INFO] [stdout]    >> log level: normal
[INFO] [stdout]    >> cli colors: true
[INFO] [stdout]    >> shutdown: ctrlc = true, force = true, signals = [SIGTERM], grace = 2s, mercy = 3s
[INFO] [stdout] Routes:
[INFO] [stdout]    >> (check_uptated) POST /update/check
[INFO] [stdout] Fairings:
[INFO] [stdout]    >> Shield (liftoff, response, singleton)
[INFO] [stdout] Error: launching with unmanaged `illustrators_support::database::Database` state.
[INFO] [stdout]    >> Using `State` requires managing it with `.manage()`.
[INFO] [stdout] thread 'controllers::update_record::test_update::test_update_with_new' panicked at 'Mock client Create Failure: SentinelAborts([Sentry { type_id: TypeId { t: 9197861317381948511 }, type_name: "&rocket::state::State<illustrators_support::database::Database>", parent: None, location: ("src/controllers/update_record.rs", 16, 64), default: true }])', src/controllers/update_record.rs:45:45
[INFO] [stdout] stack backtrace:
[INFO] [stdout]    0:     0x56240bb5102a - std::backtrace_rs::backtrace::libunwind::trace::h2f05d0192276a8f6
[INFO] [stdout]                                at /rustc/1b7dd2252b99671ce5d1cb9664c5f8636329436d/library/std/src/../../backtrace/src/backtrace/libunwind.rs:93:5
[INFO] [stdout]    1:     0x56240bb5102a - std::backtrace_rs::backtrace::trace_unsynchronized::hedc23dff7a1af150
[INFO] [stdout]                                at /rustc/1b7dd2252b99671ce5d1cb9664c5f8636329436d/library/std/src/../../backtrace/src/backtrace/mod.rs:66:5
[INFO] [stdout]    2:     0x56240bb5102a - std::sys_common::backtrace::_print_fmt::h17541ef7592f3ce2
[INFO] [stdout]                                at /rustc/1b7dd2252b99671ce5d1cb9664c5f8636329436d/library/std/src/sys_common/backtrace.rs:65:5
[INFO] [stdout]    3:     0x56240bb5102a - <std::sys_common::backtrace::_print::DisplayBacktrace as core::fmt::Display>::fmt::h20f75df5ab0c0792
[INFO] [stdout]                                at /rustc/1b7dd2252b99671ce5d1cb9664c5f8636329436d/library/std/src/sys_common/backtrace.rs:44:22
[INFO] [stdout]    4:     0x56240bb7a5bf - core::fmt::write::h78109e6f466b3af6
[INFO] [stdout]                                at /rustc/1b7dd2252b99671ce5d1cb9664c5f8636329436d/library/core/src/fmt/mod.rs:1254:17
[INFO] [stdout]    5:     0x56240bb4d995 - std::io::Write::write_fmt::hd24bfb68a1b35a25
[INFO] [stdout]                                at /rustc/1b7dd2252b99671ce5d1cb9664c5f8636329436d/library/std/src/io/mod.rs:1698:15
[INFO] [stdout]    6:     0x56240bb50df5 - std::sys_common::backtrace::_print::h8dac57a9f8fbf9a5
[INFO] [stdout]                                at /rustc/1b7dd2252b99671ce5d1cb9664c5f8636329436d/library/std/src/sys_common/backtrace.rs:47:5
[INFO] [stdout]    7:     0x56240bb50df5 - std::sys_common::backtrace::print::hf9ecbf41d1aa712f
[INFO] [stdout]                                at /rustc/1b7dd2252b99671ce5d1cb9664c5f8636329436d/library/std/src/sys_common/backtrace.rs:34:9
[INFO] [stdout]    8:     0x56240bb52aae - std::panicking::default_hook::{{closure}}::h04c07acfc84ca028
[INFO] [stdout]                                at /rustc/1b7dd2252b99671ce5d1cb9664c5f8636329436d/library/std/src/panicking.rs:269:22
[INFO] [stdout]    9:     0x56240bb527e1 - std::panicking::default_hook::h01f6bb23e1eceb2c
[INFO] [stdout]                                at /rustc/1b7dd2252b99671ce5d1cb9664c5f8636329436d/library/std/src/panicking.rs:285:9
[INFO] [stdout]   10:     0x56240b3ca13b - <alloc::boxed::Box<F,A> as core::ops::function::Fn<Args>>::call::h87fe9f7b2fd49e4c
[INFO] [stdout]                                at /rustc/1b7dd2252b99671ce5d1cb9664c5f8636329436d/library/alloc/src/boxed.rs:1987:9
[INFO] [stdout]   11:     0x56240b3ca13b - test::test_main::{{closure}}::he94d679243a7531b
[INFO] [stdout]                                at /rustc/1b7dd2252b99671ce5d1cb9664c5f8636329436d/library/test/src/lib.rs:134:21
[INFO] [stdout]   12:     0x56240bb53194 - <alloc::boxed::Box<F,A> as core::ops::function::Fn<Args>>::call::h3f2d6d8b14c4769f
[INFO] [stdout]                                at /rustc/1b7dd2252b99671ce5d1cb9664c5f8636329436d/library/alloc/src/boxed.rs:1987:9
[INFO] [stdout]   13:     0x56240bb53194 - std::panicking::rust_panic_with_hook::h2bb3722bbaf2f6df
[INFO] [stdout]                                at /rustc/1b7dd2252b99671ce5d1cb9664c5f8636329436d/library/std/src/panicking.rs:695:13
[INFO] [stdout]   14:     0x56240bb52f09 - std::panicking::begin_panic_handler::{{closure}}::h91bc7f36a4be011b
[INFO] [stdout]                                at /rustc/1b7dd2252b99671ce5d1cb9664c5f8636329436d/library/std/src/panicking.rs:582:13
[INFO] [stdout]   15:     0x56240bb51496 - std::sys_common::backtrace::__rust_end_short_backtrace::h8b3d3717114f9e59
[INFO] [stdout]                                at /rustc/1b7dd2252b99671ce5d1cb9664c5f8636329436d/library/std/src/sys_common/backtrace.rs:150:18
[INFO] [stdout]   16:     0x56240bb52c62 - rust_begin_unwind
[INFO] [stdout]                                at /rustc/1b7dd2252b99671ce5d1cb9664c5f8636329436d/library/std/src/panicking.rs:578:5
[INFO] [stdout]   17:     0x56240b372343 - core::panicking::panic_fmt::hfd368e3fbdabea26
[INFO] [stdout]                                at /rustc/1b7dd2252b99671ce5d1cb9664c5f8636329436d/library/core/src/panicking.rs:67:14
[INFO] [stdout]   18:     0x56240b3728e3 - core::result::unwrap_failed::he54eb4b2f125b26f
[INFO] [stdout]                                at /rustc/1b7dd2252b99671ce5d1cb9664c5f8636329436d/library/core/src/result.rs:1687:5
[INFO] [stdout]   19:     0x56240b3784ee - core::result::Result<T,E>::expect::h4d89b8eb3fc8b25d
[INFO] [stdout]                                at /rustc/1b7dd2252b99671ce5d1cb9664c5f8636329436d/library/core/src/result.rs:1046:23
[INFO] [stdout]   20:     0x56240b37d8be - illustrators_support::controllers::update_record::test_update::mock_client::hba8a9bfde869270e
[INFO] [stdout]                                at /opt/rustwide/workdir/src/controllers/update_record.rs:45:22
[INFO] [stdout]   21:     0x56240b37dc0d - illustrators_support::controllers::update_record::test_update::test_update_with_new::h3dab276c87679543
[INFO] [stdout]                                at /opt/rustwide/workdir/src/controllers/update_record.rs:63:22
[INFO] [stdout]   22:     0x56240b37dbc7 - illustrators_support::controllers::update_record::test_update::test_update_with_new::{{closure}}::hb8ec5068326968e2
[INFO] [stdout]                                at /opt/rustwide/workdir/src/controllers/update_record.rs:62:31
[INFO] [stdout]   23:     0x56240b387325 - core::ops::function::FnOnce::call_once::h9531e447ee8c8ae5
[INFO] [stdout]                                at /rustc/1b7dd2252b99671ce5d1cb9664c5f8636329436d/library/core/src/ops/function.rs:250:5
[INFO] [stdout]   24:     0x56240b3cf00f - core::ops::function::FnOnce::call_once::ha6a70e79f7481a7e
[INFO] [stdout]                                at /rustc/1b7dd2252b99671ce5d1cb9664c5f8636329436d/library/core/src/ops/function.rs:250:5
[INFO] [stdout]   25:     0x56240b3cf00f - test::__rust_begin_short_backtrace::hce33033019b61e69
[INFO] [stdout]                                at /rustc/1b7dd2252b99671ce5d1cb9664c5f8636329436d/library/test/src/lib.rs:655:18
[INFO] [stdout]   26:     0x56240b39c7fc - test::run_test::{{closure}}::h858d3528838ae3e5
[INFO] [stdout]                                at /rustc/1b7dd2252b99671ce5d1cb9664c5f8636329436d/library/test/src/lib.rs:646:30
[INFO] [stdout]   27:     0x56240b39c7fc - core::ops::function::FnOnce::call_once{{vtable.shim}}::he8ac2b00f01ae79e
[INFO] [stdout]                                at /rustc/1b7dd2252b99671ce5d1cb9664c5f8636329436d/library/core/src/ops/function.rs:250:5
[INFO] [stdout]   28:     0x56240b3ce0e6 - <alloc::boxed::Box<F,A> as core::ops::function::FnOnce<Args>>::call_once::h8093d25b522725ef
[INFO] [stdout]                                at /rustc/1b7dd2252b99671ce5d1cb9664c5f8636329436d/library/alloc/src/boxed.rs:1973:9
[INFO] [stdout]   29:     0x56240b3ce0e6 - <core::panic::unwind_safe::AssertUnwindSafe<F> as core::ops::function::FnOnce<()>>::call_once::h5c334c204e4a3913
[INFO] [stdout]                                at /rustc/1b7dd2252b99671ce5d1cb9664c5f8636329436d/library/core/src/panic/unwind_safe.rs:271:9
[INFO] [stdout]   30:     0x56240b3ce0e6 - std::panicking::try::do_call::ha8b740c7b9478074
[INFO] [stdout]                                at /rustc/1b7dd2252b99671ce5d1cb9664c5f8636329436d/library/std/src/panicking.rs:485:40
[INFO] [stdout]   31:     0x56240b3ce0e6 - std::panicking::try::h5d34f63d0e41b64e
[INFO] [stdout]                                at /rustc/1b7dd2252b99671ce5d1cb9664c5f8636329436d/library/std/src/panicking.rs:449:19
[INFO] [stdout]   32:     0x56240b3ce0e6 - std::panic::catch_unwind::hcfbb511e1aa7fc67
[INFO] [stdout]                                at /rustc/1b7dd2252b99671ce5d1cb9664c5f8636329436d/library/std/src/panic.rs:140:14
[INFO] [stdout]   33:     0x56240b3ce0e6 - test::run_test_in_process::h9abda90f802eaf21
[INFO] [stdout]                                at /rustc/1b7dd2252b99671ce5d1cb9664c5f8636329436d/library/test/src/lib.rs:678:27
[INFO] [stdout]   34:     0x56240b3ce0e6 - test::run_test::run_test_inner::{{closure}}::h0f058de91f6c6edf
[INFO] [stdout]                                at /rustc/1b7dd2252b99671ce5d1cb9664c5f8636329436d/library/test/src/lib.rs:572:39
[INFO] [stdout]   35:     0x56240b397005 - test::run_test::run_test_inner::{{closure}}::h5ca48a4c59c6c1fb
[INFO] [stdout]                                at /rustc/1b7dd2252b99671ce5d1cb9664c5f8636329436d/library/test/src/lib.rs:599:37
[INFO] [stdout]   36:     0x56240b397005 - std::sys_common::backtrace::__rust_begin_short_backtrace::h32bd51e1495d4a33
[INFO] [stdout]                                at /rustc/1b7dd2252b99671ce5d1cb9664c5f8636329436d/library/std/src/sys_common/backtrace.rs:134:18
[INFO] [stdout]   37:     0x56240b39c541 - std::thread::Builder::spawn_unchecked_::{{closure}}::{{closure}}::hc086fae9b128b2db
[INFO] [stdout]                                at /rustc/1b7dd2252b99671ce5d1cb9664c5f8636329436d/library/std/src/thread/mod.rs:526:17
[INFO] [stdout]   38:     0x56240b39c541 - <core::panic::unwind_safe::AssertUnwindSafe<F> as core::ops::function::FnOnce<()>>::call_once::hb66571888d270d43
[INFO] [stdout]                                at /rustc/1b7dd2252b99671ce5d1cb9664c5f8636329436d/library/core/src/panic/unwind_safe.rs:271:9
[INFO] [stdout]   39:     0x56240b39c541 - std::panicking::try::do_call::h4fa2ef4f6e51fecf
[INFO] [stdout]                                at /rustc/1b7dd2252b99671ce5d1cb9664c5f8636329436d/library/std/src/panicking.rs:485:40
[INFO] [stdout]   40:     0x56240b39c541 - std::panicking::try::h1e9e22b8584489b5
[INFO] [stdout]                                at /rustc/1b7dd2252b99671ce5d1cb9664c5f8636329436d/library/std/src/panicking.rs:449:19
[INFO] [stdout]   41:     0x56240b39c541 - std::panic::catch_unwind::h44698a3de0e0769e
[INFO] [stdout]                                at /rustc/1b7dd2252b99671ce5d1cb9664c5f8636329436d/library/std/src/panic.rs:140:14
[INFO] [stdout]   42:     0x56240b39c541 - std::thread::Builder::spawn_unchecked_::{{closure}}::h50153abde3fe239e
[INFO] [stdout]                                at /rustc/1b7dd2252b99671ce5d1cb9664c5f8636329436d/library/std/src/thread/mod.rs:525:30
[INFO] [stdout]   43:     0x56240b39c541 - core::ops::function::FnOnce::call_once{{vtable.shim}}::hbe5bbf6f38394364
[INFO] [stdout]                                at /rustc/1b7dd2252b99671ce5d1cb9664c5f8636329436d/library/core/src/ops/function.rs:250:5
[INFO] [stdout]   44:     0x56240bb57785 - <alloc::boxed::Box<F,A> as core::ops::function::FnOnce<Args>>::call_once::h0d83cb2920a49046
[INFO] [stdout]                                at /rustc/1b7dd2252b99671ce5d1cb9664c5f8636329436d/library/alloc/src/boxed.rs:1973:9
[INFO] [stdout]   45:     0x56240bb57785 - <alloc::boxed::Box<F,A> as core::ops::function::FnOnce<Args>>::call_once::hbe0a008aa7d9ef59
[INFO] [stdout]                                at /rustc/1b7dd2252b99671ce5d1cb9664c5f8636329436d/library/alloc/src/boxed.rs:1973:9
[INFO] [stdout]   46:     0x56240bb57785 - std::sys::unix::thread::Thread::new::thread_start::h3a466996bdf6b1f9
[INFO] [stdout]                                at /rustc/1b7dd2252b99671ce5d1cb9664c5f8636329436d/library/std/src/sys/unix/thread.rs:108:17
[INFO] [stdout]   47:     0x7f8ef6b96b43 - <unknown>
[INFO] [stdout]   48:     0x7f8ef6c27bb4 - __clone
[INFO] [stdout]   49:                0x0 - <unknown>
[INFO] [stdout] 
[INFO] [stdout] ---- controllers::update_record::test_update::test_update_without_head stdout ----
[INFO] [stdout] Configured for debug.
[INFO] [stdout]    >> address: 127.0.0.1
[INFO] [stdout]    >> port: 8000
[INFO] [stdout]    >> workers: 8
[INFO] [stdout]    >> ident: Rocket
[INFO] [stdout]    >> keep-alive: 5s
[INFO] [stdout]    >> limits: bytes = 8KiB, data-form = 2MiB, file = 1MiB, form = 32KiB, json = 1MiB, msgpack = 1MiB, string = 8KiB
[INFO] [stdout]    >> tls: disabled
[INFO] [stdout]    >> secret key: [generated]
[INFO] [stdout] Warning: secrets enabled without a stable `secret_key`
[INFO] [stdout]    >> disable `secrets` feature or configure a `secret_key`
[INFO] [stdout]    >> this becomes an error in non-debug profiles
[INFO] [stdout]    >> temp dir: /tmp
[INFO] [stdout]    >> log level: normal
[INFO] [stdout]    >> cli colors: true
[INFO] [stdout]    >> shutdown: ctrlc = true, force = true, signals = [SIGTERM], grace = 2s, mercy = 3s
[INFO] [stdout] Routes:
[INFO] [stdout]    >> (check_uptated) POST /update/check
[INFO] [stdout] Fairings:
[INFO] [stdout]    >> Shield (liftoff, response, singleton)
[INFO] [stdout] Error: launching with unmanaged `illustrators_support::database::Database` state.
[INFO] [stdout]    >> Using `State` requires managing it with `.manage()`.
[INFO] [stdout] thread 'controllers::update_record::test_update::test_update_without_head' panicked at 'Mock client Create Failure: SentinelAborts([Sentry { type_id: TypeId { t: 9197861317381948511 }, type_name: "&rocket::state::State<illustrators_support::database::Database>", parent: None, location: ("src/controllers/update_record.rs", 16, 64), default: true }])', src/controllers/update_record.rs:45:45
[INFO] [stdout] stack backtrace:
[INFO] [stdout]    0:     0x56240bb5102a - std::backtrace_rs::backtrace::libunwind::trace::h2f05d0192276a8f6
[INFO] [stdout]                                at /rustc/1b7dd2252b99671ce5d1cb9664c5f8636329436d/library/std/src/../../backtrace/src/backtrace/libunwind.rs:93:5
[INFO] [stdout]    1:     0x56240bb5102a - std::backtrace_rs::backtrace::trace_unsynchronized::hedc23dff7a1af150
[INFO] [stdout]                                at /rustc/1b7dd2252b99671ce5d1cb9664c5f8636329436d/library/std/src/../../backtrace/src/backtrace/mod.rs:66:5
[INFO] [stdout]    2:     0x56240bb5102a - std::sys_common::backtrace::_print_fmt::h17541ef7592f3ce2
[INFO] [stdout]                                at /rustc/1b7dd2252b99671ce5d1cb9664c5f8636329436d/library/std/src/sys_common/backtrace.rs:65:5
[INFO] [stdout]    3:     0x56240bb5102a - <std::sys_common::backtrace::_print::DisplayBacktrace as core::fmt::Display>::fmt::h20f75df5ab0c0792
[INFO] [stdout]                                at /rustc/1b7dd2252b99671ce5d1cb9664c5f8636329436d/library/std/src/sys_common/backtrace.rs:44:22
[INFO] [stdout]    4:     0x56240bb7a5bf - core::fmt::write::h78109e6f466b3af6
[INFO] [stdout]                                at /rustc/1b7dd2252b99671ce5d1cb9664c5f8636329436d/library/core/src/fmt/mod.rs:1254:17
[INFO] [stdout]    5:     0x56240bb4d995 - std::io::Write::write_fmt::hd24bfb68a1b35a25
[INFO] [stdout]                                at /rustc/1b7dd2252b99671ce5d1cb9664c5f8636329436d/library/std/src/io/mod.rs:1698:15
[INFO] [stdout]    6:     0x56240bb50df5 - std::sys_common::backtrace::_print::h8dac57a9f8fbf9a5
[INFO] [stdout]                                at /rustc/1b7dd2252b99671ce5d1cb9664c5f8636329436d/library/std/src/sys_common/backtrace.rs:47:5
[INFO] [stdout]    7:     0x56240bb50df5 - std::sys_common::backtrace::print::hf9ecbf41d1aa712f
[INFO] [stdout]                                at /rustc/1b7dd2252b99671ce5d1cb9664c5f8636329436d/library/std/src/sys_common/backtrace.rs:34:9
[INFO] [stdout]    8:     0x56240bb52aae - std::panicking::default_hook::{{closure}}::h04c07acfc84ca028
[INFO] [stdout]                                at /rustc/1b7dd2252b99671ce5d1cb9664c5f8636329436d/library/std/src/panicking.rs:269:22
[INFO] [stdout]    9:     0x56240bb527e1 - std::panicking::default_hook::h01f6bb23e1eceb2c
[INFO] [stdout]                                at /rustc/1b7dd2252b99671ce5d1cb9664c5f8636329436d/library/std/src/panicking.rs:285:9
[INFO] [stdout]   10:     0x56240b3ca13b - <alloc::boxed::Box<F,A> as core::ops::function::Fn<Args>>::call::h87fe9f7b2fd49e4c
[INFO] [stdout]                                at /rustc/1b7dd2252b99671ce5d1cb9664c5f8636329436d/library/alloc/src/boxed.rs:1987:9
[INFO] [stdout]   11:     0x56240b3ca13b - test::test_main::{{closure}}::he94d679243a7531b
[INFO] [stdout]                                at /rustc/1b7dd2252b99671ce5d1cb9664c5f8636329436d/library/test/src/lib.rs:134:21
[INFO] [stdout]   12:     0x56240bb53194 - <alloc::boxed::Box<F,A> as core::ops::function::Fn<Args>>::call::h3f2d6d8b14c4769f
[INFO] [stdout]                                at /rustc/1b7dd2252b99671ce5d1cb9664c5f8636329436d/library/alloc/src/boxed.rs:1987:9
[INFO] [stdout]   13:     0x56240bb53194 - std::panicking::rust_panic_with_hook::h2bb3722bbaf2f6df
[INFO] [stdout]                                at /rustc/1b7dd2252b99671ce5d1cb9664c5f8636329436d/library/std/src/panicking.rs:695:13
[INFO] [stdout]   14:     0x56240bb52f09 - std::panicking::begin_panic_handler::{{closure}}::h91bc7f36a4be011b
[INFO] [stdout]                                at /rustc/1b7dd2252b99671ce5d1cb9664c5f8636329436d/library/std/src/panicking.rs:582:13
[INFO] [stdout]   15:     0x56240bb51496 - std::sys_common::backtrace::__rust_end_short_backtrace::h8b3d3717114f9e59
[INFO] [stdout]                                at /rustc/1b7dd2252b99671ce5d1cb9664c5f8636329436d/library/std/src/sys_common/backtrace.rs:150:18
[INFO] [stdout]   16:     0x56240bb52c62 - rust_begin_unwind
[INFO] [stdout]                                at /rustc/1b7dd2252b99671ce5d1cb9664c5f8636329436d/library/std/src/panicking.rs:578:5
[INFO] [stdout]   17:     0x56240b372343 - core::panicking::panic_fmt::hfd368e3fbdabea26
[INFO] [stdout]                                at /rustc/1b7dd2252b99671ce5d1cb9664c5f8636329436d/library/core/src/panicking.rs:67:14
[INFO] [stdout]   18:     0x56240b3728e3 - core::result::unwrap_failed::he54eb4b2f125b26f
[INFO] [stdout]                                at /rustc/1b7dd2252b99671ce5d1cb9664c5f8636329436d/library/core/src/result.rs:1687:5
[INFO] [stdout]   19:     0x56240b3784ee - core::result::Result<T,E>::expect::h4d89b8eb3fc8b25d
[INFO] [stdout]                                at /rustc/1b7dd2252b99671ce5d1cb9664c5f8636329436d/library/core/src/result.rs:1046:23
[INFO] [stdout]   20:     0x56240b37d8be - illustrators_support::controllers::update_record::test_update::mock_client::hba8a9bfde869270e
[INFO] [stdout]                                at /opt/rustwide/workdir/src/controllers/update_record.rs:45:22
[INFO] [stdout]   21:     0x56240b37d955 - illustrators_support::controllers::update_record::test_update::test_update_without_head::h9df75019dd9b64d5
[INFO] [stdout]                                at /opt/rustwide/workdir/src/controllers/update_record.rs:54:22
[INFO] [stdout]   22:     0x56240b37d917 - illustrators_support::controllers::update_record::test_update::test_update_without_head::{{closure}}::h7fbe45d8ace5bcc2
[INFO] [stdout]                                at /opt/rustwide/workdir/src/controllers/update_record.rs:53:35
[INFO] [stdout]   23:     0x56240b387415 - core::ops::function::FnOnce::call_once::hca2bc0559c0d2d40
[INFO] [stdout]                                at /rustc/1b7dd2252b99671ce5d1cb9664c5f8636329436d/library/core/src/ops/function.rs:250:5
[INFO] [stdout]   24:     0x56240b3cf00f - core::ops::function::FnOnce::call_once::ha6a70e79f7481a7e
[INFO] [stdout]                                at /rustc/1b7dd2252b99671ce5d1cb9664c5f8636329436d/library/core/src/ops/function.rs:250:5
[INFO] [stdout]   25:     0x56240b3cf00f - test::__rust_begin_short_backtrace::hce33033019b61e69
[INFO] [stdout]                                at /rustc/1b7dd2252b99671ce5d1cb9664c5f8636329436d/library/test/src/lib.rs:655:18
[INFO] [stdout]   26:     0x56240b39c7fc - test::run_test::{{closure}}::h858d3528838ae3e5
[INFO] [stdout]                                at /rustc/1b7dd2252b99671ce5d1cb9664c5f8636329436d/library/test/src/lib.rs:646:30
[INFO] [stdout]   27:     0x56240b39c7fc - core::ops::function::FnOnce::call_once{{vtable.shim}}::he8ac2b00f01ae79e
[INFO] [stdout]                                at /rustc/1b7dd2252b99671ce5d1cb9664c5f8636329436d/library/core/src/ops/function.rs:250:5
[INFO] [stdout]   28:     0x56240b3ce0e6 - <alloc::boxed::Box<F,A> as core::ops::function::FnOnce<Args>>::call_once::h8093d25b522725ef
[INFO] [stdout]                                at /rustc/1b7dd2252b99671ce5d1cb9664c5f8636329436d/library/alloc/src/boxed.rs:1973:9
[INFO] [stdout]   29:     0x56240b3ce0e6 - <core::panic::unwind_safe::AssertUnwindSafe<F> as core::ops::function::FnOnce<()>>::call_once::h5c334c204e4a3913
[INFO] [stdout]                                at /rustc/1b7dd2252b99671ce5d1cb9664c5f8636329436d/library/core/src/panic/unwind_safe.rs:271:9
[INFO] [stdout]   30:     0x56240b3ce0e6 - std::panicking::try::do_call::ha8b740c7b9478074
[INFO] [stdout]                                at /rustc/1b7dd2252b99671ce5d1cb9664c5f8636329436d/library/std/src/panicking.rs:485:40
[INFO] [stdout]   31:     0x56240b3ce0e6 - std::panicking::try::h5d34f63d0e41b64e
[INFO] [stdout]                                at /rustc/1b7dd2252b99671ce5d1cb9664c5f8636329436d/library/std/src/panicking.rs:449:19
[INFO] [stdout]   32:     0x56240b3ce0e6 - std::panic::catch_unwind::hcfbb511e1aa7fc67
[INFO] [stdout]                                at /rustc/1b7dd2252b99671ce5d1cb9664c5f8636329436d/library/std/src/panic.rs:140:14
[INFO] [stdout]   33:     0x56240b3ce0e6 - test::run_test_in_process::h9abda90f802eaf21
[INFO] [stdout]                                at /rustc/1b7dd2252b99671ce5d1cb9664c5f8636329436d/library/test/src/lib.rs:678:27
[INFO] [stdout]   34:     0x56240b3ce0e6 - test::run_test::run_test_inner::{{closure}}::h0f058de91f6c6edf
[INFO] [stdout]                                at /rustc/1b7dd2252b99671ce5d1cb9664c5f8636329436d/library/test/src/lib.rs:572:39
[INFO] [stdout]   35:     0x56240b397005 - test::run_test::run_test_inner::{{closure}}::h5ca48a4c59c6c1fb
[INFO] [stdout]                                at /rustc/1b7dd2252b99671ce5d1cb9664c5f8636329436d/library/test/src/lib.rs:599:37
[INFO] [stdout]   36:     0x56240b397005 - std::sys_common::backtrace::__rust_begin_short_backtrace::h32bd51e1495d4a33
[INFO] [stdout]                                at /rustc/1b7dd2252b99671ce5d1cb9664c5f8636329436d/library/std/src/sys_common/backtrace.rs:134:18
[INFO] [stdout]   37:     0x56240b39c541 - std::thread::Builder::spawn_unchecked_::{{closure}}::{{closure}}::hc086fae9b128b2db
[INFO] [stdout]                                at /rustc/1b7dd2252b99671ce5d1cb9664c5f8636329436d/library/std/src/thread/mod.rs:526:17
[INFO] [stdout]   38:     0x56240b39c541 - <core::panic::unwind_safe::AssertUnwindSafe<F> as core::ops::function::FnOnce<()>>::call_once::hb66571888d270d43
[INFO] [stdout]                                at /rustc/1b7dd2252b99671ce5d1cb9664c5f8636329436d/library/core/src/panic/unwind_safe.rs:271:9
[INFO] [stdout]   39:     0x56240b39c541 - std::panicking::try::do_call::h4fa2ef4f6e51fecf
[INFO] [stdout]                                at /rustc/1b7dd2252b99671ce5d1cb9664c5f8636329436d/library/std/src/panicking.rs:485:40
[INFO] [stdout]   40:     0x56240b39c541 - std::panicking::try::h1e9e22b8584489b5
[INFO] [stdout]                                at /rustc/1b7dd2252b99671ce5d1cb9664c5f8636329436d/library/std/src/panicking.rs:449:19
[INFO] [stdout]   41:     0x56240b39c541 - std::panic::catch_unwind::h44698a3de0e0769e
[INFO] [stdout]                                at /rustc/1b7dd2252b99671ce5d1cb9664c5f8636329436d/library/std/src/panic.rs:140:14
[INFO] [stdout]   42:     0x56240b39c541 - std::thread::Builder::spawn_unchecked_::{{closure}}::h50153abde3fe239e
[INFO] [stdout]                                at /rustc/1b7dd2252b99671ce5d1cb9664c5f8636329436d/library/std/src/thread/mod.rs:525:30
[INFO] [stdout]   43:     0x56240b39c541 - core::ops::function::FnOnce::call_once{{vtable.shim}}::hbe5bbf6f38394364
[INFO] [stdout]                                at /rustc/1b7dd2252b99671ce5d1cb9664c5f8636329436d/library/core/src/ops/function.rs:250:5
[INFO] [stdout]   44:     0x56240bb57785 - <alloc::boxed::Box<F,A> as core::ops::function::FnOnce<Args>>::call_once::h0d83cb2920a49046
[INFO] [stdout]                                at /rustc/1b7dd2252b99671ce5d1cb9664c5f8636329436d/library/alloc/src/boxed.rs:1973:9
[INFO] [stdout]   45:     0x56240bb57785 - <alloc::boxed::Box<F,A> as core::ops::function::FnOnce<Args>>::call_once::hbe0a008aa7d9ef59
[INFO] [stdout]                                at /rustc/1b7dd2252b99671ce5d1cb9664c5f8636329436d/library/alloc/src/boxed.rs:1973:9
[INFO] [stdout]   46:     0x56240bb57785 - std::sys::unix::thread::Thread::new::thread_start::h3a466996bdf6b1f9
[INFO] [stdout]                                at /rustc/1b7dd2252b99671ce5d1cb9664c5f8636329436d/library/std/src/sys/unix/thread.rs:108:17
[INFO] [stdout]   47:     0x7f8ef6b96b43 - <unknown>
[INFO] [stdout]   48:     0x7f8ef6c27bb4 - __clone
[INFO] [stdout]   49:                0x0 - <unknown>
[INFO] [stdout] 
[INFO] [stdout] 
[INFO] [stdout] failures:
[INFO] [stdout]     controllers::update_record::test_update::test_update_with_new
[INFO] [stdout]     controllers::update_record::test_update::test_update_without_head
[INFO] [stdout] 
[INFO] [stdout] test result: FAILED. 1 passed; 2 failed; 0 ignored; 0 measured; 0 filtered out; finished in 4.01s
[INFO] [stdout] 
[INFO] running `Command { std: "docker" "inspect" "9c420c7731db396a84b454d5875ee0a06a1ffc9d5cd0d852759bc6453b819d7b", kill_on_drop: false }`
[INFO] running `Command { std: "docker" "rm" "-f" "9c420c7731db396a84b454d5875ee0a06a1ffc9d5cd0d852759bc6453b819d7b", kill_on_drop: false }`
[INFO] [stdout] 9c420c7731db396a84b454d5875ee0a06a1ffc9d5cd0d852759bc6453b819d7b
