[INFO] cloning repository https://github.com/FSMaxB/tag
[INFO] running `Command { std: "git" "-c" "credential.helper=" "-c" "credential.helper=/workspace/cargo-home/bin/git-credential-null" "clone" "--bare" "https://github.com/FSMaxB/tag" "/workspace/cache/git-repos/https%3A%2F%2Fgithub.com%2FFSMaxB%2Ftag", kill_on_drop: false }`
[INFO] [stderr] Cloning into bare repository '/workspace/cache/git-repos/https%3A%2F%2Fgithub.com%2FFSMaxB%2Ftag'...
[INFO] running `Command { std: "git" "rev-parse" "HEAD", kill_on_drop: false }`
[INFO] [stdout] 2a29961795602dfa58476fa0cd500a8ba7631318
[INFO] testing FSMaxB/tag against 1.69.0 for beta-1.70-1
[INFO] running `Command { std: "git" "clone" "/workspace/cache/git-repos/https%3A%2F%2Fgithub.com%2FFSMaxB%2Ftag" "/workspace/builds/worker-0-tc1/source", kill_on_drop: false }`
[INFO] [stderr] Cloning into '/workspace/builds/worker-0-tc1/source'...
[INFO] [stderr] done.
[INFO] validating manifest of git repo https://github.com/FSMaxB/tag on toolchain 1.69.0
[INFO] running `Command { std: CARGO_HOME="/workspace/cargo-home" RUSTUP_HOME="/workspace/rustup-home" "/workspace/cargo-home/bin/cargo" "+1.69.0" "metadata" "--manifest-path" "Cargo.toml" "--no-deps", kill_on_drop: false }`
[INFO] started tweaking git repo https://github.com/FSMaxB/tag
[INFO] finished tweaking git repo https://github.com/FSMaxB/tag
[INFO] tweaked toml for git repo https://github.com/FSMaxB/tag written to /workspace/builds/worker-0-tc1/source/Cargo.toml
[INFO] crate git repo https://github.com/FSMaxB/tag already has a lockfile, it will not be regenerated
[INFO] running `Command { std: CARGO_HOME="/workspace/cargo-home" RUSTUP_HOME="/workspace/rustup-home" "/workspace/cargo-home/bin/cargo" "+1.69.0" "fetch" "--manifest-path" "Cargo.toml", kill_on_drop: false }`
[INFO] [stderr]  Downloading crates ...
[INFO] [stderr]   Downloaded hexasphere v3.4.0
[INFO] [stderr]   Downloaded glam v0.15.2
[INFO] [stderr]   Downloaded bevy_asset v0.5.1
[INFO] [stderr]   Downloaded notify v5.0.0-pre.10
[INFO] [stderr]   Downloaded shaderc v0.7.4
[INFO] [stderr]   Downloaded shaderc-sys v0.7.4
[INFO] [stderr]   Downloaded spirv-std-types v0.4.0-alpha.15
[INFO] [stderr]   Downloaded spirv-std-macros v0.4.0-alpha.15
[INFO] running `Command { std: "docker" "create" "-v" "/var/lib/crater-agent-workspace/builds/worker-0-tc1/target:/opt/rustwide/target:rw,Z" "-v" "/var/lib/crater-agent-workspace/builds/worker-0-tc1/source:/opt/rustwide/workdir:ro,Z" "-v" "/var/lib/crater-agent-workspace/cargo-home:/opt/rustwide/cargo-home:ro,Z" "-v" "/var/lib/crater-agent-workspace/rustup-home:/opt/rustwide/rustup-home:ro,Z" "-e" "SOURCE_DIR=/opt/rustwide/workdir" "-e" "CARGO_TARGET_DIR=/opt/rustwide/target" "-e" "CARGO_HOME=/opt/rustwide/cargo-home" "-e" "RUSTUP_HOME=/opt/rustwide/rustup-home" "-w" "/opt/rustwide/workdir" "-m" "1610612736" "--user" "0:0" "--network" "none" "ghcr.io/rust-lang/crates-build-env/linux@sha256:5ff2268d62e97bff2cde7d5815dd6ed5b47097566f13b8d0ca110b04b60e07ed" "/opt/rustwide/cargo-home/bin/cargo" "+1.69.0" "metadata" "--no-deps" "--format-version=1", kill_on_drop: false }`
[INFO] [stdout] 84f072f352cd46f5f330fcbf8062eb21b12d6f6cff5bdd7351fa1fe7c6f53267
[INFO] running `Command { std: "docker" "start" "-a" "84f072f352cd46f5f330fcbf8062eb21b12d6f6cff5bdd7351fa1fe7c6f53267", kill_on_drop: false }`
[INFO] running `Command { std: "docker" "inspect" "84f072f352cd46f5f330fcbf8062eb21b12d6f6cff5bdd7351fa1fe7c6f53267", kill_on_drop: false }`
[INFO] running `Command { std: "docker" "rm" "-f" "84f072f352cd46f5f330fcbf8062eb21b12d6f6cff5bdd7351fa1fe7c6f53267", kill_on_drop: false }`
[INFO] [stdout] 84f072f352cd46f5f330fcbf8062eb21b12d6f6cff5bdd7351fa1fe7c6f53267
[INFO] running `Command { std: "docker" "create" "-v" "/var/lib/crater-agent-workspace/builds/worker-0-tc1/target:/opt/rustwide/target:rw,Z" "-v" "/var/lib/crater-agent-workspace/builds/worker-0-tc1/source:/opt/rustwide/workdir:ro,Z" "-v" "/var/lib/crater-agent-workspace/cargo-home:/opt/rustwide/cargo-home:ro,Z" "-v" "/var/lib/crater-agent-workspace/rustup-home:/opt/rustwide/rustup-home:ro,Z" "-e" "SOURCE_DIR=/opt/rustwide/workdir" "-e" "CARGO_TARGET_DIR=/opt/rustwide/target" "-e" "CARGO_INCREMENTAL=0" "-e" "RUST_BACKTRACE=full" "-e" "RUSTFLAGS=--cap-lints=warn" "-e" "RUSTDOCFLAGS=--cap-lints=warn" "-e" "CARGO_HOME=/opt/rustwide/cargo-home" "-e" "RUSTUP_HOME=/opt/rustwide/rustup-home" "-w" "/opt/rustwide/workdir" "-m" "1610612736" "--user" "0:0" "--network" "none" "ghcr.io/rust-lang/crates-build-env/linux@sha256:5ff2268d62e97bff2cde7d5815dd6ed5b47097566f13b8d0ca110b04b60e07ed" "/opt/rustwide/cargo-home/bin/cargo" "+1.69.0" "build" "--frozen" "--message-format=json", kill_on_drop: false }`
[INFO] [stdout] 87d952119c672abf9ad85e00afb4f0d4487ec39e54458e8e8d2f97e711dd08c2
[INFO] running `Command { std: "docker" "start" "-a" "87d952119c672abf9ad85e00afb4f0d4487ec39e54458e8e8d2f97e711dd08c2", kill_on_drop: false }`
[INFO] [stderr]    Compiling libc v0.2.137
[INFO] [stderr]    Compiling proc-macro2 v1.0.47
[INFO] [stderr]    Compiling quote v1.0.21
[INFO] [stderr]    Compiling unicode-ident v1.0.5
[INFO] [stderr]    Compiling unicode-xid v0.2.4
[INFO] [stderr]    Compiling serde_derive v1.0.136
[INFO] [stderr]    Compiling serde v1.0.136
[INFO] [stderr]    Compiling once_cell v1.16.0
[INFO] [stderr]    Compiling bitflags v1.3.2
[INFO] [stderr]    Compiling memchr v2.5.0
[INFO] [stderr]    Compiling num-traits v0.2.15
[INFO] [stderr]    Compiling pin-project-lite v0.2.9
[INFO] [stderr]    Compiling tracing-core v0.1.30
[INFO] [stderr]    Compiling instant v0.1.12
[INFO] [stderr]    Compiling slab v0.4.7
[INFO] [stderr]    Compiling lock_api v0.4.9
[INFO] [stderr]    Compiling futures-core v0.3.25
[INFO] [stderr]    Compiling syn v1.0.65
[INFO] [stderr]    Compiling ahash v0.7.6
[INFO] [stderr]    Compiling log v0.4.17
[INFO] [stderr]    Compiling getrandom v0.2.8
[INFO] [stderr]    Compiling thiserror v1.0.37
[INFO] [stderr]    Compiling erased-serde v0.3.23
[INFO] [stderr]    Compiling cache-padded v1.2.0
[INFO] [stderr]    Compiling concurrent-queue v1.2.4
[INFO] [stderr]    Compiling num_cpus v1.13.1
[INFO] [stderr]    Compiling futures-io v0.3.25
[INFO] [stderr]    Compiling parking v2.0.0
[INFO] [stderr]    Compiling waker-fn v1.1.0
[INFO] [stderr]    Compiling fastrand v1.8.0
[INFO] [stderr]    Compiling rand_core v0.6.4
[INFO] [stderr]    Compiling async-task v4.3.0
[INFO] [stderr]    Compiling event-listener v2.5.3
[INFO] [stderr]    Compiling num-integer v0.1.45
[INFO] [stderr]    Compiling futures-lite v1.12.0
[INFO] [stderr]    Compiling rand_chacha v0.3.1
[INFO] [stderr]    Compiling async-channel v1.7.1
[INFO] [stderr]    Compiling crossbeam-utils v0.8.12
[INFO] [stderr]    Compiling Inflector v0.11.4
[INFO] [stderr]    Compiling fixedbitset v0.4.2
[INFO] [stderr]    Compiling rand v0.8.5
[INFO] [stderr]    Compiling regex-syntax v0.6.27
[INFO] [stderr]    Compiling ansi_term v0.12.1
[INFO] [stderr]    Compiling pkg-config v0.3.26
[INFO] [stderr]    Compiling async-executor v1.4.1
[INFO] [stderr]    Compiling serde_json v1.0.87
[INFO] [stderr]    Compiling itoa v1.0.4
[INFO] [stderr]    Compiling bevy_tasks v0.5.0
[INFO] [stderr]    Compiling ryu v1.0.11
[INFO] [stderr]    Compiling toml v0.5.9
[INFO] [stderr]    Compiling uuid v0.8.2
[INFO] [stderr]    Compiling crossbeam-channel v0.5.6
[INFO] [stderr]    Compiling chrono v0.4.20
[INFO] [stderr]    Compiling tracing-log v0.1.3
[INFO] [stderr]    Compiling sharded-slab v0.1.4
[INFO] [stderr]    Compiling thread_local v1.1.4
[INFO] [stderr]    Compiling wayland-scanner v0.28.6
[INFO] [stderr]    Compiling wayland-sys v0.28.6
[INFO] [stderr]    Compiling inotify-sys v0.1.5
[INFO] [stderr]    Compiling find-crate v0.6.3
[INFO] [stderr]    Compiling regex-automata v0.1.10
[INFO] [stderr]    Compiling regex v1.6.0
[INFO] [stderr]    Compiling ab_glyph_rasterizer v0.1.7
[INFO] [stderr]    Compiling anyhow v1.0.66
[INFO] [stderr]    Compiling inotify v0.9.6
[INFO] [stderr]    Compiling matchers v0.0.1
[INFO] [stderr]    Compiling mio v0.7.14
[INFO] [stderr]    Compiling filetime v0.2.18
[INFO] [stderr]    Compiling num-iter v0.1.43
[INFO] [stderr]    Compiling num-rational v0.3.2
[INFO] [stderr]    Compiling base64 v0.13.1
[INFO] [stderr]    Compiling cc v1.0.74
[INFO] [stderr]    Compiling notify v5.0.0-pre.10
[INFO] [stderr]    Compiling wayland-client v0.28.6
[INFO] [stderr]    Compiling nix v0.20.0
[INFO] [stderr]    Compiling bevy-glsl-to-spirv v0.2.1
[INFO] [stderr]    Compiling spirv_headers v1.5.0
[INFO] [stderr]    Compiling dirs-sys v0.3.7
[INFO] [stderr]    Compiling spirv-reflect v0.2.3
[INFO] [stderr]    Compiling ttf-parser v0.15.2
[INFO] [stderr]    Compiling tracing-attributes v0.1.22
[INFO] [stderr]    Compiling thiserror-impl v1.0.37
[INFO] [stderr]    Compiling bevy_reflect_derive v0.5.0
[INFO] [stderr]    Compiling bevy_ecs_macros v0.5.0
[INFO] [stderr]    Compiling bevy_derive v0.5.0
[INFO] [stderr]    Compiling glam v0.15.2
[INFO] [stderr]    Compiling bytemuck v1.12.2
[INFO] [stderr]    Compiling color_quant v1.1.0
[INFO] [stderr]    Compiling tracing v0.1.36
[INFO] [stderr]    Compiling scoped-tls v1.0.1
[INFO] [stderr]    Compiling nom v7.1.1
[INFO] [stderr]    Compiling image v0.23.14
[INFO] [stderr]    Compiling owned_ttf_parser v0.15.2
[INFO] [stderr]    Compiling dirs v4.0.0
[INFO] [stderr]    Compiling wayland-protocols v0.28.6
[INFO] [stderr]    Compiling ttf-parser v0.17.1
[INFO] [stderr]    Compiling hex v0.4.3
[INFO] [stderr]    Compiling xdg v2.4.1
[INFO] [stderr]    Compiling rusttype v0.9.3
[INFO] [stderr]    Compiling nix v0.18.0
[INFO] [stderr]    Compiling net2 v0.2.38
[INFO] [stderr]    Compiling hexasphere v3.4.0
[INFO] [stderr]    Compiling xcursor v0.3.4
[INFO] [stderr]    Compiling x11-dl v2.20.0
[INFO] [stderr]    Compiling euclid v0.22.7
[INFO] [stderr]    Compiling iovec v0.1.4
[INFO] [stderr]    Compiling owned_ttf_parser v0.17.0
[INFO] [stderr]    Compiling crossbeam-epoch v0.9.11
[INFO] [stderr]    Compiling libm v0.1.4
[INFO] [stderr]    Compiling raw-window-handle v0.4.3
[INFO] [stderr]    Compiling ab_glyph v0.2.18
[INFO] [stderr]    Compiling mio v0.6.23
[INFO] [stderr]    Compiling guillotiere v0.6.2
[INFO] [stderr]    Compiling andrew v0.3.1
[INFO] [stderr]    Compiling approx v0.5.1
[INFO] [stderr]    Compiling memmap2 v0.1.0
[INFO] [stderr]    Compiling proc-macro-error-attr v1.0.4
[INFO] [stderr]    Compiling rectangle-pack v0.3.0
[INFO] [stderr]    Compiling glyph_brush_layout v0.2.3
[INFO] [stderr]    Compiling mio-extras v2.0.6
[INFO] [stderr]    Compiling calloop v0.6.5
[INFO] [stderr]    Compiling raw-window-handle v0.3.4
[INFO] [stderr]    Compiling proc-macro-error v1.0.4
[INFO] [stderr]    Compiling percent-encoding v2.2.0
[INFO] [stderr]    Compiling rayon-core v1.9.3
[INFO] [stderr]    Compiling stretch v0.3.2
[INFO] [stderr]    Compiling crossbeam-deque v0.8.2
[INFO] [stderr]    Compiling unicode-segmentation v1.10.0
[INFO] [stderr]    Compiling crossbeam-queue v0.3.6
[INFO] [stderr]    Compiling smallvec v1.10.0
[INFO] [stderr]    Compiling glam v0.13.1
[INFO] [stderr]    Compiling tracing-serde v0.1.3
[INFO] [stderr]    Compiling parking_lot_core v0.8.5
[INFO] [stderr]    Compiling bevy_utils v0.5.0
[INFO] [stderr]    Compiling ron v0.6.6
[INFO] [stderr]    Compiling parking_lot v0.11.2
[INFO] [stderr]    Compiling wayland-commons v0.28.6
[INFO] [stderr]    Compiling tracing-subscriber v0.2.25
[INFO] [stderr]    Compiling unicode-width v0.1.10
[INFO] [stderr]    Compiling textwrap v0.11.0
[INFO] [stderr]    Compiling heck v0.3.3
[INFO] [stderr]    Compiling atty v0.2.14
[INFO] [stderr]    Compiling rayon v1.5.3
[INFO] [stderr]    Compiling vec_map v0.8.2
[INFO] [stderr]    Compiling strsim v0.8.0
[INFO] [stderr]    Compiling bevy_reflect v0.5.0
[INFO] [stderr]    Compiling clap v2.34.0
[INFO] [stderr]    Compiling structopt-derive v0.4.18
[INFO] [stderr]    Compiling wayland-cursor v0.28.6
[INFO] [stderr]    Compiling either v1.8.0
[INFO] [stderr]    Compiling crossbeam v0.8.2
[INFO] [stderr]    Compiling bevy_ecs v0.5.0
[INFO] [stderr]    Compiling bevy_math v0.5.0
[INFO] [stderr]    Compiling structopt v0.3.26
[INFO] [stderr]    Compiling bevy_app v0.5.0
[INFO] [stderr]    Compiling bevy_log v0.5.0
[INFO] [stderr]    Compiling bevy_core v0.5.0
[INFO] [stderr]    Compiling bevy_transform v0.5.0
[INFO] [stderr]    Compiling bevy_window v0.5.0
[INFO] [stderr]    Compiling bevy_input v0.5.0
[INFO] [stderr]    Compiling bevy_diagnostic v0.5.0
[INFO] [stderr]    Compiling bevy_asset v0.5.1
[INFO] [stderr]    Compiling bevy_render v0.5.0
[INFO] [stderr]    Compiling bevy_scene v0.5.0
[INFO] [stderr]    Compiling bevy_sprite v0.5.0
[INFO] [stderr]    Compiling bevy_pbr v0.5.0
[INFO] [stderr]    Compiling bevy_text v0.5.0
[INFO] [stderr]    Compiling bevy_ui v0.5.0
[INFO] [stderr]    Compiling smithay-client-toolkit v0.12.3
[INFO] [stderr]    Compiling winit v0.24.0
[INFO] [stderr]    Compiling bevy_winit v0.5.0
[INFO] [stderr]    Compiling bevy_internal v0.5.0
[INFO] [stderr]    Compiling bevy v0.5.0
[INFO] [stderr]    Compiling tag v0.1.0 (/opt/rustwide/workdir)
[INFO] [stderr]     Finished dev [unoptimized + debuginfo] target(s) in 1m 05s
[INFO] running `Command { std: "docker" "inspect" "87d952119c672abf9ad85e00afb4f0d4487ec39e54458e8e8d2f97e711dd08c2", kill_on_drop: false }`
[INFO] running `Command { std: "docker" "rm" "-f" "87d952119c672abf9ad85e00afb4f0d4487ec39e54458e8e8d2f97e711dd08c2", kill_on_drop: false }`
[INFO] [stdout] 87d952119c672abf9ad85e00afb4f0d4487ec39e54458e8e8d2f97e711dd08c2
[INFO] running `Command { std: "docker" "create" "-v" "/var/lib/crater-agent-workspace/builds/worker-0-tc1/target:/opt/rustwide/target:rw,Z" "-v" "/var/lib/crater-agent-workspace/builds/worker-0-tc1/source:/opt/rustwide/workdir:ro,Z" "-v" "/var/lib/crater-agent-workspace/cargo-home:/opt/rustwide/cargo-home:ro,Z" "-v" "/var/lib/crater-agent-workspace/rustup-home:/opt/rustwide/rustup-home:ro,Z" "-e" "SOURCE_DIR=/opt/rustwide/workdir" "-e" "CARGO_TARGET_DIR=/opt/rustwide/target" "-e" "CARGO_INCREMENTAL=0" "-e" "RUST_BACKTRACE=full" "-e" "RUSTFLAGS=--cap-lints=warn" "-e" "RUSTDOCFLAGS=--cap-lints=warn" "-e" "CARGO_HOME=/opt/rustwide/cargo-home" "-e" "RUSTUP_HOME=/opt/rustwide/rustup-home" "-w" "/opt/rustwide/workdir" "-m" "1610612736" "--user" "0:0" "--network" "none" "ghcr.io/rust-lang/crates-build-env/linux@sha256:5ff2268d62e97bff2cde7d5815dd6ed5b47097566f13b8d0ca110b04b60e07ed" "/opt/rustwide/cargo-home/bin/cargo" "+1.69.0" "test" "--frozen" "--no-run" "--message-format=json", kill_on_drop: false }`
[INFO] [stdout] c0ec541965c6d29cf006382ff2e1fe53a7095ae8b9ebaefe6ebc0d1867b1fc16
[INFO] running `Command { std: "docker" "start" "-a" "c0ec541965c6d29cf006382ff2e1fe53a7095ae8b9ebaefe6ebc0d1867b1fc16", kill_on_drop: false }`
[INFO] [stderr]     Blocking waiting for file lock on package cache
[INFO] [stderr]    Compiling bencher v0.1.5
[INFO] [stderr]    Compiling tag v0.1.0 (/opt/rustwide/workdir)
[INFO] [stderr]     Finished test [unoptimized + debuginfo] target(s) in 6.77s
[INFO] running `Command { std: "docker" "inspect" "c0ec541965c6d29cf006382ff2e1fe53a7095ae8b9ebaefe6ebc0d1867b1fc16", kill_on_drop: false }`
[INFO] running `Command { std: "docker" "rm" "-f" "c0ec541965c6d29cf006382ff2e1fe53a7095ae8b9ebaefe6ebc0d1867b1fc16", kill_on_drop: false }`
[INFO] [stdout] c0ec541965c6d29cf006382ff2e1fe53a7095ae8b9ebaefe6ebc0d1867b1fc16
[INFO] running `Command { std: "docker" "create" "-v" "/var/lib/crater-agent-workspace/builds/worker-0-tc1/target:/opt/rustwide/target:rw,Z" "-v" "/var/lib/crater-agent-workspace/builds/worker-0-tc1/source:/opt/rustwide/workdir:ro,Z" "-v" "/var/lib/crater-agent-workspace/cargo-home:/opt/rustwide/cargo-home:ro,Z" "-v" "/var/lib/crater-agent-workspace/rustup-home:/opt/rustwide/rustup-home:ro,Z" "-e" "SOURCE_DIR=/opt/rustwide/workdir" "-e" "CARGO_TARGET_DIR=/opt/rustwide/target" "-e" "CARGO_INCREMENTAL=0" "-e" "RUST_BACKTRACE=full" "-e" "RUSTFLAGS=--cap-lints=warn" "-e" "RUSTDOCFLAGS=--cap-lints=warn" "-e" "CARGO_HOME=/opt/rustwide/cargo-home" "-e" "RUSTUP_HOME=/opt/rustwide/rustup-home" "-w" "/opt/rustwide/workdir" "-m" "1610612736" "--user" "0:0" "--network" "none" "ghcr.io/rust-lang/crates-build-env/linux@sha256:5ff2268d62e97bff2cde7d5815dd6ed5b47097566f13b8d0ca110b04b60e07ed" "/opt/rustwide/cargo-home/bin/cargo" "+1.69.0" "test" "--frozen", kill_on_drop: false }`
[INFO] [stdout] 1af6a1d3fe736a30b74ab2916d39ffa6b1d601e65cce4b68558fdaee71867666
[INFO] running `Command { std: "docker" "start" "-a" "1af6a1d3fe736a30b74ab2916d39ffa6b1d601e65cce4b68558fdaee71867666", kill_on_drop: false }`
[INFO] [stderr]     Finished test [unoptimized + debuginfo] target(s) in 0.34s
[INFO] [stderr]      Running unittests src/lib.rs (/opt/rustwide/target/debug/deps/tag-01ff30780f173a44)
[INFO] [stdout] 
[INFO] [stdout] running 4 tests
[INFO] [stdout] test agent::test::should_calculate_angle_at_which_one_agent_views_another_one ... ok
[INFO] [stdout] test agent::test::should_move_around ... ok
[INFO] [stdout] test agent::test::should_calculate_distance_between_agents ... ok
[INFO] [stdout] test agent::test::should_check_if_another_agent_is_seen ... FAILED
[INFO] [stdout] 
[INFO] [stdout] failures:
[INFO] [stdout] 
[INFO] [stdout] ---- agent::test::should_check_if_another_agent_is_seen stdout ----
[INFO] [stdout] thread 'agent::test::should_check_if_another_agent_is_seen' panicked at 'assertion failed: looking_agent.can_see(&in_view)', src/agent.rs:184:9
[INFO] [stdout] stack backtrace:
[INFO] [stdout]    0:     0x55e9ecb8b0ea - std::backtrace_rs::backtrace::libunwind::trace::ha9053a9a07ca49cb
[INFO] [stdout]                                at /rustc/84c898d65adf2f39a5a98507f1fe0ce10a2b8dbc/library/std/src/../../backtrace/src/backtrace/libunwind.rs:93:5
[INFO] [stdout]    1:     0x55e9ecb8b0ea - std::backtrace_rs::backtrace::trace_unsynchronized::h9c2852a457ad564e
[INFO] [stdout]                                at /rustc/84c898d65adf2f39a5a98507f1fe0ce10a2b8dbc/library/std/src/../../backtrace/src/backtrace/mod.rs:66:5
[INFO] [stdout]    2:     0x55e9ecb8b0ea - std::sys_common::backtrace::_print_fmt::h457936fbfaa0070f
[INFO] [stdout]                                at /rustc/84c898d65adf2f39a5a98507f1fe0ce10a2b8dbc/library/std/src/sys_common/backtrace.rs:65:5
[INFO] [stdout]    3:     0x55e9ecb8b0ea - <std::sys_common::backtrace::_print::DisplayBacktrace as core::fmt::Display>::fmt::h5779d7bf7f70cb0c
[INFO] [stdout]                                at /rustc/84c898d65adf2f39a5a98507f1fe0ce10a2b8dbc/library/std/src/sys_common/backtrace.rs:44:22
[INFO] [stdout]    4:     0x55e9ecbaf27e - core::fmt::write::h5a4baaff1bcd3eb5
[INFO] [stdout]                                at /rustc/84c898d65adf2f39a5a98507f1fe0ce10a2b8dbc/library/core/src/fmt/mod.rs:1232:17
[INFO] [stdout]    5:     0x55e9ecb88565 - std::io::Write::write_fmt::h478f79c628ef31d1
[INFO] [stdout]                                at /rustc/84c898d65adf2f39a5a98507f1fe0ce10a2b8dbc/library/std/src/io/mod.rs:1684:15
[INFO] [stdout]    6:     0x55e9ecb8aeb5 - std::sys_common::backtrace::_print::h5fcdc36060f177e8
[INFO] [stdout]                                at /rustc/84c898d65adf2f39a5a98507f1fe0ce10a2b8dbc/library/std/src/sys_common/backtrace.rs:47:5
[INFO] [stdout]    7:     0x55e9ecb8aeb5 - std::sys_common::backtrace::print::h54ca9458b876c8bf
[INFO] [stdout]                                at /rustc/84c898d65adf2f39a5a98507f1fe0ce10a2b8dbc/library/std/src/sys_common/backtrace.rs:34:9
[INFO] [stdout]    8:     0x55e9ecb8cc7f - std::panicking::default_hook::{{closure}}::hbe471161c7664ed6
[INFO] [stdout]                                at /rustc/84c898d65adf2f39a5a98507f1fe0ce10a2b8dbc/library/std/src/panicking.rs:271:22
[INFO] [stdout]    9:     0x55e9ecb8c93f - std::panicking::default_hook::ha3500da57aa4ac4f
[INFO] [stdout]                                at /rustc/84c898d65adf2f39a5a98507f1fe0ce10a2b8dbc/library/std/src/panicking.rs:287:9
[INFO] [stdout]   10:     0x55e9ecb5e577 - <alloc::boxed::Box<F,A> as core::ops::function::Fn<Args>>::call::hdf1b89dd137ece34
[INFO] [stdout]                                at /rustc/84c898d65adf2f39a5a98507f1fe0ce10a2b8dbc/library/alloc/src/boxed.rs:2001:9
[INFO] [stdout]   11:     0x55e9ecb5e577 - test::test_main::{{closure}}::h9081a79f20e75698
[INFO] [stdout]                                at /rustc/84c898d65adf2f39a5a98507f1fe0ce10a2b8dbc/library/test/src/lib.rs:135:21
[INFO] [stdout]   12:     0x55e9ecb8d3ad - <alloc::boxed::Box<F,A> as core::ops::function::Fn<Args>>::call::h6507bddc3eebb4a5
[INFO] [stdout]                                at /rustc/84c898d65adf2f39a5a98507f1fe0ce10a2b8dbc/library/alloc/src/boxed.rs:2001:9
[INFO] [stdout]   13:     0x55e9ecb8d3ad - std::panicking::rust_panic_with_hook::h50c09d000dc561d2
[INFO] [stdout]                                at /rustc/84c898d65adf2f39a5a98507f1fe0ce10a2b8dbc/library/std/src/panicking.rs:696:13
[INFO] [stdout]   14:     0x55e9ecb8d0e2 - std::panicking::begin_panic_handler::{{closure}}::h9e2b2176e00e0d9c
[INFO] [stdout]                                at /rustc/84c898d65adf2f39a5a98507f1fe0ce10a2b8dbc/library/std/src/panicking.rs:581:13
[INFO] [stdout]   15:     0x55e9ecb8b556 - std::sys_common::backtrace::__rust_end_short_backtrace::h5739b8e512c09d02
[INFO] [stdout]                                at /rustc/84c898d65adf2f39a5a98507f1fe0ce10a2b8dbc/library/std/src/sys_common/backtrace.rs:150:18
[INFO] [stdout]   16:     0x55e9ecb8ce32 - rust_begin_unwind
[INFO] [stdout]                                at /rustc/84c898d65adf2f39a5a98507f1fe0ce10a2b8dbc/library/std/src/panicking.rs:579:5
[INFO] [stdout]   17:     0x55e9ecb2ab93 - core::panicking::panic_fmt::hf33a1475b4dc5c3e
[INFO] [stdout]                                at /rustc/84c898d65adf2f39a5a98507f1fe0ce10a2b8dbc/library/core/src/panicking.rs:64:14
[INFO] [stdout]   18:     0x55e9ecb2ac2d - core::panicking::panic::h9533b2fee90b999e
[INFO] [stdout]                                at /rustc/84c898d65adf2f39a5a98507f1fe0ce10a2b8dbc/library/core/src/panicking.rs:114:5
[INFO] [stdout]   19:     0x55e9ecb2d1e1 - tag::agent::test::should_check_if_another_agent_is_seen::he1686e5077772b35
[INFO] [stdout]                                at /opt/rustwide/workdir/src/agent.rs:184:3
[INFO] [stdout]   20:     0x55e9ecb2cd97 - tag::agent::test::should_check_if_another_agent_is_seen::{{closure}}::he0d5fb0921af3c18
[INFO] [stdout]                                at /opt/rustwide/workdir/src/agent.rs:151:45
[INFO] [stdout]   21:     0x55e9ecb2e0c5 - core::ops::function::FnOnce::call_once::h78ad39f2ff987143
[INFO] [stdout]                                at /rustc/84c898d65adf2f39a5a98507f1fe0ce10a2b8dbc/library/core/src/ops/function.rs:250:5
[INFO] [stdout]   22:     0x55e9ecb6395f - core::ops::function::FnOnce::call_once::h7d969581be7d0075
[INFO] [stdout]                                at /rustc/84c898d65adf2f39a5a98507f1fe0ce10a2b8dbc/library/core/src/ops/function.rs:250:5
[INFO] [stdout]   23:     0x55e9ecb6395f - test::__rust_begin_short_backtrace::hca25a52684e56655
[INFO] [stdout]                                at /rustc/84c898d65adf2f39a5a98507f1fe0ce10a2b8dbc/library/test/src/lib.rs:656:18
[INFO] [stdout]   24:     0x55e9ecb34f7c - test::run_test::{{closure}}::ha8ac744c4af1a4bb
[INFO] [stdout]                                at /rustc/84c898d65adf2f39a5a98507f1fe0ce10a2b8dbc/library/test/src/lib.rs:647:30
[INFO] [stdout]   25:     0x55e9ecb34f7c - core::ops::function::FnOnce::call_once{{vtable.shim}}::h7b411a9ed45bdecf
[INFO] [stdout]                                at /rustc/84c898d65adf2f39a5a98507f1fe0ce10a2b8dbc/library/core/src/ops/function.rs:250:5
[INFO] [stdout]   26:     0x55e9ecb62926 - <alloc::boxed::Box<F,A> as core::ops::function::FnOnce<Args>>::call_once::hd05328869a8ed200
[INFO] [stdout]                                at /rustc/84c898d65adf2f39a5a98507f1fe0ce10a2b8dbc/library/alloc/src/boxed.rs:1987:9
[INFO] [stdout]   27:     0x55e9ecb62926 - <core::panic::unwind_safe::AssertUnwindSafe<F> as core::ops::function::FnOnce<()>>::call_once::h0c601ce20bd5b2be
[INFO] [stdout]                                at /rustc/84c898d65adf2f39a5a98507f1fe0ce10a2b8dbc/library/core/src/panic/unwind_safe.rs:271:9
[INFO] [stdout]   28:     0x55e9ecb62926 - std::panicking::try::do_call::ha4be5c164fe30854
[INFO] [stdout]                                at /rustc/84c898d65adf2f39a5a98507f1fe0ce10a2b8dbc/library/std/src/panicking.rs:487:40
[INFO] [stdout]   29:     0x55e9ecb62926 - std::panicking::try::h604546f3609af05f
[INFO] [stdout]                                at /rustc/84c898d65adf2f39a5a98507f1fe0ce10a2b8dbc/library/std/src/panicking.rs:451:19
[INFO] [stdout]   30:     0x55e9ecb62926 - std::panic::catch_unwind::h5bfa8afe44c9c2f9
[INFO] [stdout]                                at /rustc/84c898d65adf2f39a5a98507f1fe0ce10a2b8dbc/library/std/src/panic.rs:140:14
[INFO] [stdout]   31:     0x55e9ecb62926 - test::run_test_in_process::hd50dee55dd63e6aa
[INFO] [stdout]                                at /rustc/84c898d65adf2f39a5a98507f1fe0ce10a2b8dbc/library/test/src/lib.rs:679:27
[INFO] [stdout]   32:     0x55e9ecb62926 - test::run_test::run_test_inner::{{closure}}::h4aa0f433aa85cea8
[INFO] [stdout]                                at /rustc/84c898d65adf2f39a5a98507f1fe0ce10a2b8dbc/library/test/src/lib.rs:573:39
[INFO] [stdout]   33:     0x55e9ecb2f5f1 - test::run_test::run_test_inner::{{closure}}::had56431adf24b4d6
[INFO] [stdout]                                at /rustc/84c898d65adf2f39a5a98507f1fe0ce10a2b8dbc/library/test/src/lib.rs:600:37
[INFO] [stdout]   34:     0x55e9ecb2f5f1 - std::sys_common::backtrace::__rust_begin_short_backtrace::ha8d9890e0c73bf13
[INFO] [stdout]                                at /rustc/84c898d65adf2f39a5a98507f1fe0ce10a2b8dbc/library/std/src/sys_common/backtrace.rs:134:18
[INFO] [stdout]   35:     0x55e9ecb3500b - std::thread::Builder::spawn_unchecked_::{{closure}}::{{closure}}::h251832bcb4a95327
[INFO] [stdout]                                at /rustc/84c898d65adf2f39a5a98507f1fe0ce10a2b8dbc/library/std/src/thread/mod.rs:560:17
[INFO] [stdout]   36:     0x55e9ecb3500b - <core::panic::unwind_safe::AssertUnwindSafe<F> as core::ops::function::FnOnce<()>>::call_once::h8fdff598fa414831
[INFO] [stdout]                                at /rustc/84c898d65adf2f39a5a98507f1fe0ce10a2b8dbc/library/core/src/panic/unwind_safe.rs:271:9
[INFO] [stdout]   37:     0x55e9ecb3500b - std::panicking::try::do_call::h455dd2f7764a950f
[INFO] [stdout]                                at /rustc/84c898d65adf2f39a5a98507f1fe0ce10a2b8dbc/library/std/src/panicking.rs:487:40
[INFO] [stdout]   38:     0x55e9ecb3500b - std::panicking::try::had6f23b7b73ae72a
[INFO] [stdout]                                at /rustc/84c898d65adf2f39a5a98507f1fe0ce10a2b8dbc/library/std/src/panicking.rs:451:19
[INFO] [stdout]   39:     0x55e9ecb3500b - std::panic::catch_unwind::ha6a5ca3915b4dad0
[INFO] [stdout]                                at /rustc/84c898d65adf2f39a5a98507f1fe0ce10a2b8dbc/library/std/src/panic.rs:140:14
[INFO] [stdout]   40:     0x55e9ecb3500b - std::thread::Builder::spawn_unchecked_::{{closure}}::h883b72ef75da6231
[INFO] [stdout]                                at /rustc/84c898d65adf2f39a5a98507f1fe0ce10a2b8dbc/library/std/src/thread/mod.rs:559:30
[INFO] [stdout]   41:     0x55e9ecb3500b - core::ops::function::FnOnce::call_once{{vtable.shim}}::hb7dff73dc8bd2ccb
[INFO] [stdout]                                at /rustc/84c898d65adf2f39a5a98507f1fe0ce10a2b8dbc/library/core/src/ops/function.rs:250:5
[INFO] [stdout]   42:     0x55e9ecb91713 - <alloc::boxed::Box<F,A> as core::ops::function::FnOnce<Args>>::call_once::h39990b24eedef2ab
[INFO] [stdout]                                at /rustc/84c898d65adf2f39a5a98507f1fe0ce10a2b8dbc/library/alloc/src/boxed.rs:1987:9
[INFO] [stdout]   43:     0x55e9ecb91713 - <alloc::boxed::Box<F,A> as core::ops::function::FnOnce<Args>>::call_once::h01a027258444143b
[INFO] [stdout]                                at /rustc/84c898d65adf2f39a5a98507f1fe0ce10a2b8dbc/library/alloc/src/boxed.rs:1987:9
[INFO] [stdout]   44:     0x55e9ecb91713 - std::sys::unix::thread::Thread::new::thread_start::ha4f1cdd9c25884ba
[INFO] [stdout]                                at /rustc/84c898d65adf2f39a5a98507f1fe0ce10a2b8dbc/library/std/src/sys/unix/thread.rs:108:17
[INFO] [stdout]   45:     0x7f2b74860b43 - <unknown>
[INFO] [stdout]   46:     0x7f2b748f1bb4 - __clone
[INFO] [stdout]   47:                0x0 - <unknown>
[INFO] [stdout] 
[INFO] [stdout] 
[INFO] [stdout] failures:
[INFO] [stdout]     agent::test::should_check_if_another_agent_is_seen
[INFO] [stdout] 
[INFO] [stdout] test result: FAILED. 3 passed; 1 failed; 0 ignored; 0 measured; 0 filtered out; finished in 0.06s
[INFO] [stdout] 
[INFO] [stderr] error: test failed, to rerun pass `--lib`
[INFO] running `Command { std: "docker" "inspect" "1af6a1d3fe736a30b74ab2916d39ffa6b1d601e65cce4b68558fdaee71867666", kill_on_drop: false }`
[INFO] running `Command { std: "docker" "rm" "-f" "1af6a1d3fe736a30b74ab2916d39ffa6b1d601e65cce4b68558fdaee71867666", kill_on_drop: false }`
[INFO] [stdout] 1af6a1d3fe736a30b74ab2916d39ffa6b1d601e65cce4b68558fdaee71867666
