[INFO] cloning repository https://github.com/Ernest1338/argpars
[INFO] running `Command { std: "git" "-c" "credential.helper=" "-c" "credential.helper=/workspace/cargo-home/bin/git-credential-null" "clone" "--bare" "https://github.com/Ernest1338/argpars" "/workspace/cache/git-repos/https%3A%2F%2Fgithub.com%2FErnest1338%2Fargpars", kill_on_drop: false }`
[INFO] [stderr] Cloning into bare repository '/workspace/cache/git-repos/https%3A%2F%2Fgithub.com%2FErnest1338%2Fargpars'...
[INFO] running `Command { std: "git" "rev-parse" "HEAD", kill_on_drop: false }`
[INFO] [stdout] 8258c79e66a49bf80e97f35f8043403a3945d4b3
[INFO] testing Ernest1338/argpars against beta-2023-04-20 for beta-1.70-1
[INFO] running `Command { std: "git" "clone" "/workspace/cache/git-repos/https%3A%2F%2Fgithub.com%2FErnest1338%2Fargpars" "/workspace/builds/worker-3-tc2/source", kill_on_drop: false }`
[INFO] [stderr] Cloning into '/workspace/builds/worker-3-tc2/source'...
[INFO] [stderr] done.
[INFO] validating manifest of git repo https://github.com/Ernest1338/argpars on toolchain beta-2023-04-20
[INFO] running `Command { std: CARGO_HOME="/workspace/cargo-home" RUSTUP_HOME="/workspace/rustup-home" "/workspace/cargo-home/bin/cargo" "+beta-2023-04-20" "metadata" "--manifest-path" "Cargo.toml" "--no-deps", kill_on_drop: false }`
[INFO] started tweaking git repo https://github.com/Ernest1338/argpars
[INFO] finished tweaking git repo https://github.com/Ernest1338/argpars
[INFO] tweaked toml for git repo https://github.com/Ernest1338/argpars written to /workspace/builds/worker-3-tc2/source/Cargo.toml
[INFO] crate git repo https://github.com/Ernest1338/argpars already has a lockfile, it will not be regenerated
[INFO] running `Command { std: CARGO_HOME="/workspace/cargo-home" RUSTUP_HOME="/workspace/rustup-home" "/workspace/cargo-home/bin/cargo" "+beta-2023-04-20" "fetch" "--manifest-path" "Cargo.toml", kill_on_drop: false }`
[INFO] running `Command { std: "docker" "create" "-v" "/var/lib/crater-agent-workspace/builds/worker-3-tc2/target:/opt/rustwide/target:rw,Z" "-v" "/var/lib/crater-agent-workspace/builds/worker-3-tc2/source:/opt/rustwide/workdir:ro,Z" "-v" "/var/lib/crater-agent-workspace/cargo-home:/opt/rustwide/cargo-home:ro,Z" "-v" "/var/lib/crater-agent-workspace/rustup-home:/opt/rustwide/rustup-home:ro,Z" "-e" "SOURCE_DIR=/opt/rustwide/workdir" "-e" "CARGO_TARGET_DIR=/opt/rustwide/target" "-e" "CARGO_HOME=/opt/rustwide/cargo-home" "-e" "RUSTUP_HOME=/opt/rustwide/rustup-home" "-w" "/opt/rustwide/workdir" "-m" "1610612736" "--user" "0:0" "--network" "none" "ghcr.io/rust-lang/crates-build-env/linux@sha256:5ff2268d62e97bff2cde7d5815dd6ed5b47097566f13b8d0ca110b04b60e07ed" "/opt/rustwide/cargo-home/bin/cargo" "+beta-2023-04-20" "metadata" "--no-deps" "--format-version=1", kill_on_drop: false }`
[INFO] [stdout] d174156cc79f90b300569cb77619ae6e456a2f399cfa92d46676d376f9073d22
[INFO] running `Command { std: "docker" "start" "-a" "d174156cc79f90b300569cb77619ae6e456a2f399cfa92d46676d376f9073d22", kill_on_drop: false }`
[INFO] running `Command { std: "docker" "inspect" "d174156cc79f90b300569cb77619ae6e456a2f399cfa92d46676d376f9073d22", kill_on_drop: false }`
[INFO] running `Command { std: "docker" "rm" "-f" "d174156cc79f90b300569cb77619ae6e456a2f399cfa92d46676d376f9073d22", kill_on_drop: false }`
[INFO] [stdout] d174156cc79f90b300569cb77619ae6e456a2f399cfa92d46676d376f9073d22
[INFO] running `Command { std: "docker" "create" "-v" "/var/lib/crater-agent-workspace/builds/worker-3-tc2/target:/opt/rustwide/target:rw,Z" "-v" "/var/lib/crater-agent-workspace/builds/worker-3-tc2/source:/opt/rustwide/workdir:ro,Z" "-v" "/var/lib/crater-agent-workspace/cargo-home:/opt/rustwide/cargo-home:ro,Z" "-v" "/var/lib/crater-agent-workspace/rustup-home:/opt/rustwide/rustup-home:ro,Z" "-e" "SOURCE_DIR=/opt/rustwide/workdir" "-e" "CARGO_TARGET_DIR=/opt/rustwide/target" "-e" "CARGO_INCREMENTAL=0" "-e" "RUST_BACKTRACE=full" "-e" "RUSTFLAGS=--cap-lints=warn" "-e" "RUSTDOCFLAGS=--cap-lints=warn" "-e" "CARGO_HOME=/opt/rustwide/cargo-home" "-e" "RUSTUP_HOME=/opt/rustwide/rustup-home" "-w" "/opt/rustwide/workdir" "-m" "1610612736" "--user" "0:0" "--network" "none" "ghcr.io/rust-lang/crates-build-env/linux@sha256:5ff2268d62e97bff2cde7d5815dd6ed5b47097566f13b8d0ca110b04b60e07ed" "/opt/rustwide/cargo-home/bin/cargo" "+beta-2023-04-20" "build" "--frozen" "--message-format=json", kill_on_drop: false }`
[INFO] [stdout] 04ac8238baccf0b018df5c16b4c0ea324fc94fc3b818a281977a81aae6c1df0e
[INFO] running `Command { std: "docker" "start" "-a" "04ac8238baccf0b018df5c16b4c0ea324fc94fc3b818a281977a81aae6c1df0e", kill_on_drop: false }`
[INFO] [stderr]    Compiling argpars v0.1.3 (/opt/rustwide/workdir)
[INFO] [stderr]     Finished dev [unoptimized + debuginfo] target(s) in 0.44s
[INFO] running `Command { std: "docker" "inspect" "04ac8238baccf0b018df5c16b4c0ea324fc94fc3b818a281977a81aae6c1df0e", kill_on_drop: false }`
[INFO] running `Command { std: "docker" "rm" "-f" "04ac8238baccf0b018df5c16b4c0ea324fc94fc3b818a281977a81aae6c1df0e", kill_on_drop: false }`
[INFO] [stdout] 04ac8238baccf0b018df5c16b4c0ea324fc94fc3b818a281977a81aae6c1df0e
[INFO] running `Command { std: "docker" "create" "-v" "/var/lib/crater-agent-workspace/builds/worker-3-tc2/target:/opt/rustwide/target:rw,Z" "-v" "/var/lib/crater-agent-workspace/builds/worker-3-tc2/source:/opt/rustwide/workdir:ro,Z" "-v" "/var/lib/crater-agent-workspace/cargo-home:/opt/rustwide/cargo-home:ro,Z" "-v" "/var/lib/crater-agent-workspace/rustup-home:/opt/rustwide/rustup-home:ro,Z" "-e" "SOURCE_DIR=/opt/rustwide/workdir" "-e" "CARGO_TARGET_DIR=/opt/rustwide/target" "-e" "CARGO_INCREMENTAL=0" "-e" "RUST_BACKTRACE=full" "-e" "RUSTFLAGS=--cap-lints=warn" "-e" "RUSTDOCFLAGS=--cap-lints=warn" "-e" "CARGO_HOME=/opt/rustwide/cargo-home" "-e" "RUSTUP_HOME=/opt/rustwide/rustup-home" "-w" "/opt/rustwide/workdir" "-m" "1610612736" "--user" "0:0" "--network" "none" "ghcr.io/rust-lang/crates-build-env/linux@sha256:5ff2268d62e97bff2cde7d5815dd6ed5b47097566f13b8d0ca110b04b60e07ed" "/opt/rustwide/cargo-home/bin/cargo" "+beta-2023-04-20" "test" "--frozen" "--no-run" "--message-format=json", kill_on_drop: false }`
[INFO] [stdout] 44948401aa484d1dce29c9299dd6ea10414f341acaf9363f3af79fba6d3e67b4
[INFO] running `Command { std: "docker" "start" "-a" "44948401aa484d1dce29c9299dd6ea10414f341acaf9363f3af79fba6d3e67b4", kill_on_drop: false }`
[INFO] [stderr]    Compiling argpars v0.1.3 (/opt/rustwide/workdir)
[INFO] [stderr]     Finished test [unoptimized + debuginfo] target(s) in 0.37s
[INFO] running `Command { std: "docker" "inspect" "44948401aa484d1dce29c9299dd6ea10414f341acaf9363f3af79fba6d3e67b4", kill_on_drop: false }`
[INFO] running `Command { std: "docker" "rm" "-f" "44948401aa484d1dce29c9299dd6ea10414f341acaf9363f3af79fba6d3e67b4", kill_on_drop: false }`
[INFO] [stdout] 44948401aa484d1dce29c9299dd6ea10414f341acaf9363f3af79fba6d3e67b4
[INFO] running `Command { std: "docker" "create" "-v" "/var/lib/crater-agent-workspace/builds/worker-3-tc2/target:/opt/rustwide/target:rw,Z" "-v" "/var/lib/crater-agent-workspace/builds/worker-3-tc2/source:/opt/rustwide/workdir:ro,Z" "-v" "/var/lib/crater-agent-workspace/cargo-home:/opt/rustwide/cargo-home:ro,Z" "-v" "/var/lib/crater-agent-workspace/rustup-home:/opt/rustwide/rustup-home:ro,Z" "-e" "SOURCE_DIR=/opt/rustwide/workdir" "-e" "CARGO_TARGET_DIR=/opt/rustwide/target" "-e" "CARGO_INCREMENTAL=0" "-e" "RUST_BACKTRACE=full" "-e" "RUSTFLAGS=--cap-lints=warn" "-e" "RUSTDOCFLAGS=--cap-lints=warn" "-e" "CARGO_HOME=/opt/rustwide/cargo-home" "-e" "RUSTUP_HOME=/opt/rustwide/rustup-home" "-w" "/opt/rustwide/workdir" "-m" "1610612736" "--user" "0:0" "--network" "none" "ghcr.io/rust-lang/crates-build-env/linux@sha256:5ff2268d62e97bff2cde7d5815dd6ed5b47097566f13b8d0ca110b04b60e07ed" "/opt/rustwide/cargo-home/bin/cargo" "+beta-2023-04-20" "test" "--frozen", kill_on_drop: false }`
[INFO] [stdout] 082f5fb0615572ba5d26c4c56906dbbdb2a21cbc72a61197f1284bc81431a136
[INFO] running `Command { std: "docker" "start" "-a" "082f5fb0615572ba5d26c4c56906dbbdb2a21cbc72a61197f1284bc81431a136", kill_on_drop: false }`
[INFO] [stderr]     Finished test [unoptimized + debuginfo] target(s) in 0.00s
[INFO] [stderr]      Running unittests src/lib.rs (/opt/rustwide/target/debug/deps/argpars-2fa964cfed8867a0)
[INFO] [stdout] 
[INFO] [stdout] running 0 tests
[INFO] [stdout] 
[INFO] [stdout] test result: ok. 0 passed; 0 failed; 0 ignored; 0 measured; 0 filtered out; finished in 0.00s
[INFO] [stdout] 
[INFO] [stderr]    Doc-tests argpars
[INFO] [stdout] 
[INFO] [stdout] running 13 tests
[INFO] [stdout] test src/lib.rs - ArgsObj::default_arguments_passed (line 225) - compile ... ok
[INFO] [stdout] test src/lib.rs - ArgsObj::new (line 97) - compile ... ok
[INFO] [stdout] test src/lib.rs - ArgsObj::add_help_section (line 359) - compile ... ok
[INFO] [stdout] test src/lib.rs - ArgsObj::display_help_screen (line 317) - compile ... ok
[INFO] [stdout] test src/lib.rs - ArgsObj::get_parameter_for (line 273) - compile ... ok
[INFO] [stdout] test src/lib.rs - ArgsObj::display_error_message (line 297) - compile ... ok
[INFO] [stdout] test src/lib.rs - ArgsObj::no_default_arguments (line 148) - compile ... ok
[INFO] [stdout] test src/lib.rs - ArgsObj::add_argument (line 204) - compile ... ok
[INFO] [stdout] test src/lib.rs - ArgsObj::passed (line 188) - compile ... ok
[INFO] [stdout] test src/lib.rs - ArgsObj::pars (line 375) - compile ... ok
[INFO] [stdout] test src/lib.rs - (line 9) ... FAILED
[INFO] [stdout] test src/lib.rs - ArgsObj::no_arguments_passed (line 172) - compile ... ok
[INFO] [stdout] test src/lib.rs - ArgsObj::wrong_arguments_passed (line 241) - compile ... ok
[INFO] [stdout] 
[INFO] [stdout] failures:
[INFO] [stdout] 
[INFO] [stdout] ---- src/lib.rs - (line 9) stdout ----
[INFO] [stdout] error[E0412]: cannot find type `ArgsObj` in this scope
[INFO] [stdout]  --> src/lib.rs:10:15
[INFO] [stdout]   |
[INFO] [stdout] 3 | let mut args: ArgsObj = Argpars::new();
[INFO] [stdout]   |               ^^^^^^^ not found in this scope
[INFO] [stdout]   |
[INFO] [stdout] help: consider importing this struct
[INFO] [stdout]   |
[INFO] [stdout] 2 + use argpars::ArgsObj;
[INFO] [stdout]   |
[INFO] [stdout] 
[INFO] [stdout] error[E0433]: failed to resolve: use of undeclared type `Argpars`
[INFO] [stdout]  --> src/lib.rs:10:25
[INFO] [stdout]   |
[INFO] [stdout] 3 | let mut args: ArgsObj = Argpars::new();
[INFO] [stdout]   |                         ^^^^^^^ use of undeclared type `Argpars`
[INFO] [stdout]   |
[INFO] [stdout] help: consider importing this trait
[INFO] [stdout]   |
[INFO] [stdout] 2 + use argpars::Argpars;
[INFO] [stdout]   |
[INFO] [stdout] 
[INFO] [stdout] error: aborting due to 2 previous errors
[INFO] [stdout] 
[INFO] [stdout] Some errors have detailed explanations: E0412, E0433.
[INFO] [stdout] For more information about an error, try `rustc --explain E0412`.
[INFO] [stdout] Couldn't compile the test.
[INFO] [stdout] 
[INFO] [stdout] failures:
[INFO] [stdout]     src/lib.rs - (line 9)
[INFO] [stdout] 
[INFO] [stdout] test result: FAILED. 12 passed; 1 failed; 0 ignored; 0 measured; 0 filtered out; finished in 0.23s
[INFO] [stdout] 
[INFO] [stderr] error: doctest failed, to rerun pass `--doc`
[INFO] running `Command { std: "docker" "inspect" "082f5fb0615572ba5d26c4c56906dbbdb2a21cbc72a61197f1284bc81431a136", kill_on_drop: false }`
[INFO] running `Command { std: "docker" "rm" "-f" "082f5fb0615572ba5d26c4c56906dbbdb2a21cbc72a61197f1284bc81431a136", kill_on_drop: false }`
[INFO] [stdout] 082f5fb0615572ba5d26c4c56906dbbdb2a21cbc72a61197f1284bc81431a136
