[INFO] cloning repository https://github.com/DulcetGator/picky_poll_backend
[INFO] running `Command { std: "git" "-c" "credential.helper=" "-c" "credential.helper=/workspace/cargo-home/bin/git-credential-null" "clone" "--bare" "https://github.com/DulcetGator/picky_poll_backend" "/workspace/cache/git-repos/https%3A%2F%2Fgithub.com%2FDulcetGator%2Fpicky_poll_backend", kill_on_drop: false }`
[INFO] [stderr] Cloning into bare repository '/workspace/cache/git-repos/https%3A%2F%2Fgithub.com%2FDulcetGator%2Fpicky_poll_backend'...
[INFO] running `Command { std: "git" "rev-parse" "HEAD", kill_on_drop: false }`
[INFO] [stdout] 4ee232c8d53d58d064bcd79a07fc73c1f03932b8
[INFO] testing DulcetGator/picky_poll_backend against beta-2023-04-20 for beta-1.70-1
[INFO] running `Command { std: "git" "clone" "/workspace/cache/git-repos/https%3A%2F%2Fgithub.com%2FDulcetGator%2Fpicky_poll_backend" "/workspace/builds/worker-4-tc2/source", kill_on_drop: false }`
[INFO] [stderr] Cloning into '/workspace/builds/worker-4-tc2/source'...
[INFO] [stderr] done.
[INFO] validating manifest of git repo https://github.com/DulcetGator/picky_poll_backend on toolchain beta-2023-04-20
[INFO] running `Command { std: CARGO_HOME="/workspace/cargo-home" RUSTUP_HOME="/workspace/rustup-home" "/workspace/cargo-home/bin/cargo" "+beta-2023-04-20" "metadata" "--manifest-path" "Cargo.toml" "--no-deps", kill_on_drop: false }`
[INFO] started tweaking git repo https://github.com/DulcetGator/picky_poll_backend
[INFO] finished tweaking git repo https://github.com/DulcetGator/picky_poll_backend
[INFO] tweaked toml for git repo https://github.com/DulcetGator/picky_poll_backend written to /workspace/builds/worker-4-tc2/source/Cargo.toml
[INFO] crate git repo https://github.com/DulcetGator/picky_poll_backend already has a lockfile, it will not be regenerated
[INFO] running `Command { std: CARGO_HOME="/workspace/cargo-home" RUSTUP_HOME="/workspace/rustup-home" "/workspace/cargo-home/bin/cargo" "+beta-2023-04-20" "fetch" "--manifest-path" "Cargo.toml", kill_on_drop: false }`
[INFO] [stderr]  Downloading crates ...
[INFO] [stderr]   Downloaded mockall_derive v0.9.1
[INFO] [stderr]   Downloaded pin-project v0.4.28
[INFO] [stderr]   Downloaded cargo-platform v0.1.1
[INFO] [stderr]   Downloaded sqlx-macros v0.4.2
[INFO] [stderr]   Downloaded pin-project-internal v0.4.28
[INFO] [stderr]   Downloaded ahash v0.6.3
[INFO] [stderr]   Downloaded mockall v0.9.1
[INFO] [stderr]   Downloaded sqlx-core v0.4.2
[INFO] [stderr]   Downloaded sqlx v0.4.2
[INFO] [stderr]   Downloaded sqlx-rt v0.2.0
[INFO] running `Command { std: "docker" "create" "-v" "/var/lib/crater-agent-workspace/builds/worker-4-tc2/target:/opt/rustwide/target:rw,Z" "-v" "/var/lib/crater-agent-workspace/builds/worker-4-tc2/source:/opt/rustwide/workdir:ro,Z" "-v" "/var/lib/crater-agent-workspace/cargo-home:/opt/rustwide/cargo-home:ro,Z" "-v" "/var/lib/crater-agent-workspace/rustup-home:/opt/rustwide/rustup-home:ro,Z" "-e" "SOURCE_DIR=/opt/rustwide/workdir" "-e" "CARGO_TARGET_DIR=/opt/rustwide/target" "-e" "CARGO_HOME=/opt/rustwide/cargo-home" "-e" "RUSTUP_HOME=/opt/rustwide/rustup-home" "-w" "/opt/rustwide/workdir" "-m" "1610612736" "--user" "0:0" "--network" "none" "ghcr.io/rust-lang/crates-build-env/linux@sha256:5ff2268d62e97bff2cde7d5815dd6ed5b47097566f13b8d0ca110b04b60e07ed" "/opt/rustwide/cargo-home/bin/cargo" "+beta-2023-04-20" "metadata" "--no-deps" "--format-version=1", kill_on_drop: false }`
[INFO] [stdout] d273292ce747eea97c4236c89b9ae72efbc0499ab128d7b27e61d174f5f9cb42
[INFO] running `Command { std: "docker" "start" "-a" "d273292ce747eea97c4236c89b9ae72efbc0499ab128d7b27e61d174f5f9cb42", kill_on_drop: false }`
[INFO] running `Command { std: "docker" "inspect" "d273292ce747eea97c4236c89b9ae72efbc0499ab128d7b27e61d174f5f9cb42", kill_on_drop: false }`
[INFO] running `Command { std: "docker" "rm" "-f" "d273292ce747eea97c4236c89b9ae72efbc0499ab128d7b27e61d174f5f9cb42", kill_on_drop: false }`
[INFO] [stdout] d273292ce747eea97c4236c89b9ae72efbc0499ab128d7b27e61d174f5f9cb42
[INFO] running `Command { std: "docker" "create" "-v" "/var/lib/crater-agent-workspace/builds/worker-4-tc2/target:/opt/rustwide/target:rw,Z" "-v" "/var/lib/crater-agent-workspace/builds/worker-4-tc2/source:/opt/rustwide/workdir:ro,Z" "-v" "/var/lib/crater-agent-workspace/cargo-home:/opt/rustwide/cargo-home:ro,Z" "-v" "/var/lib/crater-agent-workspace/rustup-home:/opt/rustwide/rustup-home:ro,Z" "-e" "SOURCE_DIR=/opt/rustwide/workdir" "-e" "CARGO_TARGET_DIR=/opt/rustwide/target" "-e" "CARGO_INCREMENTAL=0" "-e" "RUST_BACKTRACE=full" "-e" "RUSTFLAGS=--cap-lints=warn" "-e" "RUSTDOCFLAGS=--cap-lints=warn" "-e" "CARGO_HOME=/opt/rustwide/cargo-home" "-e" "RUSTUP_HOME=/opt/rustwide/rustup-home" "-w" "/opt/rustwide/workdir" "-m" "1610612736" "--user" "0:0" "--network" "none" "ghcr.io/rust-lang/crates-build-env/linux@sha256:5ff2268d62e97bff2cde7d5815dd6ed5b47097566f13b8d0ca110b04b60e07ed" "/opt/rustwide/cargo-home/bin/cargo" "+beta-2023-04-20" "build" "--frozen" "--message-format=json", kill_on_drop: false }`
[INFO] [stdout] 22180ae83aaddd61d51ee45acdbfb81605e4d397c8a86388d367f6449a0e3537
[INFO] running `Command { std: "docker" "start" "-a" "22180ae83aaddd61d51ee45acdbfb81605e4d397c8a86388d367f6449a0e3537", kill_on_drop: false }`
[INFO] [stderr]    Compiling proc-macro2 v1.0.27
[INFO] [stderr]    Compiling unicode-xid v0.2.2
[INFO] [stderr]    Compiling syn v1.0.73
[INFO] [stderr]    Compiling libc v0.2.98
[INFO] [stderr]    Compiling cfg-if v1.0.0
[INFO] [stderr]    Compiling autocfg v1.0.1
[INFO] [stderr]    Compiling memchr v2.4.0
[INFO] [stderr]    Compiling version_check v0.9.3
[INFO] [stderr]    Compiling log v0.4.14
[INFO] [stderr]    Compiling lazy_static v1.4.0
[INFO] [stderr]    Compiling futures-core v0.3.15
[INFO] [stderr]    Compiling slab v0.4.3
[INFO] [stderr]    Compiling proc-macro-hack v0.5.19
[INFO] [stderr]    Compiling cfg-if v0.1.10
[INFO] [stderr]    Compiling futures-sink v0.3.15
[INFO] [stderr]    Compiling futures-channel v0.3.15
[INFO] [stderr]    Compiling fnv v1.0.7
[INFO] [stderr]    Compiling futures-macro v0.3.15
[INFO] [stderr]    Compiling proc-macro-nested v0.1.7
[INFO] [stderr]    Compiling futures-task v0.3.15
[INFO] [stderr]    Compiling quote v1.0.9
[INFO] [stderr]    Compiling pin-project-lite v0.2.7
[INFO] [stderr]    Compiling net2 v0.2.37
[INFO] [stderr]    Compiling iovec v0.1.4
[INFO] [stderr]    Compiling num_cpus v1.13.0
[INFO] [stderr]    Compiling signal-hook-registry v1.4.0
[INFO] [stderr]    Compiling futures-util v0.3.15
[INFO] [stderr]    Compiling pin-project-lite v0.1.12
[INFO] [stderr]    Compiling mio v0.6.23
[INFO] [stderr]    Compiling bytes v0.5.6
[INFO] [stderr]    Compiling pin-utils v0.1.0
[INFO] [stderr]    Compiling cc v1.0.69
[INFO] [stderr]    Compiling futures-io v0.3.15
[INFO] [stderr]    Compiling smallvec v1.6.1
[INFO] [stderr]    Compiling bitflags v1.2.1
[INFO] [stderr]    Compiling serde_derive v1.0.126
[INFO] [stderr]    Compiling typenum v1.13.0
[INFO] [stderr]    Compiling generic-array v0.14.4
[INFO] [stderr]    Compiling mio-uds v0.6.8
[INFO] [stderr]    Compiling instant v0.1.10
[INFO] [stderr]    Compiling matches v0.1.8
[INFO] [stderr]    Compiling serde v1.0.126
[INFO] [stderr]    Compiling scopeguard v1.1.0
[INFO] [stderr]    Compiling parking_lot_core v0.8.3
[INFO] [stderr]    Compiling lock_api v0.4.4
[INFO] [stderr]    Compiling ryu v1.0.5
[INFO] [stderr]    Compiling tinyvec_macros v0.1.0
[INFO] [stderr]    Compiling getrandom v0.1.16
[INFO] [stderr]    Compiling parking_lot v0.11.1
[INFO] [stderr]    Compiling tinyvec v1.2.0
[INFO] [stderr]    Compiling itoa v0.4.7
[INFO] [stderr]    Compiling percent-encoding v2.1.0
[INFO] [stderr]    Compiling unicode-bidi v0.3.5
[INFO] [stderr]    Compiling aho-corasick v0.7.18
[INFO] [stderr]    Compiling either v1.6.1
[INFO] [stderr]    Compiling pin-project-internal v0.4.28
[INFO] [stderr]    Compiling regex-syntax v0.6.25
[INFO] [stderr]    Compiling rand_core v0.5.1
[INFO] [stderr]    Compiling form_urlencoded v1.0.1
[INFO] [stderr]    Compiling ring v0.16.20
[INFO] [stderr]    Compiling num-traits v0.2.14
[INFO] [stderr]    Compiling once_cell v1.8.0
[INFO] [stderr]    Compiling unicode-normalization v0.1.19
[INFO] [stderr]    Compiling ppv-lite86 v0.2.10
[INFO] [stderr]    Compiling digest v0.9.0
[INFO] [stderr]    Compiling untrusted v0.7.1
[INFO] [stderr]    Compiling rand_chacha v0.2.2
[INFO] [stderr]    Compiling spin v0.5.2
[INFO] [stderr]    Compiling convert_case v0.4.0
[INFO] [stderr]    Compiling unicode-segmentation v1.8.0
[INFO] [stderr]    Compiling idna v0.2.3
[INFO] [stderr]    Compiling rand v0.7.3
[INFO] [stderr]    Compiling block-buffer v0.9.0
[INFO] [stderr]    Compiling heck v0.3.3
[INFO] [stderr]    Compiling threadpool v1.8.1
[INFO] [stderr]    Compiling regex v1.5.4
[INFO] [stderr]    Compiling url v2.2.2
[INFO] [stderr]    Compiling opaque-debug v0.3.0
[INFO] [stderr]    Compiling standback v0.2.17
[INFO] [stderr]    Compiling cpufeatures v0.1.5
[INFO] [stderr]    Compiling serde_json v1.0.64
[INFO] [stderr]    Compiling radium v0.5.3
[INFO] [stderr]    Compiling copyless v0.1.5
[INFO] [stderr]    Compiling byteorder v1.4.3
[INFO] [stderr]    Compiling bytes v1.0.1
[INFO] [stderr]    Compiling async-trait v0.1.50
[INFO] [stderr]    Compiling crossbeam-utils v0.8.5
[INFO] [stderr]    Compiling lexical-core v0.7.6
[INFO] [stderr]    Compiling sha-1 v0.9.6
[INFO] [stderr]    Compiling num-integer v0.1.44
[INFO] [stderr]    Compiling nom v6.1.2
[INFO] [stderr]    Compiling webpki v0.21.4
[INFO] [stderr]    Compiling sct v0.6.1
[INFO] [stderr]    Compiling match_cfg v0.1.0
[INFO] [stderr]    Compiling arrayvec v0.5.2
[INFO] [stderr]    Compiling static_assertions v1.1.0
[INFO] [stderr]    Compiling base64 v0.12.3
[INFO] [stderr]    Compiling const_fn v0.4.8
[INFO] [stderr]    Compiling build_const v0.2.2
[INFO] [stderr]    Compiling base64 v0.13.0
[INFO] [stderr]    Compiling wyz v0.2.0
[INFO] [stderr]    Compiling tap v1.0.1
[INFO] [stderr]    Compiling ucd-trie v0.1.3
[INFO] [stderr]    Compiling funty v1.1.0
[INFO] [stderr]    Compiling crc v1.8.1
[INFO] [stderr]    Compiling pest v2.1.3
[INFO] [stderr]    Compiling rustls v0.18.1
[INFO] [stderr]    Compiling tokio-macros v0.2.6
[INFO] [stderr]    Compiling thiserror-impl v1.0.26
[INFO] [stderr]    Compiling tokio v0.2.25
[INFO] [stderr]    Compiling derive_more v0.99.16
[INFO] [stderr]    Compiling actix-macros v0.1.3
[INFO] [stderr]    Compiling bitvec v0.19.5
[INFO] [stderr]    Compiling thiserror v1.0.26
[INFO] [stderr]    Compiling pin-project-internal v1.0.7
[INFO] [stderr]    Compiling pin-project v0.4.28
[INFO] [stderr]    Compiling futures-executor v0.3.15
[INFO] [stderr]    Compiling actix-service v1.0.6
[INFO] [stderr]    Compiling time-macros-impl v0.1.2
[INFO] [stderr]    Compiling tokio-util v0.3.1
[INFO] [stderr]    Compiling futures v0.3.15
[INFO] [stderr]    Compiling enum-as-inner v0.3.3
[INFO] [stderr]    Compiling hostname v0.3.1
[INFO] [stderr]    Compiling actix-codec v0.3.0
[INFO] [stderr]    Compiling http v0.2.4
[INFO] [stderr]    Compiling brotli-sys v0.3.2
[INFO] [stderr]    Compiling miniz_oxide v0.4.4
[INFO] [stderr]    Compiling indexmap v1.7.0
[INFO] [stderr]    Compiling ahash v0.6.3
[INFO] [stderr]    Compiling time v0.2.27
[INFO] [stderr]    Compiling tracing-core v0.1.18
[INFO] [stderr]    Compiling actix-threadpool v0.3.3
[INFO] [stderr]    Compiling linked-hash-map v0.5.4
[INFO] [stderr]    Compiling ahash v0.4.7
[INFO] [stderr]    Compiling crossbeam-queue v0.3.2
[INFO] [stderr]    Compiling actix-rt v1.1.1
[INFO] [stderr]    Compiling crc32fast v1.2.1
[INFO] [stderr]    Compiling whoami v1.1.2
[INFO] [stderr]    Compiling subtle v2.4.1
[INFO] [stderr]    Compiling quick-error v1.2.3
[INFO] [stderr]    Compiling actix-utils v2.0.0
[INFO] [stderr]    Compiling crypto-mac v0.10.0
[INFO] [stderr]    Compiling resolv-conf v0.7.0
[INFO] [stderr]    Compiling hashbrown v0.9.1
[INFO] [stderr]    Compiling tracing v0.1.26
[INFO] [stderr]    Compiling lru-cache v0.1.2
[INFO] [stderr]    Compiling trust-dns-proto v0.19.7
[INFO] [stderr]    Compiling time-macros v0.1.1
[INFO] [stderr]    Compiling pin-project v1.0.7
[INFO] [stderr]    Compiling tokio-rustls v0.14.1
[INFO] [stderr]    Compiling semver-parser v0.10.2
[INFO] [stderr]    Compiling getrandom v0.2.3
[INFO] [stderr]    Compiling time v0.1.43
[INFO] [stderr]    Compiling cookie v0.14.4
[INFO] [stderr]    Compiling maplit v1.0.2
[INFO] [stderr]    Compiling encoding_rs v0.8.28
[INFO] [stderr]    Compiling hashbrown v0.11.2
[INFO] [stderr]    Compiling adler v1.0.2
[INFO] [stderr]    Compiling unicode_categories v0.1.1
[INFO] [stderr]    Compiling httparse v1.4.1
[INFO] [stderr]    Compiling trust-dns-resolver v0.19.7
[INFO] [stderr]    Compiling sqlformat v0.1.6
[INFO] [stderr]    Compiling chrono v0.4.19
[INFO] [stderr]    Compiling cargo-platform v0.1.1
[INFO] [stderr]    Compiling semver v0.11.0
[INFO] [stderr]    Compiling sqlx-rt v0.2.0
[INFO] [stderr]    Compiling tracing-futures v0.2.5
[INFO] [stderr]    Compiling hashlink v0.6.0
[INFO] [stderr]    Compiling hmac v0.10.1
[INFO] [stderr]    Compiling crossbeam-channel v0.5.1
[INFO] [stderr]    Compiling webpki-roots v0.21.1
[INFO] [stderr]    Compiling sha2 v0.9.5
[INFO] [stderr]    Compiling md-5 v0.9.1
[INFO] [stderr]    Compiling atoi v0.4.0
[INFO] [stderr]    Compiling stringprep v0.1.2
[INFO] [stderr]    Compiling hex v0.4.3
[INFO] [stderr]    Compiling flate2 v1.0.20
[INFO] [stderr]    Compiling sqlx-core v0.4.2
[INFO] [stderr]    Compiling h2 v0.2.7
[INFO] [stderr]    Compiling brotli2 v0.3.2
[INFO] [stderr]    Compiling cargo_metadata v0.12.3
[INFO] [stderr]    Compiling actix-connect v2.0.0
[INFO] [stderr]    Compiling serde_urlencoded v0.7.0
[INFO] [stderr]    Compiling fxhash v0.2.1
[INFO] [stderr]    Compiling socket2 v0.3.19
[INFO] [stderr]    Compiling dotenv v0.15.0
[INFO] [stderr]    Compiling predicates-core v1.0.2
[INFO] [stderr]    Compiling mime v0.3.16
[INFO] [stderr]    Compiling language-tags v0.2.2
[INFO] [stderr]    Compiling actix-server v1.0.4
[INFO] [stderr]    Compiling bytestring v1.0.0
[INFO] [stderr]    Compiling float-cmp v0.8.0
[INFO] [stderr]    Compiling atty v0.2.14
[INFO] [stderr]    Compiling humantime v2.1.0
[INFO] [stderr]    Compiling difference v2.0.0
[INFO] [stderr]    Compiling normalize-line-endings v0.3.0
[INFO] [stderr]    Compiling termcolor v1.1.2
[INFO] [stderr]    Compiling treeline v0.1.0
[INFO] [stderr]    Compiling predicates v1.0.8
[INFO] [stderr]    Compiling predicates-tree v1.0.2
[INFO] [stderr]    Compiling env_logger v0.8.4
[INFO] [stderr]    Compiling actix-testing v1.0.1
[INFO] [stderr]    Compiling actix-router v0.2.7
[INFO] [stderr]    Compiling actix-tls v2.0.0
[INFO] [stderr]    Compiling mockall_derive v0.9.1
[INFO] [stderr]    Compiling actix-web-codegen v0.4.0
[INFO] [stderr]    Compiling downcast v0.10.0
[INFO] [stderr]    Compiling actix-http v2.2.0
[INFO] [stderr]    Compiling fragile v1.0.0
[INFO] [stderr]    Compiling itertools v0.10.1
[INFO] [stderr]    Compiling sqlx-macros v0.4.2
[INFO] [stderr]    Compiling awc v2.0.3
[INFO] [stderr]    Compiling mockall v0.9.1
[INFO] [stderr]    Compiling actix-web v3.3.2
[INFO] [stderr]    Compiling sqlx v0.4.2
[INFO] [stderr]    Compiling cleanup v0.1.0 (/opt/rustwide/workdir/cleanup)
[INFO] [stderr]    Compiling picky_poll_backend v0.1.0 (/opt/rustwide/workdir/service)
[INFO] [stderr]     Finished dev [unoptimized + debuginfo] target(s) in 2m 01s
[INFO] [stderr] warning: the following packages contain code that will be rejected by a future version of Rust: nom v6.1.2, sqlx-macros v0.4.2
[INFO] [stderr] note: to see what the problems were, use the option `--future-incompat-report`, or run `cargo report future-incompatibilities --id 1`
[INFO] running `Command { std: "docker" "inspect" "22180ae83aaddd61d51ee45acdbfb81605e4d397c8a86388d367f6449a0e3537", kill_on_drop: false }`
[INFO] running `Command { std: "docker" "rm" "-f" "22180ae83aaddd61d51ee45acdbfb81605e4d397c8a86388d367f6449a0e3537", kill_on_drop: false }`
[INFO] [stdout] 22180ae83aaddd61d51ee45acdbfb81605e4d397c8a86388d367f6449a0e3537
[INFO] running `Command { std: "docker" "create" "-v" "/var/lib/crater-agent-workspace/builds/worker-4-tc2/target:/opt/rustwide/target:rw,Z" "-v" "/var/lib/crater-agent-workspace/builds/worker-4-tc2/source:/opt/rustwide/workdir:ro,Z" "-v" "/var/lib/crater-agent-workspace/cargo-home:/opt/rustwide/cargo-home:ro,Z" "-v" "/var/lib/crater-agent-workspace/rustup-home:/opt/rustwide/rustup-home:ro,Z" "-e" "SOURCE_DIR=/opt/rustwide/workdir" "-e" "CARGO_TARGET_DIR=/opt/rustwide/target" "-e" "CARGO_INCREMENTAL=0" "-e" "RUST_BACKTRACE=full" "-e" "RUSTFLAGS=--cap-lints=warn" "-e" "RUSTDOCFLAGS=--cap-lints=warn" "-e" "CARGO_HOME=/opt/rustwide/cargo-home" "-e" "RUSTUP_HOME=/opt/rustwide/rustup-home" "-w" "/opt/rustwide/workdir" "-m" "1610612736" "--user" "0:0" "--network" "none" "ghcr.io/rust-lang/crates-build-env/linux@sha256:5ff2268d62e97bff2cde7d5815dd6ed5b47097566f13b8d0ca110b04b60e07ed" "/opt/rustwide/cargo-home/bin/cargo" "+beta-2023-04-20" "test" "--frozen" "--no-run" "--message-format=json", kill_on_drop: false }`
[INFO] [stdout] 2aca9483eb33f038082c29a8816355185ca2e3571167501119dbbc93dbfd9214
[INFO] running `Command { std: "docker" "start" "-a" "2aca9483eb33f038082c29a8816355185ca2e3571167501119dbbc93dbfd9214", kill_on_drop: false }`
[INFO] [stderr]    Compiling cleanup v0.1.0 (/opt/rustwide/workdir/cleanup)
[INFO] [stderr]    Compiling picky_poll_backend v0.1.0 (/opt/rustwide/workdir/service)
[INFO] [stderr]     Finished test [unoptimized + debuginfo] target(s) in 11.80s
[INFO] [stderr] warning: the following packages contain code that will be rejected by a future version of Rust: nom v6.1.2, sqlx-macros v0.4.2
[INFO] [stderr] note: to see what the problems were, use the option `--future-incompat-report`, or run `cargo report future-incompatibilities --id 1`
[INFO] running `Command { std: "docker" "inspect" "2aca9483eb33f038082c29a8816355185ca2e3571167501119dbbc93dbfd9214", kill_on_drop: false }`
[INFO] running `Command { std: "docker" "rm" "-f" "2aca9483eb33f038082c29a8816355185ca2e3571167501119dbbc93dbfd9214", kill_on_drop: false }`
[INFO] [stdout] 2aca9483eb33f038082c29a8816355185ca2e3571167501119dbbc93dbfd9214
[INFO] running `Command { std: "docker" "create" "-v" "/var/lib/crater-agent-workspace/builds/worker-4-tc2/target:/opt/rustwide/target:rw,Z" "-v" "/var/lib/crater-agent-workspace/builds/worker-4-tc2/source:/opt/rustwide/workdir:ro,Z" "-v" "/var/lib/crater-agent-workspace/cargo-home:/opt/rustwide/cargo-home:ro,Z" "-v" "/var/lib/crater-agent-workspace/rustup-home:/opt/rustwide/rustup-home:ro,Z" "-e" "SOURCE_DIR=/opt/rustwide/workdir" "-e" "CARGO_TARGET_DIR=/opt/rustwide/target" "-e" "CARGO_INCREMENTAL=0" "-e" "RUST_BACKTRACE=full" "-e" "RUSTFLAGS=--cap-lints=warn" "-e" "RUSTDOCFLAGS=--cap-lints=warn" "-e" "CARGO_HOME=/opt/rustwide/cargo-home" "-e" "RUSTUP_HOME=/opt/rustwide/rustup-home" "-w" "/opt/rustwide/workdir" "-m" "1610612736" "--user" "0:0" "--network" "none" "ghcr.io/rust-lang/crates-build-env/linux@sha256:5ff2268d62e97bff2cde7d5815dd6ed5b47097566f13b8d0ca110b04b60e07ed" "/opt/rustwide/cargo-home/bin/cargo" "+beta-2023-04-20" "test" "--frozen", kill_on_drop: false }`
[INFO] [stdout] 1a47c891f6df6faabf22e9c8b189921a52d773fc8b9808f0b15b0491cac6a94e
[INFO] running `Command { std: "docker" "start" "-a" "1a47c891f6df6faabf22e9c8b189921a52d773fc8b9808f0b15b0491cac6a94e", kill_on_drop: false }`
[INFO] [stderr]     Blocking waiting for file lock on package cache
[INFO] [stderr]     Blocking waiting for file lock on package cache
[INFO] [stderr]     Finished test [unoptimized + debuginfo] target(s) in 0.52s
[INFO] [stderr] warning: the following packages contain code that will be rejected by a future version of Rust: nom v6.1.2, sqlx-macros v0.4.2
[INFO] [stderr] note: to see what the problems were, use the option `--future-incompat-report`, or run `cargo report future-incompatibilities --id 1`
[INFO] [stdout] 
[INFO] [stderr]      Running unittests src/main.rs (/opt/rustwide/target/debug/deps/cleanup-f6a5c424c61d8449)
[INFO] [stdout] running 0 tests
[INFO] [stderr]      Running unittests src/main.rs (/opt/rustwide/target/debug/deps/service-3bfacd23f571eaf6)
[INFO] [stdout] 
[INFO] [stdout] test result: ok. 0 passed; 0 failed; 0 ignored; 0 measured; 0 filtered out; finished in 0.00s
[INFO] [stdout] 
[INFO] [stdout] 
[INFO] [stdout] running 6 tests
[INFO] [stdout] test util::test::finds_dupe ... ok
[INFO] [stdout] test service::tests::test_post_poll ... ok
[INFO] [stdout] test util::test::empty ... ok
[INFO] [stdout] test operations::tests::test_put_ballot::happy_path ... FAILED
[INFO] [stdout] test operations::tests::test_post_poll ... FAILED
[INFO] [stdout] test operations::tests::test_put_ballot::replace_ballot ... FAILED
[INFO] [stdout] 
[INFO] [stdout] failures:
[INFO] [stdout] 
[INFO] [stdout] ---- operations::tests::test_put_ballot::happy_path stdout ----
[INFO] [stdout] thread 'operations::tests::test_put_ballot::happy_path' panicked at 'env variable for PICKYPOLL_TEST_DB must be set: NotPresent', service/src/operations.rs:363:14
[INFO] [stdout] stack backtrace:
[INFO] [stdout]    0:     0x55956cfc051a - std::backtrace_rs::backtrace::libunwind::trace::h2f05d0192276a8f6
[INFO] [stdout]                                at /rustc/1b7dd2252b99671ce5d1cb9664c5f8636329436d/library/std/src/../../backtrace/src/backtrace/libunwind.rs:93:5
[INFO] [stdout]    1:     0x55956cfc051a - std::backtrace_rs::backtrace::trace_unsynchronized::hedc23dff7a1af150
[INFO] [stdout]                                at /rustc/1b7dd2252b99671ce5d1cb9664c5f8636329436d/library/std/src/../../backtrace/src/backtrace/mod.rs:66:5
[INFO] [stdout]    2:     0x55956cfc051a - std::sys_common::backtrace::_print_fmt::h17541ef7592f3ce2
[INFO] [stdout]                                at /rustc/1b7dd2252b99671ce5d1cb9664c5f8636329436d/library/std/src/sys_common/backtrace.rs:65:5
[INFO] [stdout]    3:     0x55956cfc051a - <std::sys_common::backtrace::_print::DisplayBacktrace as core::fmt::Display>::fmt::h20f75df5ab0c0792
[INFO] [stdout]                                at /rustc/1b7dd2252b99671ce5d1cb9664c5f8636329436d/library/std/src/sys_common/backtrace.rs:44:22
[INFO] [stdout]    4:     0x55956cfe777f - core::fmt::write::h78109e6f466b3af6
[INFO] [stdout]                                at /rustc/1b7dd2252b99671ce5d1cb9664c5f8636329436d/library/core/src/fmt/mod.rs:1254:17
[INFO] [stdout]    5:     0x55956cfbcf35 - std::io::Write::write_fmt::hd24bfb68a1b35a25
[INFO] [stdout]                                at /rustc/1b7dd2252b99671ce5d1cb9664c5f8636329436d/library/std/src/io/mod.rs:1698:15
[INFO] [stdout]    6:     0x55956cfc02e5 - std::sys_common::backtrace::_print::h8dac57a9f8fbf9a5
[INFO] [stdout]                                at /rustc/1b7dd2252b99671ce5d1cb9664c5f8636329436d/library/std/src/sys_common/backtrace.rs:47:5
[INFO] [stdout]    7:     0x55956cfc02e5 - std::sys_common::backtrace::print::hf9ecbf41d1aa712f
[INFO] [stdout]                                at /rustc/1b7dd2252b99671ce5d1cb9664c5f8636329436d/library/std/src/sys_common/backtrace.rs:34:9
[INFO] [stdout]    8:     0x55956cfc1f9e - std::panicking::default_hook::{{closure}}::h04c07acfc84ca028
[INFO] [stdout]                                at /rustc/1b7dd2252b99671ce5d1cb9664c5f8636329436d/library/std/src/panicking.rs:269:22
[INFO] [stdout]    9:     0x55956cfc1cd1 - std::panicking::default_hook::h01f6bb23e1eceb2c
[INFO] [stdout]                                at /rustc/1b7dd2252b99671ce5d1cb9664c5f8636329436d/library/std/src/panicking.rs:285:9
[INFO] [stdout]   10:     0x55956c8406cb - <alloc::boxed::Box<F,A> as core::ops::function::Fn<Args>>::call::h87fe9f7b2fd49e4c
[INFO] [stdout]                                at /rustc/1b7dd2252b99671ce5d1cb9664c5f8636329436d/library/alloc/src/boxed.rs:1987:9
[INFO] [stdout]   11:     0x55956c8406cb - test::test_main::{{closure}}::he94d679243a7531b
[INFO] [stdout]                                at /rustc/1b7dd2252b99671ce5d1cb9664c5f8636329436d/library/test/src/lib.rs:134:21
[INFO] [stdout]   12:     0x55956cfc2684 - <alloc::boxed::Box<F,A> as core::ops::function::Fn<Args>>::call::h3f2d6d8b14c4769f
[INFO] [stdout]                                at /rustc/1b7dd2252b99671ce5d1cb9664c5f8636329436d/library/alloc/src/boxed.rs:1987:9
[INFO] [stdout]   13:     0x55956cfc2684 - std::panicking::rust_panic_with_hook::h2bb3722bbaf2f6df
[INFO] [stdout]                                at /rustc/1b7dd2252b99671ce5d1cb9664c5f8636329436d/library/std/src/panicking.rs:695:13
[INFO] [stdout]   14:     0x55956cfc23f9 - std::panicking::begin_panic_handler::{{closure}}::h91bc7f36a4be011b
[INFO] [stdout]                                at /rustc/1b7dd2252b99671ce5d1cb9664c5f8636329436d/library/std/src/panicking.rs:582:13
[INFO] [stdout]   15:     0x55956cfc0986 - std::sys_common::backtrace::__rust_end_short_backtrace::h8b3d3717114f9e59
[INFO] [stdout]                                at /rustc/1b7dd2252b99671ce5d1cb9664c5f8636329436d/library/std/src/sys_common/backtrace.rs:150:18
[INFO] [stdout]   16:     0x55956cfc2152 - rust_begin_unwind
[INFO] [stdout]                                at /rustc/1b7dd2252b99671ce5d1cb9664c5f8636329436d/library/std/src/panicking.rs:578:5
[INFO] [stdout]   17:     0x55956c71b343 - core::panicking::panic_fmt::hfd368e3fbdabea26
[INFO] [stdout]                                at /rustc/1b7dd2252b99671ce5d1cb9664c5f8636329436d/library/core/src/panicking.rs:67:14
[INFO] [stdout]   18:     0x55956c71b8e3 - core::result::unwrap_failed::he54eb4b2f125b26f
[INFO] [stdout]                                at /rustc/1b7dd2252b99671ce5d1cb9664c5f8636329436d/library/core/src/result.rs:1687:5
[INFO] [stdout]   19:     0x55956c78aed6 - core::result::Result<T,E>::expect::h443a96bfce50684a
[INFO] [stdout]                                at /rustc/1b7dd2252b99671ce5d1cb9664c5f8636329436d/library/core/src/result.rs:1046:23
[INFO] [stdout]   20:     0x55956c76d818 - service::operations::tests::new_pool::{{closure}}::h0c3a4440daab6db4
[INFO] [stdout]                                at /opt/rustwide/workdir/service/src/operations.rs:362:23
[INFO] [stdout]   21:     0x55956c757fe7 - service::operations::tests::test_put_ballot::happy_path::{{closure}}::h117c0d99cebf3cd9
[INFO] [stdout]                                at /opt/rustwide/workdir/service/src/operations.rs:437:45
[INFO] [stdout]   22:     0x55956c75fd34 - tokio::runtime::basic_scheduler::BasicScheduler<P>::block_on::{{closure}}::{{closure}}::h1bcddb8f91b6d2f4
[INFO] [stdout]                                at /opt/rustwide/cargo-home/registry/src/index.crates.io-6f17d22bba15001f/tokio-0.2.25/src/runtime/basic_scheduler.rs:131:58
[INFO] [stdout]   23:     0x55956c7a9770 - tokio::coop::with_budget::{{closure}}::h7d4728b3039b3598
[INFO] [stdout]                                at /opt/rustwide/cargo-home/registry/src/index.crates.io-6f17d22bba15001f/tokio-0.2.25/src/coop.rs:127:9
[INFO] [stdout]   24:     0x55956c74daf9 - std::thread::local::LocalKey<T>::try_with::h2aa62f25c6ac4862
[INFO] [stdout]                                at /rustc/1b7dd2252b99671ce5d1cb9664c5f8636329436d/library/std/src/thread/local.rs:252:16
[INFO] [stdout]   25:     0x55956c74d53a - std::thread::local::LocalKey<T>::with::hbaccd228d79ef907
[INFO] [stdout]                                at /rustc/1b7dd2252b99671ce5d1cb9664c5f8636329436d/library/std/src/thread/local.rs:228:9
[INFO] [stdout]   26:     0x55956c75e760 - tokio::coop::with_budget::hf513b796e84f9790
[INFO] [stdout]                                at /opt/rustwide/cargo-home/registry/src/index.crates.io-6f17d22bba15001f/tokio-0.2.25/src/coop.rs:120:5
[INFO] [stdout]   27:     0x55956c75e760 - tokio::coop::budget::h40d8f7a32ab50f35
[INFO] [stdout]                                at /opt/rustwide/cargo-home/registry/src/index.crates.io-6f17d22bba15001f/tokio-0.2.25/src/coop.rs:96:5
[INFO] [stdout]   28:     0x55956c75e760 - tokio::runtime::basic_scheduler::BasicScheduler<P>::block_on::{{closure}}::h8a7f0637f1bd2616
[INFO] [stdout]                                at /opt/rustwide/cargo-home/registry/src/index.crates.io-6f17d22bba15001f/tokio-0.2.25/src/runtime/basic_scheduler.rs:131:35
[INFO] [stdout]   29:     0x55956c760fce - tokio::runtime::basic_scheduler::enter::{{closure}}::h04d15ccdf63769f9
[INFO] [stdout]                                at /opt/rustwide/cargo-home/registry/src/index.crates.io-6f17d22bba15001f/tokio-0.2.25/src/runtime/basic_scheduler.rs:213:29
[INFO] [stdout]   30:     0x55956c73fab3 - tokio::macros::scoped_tls::ScopedKey<T>::set::h9ddef47ad5c9f000
[INFO] [stdout]                                at /opt/rustwide/cargo-home/registry/src/index.crates.io-6f17d22bba15001f/tokio-0.2.25/src/macros/scoped_tls.rs:63:9
[INFO] [stdout]   31:     0x55956c760f11 - tokio::runtime::basic_scheduler::enter::hd28c9569abeb0093
[INFO] [stdout]                                at /opt/rustwide/cargo-home/registry/src/index.crates.io-6f17d22bba15001f/tokio-0.2.25/src/runtime/basic_scheduler.rs:213:5
[INFO] [stdout]   32:     0x55956c75db60 - tokio::runtime::basic_scheduler::BasicScheduler<P>::block_on::h275510c905e43ae8
[INFO] [stdout]                                at /opt/rustwide/cargo-home/registry/src/index.crates.io-6f17d22bba15001f/tokio-0.2.25/src/runtime/basic_scheduler.rs:123:9
[INFO] [stdout]   33:     0x55956c7c60c2 - tokio::runtime::Runtime::block_on::{{closure}}::h1e2e6c03c9ff6fe5
[INFO] [stdout]                                at /opt/rustwide/cargo-home/registry/src/index.crates.io-6f17d22bba15001f/tokio-0.2.25/src/runtime/mod.rs:444:34
[INFO] [stdout]   34:     0x55956c7ac036 - tokio::runtime::context::enter::h79334ce40cb05bbb
[INFO] [stdout]                                at /opt/rustwide/cargo-home/registry/src/index.crates.io-6f17d22bba15001f/tokio-0.2.25/src/runtime/context.rs:72:5
[INFO] [stdout]   35:     0x55956c7c5caa - tokio::runtime::handle::Handle::enter::h5cabfc690d1fddaa
[INFO] [stdout]                                at /opt/rustwide/cargo-home/registry/src/index.crates.io-6f17d22bba15001f/tokio-0.2.25/src/runtime/handle.rs:76:9
[INFO] [stdout]   36:     0x55956c7c5eb1 - tokio::runtime::Runtime::block_on::h709e9403633f3289
[INFO] [stdout]                                at /opt/rustwide/cargo-home/registry/src/index.crates.io-6f17d22bba15001f/tokio-0.2.25/src/runtime/mod.rs:441:9
[INFO] [stdout]   37:     0x55956c757cde - service::operations::tests::test_put_ballot::happy_path::h592ed51f4e3f193e
[INFO] [stdout]                                at /opt/rustwide/workdir/service/src/operations.rs:435:9
[INFO] [stdout]   38:     0x55956c757c07 - service::operations::tests::test_put_ballot::happy_path::{{closure}}::hae90301249abcbd5
[INFO] [stdout]                                at /opt/rustwide/workdir/service/src/operations.rs:435:9
[INFO] [stdout]   39:     0x55956c7e8a95 - core::ops::function::FnOnce::call_once::h78ea126a69b11606
[INFO] [stdout]                                at /rustc/1b7dd2252b99671ce5d1cb9664c5f8636329436d/library/core/src/ops/function.rs:250:5
[INFO] [stdout]   40:     0x55956c84559f - core::ops::function::FnOnce::call_once::ha6a70e79f7481a7e
[INFO] [stdout]                                at /rustc/1b7dd2252b99671ce5d1cb9664c5f8636329436d/library/core/src/ops/function.rs:250:5
[INFO] [stdout]   41:     0x55956c84559f - test::__rust_begin_short_backtrace::hce33033019b61e69
[INFO] [stdout]                                at /rustc/1b7dd2252b99671ce5d1cb9664c5f8636329436d/library/test/src/lib.rs:655:18
[INFO] [stdout]   42:     0x55956c812d8c - test::run_test::{{closure}}::h858d3528838ae3e5
[INFO] [stdout]                                at /rustc/1b7dd2252b99671ce5d1cb9664c5f8636329436d/library/test/src/lib.rs:646:30
[INFO] [stdout]   43:     0x55956c812d8c - core::ops::function::FnOnce::call_once{{vtable.shim}}::he8ac2b00f01ae79e
[INFO] [stdout]                                at /rustc/1b7dd2252b99671ce5d1cb9664c5f8636329436d/library/core/src/ops/function.rs:250:5
[INFO] [stdout]   44:     0x55956c844676 - <alloc::boxed::Box<F,A> as core::ops::function::FnOnce<Args>>::call_once::h8093d25b522725ef
[INFO] [stdout]                                at /rustc/1b7dd2252b99671ce5d1cb9664c5f8636329436d/library/alloc/src/boxed.rs:1973:9
[INFO] [stdout]   45:     0x55956c844676 - <core::panic::unwind_safe::AssertUnwindSafe<F> as core::ops::function::FnOnce<()>>::call_once::h5c334c204e4a3913
[INFO] [stdout]                                at /rustc/1b7dd2252b99671ce5d1cb9664c5f8636329436d/library/core/src/panic/unwind_safe.rs:271:9
[INFO] [stdout]   46:     0x55956c844676 - std::panicking::try::do_call::ha8b740c7b9478074
[INFO] [stdout]                                at /rustc/1b7dd2252b99671ce5d1cb9664c5f8636329436d/library/std/src/panicking.rs:485:40
[INFO] [stdout]   47:     0x55956c844676 - std::panicking::try::h5d34f63d0e41b64e
[INFO] [stdout]                                at /rustc/1b7dd2252b99671ce5d1cb9664c5f8636329436d/library/std/src/panicking.rs:449:19
[INFO] [stdout]   48:     0x55956c844676 - std::panic::catch_unwind::hcfbb511e1aa7fc67
[INFO] [stdout]                                at /rustc/1b7dd2252b99671ce5d1cb9664c5f8636329436d/library/std/src/panic.rs:140:14
[INFO] [stdout]   49:     0x55956c844676 - test::run_test_in_process::h9abda90f802eaf21
[INFO] [stdout]                                at /rustc/1b7dd2252b99671ce5d1cb9664c5f8636329436d/library/test/src/lib.rs:678:27
[INFO] [stdout]   50:     0x55956c844676 - test::run_test::run_test_inner::{{closure}}::h0f058de91f6c6edf
[INFO] [stdout]                                at /rustc/1b7dd2252b99671ce5d1cb9664c5f8636329436d/library/test/src/lib.rs:572:39
[INFO] [stdout]   51:     0x55956c80d595 - test::run_test::run_test_inner::{{closure}}::h5ca48a4c59c6c1fb
[INFO] [stdout]                                at /rustc/1b7dd2252b99671ce5d1cb9664c5f8636329436d/library/test/src/lib.rs:599:37
[INFO] [stdout]   52:     0x55956c80d595 - std::sys_common::backtrace::__rust_begin_short_backtrace::h32bd51e1495d4a33
[INFO] [stdout]                                at /rustc/1b7dd2252b99671ce5d1cb9664c5f8636329436d/library/std/src/sys_common/backtrace.rs:134:18
[INFO] [stdout]   53:     0x55956c812ad1 - std::thread::Builder::spawn_unchecked_::{{closure}}::{{closure}}::hc086fae9b128b2db
[INFO] [stdout]                                at /rustc/1b7dd2252b99671ce5d1cb9664c5f8636329436d/library/std/src/thread/mod.rs:526:17
[INFO] [stdout]   54:     0x55956c812ad1 - <core::panic::unwind_safe::AssertUnwindSafe<F> as core::ops::function::FnOnce<()>>::call_once::hb66571888d270d43
[INFO] [stdout]                                at /rustc/1b7dd2252b99671ce5d1cb9664c5f8636329436d/library/core/src/panic/unwind_safe.rs:271:9
[INFO] [stdout]   55:     0x55956c812ad1 - std::panicking::try::do_call::h4fa2ef4f6e51fecf
[INFO] [stdout]                                at /rustc/1b7dd2252b99671ce5d1cb9664c5f8636329436d/library/std/src/panicking.rs:485:40
[INFO] [stdout]   56:     0x55956c812ad1 - std::panicking::try::h1e9e22b8584489b5
[INFO] [stdout]                                at /rustc/1b7dd2252b99671ce5d1cb9664c5f8636329436d/library/std/src/panicking.rs:449:19
[INFO] [stdout]   57:     0x55956c812ad1 - std::panic::catch_unwind::h44698a3de0e0769e
[INFO] [stdout]                                at /rustc/1b7dd2252b99671ce5d1cb9664c5f8636329436d/library/std/src/panic.rs:140:14
[INFO] [stdout]   58:     0x55956c812ad1 - std::thread::Builder::spawn_unchecked_::{{closure}}::h50153abde3fe239e
[INFO] [stdout]                                at /rustc/1b7dd2252b99671ce5d1cb9664c5f8636329436d/library/std/src/thread/mod.rs:525:30
[INFO] [stdout]   59:     0x55956c812ad1 - core::ops::function::FnOnce::call_once{{vtable.shim}}::hbe5bbf6f38394364
[INFO] [stdout]                                at /rustc/1b7dd2252b99671ce5d1cb9664c5f8636329436d/library/core/src/ops/function.rs:250:5
[INFO] [stdout]   60:     0x55956cfc6c35 - <alloc::boxed::Box<F,A> as core::ops::function::FnOnce<Args>>::call_once::h0d83cb2920a49046
[INFO] [stdout]                                at /rustc/1b7dd2252b99671ce5d1cb9664c5f8636329436d/library/alloc/src/boxed.rs:1973:9
[INFO] [stdout]   61:     0x55956cfc6c35 - <alloc::boxed::Box<F,A> as core::ops::function::FnOnce<Args>>::call_once::hbe0a008aa7d9ef59
[INFO] [stdout]                                at /rustc/1b7dd2252b99671ce5d1cb9664c5f8636329436d/library/alloc/src/boxed.rs:1973:9
[INFO] [stdout]   62:     0x55956cfc6c35 - std::sys::unix::thread::Thread::new::thread_start::h3a466996bdf6b1f9
[INFO] [stdout]                                at /rustc/1b7dd2252b99671ce5d1cb9664c5f8636329436d/library/std/src/sys/unix/thread.rs:108:17
[INFO] [stdout]   63:     0x7f8f67b04b43 - <unknown>
[INFO] [stdout]   64:     0x7f8f67b95bb4 - __clone
[INFO] [stdout]   65:                0x0 - <unknown>
[INFO] [stdout] 
[INFO] [stdout] ---- operations::tests::test_post_poll stdout ----
[INFO] [stdout] thread 'operations::tests::test_post_poll' panicked at 'env variable for PICKYPOLL_TEST_DB must be set: NotPresent', service/src/operations.rs:363:14
[INFO] [stdout] stack backtrace:
[INFO] [stdout]    0:     0x55956cfc051a - std::backtrace_rs::backtrace::libunwind::trace::h2f05d0192276a8f6
[INFO] [stdout]                                at /rustc/1b7dd2252b99671ce5d1cb9664c5f8636329436d/library/std/src/../../backtrace/src/backtrace/libunwind.rs:93:5
[INFO] [stdout]    1:     0x55956cfc051a - std::backtrace_rs::backtrace::trace_unsynchronized::hedc23dff7a1af150
[INFO] [stdout]                                at /rustc/1b7dd2252b99671ce5d1cb9664c5f8636329436d/library/std/src/../../backtrace/src/backtrace/mod.rs:66:5
[INFO] [stdout]    2:     0x55956cfc051a - std::sys_common::backtrace::_print_fmt::h17541ef7592f3ce2
[INFO] [stdout]                                at /rustc/1b7dd2252b99671ce5d1cb9664c5f8636329436d/library/std/src/sys_common/backtrace.rs:65:5
[INFO] [stdout]    3:     0x55956cfc051a - <std::sys_common::backtrace::_print::DisplayBacktrace as core::fmt::Display>::fmt::h20f75df5ab0c0792
[INFO] [stdout]                                at /rustc/1b7dd2252b99671ce5d1cb9664c5f8636329436d/library/std/src/sys_common/backtrace.rs:44:22
[INFO] [stdout]    4:     0x55956cfe777f - core::fmt::write::h78109e6f466b3af6
[INFO] [stdout]                                at /rustc/1b7dd2252b99671ce5d1cb9664c5f8636329436d/library/core/src/fmt/mod.rs:1254:17
[INFO] [stdout]    5:     0x55956cfbcf35 - std::io::Write::write_fmt::hd24bfb68a1b35a25
[INFO] [stdout]                                at /rustc/1b7dd2252b99671ce5d1cb9664c5f8636329436d/library/std/src/io/mod.rs:1698:15
[INFO] [stdout]    6:     0x55956cfc02e5 - std::sys_common::backtrace::_print::h8dac57a9f8fbf9a5
[INFO] [stdout]                                at /rustc/1b7dd2252b99671ce5d1cb9664c5f8636329436d/library/std/src/sys_common/backtrace.rs:47:5
[INFO] [stdout]    7:     0x55956cfc02e5 - std::sys_common::backtrace::print::hf9ecbf41d1aa712f
[INFO] [stdout]                                at /rustc/1b7dd2252b99671ce5d1cb9664c5f8636329436d/library/std/src/sys_common/backtrace.rs:34:9
[INFO] [stdout]    8:     0x55956cfc1f9e - std::panicking::default_hook::{{closure}}::h04c07acfc84ca028
[INFO] [stdout]                                at /rustc/1b7dd2252b99671ce5d1cb9664c5f8636329436d/library/std/src/panicking.rs:269:22
[INFO] [stdout]    9:     0x55956cfc1cd1 - std::panicking::default_hook::h01f6bb23e1eceb2c
[INFO] [stdout]                                at /rustc/1b7dd2252b99671ce5d1cb9664c5f8636329436d/library/std/src/panicking.rs:285:9
[INFO] [stdout]   10:     0x55956c8406cb - <alloc::boxed::Box<F,A> as core::ops::function::Fn<Args>>::call::h87fe9f7b2fd49e4c
[INFO] [stdout]                                at /rustc/1b7dd2252b99671ce5d1cb9664c5f8636329436d/library/alloc/src/boxed.rs:1987:9
[INFO] [stdout]   11:     0x55956c8406cb - test::test_main::{{closure}}::he94d679243a7531b
[INFO] [stdout]                                at /rustc/1b7dd2252b99671ce5d1cb9664c5f8636329436d/library/test/src/lib.rs:134:21
[INFO] [stdout]   12:     0x55956cfc2684 - <alloc::boxed::Box<F,A> as core::ops::function::Fn<Args>>::call::h3f2d6d8b14c4769f
[INFO] [stdout]                                at /rustc/1b7dd2252b99671ce5d1cb9664c5f8636329436d/library/alloc/src/boxed.rs:1987:9
[INFO] [stdout]   13:     0x55956cfc2684 - std::panicking::rust_panic_with_hook::h2bb3722bbaf2f6df
[INFO] [stdout]                                at /rustc/1b7dd2252b99671ce5d1cb9664c5f8636329436d/library/std/src/panicking.rs:695:13
[INFO] [stdout]   14:     0x55956cfc23f9 - std::panicking::begin_panic_handler::{{closure}}::h91bc7f36a4be011b
[INFO] [stdout]                                at /rustc/1b7dd2252b99671ce5d1cb9664c5f8636329436d/library/std/src/panicking.rs:582:13
[INFO] [stdout]   15:     0x55956cfc0986 - std::sys_common::backtrace::__rust_end_short_backtrace::h8b3d3717114f9e59
[INFO] [stdout]                                at /rustc/1b7dd2252b99671ce5d1cb9664c5f8636329436d/library/std/src/sys_common/backtrace.rs:150:18
[INFO] [stdout]   16:     0x55956cfc2152 - rust_begin_unwind
[INFO] [stdout]                                at /rustc/1b7dd2252b99671ce5d1cb9664c5f8636329436d/library/std/src/panicking.rs:578:5
[INFO] [stdout]   17:     0x55956c71b343 - core::panicking::panic_fmt::hfd368e3fbdabea26
[INFO] [stdout]                                at /rustc/1b7dd2252b99671ce5d1cb9664c5f8636329436d/library/core/src/panicking.rs:67:14
[INFO] [stdout]   18:     0x55956c71b8e3 - core::result::unwrap_failed::he54eb4b2f125b26f
[INFO] [stdout]                                at /rustc/1b7dd2252b99671ce5d1cb9664c5f8636329436d/library/core/src/result.rs:1687:5
[INFO] [stdout]   19:     0x55956c78aed6 - core::result::Result<T,E>::expect::h443a96bfce50684a
[INFO] [stdout]                                at /rustc/1b7dd2252b99671ce5d1cb9664c5f8636329436d/library/core/src/result.rs:1046:23
[INFO] [stdout]   20:     0x55956c76d818 - service::operations::tests::new_pool::{{closure}}::h0c3a4440daab6db4
[INFO] [stdout]                                at /opt/rustwide/workdir/service/src/operations.rs:362:23
[INFO] [stdout]   21:     0x55956c76df13 - service::operations::tests::test_post_poll::{{closure}}::hd7252a0cfe8f19c5
[INFO] [stdout]                                at /opt/rustwide/workdir/service/src/operations.rs:373:41
[INFO] [stdout]   22:     0x55956c760114 - tokio::runtime::basic_scheduler::BasicScheduler<P>::block_on::{{closure}}::{{closure}}::hf2f3ffd094b23ed2
[INFO] [stdout]                                at /opt/rustwide/cargo-home/registry/src/index.crates.io-6f17d22bba15001f/tokio-0.2.25/src/runtime/basic_scheduler.rs:131:58
[INFO] [stdout]   23:     0x55956c7a99d0 - tokio::coop::with_budget::{{closure}}::h9b97e02e5346fba7
[INFO] [stdout]                                at /opt/rustwide/cargo-home/registry/src/index.crates.io-6f17d22bba15001f/tokio-0.2.25/src/coop.rs:127:9
[INFO] [stdout]   24:     0x55956c74f8e9 - std::thread::local::LocalKey<T>::try_with::hef0917f6920436df
[INFO] [stdout]                                at /rustc/1b7dd2252b99671ce5d1cb9664c5f8636329436d/library/std/src/thread/local.rs:252:16
[INFO] [stdout]   25:     0x55956c74d40a - std::thread::local::LocalKey<T>::with::h6d238f73fd651ecd
[INFO] [stdout]                                at /rustc/1b7dd2252b99671ce5d1cb9664c5f8636329436d/library/std/src/thread/local.rs:228:9
[INFO] [stdout]   26:     0x55956c75ef90 - tokio::coop::with_budget::hd4a538542620c69f
[INFO] [stdout]                                at /opt/rustwide/cargo-home/registry/src/index.crates.io-6f17d22bba15001f/tokio-0.2.25/src/coop.rs:120:5
[INFO] [stdout]   27:     0x55956c75ef90 - tokio::coop::budget::h51b51c976f02cdd0
[INFO] [stdout]                                at /opt/rustwide/cargo-home/registry/src/index.crates.io-6f17d22bba15001f/tokio-0.2.25/src/coop.rs:96:5
[INFO] [stdout]   28:     0x55956c75ef90 - tokio::runtime::basic_scheduler::BasicScheduler<P>::block_on::{{closure}}::hb6e815e048bac209
[INFO] [stdout]                                at /opt/rustwide/cargo-home/registry/src/index.crates.io-6f17d22bba15001f/tokio-0.2.25/src/runtime/basic_scheduler.rs:131:35
[INFO] [stdout]   29:     0x55956c7610af - tokio::runtime::basic_scheduler::enter::{{closure}}::h8eaab3c740a5baed
[INFO] [stdout]                                at /opt/rustwide/cargo-home/registry/src/index.crates.io-6f17d22bba15001f/tokio-0.2.25/src/runtime/basic_scheduler.rs:213:29
[INFO] [stdout]   30:     0x55956c73f981 - tokio::macros::scoped_tls::ScopedKey<T>::set::h698081cb5ecebf96
[INFO] [stdout]                                at /opt/rustwide/cargo-home/registry/src/index.crates.io-6f17d22bba15001f/tokio-0.2.25/src/macros/scoped_tls.rs:63:9
[INFO] [stdout]   31:     0x55956c760b85 - tokio::runtime::basic_scheduler::enter::haed8908f46b2cccc
[INFO] [stdout]                                at /opt/rustwide/cargo-home/registry/src/index.crates.io-6f17d22bba15001f/tokio-0.2.25/src/runtime/basic_scheduler.rs:213:5
[INFO] [stdout]   32:     0x55956c75dbe2 - tokio::runtime::basic_scheduler::BasicScheduler<P>::block_on::h4f29bf915a7a34db
[INFO] [stdout]                                at /opt/rustwide/cargo-home/registry/src/index.crates.io-6f17d22bba15001f/tokio-0.2.25/src/runtime/basic_scheduler.rs:123:9
[INFO] [stdout]   33:     0x55956c7c6436 - tokio::runtime::Runtime::block_on::{{closure}}::hee175c127af3d4a4
[INFO] [stdout]                                at /opt/rustwide/cargo-home/registry/src/index.crates.io-6f17d22bba15001f/tokio-0.2.25/src/runtime/mod.rs:444:34
[INFO] [stdout]   34:     0x55956c7ac146 - tokio::runtime::context::enter::h7a46afd722c626f2
[INFO] [stdout]                                at /opt/rustwide/cargo-home/registry/src/index.crates.io-6f17d22bba15001f/tokio-0.2.25/src/runtime/context.rs:72:5
[INFO] [stdout]   35:     0x55956c7c5e2c - tokio::runtime::handle::Handle::enter::hbeb493d6a0b7d217
[INFO] [stdout]                                at /opt/rustwide/cargo-home/registry/src/index.crates.io-6f17d22bba15001f/tokio-0.2.25/src/runtime/handle.rs:76:9
[INFO] [stdout]   36:     0x55956c7c5fd2 - tokio::runtime::Runtime::block_on::hf0ae4b7b8689e558
[INFO] [stdout]                                at /opt/rustwide/cargo-home/registry/src/index.crates.io-6f17d22bba15001f/tokio-0.2.25/src/runtime/mod.rs:441:9
[INFO] [stdout]   37:     0x55956c76dc60 - service::operations::tests::test_post_poll::hb3b21f7907021c5c
[INFO] [stdout]                                at /opt/rustwide/workdir/service/src/operations.rs:371:5
[INFO] [stdout]   38:     0x55956c76db87 - service::operations::tests::test_post_poll::{{closure}}::hbebf893f971219c8
[INFO] [stdout]                                at /opt/rustwide/workdir/service/src/operations.rs:371:5
[INFO] [stdout]   39:     0x55956c7e8ad5 - core::ops::function::FnOnce::call_once::h8620ff9821cf5d64
[INFO] [stdout]                                at /rustc/1b7dd2252b99671ce5d1cb9664c5f8636329436d/library/core/src/ops/function.rs:250:5
[INFO] [stdout]   40:     0x55956c84559f - core::ops::function::FnOnce::call_once::ha6a70e79f7481a7e
[INFO] [stdout]                                at /rustc/1b7dd2252b99671ce5d1cb9664c5f8636329436d/library/core/src/ops/function.rs:250:5
[INFO] [stdout]   41:     0x55956c84559f - test::__rust_begin_short_backtrace::hce33033019b61e69
[INFO] [stdout]                                at /rustc/1b7dd2252b99671ce5d1cb9664c5f8636329436d/library/test/src/lib.rs:655:18
[INFO] [stdout]   42:     0x55956c812d8c - test::run_test::{{closure}}::h858d3528838ae3e5
[INFO] [stdout]                                at /rustc/1b7dd2252b99671ce5d1cb9664c5f8636329436d/library/test/src/lib.rs:646:30
[INFO] [stdout]   43:     0x55956c812d8c - core::ops::function::FnOnce::call_once{{vtable.shim}}::he8ac2b00f01ae79e
[INFO] [stdout]                                at /rustc/1b7dd2252b99671ce5d1cb9664c5f8636329436d/library/core/src/ops/function.rs:250:5
[INFO] [stdout]   44:     0x55956c844676 - <alloc::boxed::Box<F,A> as core::ops::function::FnOnce<Args>>::call_once::h8093d25b522725ef
[INFO] [stdout]                                at /rustc/1b7dd2252b99671ce5d1cb9664c5f8636329436d/library/alloc/src/boxed.rs:1973:9
[INFO] [stdout]   45:     0x55956c844676 - <core::panic::unwind_safe::AssertUnwindSafe<F> as core::ops::function::FnOnce<()>>::call_once::h5c334c204e4a3913
[INFO] [stdout]                                at /rustc/1b7dd2252b99671ce5d1cb9664c5f8636329436d/library/core/src/panic/unwind_safe.rs:271:9
[INFO] [stdout]   46:     0x55956c844676 - std::panicking::try::do_call::ha8b740c7b9478074
[INFO] [stdout]                                at /rustc/1b7dd2252b99671ce5d1cb9664c5f8636329436d/library/std/src/panicking.rs:485:40
[INFO] [stdout]   47:     0x55956c844676 - std::panicking::try::h5d34f63d0e41b64e
[INFO] [stdout]                                at /rustc/1b7dd2252b99671ce5d1cb9664c5f8636329436d/library/std/src/panicking.rs:449:19
[INFO] [stdout]   48:     0x55956c844676 - std::panic::catch_unwind::hcfbb511e1aa7fc67
[INFO] [stdout]                                at /rustc/1b7dd2252b99671ce5d1cb9664c5f8636329436d/library/std/src/panic.rs:140:14
[INFO] [stdout]   49:     0x55956c844676 - test::run_test_in_process::h9abda90f802eaf21
[INFO] [stdout]                                at /rustc/1b7dd2252b99671ce5d1cb9664c5f8636329436d/library/test/src/lib.rs:678:27
[INFO] [stdout]   50:     0x55956c844676 - test::run_test::run_test_inner::{{closure}}::h0f058de91f6c6edf
[INFO] [stdout]                                at /rustc/1b7dd2252b99671ce5d1cb9664c5f8636329436d/library/test/src/lib.rs:572:39
[INFO] [stdout]   51:     0x55956c80d595 - test::run_test::run_test_inner::{{closure}}::h5ca48a4c59c6c1fb
[INFO] [stdout]                                at /rustc/1b7dd2252b99671ce5d1cb9664c5f8636329436d/library/test/src/lib.rs:599:37
[INFO] [stdout]   52:     0x55956c80d595 - std::sys_common::backtrace::__rust_begin_short_backtrace::h32bd51e1495d4a33
[INFO] [stdout]                                at /rustc/1b7dd2252b99671ce5d1cb9664c5f8636329436d/library/std/src/sys_common/backtrace.rs:134:18
[INFO] [stdout]   53:     0x55956c812ad1 - std::thread::Builder::spawn_unchecked_::{{closure}}::{{closure}}::hc086fae9b128b2db
[INFO] [stdout]                                at /rustc/1b7dd2252b99671ce5d1cb9664c5f8636329436d/library/std/src/thread/mod.rs:526:17
[INFO] [stdout]   54:     0x55956c812ad1 - <core::panic::unwind_safe::AssertUnwindSafe<F> as core::ops::function::FnOnce<()>>::call_once::hb66571888d270d43
[INFO] [stdout]                                at /rustc/1b7dd2252b99671ce5d1cb9664c5f8636329436d/library/core/src/panic/unwind_safe.rs:271:9
[INFO] [stdout]   55:     0x55956c812ad1 - std::panicking::try::do_call::h4fa2ef4f6e51fecf
[INFO] [stdout]                                at /rustc/1b7dd2252b99671ce5d1cb9664c5f8636329436d/library/std/src/panicking.rs:485:40
[INFO] [stdout]   56:     0x55956c812ad1 - std::panicking::try::h1e9e22b8584489b5
[INFO] [stdout]                                at /rustc/1b7dd2252b99671ce5d1cb9664c5f8636329436d/library/std/src/panicking.rs:449:19
[INFO] [stdout]   57:     0x55956c812ad1 - std::panic::catch_unwind::h44698a3de0e0769e
[INFO] [stdout]                                at /rustc/1b7dd2252b99671ce5d1cb9664c5f8636329436d/library/std/src/panic.rs:140:14
[INFO] [stdout]   58:     0x55956c812ad1 - std::thread::Builder::spawn_unchecked_::{{closure}}::h50153abde3fe239e
[INFO] [stdout]                                at /rustc/1b7dd2252b99671ce5d1cb9664c5f8636329436d/library/std/src/thread/mod.rs:525:30
[INFO] [stdout]   59:     0x55956c812ad1 - core::ops::function::FnOnce::call_once{{vtable.shim}}::hbe5bbf6f38394364
[INFO] [stdout]                                at /rustc/1b7dd2252b99671ce5d1cb9664c5f8636329436d/library/core/src/ops/function.rs:250:5
[INFO] [stdout]   60:     0x55956cfc6c35 - <alloc::boxed::Box<F,A> as core::ops::function::FnOnce<Args>>::call_once::h0d83cb2920a49046
[INFO] [stdout]                                at /rustc/1b7dd2252b99671ce5d1cb9664c5f8636329436d/library/alloc/src/boxed.rs:1973:9
[INFO] [stdout]   61:     0x55956cfc6c35 - <alloc::boxed::Box<F,A> as core::ops::function::FnOnce<Args>>::call_once::hbe0a008aa7d9ef59
[INFO] [stdout]                                at /rustc/1b7dd2252b99671ce5d1cb9664c5f8636329436d/library/alloc/src/boxed.rs:1973:9
[INFO] [stdout]   62:     0x55956cfc6c35 - std::sys::unix::thread::Thread::new::thread_start::h3a466996bdf6b1f9
[INFO] [stdout]                                at /rustc/1b7dd2252b99671ce5d1cb9664c5f8636329436d/library/std/src/sys/unix/thread.rs:108:17
[INFO] [stdout]   63:     0x7f8f67b04b43 - <unknown>
[INFO] [stdout]   64:     0x7f8f67b95bb4 - __clone
[INFO] [stdout]   65:                0x0 - <unknown>
[INFO] [stdout] 
[INFO] [stdout] ---- operations::tests::test_put_ballot::replace_ballot stdout ----
[INFO] [stdout] thread 'operations::tests::test_put_ballot::replace_ballot' panicked at 'env variable for PICKYPOLL_TEST_DB must be set: NotPresent', service/src/operations.rs:363:14
[INFO] [stdout] stack backtrace:
[INFO] [stdout]    0:     0x55956cfc051a - std::backtrace_rs::backtrace::libunwind::trace::h2f05d0192276a8f6
[INFO] [stdout]                                at /rustc/1b7dd2252b99671ce5d1cb9664c5f8636329436d/library/std/src/../../backtrace/src/backtrace/libunwind.rs:93:5
[INFO] [stdout]    1:     0x55956cfc051a - std::backtrace_rs::backtrace::trace_unsynchronized::hedc23dff7a1af150
[INFO] [stdout]                                at /rustc/1b7dd2252b99671ce5d1cb9664c5f8636329436d/library/std/src/../../backtrace/src/backtrace/mod.rs:66:5
[INFO] [stdout]    2:     0x55956cfc051a - std::sys_common::backtrace::_print_fmt::h17541ef7592f3ce2
[INFO] [stdout]                                at /rustc/1b7dd2252b99671ce5d1cb9664c5f8636329436d/library/std/src/sys_common/backtrace.rs:65:5
[INFO] [stdout]    3:     0x55956cfc051a - <std::sys_common::backtrace::_print::DisplayBacktrace as core::fmt::Display>::fmt::h20f75df5ab0c0792
[INFO] [stdout]                                at /rustc/1b7dd2252b99671ce5d1cb9664c5f8636329436d/library/std/src/sys_common/backtrace.rs:44:22
[INFO] [stdout]    4:     0x55956cfe777f - core::fmt::write::h78109e6f466b3af6
[INFO] [stdout]                                at /rustc/1b7dd2252b99671ce5d1cb9664c5f8636329436d/library/core/src/fmt/mod.rs:1254:17
[INFO] [stdout]    5:     0x55956cfbcf35 - std::io::Write::write_fmt::hd24bfb68a1b35a25
[INFO] [stdout]                                at /rustc/1b7dd2252b99671ce5d1cb9664c5f8636329436d/library/std/src/io/mod.rs:1698:15
[INFO] [stdout]    6:     0x55956cfc02e5 - std::sys_common::backtrace::_print::h8dac57a9f8fbf9a5
[INFO] [stdout]                                at /rustc/1b7dd2252b99671ce5d1cb9664c5f8636329436d/library/std/src/sys_common/backtrace.rs:47:5
[INFO] [stdout]    7:     0x55956cfc02e5 - std::sys_common::backtrace::print::hf9ecbf41d1aa712f
[INFO] [stdout]                                at /rustc/1b7dd2252b99671ce5d1cb9664c5f8636329436d/library/std/src/sys_common/backtrace.rs:34:9
[INFO] [stdout]    8:     0x55956cfc1f9e - std::panicking::default_hook::{{closure}}::h04c07acfc84ca028
[INFO] [stdout]                                at /rustc/1b7dd2252b99671ce5d1cb9664c5f8636329436d/library/std/src/panicking.rs:269:22
[INFO] [stdout]    9:     0x55956cfc1cd1 - std::panicking::default_hook::h01f6bb23e1eceb2c
[INFO] [stdout]                                at /rustc/1b7dd2252b99671ce5d1cb9664c5f8636329436d/library/std/src/panicking.rs:285:9
[INFO] [stdout]   10:     0x55956c8406cb - <alloc::boxed::Box<F,A> as core::ops::function::Fn<Args>>::call::h87fe9f7b2fd49e4c
[INFO] [stdout]                                at /rustc/1b7dd2252b99671ce5d1cb9664c5f8636329436d/library/alloc/src/boxed.rs:1987:9
[INFO] [stdout]   11:     0x55956c8406cb - test::test_main::{{closure}}::he94d679243a7531b
[INFO] [stdout]                                at /rustc/1b7dd2252b99671ce5d1cb9664c5f8636329436d/library/test/src/lib.rs:134:21
[INFO] [stdout]   12:     0x55956cfc2684 - <alloc::boxed::Box<F,A> as core::ops::function::Fn<Args>>::call::h3f2d6d8b14c4769f
[INFO] [stdout]                                at /rustc/1b7dd2252b99671ce5d1cb9664c5f8636329436d/library/alloc/src/boxed.rs:1987:9
[INFO] [stdout]   13:     0x55956cfc2684 - std::panicking::rust_panic_with_hook::h2bb3722bbaf2f6df
[INFO] [stdout]                                at /rustc/1b7dd2252b99671ce5d1cb9664c5f8636329436d/library/std/src/panicking.rs:695:13
[INFO] [stdout]   14:     0x55956cfc23f9 - std::panicking::begin_panic_handler::{{closure}}::h91bc7f36a4be011b
[INFO] [stdout]                                at /rustc/1b7dd2252b99671ce5d1cb9664c5f8636329436d/library/std/src/panicking.rs:582:13
[INFO] [stdout]   15:     0x55956cfc0986 - std::sys_common::backtrace::__rust_end_short_backtrace::h8b3d3717114f9e59
[INFO] [stdout]                                at /rustc/1b7dd2252b99671ce5d1cb9664c5f8636329436d/library/std/src/sys_common/backtrace.rs:150:18
[INFO] [stdout]   16:     0x55956cfc2152 - rust_begin_unwind
[INFO] [stdout]                                at /rustc/1b7dd2252b99671ce5d1cb9664c5f8636329436d/library/std/src/panicking.rs:578:5
[INFO] [stdout]   17:     0x55956c71b343 - core::panicking::panic_fmt::hfd368e3fbdabea26
[INFO] [stdout]                                at /rustc/1b7dd2252b99671ce5d1cb9664c5f8636329436d/library/core/src/panicking.rs:67:14
[INFO] [stdout]   18:     0x55956c71b8e3 - core::result::unwrap_failed::he54eb4b2f125b26f
[INFO] [stdout]                                at /rustc/1b7dd2252b99671ce5d1cb9664c5f8636329436d/library/core/src/result.rs:1687:5
[INFO] [stdout]   19:     0x55956c78aed6 - core::result::Result<T,E>::expect::h443a96bfce50684a
[INFO] [stdout]                                at /rustc/1b7dd2252b99671ce5d1cb9664c5f8636329436d/library/core/src/result.rs:1046:23
[INFO] [stdout]   20:     0x55956c76d818 - service::operations::tests::new_pool::{{closure}}::h0c3a4440daab6db4
[INFO] [stdout]                                at /opt/rustwide/workdir/service/src/operations.rs:362:23
[INFO] [stdout]   21:     0x55956c75918f - service::operations::tests::test_put_ballot::replace_ballot::{{closure}}::he330de045b4c555d
[INFO] [stdout]                                at /opt/rustwide/workdir/service/src/operations.rs:471:45
[INFO] [stdout]   22:     0x55956c760014 - tokio::runtime::basic_scheduler::BasicScheduler<P>::block_on::{{closure}}::{{closure}}::hba5a54298aa32043
[INFO] [stdout]                                at /opt/rustwide/cargo-home/registry/src/index.crates.io-6f17d22bba15001f/tokio-0.2.25/src/runtime/basic_scheduler.rs:131:58
[INFO] [stdout]   23:     0x55956c7a9050 - tokio::coop::with_budget::{{closure}}::h363567a776523143
[INFO] [stdout]                                at /opt/rustwide/cargo-home/registry/src/index.crates.io-6f17d22bba15001f/tokio-0.2.25/src/coop.rs:127:9
[INFO] [stdout]   24:     0x55956c74e409 - std::thread::local::LocalKey<T>::try_with::h580c0efa519dc88e
[INFO] [stdout]                                at /rustc/1b7dd2252b99671ce5d1cb9664c5f8636329436d/library/std/src/thread/local.rs:252:16
[INFO] [stdout]   25:     0x55956c74d39a - std::thread::local::LocalKey<T>::with::h5e66be47da070d4d
[INFO] [stdout]                                at /rustc/1b7dd2252b99671ce5d1cb9664c5f8636329436d/library/std/src/thread/local.rs:228:9
[INFO] [stdout]   26:     0x55956c75f7c0 - tokio::coop::with_budget::hae17b980af811f4a
[INFO] [stdout]                                at /opt/rustwide/cargo-home/registry/src/index.crates.io-6f17d22bba15001f/tokio-0.2.25/src/coop.rs:120:5
[INFO] [stdout]   27:     0x55956c75f7c0 - tokio::coop::budget::h8379138981adaa2f
[INFO] [stdout]                                at /opt/rustwide/cargo-home/registry/src/index.crates.io-6f17d22bba15001f/tokio-0.2.25/src/coop.rs:96:5
[INFO] [stdout]   28:     0x55956c75f7c0 - tokio::runtime::basic_scheduler::BasicScheduler<P>::block_on::{{closure}}::hf7982540c5366389
[INFO] [stdout]                                at /opt/rustwide/cargo-home/registry/src/index.crates.io-6f17d22bba15001f/tokio-0.2.25/src/runtime/basic_scheduler.rs:131:35
[INFO] [stdout]   29:     0x55956c76103e - tokio::runtime::basic_scheduler::enter::{{closure}}::h70056eb5f9969ce1
[INFO] [stdout]                                at /opt/rustwide/cargo-home/registry/src/index.crates.io-6f17d22bba15001f/tokio-0.2.25/src/runtime/basic_scheduler.rs:213:29
[INFO] [stdout]   30:     0x55956c73f853 - tokio::macros::scoped_tls::ScopedKey<T>::set::h3795cab00b2788cd
[INFO] [stdout]                                at /opt/rustwide/cargo-home/registry/src/index.crates.io-6f17d22bba15001f/tokio-0.2.25/src/macros/scoped_tls.rs:63:9
[INFO] [stdout]   31:     0x55956c7607f1 - tokio::runtime::basic_scheduler::enter::h2e4d59ccd2945455
[INFO] [stdout]                                at /opt/rustwide/cargo-home/registry/src/index.crates.io-6f17d22bba15001f/tokio-0.2.25/src/runtime/basic_scheduler.rs:213:5
[INFO] [stdout]   32:     0x55956c75dba0 - tokio::runtime::basic_scheduler::BasicScheduler<P>::block_on::h39d2bad208af9f5e
[INFO] [stdout]                                at /opt/rustwide/cargo-home/registry/src/index.crates.io-6f17d22bba15001f/tokio-0.2.25/src/runtime/basic_scheduler.rs:123:9
[INFO] [stdout]   33:     0x55956c7c6302 - tokio::runtime::Runtime::block_on::{{closure}}::hd385f61d042830fd
[INFO] [stdout]                                at /opt/rustwide/cargo-home/registry/src/index.crates.io-6f17d22bba15001f/tokio-0.2.25/src/runtime/mod.rs:444:34
[INFO] [stdout]   34:     0x55956c7ac256 - tokio::runtime::context::enter::h80003f7d7038c6b5
[INFO] [stdout]                                at /opt/rustwide/cargo-home/registry/src/index.crates.io-6f17d22bba15001f/tokio-0.2.25/src/runtime/context.rs:72:5
[INFO] [stdout]   35:     0x55956c7c5d6a - tokio::runtime::handle::Handle::enter::h97f2a3d6b54f5e08
[INFO] [stdout]                                at /opt/rustwide/cargo-home/registry/src/index.crates.io-6f17d22bba15001f/tokio-0.2.25/src/runtime/handle.rs:76:9
[INFO] [stdout]   36:     0x55956c7c5f71 - tokio::runtime::Runtime::block_on::hed23a6084c19fd77
[INFO] [stdout]                                at /opt/rustwide/cargo-home/registry/src/index.crates.io-6f17d22bba15001f/tokio-0.2.25/src/runtime/mod.rs:441:9
[INFO] [stdout]   37:     0x55956c758e3e - service::operations::tests::test_put_ballot::replace_ballot::hd56075d97a135e3a
[INFO] [stdout]                                at /opt/rustwide/workdir/service/src/operations.rs:469:9
[INFO] [stdout]   38:     0x55956c758d67 - service::operations::tests::test_put_ballot::replace_ballot::{{closure}}::h32249a1997b7cfad
[INFO] [stdout]                                at /opt/rustwide/workdir/service/src/operations.rs:469:9
[INFO] [stdout]   39:     0x55956c7e8b95 - core::ops::function::FnOnce::call_once::h9d435399828d0f87
[INFO] [stdout]                                at /rustc/1b7dd2252b99671ce5d1cb9664c5f8636329436d/library/core/src/ops/function.rs:250:5
[INFO] [stdout]   40:     0x55956c84559f - core::ops::function::FnOnce::call_once::ha6a70e79f7481a7e
[INFO] [stdout]                                at /rustc/1b7dd2252b99671ce5d1cb9664c5f8636329436d/library/core/src/ops/function.rs:250:5
[INFO] [stdout]   41:     0x55956c84559f - test::__rust_begin_short_backtrace::hce33033019b61e69
[INFO] [stdout]                                at /rustc/1b7dd2252b99671ce5d1cb9664c5f8636329436d/library/test/src/lib.rs:655:18
[INFO] [stdout]   42:     0x55956c812d8c - test::run_test::{{closure}}::h858d3528838ae3e5
[INFO] [stdout]                                at /rustc/1b7dd2252b99671ce5d1cb9664c5f8636329436d/library/test/src/lib.rs:646:30
[INFO] [stdout]   43:     0x55956c812d8c - core::ops::function::FnOnce::call_once{{vtable.shim}}::he8ac2b00f01ae79e
[INFO] [stdout]                                at /rustc/1b7dd2252b99671ce5d1cb9664c5f8636329436d/library/core/src/ops/function.rs:250:5
[INFO] [stdout]   44:     0x55956c844676 - <alloc::boxed::Box<F,A> as core::ops::function::FnOnce<Args>>::call_once::h8093d25b522725ef
[INFO] [stdout]                                at /rustc/1b7dd2252b99671ce5d1cb9664c5f8636329436d/library/alloc/src/boxed.rs:1973:9
[INFO] [stdout]   45:     0x55956c844676 - <core::panic::unwind_safe::AssertUnwindSafe<F> as core::ops::function::FnOnce<()>>::call_once::h5c334c204e4a3913
[INFO] [stdout]                                at /rustc/1b7dd2252b99671ce5d1cb9664c5f8636329436d/library/core/src/panic/unwind_safe.rs:271:9
[INFO] [stdout]   46:     0x55956c844676 - std::panicking::try::do_call::ha8b740c7b9478074
[INFO] [stdout]                                at /rustc/1b7dd2252b99671ce5d1cb9664c5f8636329436d/library/std/src/panicking.rs:485:40
[INFO] [stdout]   47:     0x55956c844676 - std::panicking::try::h5d34f63d0e41b64e
[INFO] [stdout]                                at /rustc/1b7dd2252b99671ce5d1cb9664c5f8636329436d/library/std/src/panicking.rs:449:19
[INFO] [stdout]   48:     0x55956c844676 - std::panic::catch_unwind::hcfbb511e1aa7fc67
[INFO] [stdout]                                at /rustc/1b7dd2252b99671ce5d1cb9664c5f8636329436d/library/std/src/panic.rs:140:14
[INFO] [stdout]   49:     0x55956c844676 - test::run_test_in_process::h9abda90f802eaf21
[INFO] [stdout]                                at /rustc/1b7dd2252b99671ce5d1cb9664c5f8636329436d/library/test/src/lib.rs:678:27
[INFO] [stdout]   50:     0x55956c844676 - test::run_test::run_test_inner::{{closure}}::h0f058de91f6c6edf
[INFO] [stdout]                                at /rustc/1b7dd2252b99671ce5d1cb9664c5f8636329436d/library/test/src/lib.rs:572:39
[INFO] [stdout]   51:     0x55956c80d595 - test::run_test::run_test_inner::{{closure}}::h5ca48a4c59c6c1fb
[INFO] [stdout]                                at /rustc/1b7dd2252b99671ce5d1cb9664c5f8636329436d/library/test/src/lib.rs:599:37
[INFO] [stdout]   52:     0x55956c80d595 - std::sys_common::backtrace::__rust_begin_short_backtrace::h32bd51e1495d4a33
[INFO] [stdout]                                at /rustc/1b7dd2252b99671ce5d1cb9664c5f8636329436d/library/std/src/sys_common/backtrace.rs:134:18
[INFO] [stdout]   53:     0x55956c812ad1 - std::thread::Builder::spawn_unchecked_::{{closure}}::{{closure}}::hc086fae9b128b2db
[INFO] [stdout]                                at /rustc/1b7dd2252b99671ce5d1cb9664c5f8636329436d/library/std/src/thread/mod.rs:526:17
[INFO] [stdout]   54:     0x55956c812ad1 - <core::panic::unwind_safe::AssertUnwindSafe<F> as core::ops::function::FnOnce<()>>::call_once::hb66571888d270d43
[INFO] [stdout]                                at /rustc/1b7dd2252b99671ce5d1cb9664c5f8636329436d/library/core/src/panic/unwind_safe.rs:271:9
[INFO] [stdout]   55:     0x55956c812ad1 - std::panicking::try::do_call::h4fa2ef4f6e51fecf
[INFO] [stdout]                                at /rustc/1b7dd2252b99671ce5d1cb9664c5f8636329436d/library/std/src/panicking.rs:485:40
[INFO] [stdout]   56:     0x55956c812ad1 - std::panicking::try::h1e9e22b8584489b5
[INFO] [stdout]                                at /rustc/1b7dd2252b99671ce5d1cb9664c5f8636329436d/library/std/src/panicking.rs:449:19
[INFO] [stdout]   57:     0x55956c812ad1 - std::panic::catch_unwind::h44698a3de0e0769e
[INFO] [stdout]                                at /rustc/1b7dd2252b99671ce5d1cb9664c5f8636329436d/library/std/src/panic.rs:140:14
[INFO] [stdout]   58:     0x55956c812ad1 - std::thread::Builder::spawn_unchecked_::{{closure}}::h50153abde3fe239e
[INFO] [stdout]                                at /rustc/1b7dd2252b99671ce5d1cb9664c5f8636329436d/library/std/src/thread/mod.rs:525:30
[INFO] [stdout]   59:     0x55956c812ad1 - core::ops::function::FnOnce::call_once{{vtable.shim}}::hbe5bbf6f38394364
[INFO] [stdout]                                at /rustc/1b7dd2252b99671ce5d1cb9664c5f8636329436d/library/core/src/ops/function.rs:250:5
[INFO] [stdout]   60:     0x55956cfc6c35 - <alloc::boxed::Box<F,A> as core::ops::function::FnOnce<Args>>::call_once::h0d83cb2920a49046
[INFO] [stdout]                                at /rustc/1b7dd2252b99671ce5d1cb9664c5f8636329436d/library/alloc/src/boxed.rs:1973:9
[INFO] [stdout]   61:     0x55956cfc6c35 - <alloc::boxed::Box<F,A> as core::ops::function::FnOnce<Args>>::call_once::hbe0a008aa7d9ef59
[INFO] [stdout]                                at /rustc/1b7dd2252b99671ce5d1cb9664c5f8636329436d/library/alloc/src/boxed.rs:1973:9
[INFO] [stdout]   62:     0x55956cfc6c35 - std::sys::unix::thread::Thread::new::thread_start::h3a466996bdf6b1f9
[INFO] [stdout]                                at /rustc/1b7dd2252b99671ce5d1cb9664c5f8636329436d/library/std/src/sys/unix/thread.rs:108:17
[INFO] [stdout]   63:     0x7f8f67b04b43 - <unknown>
[INFO] [stdout]   64:     0x7f8f67b95bb4 - __clone
[INFO] [stdout]   65:                0x0 - <unknown>
[INFO] [stdout] 
[INFO] [stdout] 
[INFO] [stdout] failures:
[INFO] [stdout]     operations::tests::test_post_poll
[INFO] [stdout]     operations::tests::test_put_ballot::happy_path
[INFO] [stdout]     operations::tests::test_put_ballot::replace_ballot
[INFO] [stdout] 
[INFO] [stdout] test result: FAILED. 3 passed; 3 failed; 0 ignored; 0 measured; 0 filtered out; finished in 0.07s
[INFO] [stdout] 
[INFO] [stderr] error: test failed, to rerun pass `-p picky_poll_backend --bin service`
[INFO] running `Command { std: "docker" "inspect" "1a47c891f6df6faabf22e9c8b189921a52d773fc8b9808f0b15b0491cac6a94e", kill_on_drop: false }`
[INFO] running `Command { std: "docker" "rm" "-f" "1a47c891f6df6faabf22e9c8b189921a52d773fc8b9808f0b15b0491cac6a94e", kill_on_drop: false }`
[INFO] [stdout] 1a47c891f6df6faabf22e9c8b189921a52d773fc8b9808f0b15b0491cac6a94e
