[INFO] cloning repository https://github.com/DioneJM/dwordle-backend
[INFO] running `Command { std: "git" "-c" "credential.helper=" "-c" "credential.helper=/workspace/cargo-home/bin/git-credential-null" "clone" "--bare" "https://github.com/DioneJM/dwordle-backend" "/workspace/cache/git-repos/https%3A%2F%2Fgithub.com%2FDioneJM%2Fdwordle-backend", kill_on_drop: false }`
[INFO] [stderr] Cloning into bare repository '/workspace/cache/git-repos/https%3A%2F%2Fgithub.com%2FDioneJM%2Fdwordle-backend'...
[INFO] running `Command { std: "git" "rev-parse" "HEAD", kill_on_drop: false }`
[INFO] [stdout] 05b70b2fe8bd278dd3719ba7e9fd455162e81add
[INFO] testing DioneJM/dwordle-backend against 1.69.0 for beta-1.70-1
[INFO] running `Command { std: "git" "clone" "/workspace/cache/git-repos/https%3A%2F%2Fgithub.com%2FDioneJM%2Fdwordle-backend" "/workspace/builds/worker-5-tc1/source", kill_on_drop: false }`
[INFO] [stderr] Cloning into '/workspace/builds/worker-5-tc1/source'...
[INFO] [stderr] done.
[INFO] validating manifest of git repo https://github.com/DioneJM/dwordle-backend on toolchain 1.69.0
[INFO] running `Command { std: CARGO_HOME="/workspace/cargo-home" RUSTUP_HOME="/workspace/rustup-home" "/workspace/cargo-home/bin/cargo" "+1.69.0" "metadata" "--manifest-path" "Cargo.toml" "--no-deps", kill_on_drop: false }`
[INFO] started tweaking git repo https://github.com/DioneJM/dwordle-backend
[INFO] finished tweaking git repo https://github.com/DioneJM/dwordle-backend
[INFO] tweaked toml for git repo https://github.com/DioneJM/dwordle-backend written to /workspace/builds/worker-5-tc1/source/Cargo.toml
[INFO] crate git repo https://github.com/DioneJM/dwordle-backend already has a lockfile, it will not be regenerated
[INFO] running `Command { std: CARGO_HOME="/workspace/cargo-home" RUSTUP_HOME="/workspace/rustup-home" "/workspace/cargo-home/bin/cargo" "+1.69.0" "fetch" "--manifest-path" "Cargo.toml", kill_on_drop: false }`
[INFO] [stderr]  Downloading crates ...
[INFO] [stderr]   Downloaded sqlx-rt v0.5.11
[INFO] [stderr]   Downloaded assert-json-diff v2.0.1
[INFO] [stderr]   Downloaded cookie v0.15.1
[INFO] [stderr]   Downloaded claim v0.5.0
[INFO] [stderr]   Downloaded redox_users v0.4.2
[INFO] [stderr]   Downloaded serde-aux v3.0.1
[INFO] [stderr]   Downloaded cookie_store v0.15.1
[INFO] [stderr]   Downloaded sqlx-macros v0.5.11
[INFO] [stderr]   Downloaded deadpool v0.9.2
[INFO] [stderr]   Downloaded fake v2.3.0
[INFO] [stderr]   Downloaded sqlx-core v0.5.11
[INFO] [stderr]   Downloaded sqlx v0.5.11
[INFO] [stderr]   Downloaded brotli v3.3.3
[INFO] [stderr]   Downloaded tracing-bunyan-formatter v0.3.2
[INFO] [stderr]   Downloaded wiremock v0.5.11
[INFO] [stderr]   Downloaded linkify v0.8.0
[INFO] running `Command { std: "docker" "create" "-v" "/var/lib/crater-agent-workspace/builds/worker-5-tc1/target:/opt/rustwide/target:rw,Z" "-v" "/var/lib/crater-agent-workspace/builds/worker-5-tc1/source:/opt/rustwide/workdir:ro,Z" "-v" "/var/lib/crater-agent-workspace/cargo-home:/opt/rustwide/cargo-home:ro,Z" "-v" "/var/lib/crater-agent-workspace/rustup-home:/opt/rustwide/rustup-home:ro,Z" "-e" "SOURCE_DIR=/opt/rustwide/workdir" "-e" "CARGO_TARGET_DIR=/opt/rustwide/target" "-e" "CARGO_HOME=/opt/rustwide/cargo-home" "-e" "RUSTUP_HOME=/opt/rustwide/rustup-home" "-w" "/opt/rustwide/workdir" "-m" "1610612736" "--user" "0:0" "--network" "none" "ghcr.io/rust-lang/crates-build-env/linux@sha256:5ff2268d62e97bff2cde7d5815dd6ed5b47097566f13b8d0ca110b04b60e07ed" "/opt/rustwide/cargo-home/bin/cargo" "+1.69.0" "metadata" "--no-deps" "--format-version=1", kill_on_drop: false }`
[INFO] [stdout] 8ce1a56e478015ba822466a206ca39a67cc2ef4431d14a245acefe3458be41fd
[INFO] running `Command { std: "docker" "start" "-a" "8ce1a56e478015ba822466a206ca39a67cc2ef4431d14a245acefe3458be41fd", kill_on_drop: false }`
[INFO] running `Command { std: "docker" "inspect" "8ce1a56e478015ba822466a206ca39a67cc2ef4431d14a245acefe3458be41fd", kill_on_drop: false }`
[INFO] running `Command { std: "docker" "rm" "-f" "8ce1a56e478015ba822466a206ca39a67cc2ef4431d14a245acefe3458be41fd", kill_on_drop: false }`
[INFO] [stdout] 8ce1a56e478015ba822466a206ca39a67cc2ef4431d14a245acefe3458be41fd
[INFO] running `Command { std: "docker" "create" "-v" "/var/lib/crater-agent-workspace/builds/worker-5-tc1/target:/opt/rustwide/target:rw,Z" "-v" "/var/lib/crater-agent-workspace/builds/worker-5-tc1/source:/opt/rustwide/workdir:ro,Z" "-v" "/var/lib/crater-agent-workspace/cargo-home:/opt/rustwide/cargo-home:ro,Z" "-v" "/var/lib/crater-agent-workspace/rustup-home:/opt/rustwide/rustup-home:ro,Z" "-e" "SOURCE_DIR=/opt/rustwide/workdir" "-e" "CARGO_TARGET_DIR=/opt/rustwide/target" "-e" "CARGO_INCREMENTAL=0" "-e" "RUST_BACKTRACE=full" "-e" "RUSTFLAGS=--cap-lints=warn" "-e" "RUSTDOCFLAGS=--cap-lints=warn" "-e" "CARGO_HOME=/opt/rustwide/cargo-home" "-e" "RUSTUP_HOME=/opt/rustwide/rustup-home" "-w" "/opt/rustwide/workdir" "-m" "1610612736" "--user" "0:0" "--network" "none" "ghcr.io/rust-lang/crates-build-env/linux@sha256:5ff2268d62e97bff2cde7d5815dd6ed5b47097566f13b8d0ca110b04b60e07ed" "/opt/rustwide/cargo-home/bin/cargo" "+1.69.0" "build" "--frozen" "--message-format=json", kill_on_drop: false }`
[INFO] [stdout] bbf9046d92463473077c4bcbe10225ef5fe7f610045611fed959c44b48c5dfc0
[INFO] running `Command { std: "docker" "start" "-a" "bbf9046d92463473077c4bcbe10225ef5fe7f610045611fed959c44b48c5dfc0", kill_on_drop: false }`
[INFO] [stderr]    Compiling libc v0.2.121
[INFO] [stderr]    Compiling version_check v0.9.4
[INFO] [stderr]    Compiling proc-macro2 v1.0.36
[INFO] [stderr]    Compiling syn v1.0.90
[INFO] [stderr]    Compiling once_cell v1.10.0
[INFO] [stderr]    Compiling pin-project-lite v0.2.8
[INFO] [stderr]    Compiling smallvec v1.8.0
[INFO] [stderr]    Compiling memchr v2.4.1
[INFO] [stderr]    Compiling log v0.4.16
[INFO] [stderr]    Compiling futures-core v0.3.21
[INFO] [stderr]    Compiling lock_api v0.4.6
[INFO] [stderr]    Compiling typenum v1.15.0
[INFO] [stderr]    Compiling parking_lot_core v0.9.1
[INFO] [stderr]    Compiling serde_derive v1.0.136
[INFO] [stderr]    Compiling serde v1.0.136
[INFO] [stderr]    Compiling itoa v1.0.1
[INFO] [stderr]    Compiling jobserver v0.1.24
[INFO] [stderr]    Compiling quote v1.0.17
[INFO] [stderr]    Compiling num_cpus v1.13.1
[INFO] [stderr]    Compiling cc v1.0.73
[INFO] [stderr]    Compiling parking_lot v0.12.0
[INFO] [stderr]    Compiling socket2 v0.4.4
[INFO] [stderr]    Compiling signal-hook-registry v1.4.0
[INFO] [stderr]    Compiling getrandom v0.2.6
[INFO] [stderr]    Compiling untrusted v0.7.1
[INFO] [stderr]    Compiling spin v0.5.2
[INFO] [stderr]    Compiling mio v0.8.2
[INFO] [stderr]    Compiling ahash v0.7.6
[INFO] [stderr]    Compiling generic-array v0.14.5
[INFO] [stderr]    Compiling futures-task v0.3.21
[INFO] [stderr]    Compiling ring v0.16.20
[INFO] [stderr]    Compiling futures-sink v0.3.21
[INFO] [stderr]    Compiling hashbrown v0.11.2
[INFO] [stderr]    Compiling futures-util v0.3.21
[INFO] [stderr]    Compiling num-traits v0.2.14
[INFO] [stderr]    Compiling ryu v1.0.9
[INFO] [stderr]    Compiling tracing-core v0.1.23
[INFO] [stderr]    Compiling tinyvec_macros v0.1.0
[INFO] [stderr]    Compiling percent-encoding v2.1.0
[INFO] [stderr]    Compiling tinyvec v1.5.1
[INFO] [stderr]    Compiling matches v0.1.9
[INFO] [stderr]    Compiling serde_json v1.0.79
[INFO] [stderr]    Compiling cpufeatures v0.2.2
[INFO] [stderr]    Compiling fnv v1.0.7
[INFO] [stderr]    Compiling unicode-bidi v0.3.7
[INFO] [stderr]    Compiling http v0.2.6
[INFO] [stderr]    Compiling unicode-normalization v0.1.19
[INFO] [stderr]    Compiling indexmap v1.8.1
[INFO] [stderr]    Compiling opaque-debug v0.3.0
[INFO] [stderr]    Compiling form_urlencoded v1.0.1
[INFO] [stderr]    Compiling rand_core v0.6.3
[INFO] [stderr]    Compiling ppv-lite86 v0.2.16
[INFO] [stderr]    Compiling idna v0.2.3
[INFO] [stderr]    Compiling rand_chacha v0.3.1
[INFO] [stderr]    Compiling standback v0.2.17
[INFO] [stderr]    Compiling webpki v0.21.4
[INFO] [stderr]    Compiling sct v0.6.1
[INFO] [stderr]    Compiling subtle v2.4.1
[INFO] [stderr]    Compiling minimal-lexical v0.2.1
[INFO] [stderr]    Compiling paste v1.0.7
[INFO] [stderr]    Compiling url v2.2.2
[INFO] [stderr]    Compiling tokio v1.17.0
[INFO] [stderr]    Compiling num-integer v0.1.44
[INFO] [stderr]    Compiling digest v0.9.0
[INFO] [stderr]    Compiling zstd-sys v1.6.3+zstd.1.5.2
[INFO] [stderr]    Compiling aho-corasick v0.7.18
[INFO] [stderr]    Compiling instant v0.1.12
[INFO] [stderr]    Compiling futures-channel v0.3.21
[INFO] [stderr]    Compiling crossbeam-utils v0.8.8
[INFO] [stderr]    Compiling byteorder v1.4.3
[INFO] [stderr]    Compiling httparse v1.6.0
[INFO] [stderr]    Compiling parking_lot_core v0.8.5
[INFO] [stderr]    Compiling block-buffer v0.9.0
[INFO] [stderr]    Compiling slab v0.4.5
[INFO] [stderr]    Compiling crossbeam-queue v0.3.5
[INFO] [stderr]    Compiling unicode_categories v0.1.1
[INFO] [stderr]    Compiling const_fn v0.4.9
[INFO] [stderr]    Compiling parking_lot v0.11.2
[INFO] [stderr]    Compiling regex v1.5.5
[INFO] [stderr]    Compiling rustls v0.19.1
[INFO] [stderr]    Compiling webpki v0.22.0
[INFO] [stderr]    Compiling dirs-sys v0.3.7
[INFO] [stderr]    Compiling time v0.2.27
[INFO] [stderr]    Compiling bytestring v1.0.0
[INFO] [stderr]    Compiling miniz_oxide v0.4.4
[INFO] [stderr]    Compiling tokio-macros v1.7.0
[INFO] [stderr]    Compiling tracing-attributes v0.1.20
[INFO] [stderr]    Compiling time-macros-impl v0.1.2
[INFO] [stderr]    Compiling thiserror-impl v1.0.30
[INFO] [stderr]    Compiling encoding_rs v0.8.30
[INFO] [stderr]    Compiling crc-catalog v1.1.1
[INFO] [stderr]    Compiling httpdate v1.0.2
[INFO] [stderr]    Compiling zstd-safe v4.1.4+zstd.1.5.2
[INFO] [stderr]    Compiling tracing v0.1.32
[INFO] [stderr]    Compiling local-waker v0.1.2
[INFO] [stderr]    Compiling crc32fast v1.3.2
[INFO] [stderr]    Compiling alloc-no-stdlib v2.0.3
[INFO] [stderr]    Compiling rustls v0.20.4
[INFO] [stderr]    Compiling alloc-stdlib v0.2.1
[INFO] [stderr]    Compiling thiserror v1.0.30
[INFO] [stderr]    Compiling tokio-rustls v0.22.0
[INFO] [stderr]    Compiling crc v2.1.0
[INFO] [stderr]    Compiling actix-rt v2.7.0
[INFO] [stderr]    Compiling time-macros v0.1.1
[INFO] [stderr]    Compiling dirs v4.0.0
[INFO] [stderr]    Compiling futures-intrusive v0.4.0
[INFO] [stderr]    Compiling nom v7.1.1
[INFO] [stderr]    Compiling crypto-mac v0.11.1
[INFO] [stderr]    Compiling webpki-roots v0.21.1
[INFO] [stderr]    Compiling sct v0.7.0
[INFO] [stderr]    Compiling rand v0.8.5
[INFO] [stderr]    Compiling stringprep v0.1.2
[INFO] [stderr]    Compiling atoi v0.4.0
[INFO] [stderr]    Compiling crypto-common v0.1.3
[INFO] [stderr]    Compiling block-buffer v0.10.2
[INFO] [stderr]    Compiling hashlink v0.7.0
[INFO] [stderr]    Compiling time v0.1.43
[INFO] [stderr]    Compiling cookie v0.15.1
[INFO] [stderr]    Compiling whoami v1.2.1
[INFO] [stderr]    Compiling firestorm v0.5.0
[INFO] [stderr]    Compiling adler v1.0.2
[INFO] [stderr]    Compiling time-macros v0.2.4
[INFO] [stderr]    Compiling num_threads v0.1.5
[INFO] [stderr]    Compiling tokio-util v0.6.9
[INFO] [stderr]    Compiling hex v0.4.3
[INFO] [stderr]    Compiling lexical-core v0.7.6
[INFO] [stderr]    Compiling h2 v0.3.12
[INFO] [stderr]    Compiling try-lock v0.2.3
[INFO] [stderr]    Compiling want v0.3.0
[INFO] [stderr]    Compiling tokio-util v0.7.1
[INFO] [stderr]    Compiling time v0.3.9
[INFO] [stderr]    Compiling chrono v0.4.19
[INFO] [stderr]    Compiling digest v0.10.3
[INFO] [stderr]    Compiling either v1.6.1
[INFO] [stderr]    Compiling hmac v0.11.0
[INFO] [stderr]    Compiling itertools v0.10.3
[INFO] [stderr]    Compiling sqlx-rt v0.5.11
[INFO] [stderr]    Compiling brotli-decompressor v2.3.2
[INFO] [stderr]    Compiling actix-utils v3.0.0
[INFO] [stderr]    Compiling sqlformat v0.1.8
[INFO] [stderr]    Compiling tokio-stream v0.1.8
[INFO] [stderr]    Compiling md-5 v0.9.1
[INFO] [stderr]    Compiling sha2 v0.9.9
[INFO] [stderr]    Compiling sha-1 v0.9.8
[INFO] [stderr]    Compiling actix-service v2.0.2
[INFO] [stderr]    Compiling http-body v0.4.4
[INFO] [stderr]    Compiling regex-automata v0.1.10
[INFO] [stderr]    Compiling cookie v0.16.0
[INFO] [stderr]    Compiling nom v5.1.2
[INFO] [stderr]    Compiling tower-service v0.3.1
[INFO] [stderr]    Compiling bitflags v1.3.2
[INFO] [stderr]    Compiling static_assertions v1.1.0
[INFO] [stderr]    Compiling psl-types v2.0.10
[INFO] [stderr]    Compiling mime v0.3.16
[INFO] [stderr]    Compiling arrayvec v0.5.2
[INFO] [stderr]    Compiling unicode-segmentation v1.9.0
[INFO] [stderr]    Compiling uuid v0.8.2
[INFO] [stderr]    Compiling convert_case v0.4.0
[INFO] [stderr]    Compiling matchers v0.1.0
[INFO] [stderr]    Compiling sqlx-core v0.5.11
[INFO] [stderr]    Compiling heck v0.3.3
[INFO] [stderr]    Compiling publicsuffix v2.1.1
[INFO] [stderr]    Compiling derive_more v0.99.17
[INFO] [stderr]    Compiling hyper v0.14.18
[INFO] [stderr]    Compiling flate2 v1.0.22
[INFO] [stderr]    Compiling brotli v3.3.3
[INFO] [stderr]    Compiling tokio-rustls v0.23.3
[INFO] [stderr]    Compiling actix-router v0.5.0
[INFO] [stderr]    Compiling serde_urlencoded v0.7.1
[INFO] [stderr]    Compiling sha-1 v0.10.0
[INFO] [stderr]    Compiling actix-codec v0.5.0
[INFO] [stderr]    Compiling local-channel v0.1.2
[INFO] [stderr]    Compiling num-traits v0.1.43
[INFO] [stderr]    Compiling tracing-log v0.1.2
[INFO] [stderr]    Compiling sharded-slab v0.1.4
[INFO] [stderr]    Compiling thread_local v1.1.4
[INFO] [stderr]    Compiling linked-hash-map v0.5.4
[INFO] [stderr]    Compiling dotenv v0.15.0
[INFO] [stderr]    Compiling language-tags v0.3.2
[INFO] [stderr]    Compiling serde v0.8.23
[INFO] [stderr]    Compiling ansi_term v0.12.1
[INFO] [stderr]    Compiling anyhow v1.0.56
[INFO] [stderr]    Compiling tracing-subscriber v0.3.9
[INFO] [stderr]    Compiling yaml-rust v0.4.5
[INFO] [stderr]    Compiling hyper-rustls v0.23.0
[INFO] [stderr]    Compiling actix-web-codegen v4.0.0
[INFO] [stderr]    Compiling serde-hjson v0.9.1
[INFO] [stderr]    Compiling cookie_store v0.15.1
[INFO] [stderr]    Compiling actix-server v2.1.1
[INFO] [stderr]    Compiling toml v0.5.8
[INFO] [stderr]    Compiling actix-macros v0.2.3
[INFO] [stderr]    Compiling webpki-roots v0.22.2
[INFO] [stderr]    Compiling rustls-pemfile v0.3.0
[INFO] [stderr]    Compiling gethostname v0.2.3
[INFO] [stderr]    Compiling zeroize v1.5.4
[INFO] [stderr]    Compiling rust-ini v0.13.0
[INFO] [stderr]    Compiling ipnet v2.4.0
[INFO] [stderr]    Compiling secrecy v0.8.0
[INFO] [stderr]    Compiling reqwest v0.11.10
[INFO] [stderr]    Compiling config v0.11.0
[INFO] [stderr]    Compiling tracing-bunyan-formatter v0.3.2
[INFO] [stderr]    Compiling serde-aux v3.0.1
[INFO] [stderr]    Compiling sqlx-macros v0.5.11
[INFO] [stderr]    Compiling sqlx v0.5.11
[INFO] [stderr]    Compiling zstd v0.10.0+zstd.1.5.2
[INFO] [stderr]    Compiling actix-http v3.0.4
[INFO] [stderr]    Compiling actix-web v4.0.1
[INFO] [stderr]    Compiling dwordle-backend v0.1.0 (/opt/rustwide/workdir)
[INFO] [stderr]     Finished dev [unoptimized + debuginfo] target(s) in 2m 26s
[INFO] [stderr] warning: the following packages contain code that will be rejected by a future version of Rust: nom v5.1.2
[INFO] [stderr] note: to see what the problems were, use the option `--future-incompat-report`, or run `cargo report future-incompatibilities --id 1`
[INFO] running `Command { std: "docker" "inspect" "bbf9046d92463473077c4bcbe10225ef5fe7f610045611fed959c44b48c5dfc0", kill_on_drop: false }`
[INFO] running `Command { std: "docker" "rm" "-f" "bbf9046d92463473077c4bcbe10225ef5fe7f610045611fed959c44b48c5dfc0", kill_on_drop: false }`
[INFO] [stdout] bbf9046d92463473077c4bcbe10225ef5fe7f610045611fed959c44b48c5dfc0
[INFO] running `Command { std: "docker" "create" "-v" "/var/lib/crater-agent-workspace/builds/worker-5-tc1/target:/opt/rustwide/target:rw,Z" "-v" "/var/lib/crater-agent-workspace/builds/worker-5-tc1/source:/opt/rustwide/workdir:ro,Z" "-v" "/var/lib/crater-agent-workspace/cargo-home:/opt/rustwide/cargo-home:ro,Z" "-v" "/var/lib/crater-agent-workspace/rustup-home:/opt/rustwide/rustup-home:ro,Z" "-e" "SOURCE_DIR=/opt/rustwide/workdir" "-e" "CARGO_TARGET_DIR=/opt/rustwide/target" "-e" "CARGO_INCREMENTAL=0" "-e" "RUST_BACKTRACE=full" "-e" "RUSTFLAGS=--cap-lints=warn" "-e" "RUSTDOCFLAGS=--cap-lints=warn" "-e" "CARGO_HOME=/opt/rustwide/cargo-home" "-e" "RUSTUP_HOME=/opt/rustwide/rustup-home" "-w" "/opt/rustwide/workdir" "-m" "1610612736" "--user" "0:0" "--network" "none" "ghcr.io/rust-lang/crates-build-env/linux@sha256:5ff2268d62e97bff2cde7d5815dd6ed5b47097566f13b8d0ca110b04b60e07ed" "/opt/rustwide/cargo-home/bin/cargo" "+1.69.0" "test" "--frozen" "--no-run" "--message-format=json", kill_on_drop: false }`
[INFO] [stdout] 1aee1a0012e43ecb1ff1131b3eda67f5a37aa92755d8a8483bcd26403c3e2901
[INFO] running `Command { std: "docker" "start" "-a" "1aee1a0012e43ecb1ff1131b3eda67f5a37aa92755d8a8483bcd26403c3e2901", kill_on_drop: false }`
[INFO] [stderr]    Compiling futures-task v0.3.21
[INFO] [stderr]    Compiling futures-io v0.3.21
[INFO] [stderr]    Compiling futures-util v0.3.21
[INFO] [stderr]    Compiling futures-macro v0.3.21
[INFO] [stderr]    Compiling url v2.2.2
[INFO] [stderr]    Compiling getrandom v0.1.16
[INFO] [stderr]    Compiling rand_core v0.5.1
[INFO] [stderr]    Compiling cache-padded v1.2.0
[INFO] [stderr]    Compiling async-trait v0.1.53
[INFO] [stderr]    Compiling concurrent-queue v1.2.2
[INFO] [stderr]    Compiling rand_chacha v0.2.2
[INFO] [stderr]    Compiling cookie_store v0.15.1
[INFO] [stderr]    Compiling waker-fn v1.1.0
[INFO] [stderr]    Compiling http-types v2.12.0
[INFO] [stderr]    Compiling rand v0.7.3
[INFO] [stderr]    Compiling fastrand v1.7.0
[INFO] [stderr]    Compiling event-listener v2.5.2
[INFO] [stderr]    Compiling parking v2.0.0
[INFO] [stderr]    Compiling futures-lite v1.12.0
[INFO] [stderr]    Compiling async-channel v1.6.1
[INFO] [stderr]    Compiling serde_qs v0.8.5
[INFO] [stderr]    Compiling claim v0.5.0
[INFO] [stderr]    Compiling deadpool-runtime v0.1.2
[INFO] [stderr]    Compiling infer v0.2.3
[INFO] [stderr]    Compiling env_logger v0.7.1
[INFO] [stderr]    Compiling assert-json-diff v2.0.1
[INFO] [stderr]    Compiling futures-timer v3.0.2
[INFO] [stderr]    Compiling quickcheck v0.9.2
[INFO] [stderr]    Compiling sqlx-core v0.5.11
[INFO] [stderr]    Compiling fake v2.3.0
[INFO] [stderr]    Compiling linkify v0.8.0
[INFO] [stderr]    Compiling deadpool v0.9.2
[INFO] [stderr]    Compiling quickcheck_macros v0.9.1
[INFO] [stderr]    Compiling h2 v0.3.12
[INFO] [stderr]    Compiling local-channel v0.1.2
[INFO] [stderr]    Compiling actix-server v2.1.1
[INFO] [stderr]    Compiling futures-executor v0.3.21
[INFO] [stderr]    Compiling futures v0.3.21
[INFO] [stderr]    Compiling sqlx-macros v0.5.11
[INFO] [stderr]    Compiling hyper v0.14.18
[INFO] [stderr]    Compiling actix-http v3.0.4
[INFO] [stderr]    Compiling actix-web v4.0.1
[INFO] [stderr]    Compiling hyper-rustls v0.23.0
[INFO] [stderr]    Compiling wiremock v0.5.11
[INFO] [stderr]    Compiling reqwest v0.11.10
[INFO] [stderr]    Compiling sqlx v0.5.11
[INFO] [stderr]    Compiling dwordle-backend v0.1.0 (/opt/rustwide/workdir)
[INFO] [stderr]     Finished test [unoptimized + debuginfo] target(s) in 36.19s
[INFO] [stderr] warning: the following packages contain code that will be rejected by a future version of Rust: nom v5.1.2
[INFO] [stderr] note: to see what the problems were, use the option `--future-incompat-report`, or run `cargo report future-incompatibilities --id 1`
[INFO] running `Command { std: "docker" "inspect" "1aee1a0012e43ecb1ff1131b3eda67f5a37aa92755d8a8483bcd26403c3e2901", kill_on_drop: false }`
[INFO] running `Command { std: "docker" "rm" "-f" "1aee1a0012e43ecb1ff1131b3eda67f5a37aa92755d8a8483bcd26403c3e2901", kill_on_drop: false }`
[INFO] [stdout] 1aee1a0012e43ecb1ff1131b3eda67f5a37aa92755d8a8483bcd26403c3e2901
[INFO] running `Command { std: "docker" "create" "-v" "/var/lib/crater-agent-workspace/builds/worker-5-tc1/target:/opt/rustwide/target:rw,Z" "-v" "/var/lib/crater-agent-workspace/builds/worker-5-tc1/source:/opt/rustwide/workdir:ro,Z" "-v" "/var/lib/crater-agent-workspace/cargo-home:/opt/rustwide/cargo-home:ro,Z" "-v" "/var/lib/crater-agent-workspace/rustup-home:/opt/rustwide/rustup-home:ro,Z" "-e" "SOURCE_DIR=/opt/rustwide/workdir" "-e" "CARGO_TARGET_DIR=/opt/rustwide/target" "-e" "CARGO_INCREMENTAL=0" "-e" "RUST_BACKTRACE=full" "-e" "RUSTFLAGS=--cap-lints=warn" "-e" "RUSTDOCFLAGS=--cap-lints=warn" "-e" "CARGO_HOME=/opt/rustwide/cargo-home" "-e" "RUSTUP_HOME=/opt/rustwide/rustup-home" "-w" "/opt/rustwide/workdir" "-m" "1610612736" "--user" "0:0" "--network" "none" "ghcr.io/rust-lang/crates-build-env/linux@sha256:5ff2268d62e97bff2cde7d5815dd6ed5b47097566f13b8d0ca110b04b60e07ed" "/opt/rustwide/cargo-home/bin/cargo" "+1.69.0" "test" "--frozen", kill_on_drop: false }`
[INFO] [stdout] 40f6a692904a0ea8d610120eee8c60d730d0acd572c75247c7c2c3837df78f39
[INFO] running `Command { std: "docker" "start" "-a" "40f6a692904a0ea8d610120eee8c60d730d0acd572c75247c7c2c3837df78f39", kill_on_drop: false }`
[INFO] [stderr]     Finished test [unoptimized + debuginfo] target(s) in 0.48s
[INFO] [stderr] warning: the following packages contain code that will be rejected by a future version of Rust: nom v5.1.2
[INFO] [stderr] note: to see what the problems were, use the option `--future-incompat-report`, or run `cargo report future-incompatibilities --id 1`
[INFO] [stderr]      Running unittests src/lib.rs (/opt/rustwide/target/debug/deps/dwordle_backend-0de7b312b5b2b6b7)
[INFO] [stderr]      Running unittests src/main.rs (/opt/rustwide/target/debug/deps/dwordle_backend-018e0a05f187efee)
[INFO] [stdout] 
[INFO] [stdout] running 0 tests
[INFO] [stdout] 
[INFO] [stdout] test result: ok. 0 passed; 0 failed; 0 ignored; 0 measured; 0 filtered out; finished in 0.00s
[INFO] [stdout] 
[INFO] [stdout] 
[INFO] [stdout] running 0 tests
[INFO] [stdout] 
[INFO] [stdout] test result: ok. 0 passed; 0 failed; 0 ignored; 0 measured; 0 filtered out; finished in 0.00s
[INFO] [stdout] 
[INFO] [stderr]      Running tests/api/main.rs (/opt/rustwide/target/debug/deps/api-ac677038e4255238)
[INFO] [stdout] 
[INFO] [stdout] running 4 tests
[INFO] [stdout] test health_check::heallth_check_works ... ok
[INFO] [stdout] test validation::validate_word_incorrect ... FAILED
[INFO] [stdout] test validation::validate_word_some_correct ... FAILED
[INFO] [stdout] test validation::validate_word_correct ... FAILED
[INFO] [stdout] 
[INFO] [stdout] failures:
[INFO] [stdout] 
[INFO] [stdout] ---- validation::validate_word_incorrect stdout ----
[INFO] [stdout] thread 'actix-server worker 0' panicked at 'word not found: Io(Os { code: 99, kind: AddrNotAvailable, message: "Cannot assign requested address" })', /opt/rustwide/workdir/src/queries/word.rs:16:10
[INFO] [stdout] stack backtrace:
[INFO] [stdout]    0:     0x563800ee4c3a - std::backtrace_rs::backtrace::libunwind::trace::ha9053a9a07ca49cb
[INFO] [stdout]                                at /rustc/84c898d65adf2f39a5a98507f1fe0ce10a2b8dbc/library/std/src/../../backtrace/src/backtrace/libunwind.rs:93:5
[INFO] [stdout]    1:     0x563800ee4c3a - std::backtrace_rs::backtrace::trace_unsynchronized::h9c2852a457ad564e
[INFO] [stdout]                                at /rustc/84c898d65adf2f39a5a98507f1fe0ce10a2b8dbc/library/std/src/../../backtrace/src/backtrace/mod.rs:66:5
[INFO] [stdout]    2:     0x563800ee4c3a - std::sys_common::backtrace::_print_fmt::h457936fbfaa0070f
[INFO] [stdout]                                at /rustc/84c898d65adf2f39a5a98507f1fe0ce10a2b8dbc/library/std/src/sys_common/backtrace.rs:65:5
[INFO] [stdout]    3:     0x563800ee4c3a - <std::sys_common::backtrace::_print::DisplayBacktrace as core::fmt::Display>::fmt::h5779d7bf7f70cb0c
[INFO] [stdout]                                at /rustc/84c898d65adf2f39a5a98507f1fe0ce10a2b8dbc/library/std/src/sys_common/backtrace.rs:44:22
[INFO] [stdout]    4:     0x563800f0eece - core::fmt::write::h5a4baaff1bcd3eb5
[INFO] [stdout]                                at /rustc/84c898d65adf2f39a5a98507f1fe0ce10a2b8dbc/library/core/src/fmt/mod.rs:1232:17
[INFO] [stdout]    5:     0x563800ee0f35 - std::io::Write::write_fmt::h478f79c628ef31d1
[INFO] [stdout]                                at /rustc/84c898d65adf2f39a5a98507f1fe0ce10a2b8dbc/library/std/src/io/mod.rs:1684:15
[INFO] [stdout]    6:     0x563800ee4a05 - std::sys_common::backtrace::_print::h5fcdc36060f177e8
[INFO] [stdout]                                at /rustc/84c898d65adf2f39a5a98507f1fe0ce10a2b8dbc/library/std/src/sys_common/backtrace.rs:47:5
[INFO] [stdout]    7:     0x563800ee4a05 - std::sys_common::backtrace::print::h54ca9458b876c8bf
[INFO] [stdout]                                at /rustc/84c898d65adf2f39a5a98507f1fe0ce10a2b8dbc/library/std/src/sys_common/backtrace.rs:34:9
[INFO] [stdout]    8:     0x563800ee67cf - std::panicking::default_hook::{{closure}}::hbe471161c7664ed6
[INFO] [stdout]                                at /rustc/84c898d65adf2f39a5a98507f1fe0ce10a2b8dbc/library/std/src/panicking.rs:271:22
[INFO] [stdout]    9:     0x563800ee648f - std::panicking::default_hook::ha3500da57aa4ac4f
[INFO] [stdout]                                at /rustc/84c898d65adf2f39a5a98507f1fe0ce10a2b8dbc/library/std/src/panicking.rs:287:9
[INFO] [stdout]   10:     0x563800021ac7 - <alloc::boxed::Box<F,A> as core::ops::function::Fn<Args>>::call::hdf1b89dd137ece34
[INFO] [stdout]                                at /rustc/84c898d65adf2f39a5a98507f1fe0ce10a2b8dbc/library/alloc/src/boxed.rs:2001:9
[INFO] [stdout]   11:     0x563800021ac7 - test::test_main::{{closure}}::h9081a79f20e75698
[INFO] [stdout]                                at /rustc/84c898d65adf2f39a5a98507f1fe0ce10a2b8dbc/library/test/src/lib.rs:135:21
[INFO] [stdout]   12:     0x563800ee6efd - <alloc::boxed::Box<F,A> as core::ops::function::Fn<Args>>::call::h6507bddc3eebb4a5
[INFO] [stdout]                                at /rustc/84c898d65adf2f39a5a98507f1fe0ce10a2b8dbc/library/alloc/src/boxed.rs:2001:9
[INFO] [stdout]   13:     0x563800ee6efd - std::panicking::rust_panic_with_hook::h50c09d000dc561d2
[INFO] [stdout]                                at /rustc/84c898d65adf2f39a5a98507f1fe0ce10a2b8dbc/library/std/src/panicking.rs:696:13
[INFO] [stdout]   14:     0x563800ee6c79 - std::panicking::begin_panic_handler::{{closure}}::h9e2b2176e00e0d9c
[INFO] [stdout]                                at /rustc/84c898d65adf2f39a5a98507f1fe0ce10a2b8dbc/library/std/src/panicking.rs:583:13
[INFO] [stdout]   15:     0x563800ee50a6 - std::sys_common::backtrace::__rust_end_short_backtrace::h5739b8e512c09d02
[INFO] [stdout]                                at /rustc/84c898d65adf2f39a5a98507f1fe0ce10a2b8dbc/library/std/src/sys_common/backtrace.rs:150:18
[INFO] [stdout]   16:     0x563800ee6982 - rust_begin_unwind
[INFO] [stdout]                                at /rustc/84c898d65adf2f39a5a98507f1fe0ce10a2b8dbc/library/std/src/panicking.rs:579:5
[INFO] [stdout]   17:     0x5637ffef0403 - core::panicking::panic_fmt::hf33a1475b4dc5c3e
[INFO] [stdout]                                at /rustc/84c898d65adf2f39a5a98507f1fe0ce10a2b8dbc/library/core/src/panicking.rs:64:14
[INFO] [stdout]   18:     0x5637ffef08b3 - core::result::unwrap_failed::hdff5465d74574b44
[INFO] [stdout]                                at /rustc/84c898d65adf2f39a5a98507f1fe0ce10a2b8dbc/library/core/src/result.rs:1750:5
[INFO] [stdout]   19:     0x5637fffe5463 - core::result::Result<T,E>::expect::h6aa7f16e9f5e0a61
[INFO] [stdout]                                at /rustc/84c898d65adf2f39a5a98507f1fe0ce10a2b8dbc/library/core/src/result.rs:1047:23
[INFO] [stdout]   20:     0x5637fffc06e2 - dwordle_backend::queries::word::get_word_for_date::{{closure}}::hbed40fab1a88fd2a
[INFO] [stdout]                                at /opt/rustwide/workdir/src/queries/word.rs:7:15
[INFO] [stdout]   21:     0x5637fff44e6a - dwordle_backend::routes::validation::get_word_to_guess_for::{{closure}}::h5a382ca87baa39ab
[INFO] [stdout]                                at /opt/rustwide/workdir/src/routes/validation.rs:128:9
[INFO] [stdout]   22:     0x5637fff43c5f - dwordle_backend::routes::validation::validate_word::{{closure}}::h49401c1d31c416f1
[INFO] [stdout]                                at /opt/rustwide/workdir/src/routes/validation.rs:58:9
[INFO] [stdout]   23:     0x5637fff4c7cd - actix_web::handler::handler_service::{{closure}}::{{closure}}::h6a151d1d7422bc7d
[INFO] [stdout]                                at /opt/rustwide/cargo-home/registry/src/github.com-1ecc6299db9ec823/actix-web-4.0.1/src/handler.rs:106:21
[INFO] [stdout]   24:     0x563800195ebe - <core::pin::Pin<P> as core::future::future::Future>::poll::h5a5749babef1e1b5
[INFO] [stdout]                                at /rustc/84c898d65adf2f39a5a98507f1fe0ce10a2b8dbc/library/core/src/future/future.rs:125:9
[INFO] [stdout]   25:     0x5638001aeaa7 - <actix_web::resource::Resource<T> as actix_web::service::HttpServiceFactory>::register::{{closure}}::{{closure}}::habd618ed63d4a95f
[INFO] [stdout]                                at /opt/rustwide/cargo-home/registry/src/github.com-1ecc6299db9ec823/actix-web-4.0.1/src/resource.rs:383:27
[INFO] [stdout]   26:     0x563800195ebe - <core::pin::Pin<P> as core::future::future::Future>::poll::h5a5749babef1e1b5
[INFO] [stdout]                                at /rustc/84c898d65adf2f39a5a98507f1fe0ce10a2b8dbc/library/core/src/future/future.rs:125:9
[INFO] [stdout]   27:     0x5637fff9b25e - <actix_service::map_err::MapErrFuture<A,Req,F,E> as core::future::future::Future>::poll::h79db44199da2ef71
[INFO] [stdout]                                at /opt/rustwide/cargo-home/registry/src/github.com-1ecc6299db9ec823/actix-service-2.0.2/src/map_err.rs:99:9
[INFO] [stdout]   28:     0x5637fff209bd - actix_http::h1::dispatcher::InnerDispatcher<T,S,B,X,U>::poll_response::hcdccc2fb0add12b8
[INFO] [stdout]                                at /opt/rustwide/cargo-home/registry/src/github.com-1ecc6299db9ec823/actix-http-3.0.4/src/h1/dispatcher.rs:469:27
[INFO] [stdout]   29:     0x5637fff2719d - <actix_http::h1::dispatcher::Dispatcher<T,S,B,X,U> as core::future::future::Future>::poll::he0401c0a46499606
[INFO] [stdout]                                at /opt/rustwide/cargo-home/registry/src/github.com-1ecc6299db9ec823/actix-http-3.0.4/src/h1/dispatcher.rs:1204:43
[INFO] [stdout]   30:     0x5637fffbf427 - <actix_http::service::HttpServiceHandlerResponse<T,S,B,X,U> as core::future::future::Future>::poll::hc23cd8de051bfb40
[INFO] [stdout]                                at /opt/rustwide/cargo-home/registry/src/github.com-1ecc6299db9ec823/actix-http-3.0.4/src/service.rs:650:45
[INFO] [stdout]   31:     0x5637fff3e227 - <actix_service::and_then::AndThenServiceResponse<A,B,Req> as core::future::future::Future>::poll::he1d9f8a94d25fb7e
[INFO] [stdout]                                at /opt/rustwide/cargo-home/registry/src/github.com-1ecc6299db9ec823/actix-service-2.0.2/src/and_then.rs:114:37
[INFO] [stdout]   32:     0x5637fffb2fe7 - <actix_server::service::StreamService<S,I> as actix_service::Service<(actix_server::worker::WorkerCounterGuard,actix_server::socket::MioStream)>>::call::{{closure}}::h7d9af0ff64456a8c
[INFO] [stdout]                                at /opt/rustwide/cargo-home/registry/src/github.com-1ecc6299db9ec823/actix-server-2.1.1/src/service.rs:75:30
[INFO] [stdout]   33:     0x5637fffa86d7 - tokio::runtime::task::core::CoreStage<T>::poll::{{closure}}::h5c03ac3749b5e8a3
[INFO] [stdout]                                at /opt/rustwide/cargo-home/registry/src/github.com-1ecc6299db9ec823/tokio-1.17.0/src/runtime/task/core.rs:161:17
[INFO] [stdout]   34:     0x5637fff0fb10 - tokio::loom::std::unsafe_cell::UnsafeCell<T>::with_mut::hfba31afb4855d38d
[INFO] [stdout]                                at /opt/rustwide/cargo-home/registry/src/github.com-1ecc6299db9ec823/tokio-1.17.0/src/loom/std/unsafe_cell.rs:14:9
[INFO] [stdout]   35:     0x5637fffa8437 - tokio::runtime::task::core::CoreStage<T>::poll::h4553716e692d1ac6
[INFO] [stdout]                                at /opt/rustwide/cargo-home/registry/src/github.com-1ecc6299db9ec823/tokio-1.17.0/src/runtime/task/core.rs:151:13
[INFO] [stdout]   36:     0x5637fff10734 - tokio::runtime::task::harness::poll_future::{{closure}}::hdd54e4ec5ccc9b90
[INFO] [stdout]                                at /opt/rustwide/cargo-home/registry/src/github.com-1ecc6299db9ec823/tokio-1.17.0/src/runtime/task/harness.rs:467:19
[INFO] [stdout]   37:     0x5637fffdf743 - <core::panic::unwind_safe::AssertUnwindSafe<F> as core::ops::function::FnOnce<()>>::call_once::h9385808525d8ee97
[INFO] [stdout]                                at /rustc/84c898d65adf2f39a5a98507f1fe0ce10a2b8dbc/library/core/src/panic/unwind_safe.rs:271:9
[INFO] [stdout]   38:     0x5637fff29cac - std::panicking::try::do_call::he1590e95a3f5909b
[INFO] [stdout]                                at /rustc/84c898d65adf2f39a5a98507f1fe0ce10a2b8dbc/library/std/src/panicking.rs:487:40
[INFO] [stdout]   39:     0x5637fff2aa6b - __rust_try
[INFO] [stdout]   40:     0x5637fff28827 - std::panicking::try::h711a9319c066fa83
[INFO] [stdout]                                at /rustc/84c898d65adf2f39a5a98507f1fe0ce10a2b8dbc/library/std/src/panicking.rs:451:19
[INFO] [stdout]   41:     0x5637fffc401a - std::panic::catch_unwind::h312ccac99cfaff73
[INFO] [stdout]                                at /rustc/84c898d65adf2f39a5a98507f1fe0ce10a2b8dbc/library/std/src/panic.rs:140:14
[INFO] [stdout]   42:     0x5637fff101db - tokio::runtime::task::harness::poll_future::hdaf306c065d84752
[INFO] [stdout]                                at /opt/rustwide/cargo-home/registry/src/github.com-1ecc6299db9ec823/tokio-1.17.0/src/runtime/task/harness.rs:455:18
[INFO] [stdout]   43:     0x5637fff1107b - tokio::runtime::task::harness::Harness<T,S>::poll_inner::hfbf9d0e761bd7c81
[INFO] [stdout]                                at /opt/rustwide/cargo-home/registry/src/github.com-1ecc6299db9ec823/tokio-1.17.0/src/runtime/task/harness.rs:103:27
[INFO] [stdout]   44:     0x5637fff12a53 - tokio::runtime::task::harness::Harness<T,S>::poll::hbfa4026699363025
[INFO] [stdout]                                at /opt/rustwide/cargo-home/registry/src/github.com-1ecc6299db9ec823/tokio-1.17.0/src/runtime/task/harness.rs:57:15
[INFO] [stdout]   45:     0x5637fffe81bb - tokio::runtime::task::raw::poll::h0a667c4b0431bad2
[INFO] [stdout]                                at /opt/rustwide/cargo-home/registry/src/github.com-1ecc6299db9ec823/tokio-1.17.0/src/runtime/task/raw.rs:128:5
[INFO] [stdout]   46:     0x563800d400c7 - tokio::runtime::task::raw::RawTask::poll::hffcc18e0ac676e30
[INFO] [stdout]                                at /opt/rustwide/cargo-home/registry/src/github.com-1ecc6299db9ec823/tokio-1.17.0/src/runtime/task/raw.rs:80:18
[INFO] [stdout]   47:     0x563800d409a2 - tokio::runtime::task::LocalNotified<S>::run::h1bda81c61f6bc12b
[INFO] [stdout]                                at /opt/rustwide/cargo-home/registry/src/github.com-1ecc6299db9ec823/tokio-1.17.0/src/runtime/task/mod.rs:347:9
[INFO] [stdout]   48:     0x563800d5cd5b - tokio::task::local::LocalSet::tick::{{closure}}::h48693d8d616d9cc8
[INFO] [stdout]                                at /opt/rustwide/cargo-home/registry/src/github.com-1ecc6299db9ec823/tokio-1.17.0/src/task/local.rs:523:54
[INFO] [stdout]   49:     0x563800d3f93c - tokio::coop::with_budget::{{closure}}::h05ae08d071a0703c
[INFO] [stdout]                                at /opt/rustwide/cargo-home/registry/src/github.com-1ecc6299db9ec823/tokio-1.17.0/src/coop.rs:102:9
[INFO] [stdout]   50:     0x563800d5341b - std::thread::local::LocalKey<T>::try_with::h7133c81c6ce38e91
[INFO] [stdout]                                at /rustc/84c898d65adf2f39a5a98507f1fe0ce10a2b8dbc/library/std/src/thread/local.rs:446:16
[INFO] [stdout]   51:     0x563800d524eb - std::thread::local::LocalKey<T>::with::hd0e21414d444a35d
[INFO] [stdout]                                at /rustc/84c898d65adf2f39a5a98507f1fe0ce10a2b8dbc/library/std/src/thread/local.rs:422:9
[INFO] [stdout]   52:     0x563800d5cd03 - tokio::coop::with_budget::h3384a358114cfd24
[INFO] [stdout]                                at /opt/rustwide/cargo-home/registry/src/github.com-1ecc6299db9ec823/tokio-1.17.0/src/coop.rs:95:5
[INFO] [stdout]   53:     0x563800d5cd03 - tokio::coop::budget::h217706f5d1667ca8
[INFO] [stdout]                                at /opt/rustwide/cargo-home/registry/src/github.com-1ecc6299db9ec823/tokio-1.17.0/src/coop.rs:72:5
[INFO] [stdout]   54:     0x563800d5cd03 - tokio::task::local::LocalSet::tick::h627ad223a6cf67a2
[INFO] [stdout]                                at /opt/rustwide/cargo-home/registry/src/github.com-1ecc6299db9ec823/tokio-1.17.0/src/task/local.rs:523:31
[INFO] [stdout]   55:     0x5638001f89af - <tokio::task::local::RunUntil<T> as core::future::future::Future>::poll::{{closure}}::h8ded522d76633fae
[INFO] [stdout]                                at /opt/rustwide/cargo-home/registry/src/github.com-1ecc6299db9ec823/tokio-1.17.0/src/task/local.rs:648:16
[INFO] [stdout]   56:     0x56380021c94f - tokio::macros::scoped_tls::ScopedKey<T>::set::h6bc5c5e85a463eb6
[INFO] [stdout]                                at /opt/rustwide/cargo-home/registry/src/github.com-1ecc6299db9ec823/tokio-1.17.0/src/macros/scoped_tls.rs:61:9
[INFO] [stdout]   57:     0x5638001f7c88 - tokio::task::local::LocalSet::with::hcf893d7a064ab0a8
[INFO] [stdout]                                at /opt/rustwide/cargo-home/registry/src/github.com-1ecc6299db9ec823/tokio-1.17.0/src/task/local.rs:561:9
[INFO] [stdout]   58:     0x5638001f872f - <tokio::task::local::RunUntil<T> as core::future::future::Future>::poll::h530a7bf8b5e1ace8
[INFO] [stdout]                                at /opt/rustwide/cargo-home/registry/src/github.com-1ecc6299db9ec823/tokio-1.17.0/src/task/local.rs:634:9
[INFO] [stdout]   59:     0x5638001f8251 - tokio::task::local::LocalSet::run_until::{{closure}}::he154512a90896ef3
[INFO] [stdout]                                at /opt/rustwide/cargo-home/registry/src/github.com-1ecc6299db9ec823/tokio-1.17.0/src/task/local.rs:507:18
[INFO] [stdout]   60:     0x5638001fe04d - <core::pin::Pin<P> as core::future::future::Future>::poll::h936272c1221a6c7b
[INFO] [stdout]                                at /rustc/84c898d65adf2f39a5a98507f1fe0ce10a2b8dbc/library/core/src/future/future.rs:125:9
[INFO] [stdout]   61:     0x5638001e90d6 - tokio::runtime::basic_scheduler::CoreGuard::block_on::{{closure}}::{{closure}}::{{closure}}::he79e0e75ec2f3780
[INFO] [stdout]                                at /opt/rustwide/cargo-home/registry/src/github.com-1ecc6299db9ec823/tokio-1.17.0/src/runtime/basic_scheduler.rs:498:48
[INFO] [stdout]   62:     0x56380025a574 - tokio::coop::with_budget::{{closure}}::hbb2f55fc71d466e6
[INFO] [stdout]                                at /opt/rustwide/cargo-home/registry/src/github.com-1ecc6299db9ec823/tokio-1.17.0/src/coop.rs:102:9
[INFO] [stdout]   63:     0x5638001fcd28 - std::thread::local::LocalKey<T>::try_with::hc442606ff4b7a522
[INFO] [stdout]                                at /rustc/84c898d65adf2f39a5a98507f1fe0ce10a2b8dbc/library/std/src/thread/local.rs:446:16
[INFO] [stdout]   64:     0x5638001fb67b - std::thread::local::LocalKey<T>::with::h0819cebd95def423
[INFO] [stdout]                                at /rustc/84c898d65adf2f39a5a98507f1fe0ce10a2b8dbc/library/std/src/thread/local.rs:422:9
[INFO] [stdout]   65:     0x5638001e904a - tokio::coop::with_budget::h6ee08e5e10a7919b
[INFO] [stdout]                                at /opt/rustwide/cargo-home/registry/src/github.com-1ecc6299db9ec823/tokio-1.17.0/src/coop.rs:95:5
[INFO] [stdout]   66:     0x5638001e904a - tokio::coop::budget::h3280ec2d8c26566f
[INFO] [stdout]                                at /opt/rustwide/cargo-home/registry/src/github.com-1ecc6299db9ec823/tokio-1.17.0/src/coop.rs:72:5
[INFO] [stdout]   67:     0x5638001e904a - tokio::runtime::basic_scheduler::CoreGuard::block_on::{{closure}}::{{closure}}::h125f8ee164d6bb9a
[INFO] [stdout]                                at /opt/rustwide/cargo-home/registry/src/github.com-1ecc6299db9ec823/tokio-1.17.0/src/runtime/basic_scheduler.rs:498:25
[INFO] [stdout]   68:     0x5638001e80d2 - tokio::runtime::basic_scheduler::Context::enter::hbccd78dbcb9e4ffe
[INFO] [stdout]                                at /opt/rustwide/cargo-home/registry/src/github.com-1ecc6299db9ec823/tokio-1.17.0/src/runtime/basic_scheduler.rs:356:19
[INFO] [stdout]   69:     0x5638001e8a7b - tokio::runtime::basic_scheduler::CoreGuard::block_on::{{closure}}::hd524645f42aeb56e
[INFO] [stdout]                                at /opt/rustwide/cargo-home/registry/src/github.com-1ecc6299db9ec823/tokio-1.17.0/src/runtime/basic_scheduler.rs:497:36
[INFO] [stdout]   70:     0x5638001e87bc - tokio::runtime::basic_scheduler::CoreGuard::enter::{{closure}}::h92cfedb840b05616
[INFO] [stdout]                                at /opt/rustwide/cargo-home/registry/src/github.com-1ecc6299db9ec823/tokio-1.17.0/src/runtime/basic_scheduler.rs:555:57
[INFO] [stdout]   71:     0x56380021ca5f - tokio::macros::scoped_tls::ScopedKey<T>::set::hcc359b1749da337e
[INFO] [stdout]                                at /opt/rustwide/cargo-home/registry/src/github.com-1ecc6299db9ec823/tokio-1.17.0/src/macros/scoped_tls.rs:61:9
[INFO] [stdout]   72:     0x5638001e8587 - tokio::runtime::basic_scheduler::CoreGuard::enter::h33aff2901e78b8b5
[INFO] [stdout]                                at /opt/rustwide/cargo-home/registry/src/github.com-1ecc6299db9ec823/tokio-1.17.0/src/runtime/basic_scheduler.rs:555:27
[INFO] [stdout]   73:     0x5638001e87e9 - tokio::runtime::basic_scheduler::CoreGuard::block_on::hfdba66ff32e1cb7a
[INFO] [stdout]                                at /opt/rustwide/cargo-home/registry/src/github.com-1ecc6299db9ec823/tokio-1.17.0/src/runtime/basic_scheduler.rs:488:9
[INFO] [stdout]   74:     0x5638001e77e0 - tokio::runtime::basic_scheduler::BasicScheduler::block_on::ha07fd73f8695bfb8
[INFO] [stdout]                                at /opt/rustwide/cargo-home/registry/src/github.com-1ecc6299db9ec823/tokio-1.17.0/src/runtime/basic_scheduler.rs:168:24
[INFO] [stdout]   75:     0x5638001fdd84 - tokio::runtime::Runtime::block_on::h444fecde7e98241d
[INFO] [stdout]                                at /opt/rustwide/cargo-home/registry/src/github.com-1ecc6299db9ec823/tokio-1.17.0/src/runtime/mod.rs:475:46
[INFO] [stdout]   76:     0x56380022ec11 - actix_server::worker::ServerWorker::start::{{closure}}::h560d01d4ef843f34
[INFO] [stdout]                                at /opt/rustwide/cargo-home/registry/src/github.com-1ecc6299db9ec823/actix-server-2.1.1/src/worker.rs:402:29
[INFO] [stdout]   77:     0x56380021f5c9 - std::sys_common::backtrace::__rust_begin_short_backtrace::h1babd920745b84ed
[INFO] [stdout]                                at /rustc/84c898d65adf2f39a5a98507f1fe0ce10a2b8dbc/library/std/src/sys_common/backtrace.rs:134:18
[INFO] [stdout]   78:     0x5638001edc80 - std::thread::Builder::spawn_unchecked_::{{closure}}::{{closure}}::h016b380a41f884f3
[INFO] [stdout]                                at /rustc/84c898d65adf2f39a5a98507f1fe0ce10a2b8dbc/library/std/src/thread/mod.rs:560:17
[INFO] [stdout]   79:     0x56380021f3c4 - <core::panic::unwind_safe::AssertUnwindSafe<F> as core::ops::function::FnOnce<()>>::call_once::h7b15e0b1d64b36be
[INFO] [stdout]                                at /rustc/84c898d65adf2f39a5a98507f1fe0ce10a2b8dbc/library/core/src/panic/unwind_safe.rs:271:9
[INFO] [stdout]   80:     0x563800257ac6 - std::panicking::try::do_call::h3e170c297fe45d33
[INFO] [stdout]                                at /rustc/84c898d65adf2f39a5a98507f1fe0ce10a2b8dbc/library/std/src/panicking.rs:487:40
[INFO] [stdout]   81:     0x56380025b39b - __rust_try
[INFO] [stdout]   82:     0x563800257158 - std::panicking::try::h66a9141e3b7ffa29
[INFO] [stdout]                                at /rustc/84c898d65adf2f39a5a98507f1fe0ce10a2b8dbc/library/std/src/panicking.rs:451:19
[INFO] [stdout]   83:     0x563800217c6a - std::panic::catch_unwind::he6f28abbba882417
[INFO] [stdout]                                at /rustc/84c898d65adf2f39a5a98507f1fe0ce10a2b8dbc/library/std/src/panic.rs:140:14
[INFO] [stdout]   84:     0x5638001ed5fa - std::thread::Builder::spawn_unchecked_::{{closure}}::h9d6efc30db6871f3
[INFO] [stdout]                                at /rustc/84c898d65adf2f39a5a98507f1fe0ce10a2b8dbc/library/std/src/thread/mod.rs:559:30
[INFO] [stdout]   85:     0x56380023db1f - core::ops::function::FnOnce::call_once{{vtable.shim}}::h88759adad37dcca5
[INFO] [stdout]                                at /rustc/84c898d65adf2f39a5a98507f1fe0ce10a2b8dbc/library/core/src/ops/function.rs:250:5
[INFO] [stdout]   86:     0x563800eeb433 - <alloc::boxed::Box<F,A> as core::ops::function::FnOnce<Args>>::call_once::h39990b24eedef2ab
[INFO] [stdout]                                at /rustc/84c898d65adf2f39a5a98507f1fe0ce10a2b8dbc/library/alloc/src/boxed.rs:1987:9
[INFO] [stdout]   87:     0x563800eeb433 - <alloc::boxed::Box<F,A> as core::ops::function::FnOnce<Args>>::call_once::h01a027258444143b
[INFO] [stdout]                                at /rustc/84c898d65adf2f39a5a98507f1fe0ce10a2b8dbc/library/alloc/src/boxed.rs:1987:9
[INFO] [stdout]   88:     0x563800eeb433 - std::sys::unix::thread::Thread::new::thread_start::ha4f1cdd9c25884ba
[INFO] [stdout]                                at /rustc/84c898d65adf2f39a5a98507f1fe0ce10a2b8dbc/library/std/src/sys/unix/thread.rs:108:17
[INFO] [stdout]   89:     0x7fd0a2e51b43 - <unknown>
[INFO] [stdout]   90:     0x7fd0a2ee2bb4 - __clone
[INFO] [stdout]   91:                0x0 - <unknown>
[INFO] [stdout] thread 'validation::validate_word_incorrect' panicked at 'Failed validating word: reqwest::Error { kind: Request, url: Url { scheme: "http", cannot_be_a_base: false, username: "", password: None, host: Some(Ipv4(127.0.0.1)), port: Some(44025), path: "/validate", query: None, fragment: None }, source: hyper::Error(IncompleteMessage) }', tests/api/validation.rs:71:10
[INFO] [stdout] stack backtrace:
[INFO] [stdout]    0:     0x563800ee4c3a - std::backtrace_rs::backtrace::libunwind::trace::ha9053a9a07ca49cb
[INFO] [stdout]                                at /rustc/84c898d65adf2f39a5a98507f1fe0ce10a2b8dbc/library/std/src/../../backtrace/src/backtrace/libunwind.rs:93:5
[INFO] [stdout]    1:     0x563800ee4c3a - std::backtrace_rs::backtrace::trace_unsynchronized::h9c2852a457ad564e
[INFO] [stdout]                                at /rustc/84c898d65adf2f39a5a98507f1fe0ce10a2b8dbc/library/std/src/../../backtrace/src/backtrace/mod.rs:66:5
[INFO] [stdout]    2:     0x563800ee4c3a - std::sys_common::backtrace::_print_fmt::h457936fbfaa0070f
[INFO] [stdout]                                at /rustc/84c898d65adf2f39a5a98507f1fe0ce10a2b8dbc/library/std/src/sys_common/backtrace.rs:65:5
[INFO] [stdout]    3:     0x563800ee4c3a - <std::sys_common::backtrace::_print::DisplayBacktrace as core::fmt::Display>::fmt::h5779d7bf7f70cb0c
[INFO] [stdout]                                at /rustc/84c898d65adf2f39a5a98507f1fe0ce10a2b8dbc/library/std/src/sys_common/backtrace.rs:44:22
[INFO] [stdout]    4:     0x563800f0eece - core::fmt::write::h5a4baaff1bcd3eb5
[INFO] [stdout]                                at /rustc/84c898d65adf2f39a5a98507f1fe0ce10a2b8dbc/library/core/src/fmt/mod.rs:1232:17
[INFO] [stdout]    5:     0x563800ee0f35 - std::io::Write::write_fmt::h478f79c628ef31d1
[INFO] [stdout]                                at /rustc/84c898d65adf2f39a5a98507f1fe0ce10a2b8dbc/library/std/src/io/mod.rs:1684:15
[INFO] [stdout]    6:     0x563800ee4a05 - std::sys_common::backtrace::_print::h5fcdc36060f177e8
[INFO] [stdout]                                at /rustc/84c898d65adf2f39a5a98507f1fe0ce10a2b8dbc/library/std/src/sys_common/backtrace.rs:47:5
[INFO] [stdout]    7:     0x563800ee4a05 - std::sys_common::backtrace::print::h54ca9458b876c8bf
[INFO] [stdout]                                at /rustc/84c898d65adf2f39a5a98507f1fe0ce10a2b8dbc/library/std/src/sys_common/backtrace.rs:34:9
[INFO] [stdout]    8:     0x563800ee67cf - std::panicking::default_hook::{{closure}}::hbe471161c7664ed6
[INFO] [stdout]                                at /rustc/84c898d65adf2f39a5a98507f1fe0ce10a2b8dbc/library/std/src/panicking.rs:271:22
[INFO] [stdout]    9:     0x563800ee648f - std::panicking::default_hook::ha3500da57aa4ac4f
[INFO] [stdout]                                at /rustc/84c898d65adf2f39a5a98507f1fe0ce10a2b8dbc/library/std/src/panicking.rs:287:9
[INFO] [stdout]   10:     0x563800021ac7 - <alloc::boxed::Box<F,A> as core::ops::function::Fn<Args>>::call::hdf1b89dd137ece34
[INFO] [stdout]                                at /rustc/84c898d65adf2f39a5a98507f1fe0ce10a2b8dbc/library/alloc/src/boxed.rs:2001:9
[INFO] [stdout]   11:     0x563800021ac7 - test::test_main::{{closure}}::h9081a79f20e75698
[INFO] [stdout]                                at /rustc/84c898d65adf2f39a5a98507f1fe0ce10a2b8dbc/library/test/src/lib.rs:135:21
[INFO] [stdout]   12:     0x563800ee6efd - <alloc::boxed::Box<F,A> as core::ops::function::Fn<Args>>::call::h6507bddc3eebb4a5
[INFO] [stdout]                                at /rustc/84c898d65adf2f39a5a98507f1fe0ce10a2b8dbc/library/alloc/src/boxed.rs:2001:9
[INFO] [stdout]   13:     0x563800ee6efd - std::panicking::rust_panic_with_hook::h50c09d000dc561d2
[INFO] [stdout]                                at /rustc/84c898d65adf2f39a5a98507f1fe0ce10a2b8dbc/library/std/src/panicking.rs:696:13
[INFO] [stdout]   14:     0x563800ee6c79 - std::panicking::begin_panic_handler::{{closure}}::h9e2b2176e00e0d9c
[INFO] [stdout]                                at /rustc/84c898d65adf2f39a5a98507f1fe0ce10a2b8dbc/library/std/src/panicking.rs:583:13
[INFO] [stdout]   15:     0x563800ee50a6 - std::sys_common::backtrace::__rust_end_short_backtrace::h5739b8e512c09d02
[INFO] [stdout]                                at /rustc/84c898d65adf2f39a5a98507f1fe0ce10a2b8dbc/library/std/src/sys_common/backtrace.rs:150:18
[INFO] [stdout]   16:     0x563800ee6982 - rust_begin_unwind
[INFO] [stdout]                                at /rustc/84c898d65adf2f39a5a98507f1fe0ce10a2b8dbc/library/std/src/panicking.rs:579:5
[INFO] [stdout]   17:     0x5637ffef0403 - core::panicking::panic_fmt::hf33a1475b4dc5c3e
[INFO] [stdout]                                at /rustc/84c898d65adf2f39a5a98507f1fe0ce10a2b8dbc/library/core/src/panicking.rs:64:14
[INFO] [stdout]   18:     0x5637ffef08b3 - core::result::unwrap_failed::hdff5465d74574b44
[INFO] [stdout]                                at /rustc/84c898d65adf2f39a5a98507f1fe0ce10a2b8dbc/library/core/src/result.rs:1750:5
[INFO] [stdout]   19:     0x5637fffe57df - core::result::Result<T,E>::expect::hfa3041accf9f156c
[INFO] [stdout]                                at /rustc/84c898d65adf2f39a5a98507f1fe0ce10a2b8dbc/library/core/src/result.rs:1047:23
[INFO] [stdout]   20:     0x5637fff8a100 - api::validation::validate_word_incorrect::{{closure}}::he9b4118496f52f49
[INFO] [stdout]                                at /opt/rustwide/workdir/tests/api/validation.rs:63:20
[INFO] [stdout]   21:     0x5637fff9a68b - <core::pin::Pin<P> as core::future::future::Future>::poll::hd0ec2fabe7a5b758
[INFO] [stdout]                                at /rustc/84c898d65adf2f39a5a98507f1fe0ce10a2b8dbc/library/core/src/future/future.rs:125:9
[INFO] [stdout]   22:     0x5637fff86784 - tokio::runtime::basic_scheduler::CoreGuard::block_on::{{closure}}::{{closure}}::{{closure}}::heb396248f34022d0
[INFO] [stdout]                                at /opt/rustwide/cargo-home/registry/src/github.com-1ecc6299db9ec823/tokio-1.17.0/src/runtime/basic_scheduler.rs:498:48
[INFO] [stdout]   23:     0x5637fff00ef0 - tokio::coop::with_budget::{{closure}}::h05a644579a5ba530
[INFO] [stdout]                                at /opt/rustwide/cargo-home/registry/src/github.com-1ecc6299db9ec823/tokio-1.17.0/src/coop.rs:102:9
[INFO] [stdout]   24:     0x5637fffa3ca4 - std::thread::local::LocalKey<T>::try_with::hd5d14ae3c518f496
[INFO] [stdout]                                at /rustc/84c898d65adf2f39a5a98507f1fe0ce10a2b8dbc/library/std/src/thread/local.rs:446:16
[INFO] [stdout]   25:     0x5637fffa22ea - std::thread::local::LocalKey<T>::with::hd2e3102827febada
[INFO] [stdout]                                at /rustc/84c898d65adf2f39a5a98507f1fe0ce10a2b8dbc/library/std/src/thread/local.rs:422:9
[INFO] [stdout]   26:     0x5637fff86666 - tokio::coop::with_budget::h86a19a9a56614b10
[INFO] [stdout]                                at /opt/rustwide/cargo-home/registry/src/github.com-1ecc6299db9ec823/tokio-1.17.0/src/coop.rs:95:5
[INFO] [stdout]   27:     0x5637fff86666 - tokio::coop::budget::h44c7a1fb1c52b828
[INFO] [stdout]                                at /opt/rustwide/cargo-home/registry/src/github.com-1ecc6299db9ec823/tokio-1.17.0/src/coop.rs:72:5
[INFO] [stdout]   28:     0x5637fff86666 - tokio::runtime::basic_scheduler::CoreGuard::block_on::{{closure}}::{{closure}}::he9018e885450c4b2
[INFO] [stdout]                                at /opt/rustwide/cargo-home/registry/src/github.com-1ecc6299db9ec823/tokio-1.17.0/src/runtime/basic_scheduler.rs:498:25
[INFO] [stdout]   29:     0x5637fff81e5e - tokio::runtime::basic_scheduler::Context::enter::ha667734252d885b8
[INFO] [stdout]                                at /opt/rustwide/cargo-home/registry/src/github.com-1ecc6299db9ec823/tokio-1.17.0/src/runtime/basic_scheduler.rs:356:19
[INFO] [stdout]   30:     0x5637fff84de7 - tokio::runtime::basic_scheduler::CoreGuard::block_on::{{closure}}::hab8ed0e897263fd8
[INFO] [stdout]                                at /opt/rustwide/cargo-home/registry/src/github.com-1ecc6299db9ec823/tokio-1.17.0/src/runtime/basic_scheduler.rs:497:36
[INFO] [stdout]   31:     0x5637fff8432b - tokio::runtime::basic_scheduler::CoreGuard::enter::{{closure}}::h6e82a349d46631c3
[INFO] [stdout]                                at /opt/rustwide/cargo-home/registry/src/github.com-1ecc6299db9ec823/tokio-1.17.0/src/runtime/basic_scheduler.rs:555:57
[INFO] [stdout]   32:     0x5637fffe7487 - tokio::macros::scoped_tls::ScopedKey<T>::set::hacb4049f824e41c0
[INFO] [stdout]                                at /opt/rustwide/cargo-home/registry/src/github.com-1ecc6299db9ec823/tokio-1.17.0/src/macros/scoped_tls.rs:61:9
[INFO] [stdout]   33:     0x5637fff83583 - tokio::runtime::basic_scheduler::CoreGuard::enter::h088e9349acb138c0
[INFO] [stdout]                                at /opt/rustwide/cargo-home/registry/src/github.com-1ecc6299db9ec823/tokio-1.17.0/src/runtime/basic_scheduler.rs:555:27
[INFO] [stdout]   34:     0x5637fff84408 - tokio::runtime::basic_scheduler::CoreGuard::block_on::hfded6e7403430ee9
[INFO] [stdout]                                at /opt/rustwide/cargo-home/registry/src/github.com-1ecc6299db9ec823/tokio-1.17.0/src/runtime/basic_scheduler.rs:488:9
[INFO] [stdout]   35:     0x5637fff7fc78 - tokio::runtime::basic_scheduler::BasicScheduler::block_on::h5aa81c6b1180611e
[INFO] [stdout]                                at /opt/rustwide/cargo-home/registry/src/github.com-1ecc6299db9ec823/tokio-1.17.0/src/runtime/basic_scheduler.rs:168:24
[INFO] [stdout]   36:     0x5637fffd93a0 - tokio::runtime::Runtime::block_on::h623be35d824199c6
[INFO] [stdout]                                at /opt/rustwide/cargo-home/registry/src/github.com-1ecc6299db9ec823/tokio-1.17.0/src/runtime/mod.rs:475:46
[INFO] [stdout]   37:     0x5637fff896fc - api::validation::validate_word_incorrect::ha169765ada62eded
[INFO] [stdout]                                at /opt/rustwide/workdir/tests/api/validation.rs:75:5
[INFO] [stdout]   38:     0x5637fff895b7 - api::validation::validate_word_incorrect::{{closure}}::h81aacf6568c71093
[INFO] [stdout]                                at /opt/rustwide/workdir/tests/api/validation.rs:59:36
[INFO] [stdout]   39:     0x5637fff8e865 - core::ops::function::FnOnce::call_once::h2760c5eb0aa4e8b5
[INFO] [stdout]                                at /rustc/84c898d65adf2f39a5a98507f1fe0ce10a2b8dbc/library/core/src/ops/function.rs:250:5
[INFO] [stdout]   40:     0x563800026eaf - core::ops::function::FnOnce::call_once::h7d969581be7d0075
[INFO] [stdout]                                at /rustc/84c898d65adf2f39a5a98507f1fe0ce10a2b8dbc/library/core/src/ops/function.rs:250:5
[INFO] [stdout]   41:     0x563800026eaf - test::__rust_begin_short_backtrace::hca25a52684e56655
[INFO] [stdout]                                at /rustc/84c898d65adf2f39a5a98507f1fe0ce10a2b8dbc/library/test/src/lib.rs:656:18
[INFO] [stdout]   42:     0x5637ffff84cc - test::run_test::{{closure}}::ha8ac744c4af1a4bb
[INFO] [stdout]                                at /rustc/84c898d65adf2f39a5a98507f1fe0ce10a2b8dbc/library/test/src/lib.rs:647:30
[INFO] [stdout]   43:     0x5637ffff84cc - core::ops::function::FnOnce::call_once{{vtable.shim}}::h7b411a9ed45bdecf
[INFO] [stdout]                                at /rustc/84c898d65adf2f39a5a98507f1fe0ce10a2b8dbc/library/core/src/ops/function.rs:250:5
[INFO] [stdout]   44:     0x563800025e76 - <alloc::boxed::Box<F,A> as core::ops::function::FnOnce<Args>>::call_once::hd05328869a8ed200
[INFO] [stdout]                                at /rustc/84c898d65adf2f39a5a98507f1fe0ce10a2b8dbc/library/alloc/src/boxed.rs:1987:9
[INFO] [stdout]   45:     0x563800025e76 - <core::panic::unwind_safe::AssertUnwindSafe<F> as core::ops::function::FnOnce<()>>::call_once::h0c601ce20bd5b2be
[INFO] [stdout]                                at /rustc/84c898d65adf2f39a5a98507f1fe0ce10a2b8dbc/library/core/src/panic/unwind_safe.rs:271:9
[INFO] [stdout]   46:     0x563800025e76 - std::panicking::try::do_call::ha4be5c164fe30854
[INFO] [stdout]                                at /rustc/84c898d65adf2f39a5a98507f1fe0ce10a2b8dbc/library/std/src/panicking.rs:487:40
[INFO] [stdout]   47:     0x563800025e76 - std::panicking::try::h604546f3609af05f
[INFO] [stdout]                                at /rustc/84c898d65adf2f39a5a98507f1fe0ce10a2b8dbc/library/std/src/panicking.rs:451:19
[INFO] [stdout]   48:     0x563800025e76 - std::panic::catch_unwind::h5bfa8afe44c9c2f9
[INFO] [stdout]                                at /rustc/84c898d65adf2f39a5a98507f1fe0ce10a2b8dbc/library/std/src/panic.rs:140:14
[INFO] [stdout]   49:     0x563800025e76 - test::run_test_in_process::hd50dee55dd63e6aa
[INFO] [stdout]                                at /rustc/84c898d65adf2f39a5a98507f1fe0ce10a2b8dbc/library/test/src/lib.rs:679:27
[INFO] [stdout]   50:     0x563800025e76 - test::run_test::run_test_inner::{{closure}}::h4aa0f433aa85cea8
[INFO] [stdout]                                at /rustc/84c898d65adf2f39a5a98507f1fe0ce10a2b8dbc/library/test/src/lib.rs:573:39
[INFO] [stdout]   51:     0x5637ffff2b41 - test::run_test::run_test_inner::{{closure}}::had56431adf24b4d6
[INFO] [stdout]                                at /rustc/84c898d65adf2f39a5a98507f1fe0ce10a2b8dbc/library/test/src/lib.rs:600:37
[INFO] [stdout]   52:     0x5637ffff2b41 - std::sys_common::backtrace::__rust_begin_short_backtrace::ha8d9890e0c73bf13
[INFO] [stdout]                                at /rustc/84c898d65adf2f39a5a98507f1fe0ce10a2b8dbc/library/std/src/sys_common/backtrace.rs:134:18
[INFO] [stdout]   53:     0x5637ffff855b - std::thread::Builder::spawn_unchecked_::{{closure}}::{{closure}}::h251832bcb4a95327
[INFO] [stdout]                                at /rustc/84c898d65adf2f39a5a98507f1fe0ce10a2b8dbc/library/std/src/thread/mod.rs:560:17
[INFO] [stdout]   54:     0x5637ffff855b - <core::panic::unwind_safe::AssertUnwindSafe<F> as core::ops::function::FnOnce<()>>::call_once::h8fdff598fa414831
[INFO] [stdout]                                at /rustc/84c898d65adf2f39a5a98507f1fe0ce10a2b8dbc/library/core/src/panic/unwind_safe.rs:271:9
[INFO] [stdout]   55:     0x5637ffff855b - std::panicking::try::do_call::h455dd2f7764a950f
[INFO] [stdout]                                at /rustc/84c898d65adf2f39a5a98507f1fe0ce10a2b8dbc/library/std/src/panicking.rs:487:40
[INFO] [stdout]   56:     0x5637ffff855b - std::panicking::try::had6f23b7b73ae72a
[INFO] [stdout]                                at /rustc/84c898d65adf2f39a5a98507f1fe0ce10a2b8dbc/library/std/src/panicking.rs:451:19
[INFO] [stdout]   57:     0x5637ffff855b - std::panic::catch_unwind::ha6a5ca3915b4dad0
[INFO] [stdout]                                at /rustc/84c898d65adf2f39a5a98507f1fe0ce10a2b8dbc/library/std/src/panic.rs:140:14
[INFO] [stdout]   58:     0x5637ffff855b - std::thread::Builder::spawn_unchecked_::{{closure}}::h883b72ef75da6231
[INFO] [stdout]                                at /rustc/84c898d65adf2f39a5a98507f1fe0ce10a2b8dbc/library/std/src/thread/mod.rs:559:30
[INFO] [stdout]   59:     0x5637ffff855b - core::ops::function::FnOnce::call_once{{vtable.shim}}::hb7dff73dc8bd2ccb
[INFO] [stdout]                                at /rustc/84c898d65adf2f39a5a98507f1fe0ce10a2b8dbc/library/core/src/ops/function.rs:250:5
[INFO] [stdout]   60:     0x563800eeb433 - <alloc::boxed::Box<F,A> as core::ops::function::FnOnce<Args>>::call_once::h39990b24eedef2ab
[INFO] [stdout]                                at /rustc/84c898d65adf2f39a5a98507f1fe0ce10a2b8dbc/library/alloc/src/boxed.rs:1987:9
[INFO] [stdout]   61:     0x563800eeb433 - <alloc::boxed::Box<F,A> as core::ops::function::FnOnce<Args>>::call_once::h01a027258444143b
[INFO] [stdout]                                at /rustc/84c898d65adf2f39a5a98507f1fe0ce10a2b8dbc/library/alloc/src/boxed.rs:1987:9
[INFO] [stdout]   62:     0x563800eeb433 - std::sys::unix::thread::Thread::new::thread_start::ha4f1cdd9c25884ba
[INFO] [stdout]                                at /rustc/84c898d65adf2f39a5a98507f1fe0ce10a2b8dbc/library/std/src/sys/unix/thread.rs:108:17
[INFO] [stdout]   63:     0x7fd0a2e51b43 - <unknown>
[INFO] [stdout]   64:     0x7fd0a2ee2bb4 - __clone
[INFO] [stdout]   65:                0x0 - <unknown>
[INFO] [stdout] 
[INFO] [stdout] ---- validation::validate_word_some_correct stdout ----
[INFO] [stdout] thread 'actix-server worker 0' panicked at 'word not found: Io(Os { code: 99, kind: AddrNotAvailable, message: "Cannot assign requested address" })', /opt/rustwide/workdir/src/queries/word.rs:16:10
[INFO] [stdout] stack backtrace:
[INFO] [stdout]    0:     0x563800ee4c3a - std::backtrace_rs::backtrace::libunwind::trace::ha9053a9a07ca49cb
[INFO] [stdout]                                at /rustc/84c898d65adf2f39a5a98507f1fe0ce10a2b8dbc/library/std/src/../../backtrace/src/backtrace/libunwind.rs:93:5
[INFO] [stdout]    1:     0x563800ee4c3a - std::backtrace_rs::backtrace::trace_unsynchronized::h9c2852a457ad564e
[INFO] [stdout]                                at /rustc/84c898d65adf2f39a5a98507f1fe0ce10a2b8dbc/library/std/src/../../backtrace/src/backtrace/mod.rs:66:5
[INFO] [stdout]    2:     0x563800ee4c3a - std::sys_common::backtrace::_print_fmt::h457936fbfaa0070f
[INFO] [stdout]                                at /rustc/84c898d65adf2f39a5a98507f1fe0ce10a2b8dbc/library/std/src/sys_common/backtrace.rs:65:5
[INFO] [stdout]    3:     0x563800ee4c3a - <std::sys_common::backtrace::_print::DisplayBacktrace as core::fmt::Display>::fmt::h5779d7bf7f70cb0c
[INFO] [stdout]                                at /rustc/84c898d65adf2f39a5a98507f1fe0ce10a2b8dbc/library/std/src/sys_common/backtrace.rs:44:22
[INFO] [stdout]    4:     0x563800f0eece - core::fmt::write::h5a4baaff1bcd3eb5
[INFO] [stdout]                                at /rustc/84c898d65adf2f39a5a98507f1fe0ce10a2b8dbc/library/core/src/fmt/mod.rs:1232:17
[INFO] [stdout]    5:     0x563800ee0f35 - std::io::Write::write_fmt::h478f79c628ef31d1
[INFO] [stdout]                                at /rustc/84c898d65adf2f39a5a98507f1fe0ce10a2b8dbc/library/std/src/io/mod.rs:1684:15
[INFO] [stdout]    6:     0x563800ee4a05 - std::sys_common::backtrace::_print::h5fcdc36060f177e8
[INFO] [stdout]                                at /rustc/84c898d65adf2f39a5a98507f1fe0ce10a2b8dbc/library/std/src/sys_common/backtrace.rs:47:5
[INFO] [stdout]    7:     0x563800ee4a05 - std::sys_common::backtrace::print::h54ca9458b876c8bf
[INFO] [stdout]                                at /rustc/84c898d65adf2f39a5a98507f1fe0ce10a2b8dbc/library/std/src/sys_common/backtrace.rs:34:9
[INFO] [stdout]    8:     0x563800ee67cf - std::panicking::default_hook::{{closure}}::hbe471161c7664ed6
[INFO] [stdout]                                at /rustc/84c898d65adf2f39a5a98507f1fe0ce10a2b8dbc/library/std/src/panicking.rs:271:22
[INFO] [stdout]    9:     0x563800ee648f - std::panicking::default_hook::ha3500da57aa4ac4f
[INFO] [stdout]                                at /rustc/84c898d65adf2f39a5a98507f1fe0ce10a2b8dbc/library/std/src/panicking.rs:287:9
[INFO] [stdout]   10:     0x563800021ac7 - <alloc::boxed::Box<F,A> as core::ops::function::Fn<Args>>::call::hdf1b89dd137ece34
[INFO] [stdout]                                at /rustc/84c898d65adf2f39a5a98507f1fe0ce10a2b8dbc/library/alloc/src/boxed.rs:2001:9
[INFO] [stdout]   11:     0x563800021ac7 - test::test_main::{{closure}}::h9081a79f20e75698
[INFO] [stdout]                                at /rustc/84c898d65adf2f39a5a98507f1fe0ce10a2b8dbc/library/test/src/lib.rs:135:21
[INFO] [stdout]   12:     0x563800ee6efd - <alloc::boxed::Box<F,A> as core::ops::function::Fn<Args>>::call::h6507bddc3eebb4a5
[INFO] [stdout]                                at /rustc/84c898d65adf2f39a5a98507f1fe0ce10a2b8dbc/library/alloc/src/boxed.rs:2001:9
[INFO] [stdout]   13:     0x563800ee6efd - std::panicking::rust_panic_with_hook::h50c09d000dc561d2
[INFO] [stdout]                                at /rustc/84c898d65adf2f39a5a98507f1fe0ce10a2b8dbc/library/std/src/panicking.rs:696:13
[INFO] [stdout]   14:     0x563800ee6c79 - std::panicking::begin_panic_handler::{{closure}}::h9e2b2176e00e0d9c
[INFO] [stdout]                                at /rustc/84c898d65adf2f39a5a98507f1fe0ce10a2b8dbc/library/std/src/panicking.rs:583:13
[INFO] [stdout]   15:     0x563800ee50a6 - std::sys_common::backtrace::__rust_end_short_backtrace::h5739b8e512c09d02
[INFO] [stdout]                                at /rustc/84c898d65adf2f39a5a98507f1fe0ce10a2b8dbc/library/std/src/sys_common/backtrace.rs:150:18
[INFO] [stdout]   16:     0x563800ee6982 - rust_begin_unwind
[INFO] [stdout]                                at /rustc/84c898d65adf2f39a5a98507f1fe0ce10a2b8dbc/library/std/src/panicking.rs:579:5
[INFO] [stdout]   17:     0x5637ffef0403 - core::panicking::panic_fmt::hf33a1475b4dc5c3e
[INFO] [stdout]                                at /rustc/84c898d65adf2f39a5a98507f1fe0ce10a2b8dbc/library/core/src/panicking.rs:64:14
[INFO] [stdout]   18:     0x5637ffef08b3 - core::result::unwrap_failed::hdff5465d74574b44
[INFO] [stdout]                                at /rustc/84c898d65adf2f39a5a98507f1fe0ce10a2b8dbc/library/core/src/result.rs:1750:5
[INFO] [stdout]   19:     0x5637fffe5463 - core::result::Result<T,E>::expect::h6aa7f16e9f5e0a61
[INFO] [stdout]                                at /rustc/84c898d65adf2f39a5a98507f1fe0ce10a2b8dbc/library/core/src/result.rs:1047:23
[INFO] [stdout]   20:     0x5637fffc06e2 - dwordle_backend::queries::word::get_word_for_date::{{closure}}::hbed40fab1a88fd2a
[INFO] [stdout]                                at /opt/rustwide/workdir/src/queries/word.rs:7:15
[INFO] [stdout]   21:     0x5637fff44e6a - dwordle_backend::routes::validation::get_word_to_guess_for::{{closure}}::h5a382ca87baa39ab
[INFO] [stdout]                                at /opt/rustwide/workdir/src/routes/validation.rs:128:9
[INFO] [stdout]   22:     0x5637fff43c5f - dwordle_backend::routes::validation::validate_word::{{closure}}::h49401c1d31c416f1
[INFO] [stdout]                                at /opt/rustwide/workdir/src/routes/validation.rs:58:9
[INFO] [stdout]   23:     0x5637fff4c7cd - actix_web::handler::handler_service::{{closure}}::{{closure}}::h6a151d1d7422bc7d
[INFO] [stdout]                                at /opt/rustwide/cargo-home/registry/src/github.com-1ecc6299db9ec823/actix-web-4.0.1/src/handler.rs:106:21
[INFO] [stdout]   24:     0x563800195ebe - <core::pin::Pin<P> as core::future::future::Future>::poll::h5a5749babef1e1b5
[INFO] [stdout]                                at /rustc/84c898d65adf2f39a5a98507f1fe0ce10a2b8dbc/library/core/src/future/future.rs:125:9
[INFO] [stdout]   25:     0x5638001aeaa7 - <actix_web::resource::Resource<T> as actix_web::service::HttpServiceFactory>::register::{{closure}}::{{closure}}::habd618ed63d4a95f
[INFO] [stdout]                                at /opt/rustwide/cargo-home/registry/src/github.com-1ecc6299db9ec823/actix-web-4.0.1/src/resource.rs:383:27
[INFO] [stdout]   26:     0x563800195ebe - <core::pin::Pin<P> as core::future::future::Future>::poll::h5a5749babef1e1b5
[INFO] [stdout]                                at /rustc/84c898d65adf2f39a5a98507f1fe0ce10a2b8dbc/library/core/src/future/future.rs:125:9
[INFO] [stdout]   27:     0x5637fff9b25e - <actix_service::map_err::MapErrFuture<A,Req,F,E> as core::future::future::Future>::poll::h79db44199da2ef71
[INFO] [stdout]                                at /opt/rustwide/cargo-home/registry/src/github.com-1ecc6299db9ec823/actix-service-2.0.2/src/map_err.rs:99:9
[INFO] [stdout]   28:     0x5637fff209bd - actix_http::h1::dispatcher::InnerDispatcher<T,S,B,X,U>::poll_response::hcdccc2fb0add12b8
[INFO] [stdout]                                at /opt/rustwide/cargo-home/registry/src/github.com-1ecc6299db9ec823/actix-http-3.0.4/src/h1/dispatcher.rs:469:27
[INFO] [stdout]   29:     0x5637fff2719d - <actix_http::h1::dispatcher::Dispatcher<T,S,B,X,U> as core::future::future::Future>::poll::he0401c0a46499606
[INFO] [stdout]                                at /opt/rustwide/cargo-home/registry/src/github.com-1ecc6299db9ec823/actix-http-3.0.4/src/h1/dispatcher.rs:1204:43
[INFO] [stdout]   30:     0x5637fffbf427 - <actix_http::service::HttpServiceHandlerResponse<T,S,B,X,U> as core::future::future::Future>::poll::hc23cd8de051bfb40
[INFO] [stdout]                                at /opt/rustwide/cargo-home/registry/src/github.com-1ecc6299db9ec823/actix-http-3.0.4/src/service.rs:650:45
[INFO] [stdout]   31:     0x5637fff3e227 - <actix_service::and_then::AndThenServiceResponse<A,B,Req> as core::future::future::Future>::poll::he1d9f8a94d25fb7e
[INFO] [stdout]                                at /opt/rustwide/cargo-home/registry/src/github.com-1ecc6299db9ec823/actix-service-2.0.2/src/and_then.rs:114:37
[INFO] [stdout]   32:     0x5637fffb2fe7 - <actix_server::service::StreamService<S,I> as actix_service::Service<(actix_server::worker::WorkerCounterGuard,actix_server::socket::MioStream)>>::call::{{closure}}::h7d9af0ff64456a8c
[INFO] [stdout]                                at /opt/rustwide/cargo-home/registry/src/github.com-1ecc6299db9ec823/actix-server-2.1.1/src/service.rs:75:30
[INFO] [stdout]   33:     0x5637fffa86d7 - tokio::runtime::task::core::CoreStage<T>::poll::{{closure}}::h5c03ac3749b5e8a3
[INFO] [stdout]                                at /opt/rustwide/cargo-home/registry/src/github.com-1ecc6299db9ec823/tokio-1.17.0/src/runtime/task/core.rs:161:17
[INFO] [stdout]   34:     0x5637fff0fb10 - tokio::loom::std::unsafe_cell::UnsafeCell<T>::with_mut::hfba31afb4855d38d
[INFO] [stdout]                                at /opt/rustwide/cargo-home/registry/src/github.com-1ecc6299db9ec823/tokio-1.17.0/src/loom/std/unsafe_cell.rs:14:9
[INFO] [stdout]   35:     0x5637fffa8437 - tokio::runtime::task::core::CoreStage<T>::poll::h4553716e692d1ac6
[INFO] [stdout]                                at /opt/rustwide/cargo-home/registry/src/github.com-1ecc6299db9ec823/tokio-1.17.0/src/runtime/task/core.rs:151:13
[INFO] [stdout]   36:     0x5637fff10734 - tokio::runtime::task::harness::poll_future::{{closure}}::hdd54e4ec5ccc9b90
[INFO] [stdout]                                at /opt/rustwide/cargo-home/registry/src/github.com-1ecc6299db9ec823/tokio-1.17.0/src/runtime/task/harness.rs:467:19
[INFO] [stdout]   37:     0x5637fffdf743 - <core::panic::unwind_safe::AssertUnwindSafe<F> as core::ops::function::FnOnce<()>>::call_once::h9385808525d8ee97
[INFO] [stdout]                                at /rustc/84c898d65adf2f39a5a98507f1fe0ce10a2b8dbc/library/core/src/panic/unwind_safe.rs:271:9
[INFO] [stdout]   38:     0x5637fff29cac - std::panicking::try::do_call::he1590e95a3f5909b
[INFO] [stdout]                                at /rustc/84c898d65adf2f39a5a98507f1fe0ce10a2b8dbc/library/std/src/panicking.rs:487:40
[INFO] [stdout]   39:     0x5637fff2aa6b - __rust_try
[INFO] [stdout]   40:     0x5637fff28827 - std::panicking::try::h711a9319c066fa83
[INFO] [stdout]                                at /rustc/84c898d65adf2f39a5a98507f1fe0ce10a2b8dbc/library/std/src/panicking.rs:451:19
[INFO] [stdout]   41:     0x5637fffc401a - std::panic::catch_unwind::h312ccac99cfaff73
[INFO] [stdout]                                at /rustc/84c898d65adf2f39a5a98507f1fe0ce10a2b8dbc/library/std/src/panic.rs:140:14
[INFO] [stdout]   42:     0x5637fff101db - tokio::runtime::task::harness::poll_future::hdaf306c065d84752
[INFO] [stdout]                                at /opt/rustwide/cargo-home/registry/src/github.com-1ecc6299db9ec823/tokio-1.17.0/src/runtime/task/harness.rs:455:18
[INFO] [stdout]   43:     0x5637fff1107b - tokio::runtime::task::harness::Harness<T,S>::poll_inner::hfbf9d0e761bd7c81
[INFO] [stdout]                                at /opt/rustwide/cargo-home/registry/src/github.com-1ecc6299db9ec823/tokio-1.17.0/src/runtime/task/harness.rs:103:27
[INFO] [stdout]   44:     0x5637fff12a53 - tokio::runtime::task::harness::Harness<T,S>::poll::hbfa4026699363025
[INFO] [stdout]                                at /opt/rustwide/cargo-home/registry/src/github.com-1ecc6299db9ec823/tokio-1.17.0/src/runtime/task/harness.rs:57:15
[INFO] [stdout]   45:     0x5637fffe81bb - tokio::runtime::task::raw::poll::h0a667c4b0431bad2
[INFO] [stdout]                                at /opt/rustwide/cargo-home/registry/src/github.com-1ecc6299db9ec823/tokio-1.17.0/src/runtime/task/raw.rs:128:5
[INFO] [stdout]   46:     0x563800d400c7 - tokio::runtime::task::raw::RawTask::poll::hffcc18e0ac676e30
[INFO] [stdout]                                at /opt/rustwide/cargo-home/registry/src/github.com-1ecc6299db9ec823/tokio-1.17.0/src/runtime/task/raw.rs:80:18
[INFO] [stdout]   47:     0x563800d409a2 - tokio::runtime::task::LocalNotified<S>::run::h1bda81c61f6bc12b
[INFO] [stdout]                                at /opt/rustwide/cargo-home/registry/src/github.com-1ecc6299db9ec823/tokio-1.17.0/src/runtime/task/mod.rs:347:9
[INFO] [stdout]   48:     0x563800d5cd5b - tokio::task::local::LocalSet::tick::{{closure}}::h48693d8d616d9cc8
[INFO] [stdout]                                at /opt/rustwide/cargo-home/registry/src/github.com-1ecc6299db9ec823/tokio-1.17.0/src/task/local.rs:523:54
[INFO] [stdout]   49:     0x563800d3f93c - tokio::coop::with_budget::{{closure}}::h05ae08d071a0703c
[INFO] [stdout]                                at /opt/rustwide/cargo-home/registry/src/github.com-1ecc6299db9ec823/tokio-1.17.0/src/coop.rs:102:9
[INFO] [stdout]   50:     0x563800d5341b - std::thread::local::LocalKey<T>::try_with::h7133c81c6ce38e91
[INFO] [stdout]                                at /rustc/84c898d65adf2f39a5a98507f1fe0ce10a2b8dbc/library/std/src/thread/local.rs:446:16
[INFO] [stdout]   51:     0x563800d524eb - std::thread::local::LocalKey<T>::with::hd0e21414d444a35d
[INFO] [stdout]                                at /rustc/84c898d65adf2f39a5a98507f1fe0ce10a2b8dbc/library/std/src/thread/local.rs:422:9
[INFO] [stdout]   52:     0x563800d5cd03 - tokio::coop::with_budget::h3384a358114cfd24
[INFO] [stdout]                                at /opt/rustwide/cargo-home/registry/src/github.com-1ecc6299db9ec823/tokio-1.17.0/src/coop.rs:95:5
[INFO] [stdout]   53:     0x563800d5cd03 - tokio::coop::budget::h217706f5d1667ca8
[INFO] [stdout]                                at /opt/rustwide/cargo-home/registry/src/github.com-1ecc6299db9ec823/tokio-1.17.0/src/coop.rs:72:5
[INFO] [stdout]   54:     0x563800d5cd03 - tokio::task::local::LocalSet::tick::h627ad223a6cf67a2
[INFO] [stdout]                                at /opt/rustwide/cargo-home/registry/src/github.com-1ecc6299db9ec823/tokio-1.17.0/src/task/local.rs:523:31
[INFO] [stdout]   55:     0x5638001f89af - <tokio::task::local::RunUntil<T> as core::future::future::Future>::poll::{{closure}}::h8ded522d76633fae
[INFO] [stdout]                                at /opt/rustwide/cargo-home/registry/src/github.com-1ecc6299db9ec823/tokio-1.17.0/src/task/local.rs:648:16
[INFO] [stdout]   56:     0x56380021c94f - tokio::macros::scoped_tls::ScopedKey<T>::set::h6bc5c5e85a463eb6
[INFO] [stdout]                                at /opt/rustwide/cargo-home/registry/src/github.com-1ecc6299db9ec823/tokio-1.17.0/src/macros/scoped_tls.rs:61:9
[INFO] [stdout]   57:     0x5638001f7c88 - tokio::task::local::LocalSet::with::hcf893d7a064ab0a8
[INFO] [stdout]                                at /opt/rustwide/cargo-home/registry/src/github.com-1ecc6299db9ec823/tokio-1.17.0/src/task/local.rs:561:9
[INFO] [stdout]   58:     0x5638001f872f - <tokio::task::local::RunUntil<T> as core::future::future::Future>::poll::h530a7bf8b5e1ace8
[INFO] [stdout]                                at /opt/rustwide/cargo-home/registry/src/github.com-1ecc6299db9ec823/tokio-1.17.0/src/task/local.rs:634:9
[INFO] [stdout]   59:     0x5638001f8251 - tokio::task::local::LocalSet::run_until::{{closure}}::he154512a90896ef3
[INFO] [stdout]                                at /opt/rustwide/cargo-home/registry/src/github.com-1ecc6299db9ec823/tokio-1.17.0/src/task/local.rs:507:18
[INFO] [stdout]   60:     0x5638001fe04d - <core::pin::Pin<P> as core::future::future::Future>::poll::h936272c1221a6c7b
[INFO] [stdout]                                at /rustc/84c898d65adf2f39a5a98507f1fe0ce10a2b8dbc/library/core/src/future/future.rs:125:9
[INFO] [stdout]   61:     0x5638001e90d6 - tokio::runtime::basic_scheduler::CoreGuard::block_on::{{closure}}::{{closure}}::{{closure}}::he79e0e75ec2f3780
[INFO] [stdout]                                at /opt/rustwide/cargo-home/registry/src/github.com-1ecc6299db9ec823/tokio-1.17.0/src/runtime/basic_scheduler.rs:498:48
[INFO] [stdout]   62:     0x56380025a574 - tokio::coop::with_budget::{{closure}}::hbb2f55fc71d466e6
[INFO] [stdout]                                at /opt/rustwide/cargo-home/registry/src/github.com-1ecc6299db9ec823/tokio-1.17.0/src/coop.rs:102:9
[INFO] [stdout]   63:     0x5638001fcd28 - std::thread::local::LocalKey<T>::try_with::hc442606ff4b7a522
[INFO] [stdout]                                at /rustc/84c898d65adf2f39a5a98507f1fe0ce10a2b8dbc/library/std/src/thread/local.rs:446:16
[INFO] [stdout]   64:     0x5638001fb67b - std::thread::local::LocalKey<T>::with::h0819cebd95def423
[INFO] [stdout]                                at /rustc/84c898d65adf2f39a5a98507f1fe0ce10a2b8dbc/library/std/src/thread/local.rs:422:9
[INFO] [stdout]   65:     0x5638001e904a - tokio::coop::with_budget::h6ee08e5e10a7919b
[INFO] [stdout]                                at /opt/rustwide/cargo-home/registry/src/github.com-1ecc6299db9ec823/tokio-1.17.0/src/coop.rs:95:5
[INFO] [stdout]   66:     0x5638001e904a - tokio::coop::budget::h3280ec2d8c26566f
[INFO] [stdout]                                at /opt/rustwide/cargo-home/registry/src/github.com-1ecc6299db9ec823/tokio-1.17.0/src/coop.rs:72:5
[INFO] [stdout]   67:     0x5638001e904a - tokio::runtime::basic_scheduler::CoreGuard::block_on::{{closure}}::{{closure}}::h125f8ee164d6bb9a
[INFO] [stdout]                                at /opt/rustwide/cargo-home/registry/src/github.com-1ecc6299db9ec823/tokio-1.17.0/src/runtime/basic_scheduler.rs:498:25
[INFO] [stdout]   68:     0x5638001e80d2 - tokio::runtime::basic_scheduler::Context::enter::hbccd78dbcb9e4ffe
[INFO] [stdout]                                at /opt/rustwide/cargo-home/registry/src/github.com-1ecc6299db9ec823/tokio-1.17.0/src/runtime/basic_scheduler.rs:356:19
[INFO] [stdout]   69:     0x5638001e8a7b - tokio::runtime::basic_scheduler::CoreGuard::block_on::{{closure}}::hd524645f42aeb56e
[INFO] [stdout]                                at /opt/rustwide/cargo-home/registry/src/github.com-1ecc6299db9ec823/tokio-1.17.0/src/runtime/basic_scheduler.rs:497:36
[INFO] [stdout]   70:     0x5638001e87bc - tokio::runtime::basic_scheduler::CoreGuard::enter::{{closure}}::h92cfedb840b05616
[INFO] [stdout]                                at /opt/rustwide/cargo-home/registry/src/github.com-1ecc6299db9ec823/tokio-1.17.0/src/runtime/basic_scheduler.rs:555:57
[INFO] [stdout]   71:     0x56380021ca5f - tokio::macros::scoped_tls::ScopedKey<T>::set::hcc359b1749da337e
[INFO] [stdout]                                at /opt/rustwide/cargo-home/registry/src/github.com-1ecc6299db9ec823/tokio-1.17.0/src/macros/scoped_tls.rs:61:9
[INFO] [stdout]   72:     0x5638001e8587 - tokio::runtime::basic_scheduler::CoreGuard::enter::h33aff2901e78b8b5
[INFO] [stdout]                                at /opt/rustwide/cargo-home/registry/src/github.com-1ecc6299db9ec823/tokio-1.17.0/src/runtime/basic_scheduler.rs:555:27
[INFO] [stdout]   73:     0x5638001e87e9 - tokio::runtime::basic_scheduler::CoreGuard::block_on::hfdba66ff32e1cb7a
[INFO] [stdout]                                at /opt/rustwide/cargo-home/registry/src/github.com-1ecc6299db9ec823/tokio-1.17.0/src/runtime/basic_scheduler.rs:488:9
[INFO] [stdout]   74:     0x5638001e77e0 - tokio::runtime::basic_scheduler::BasicScheduler::block_on::ha07fd73f8695bfb8
[INFO] [stdout]                                at /opt/rustwide/cargo-home/registry/src/github.com-1ecc6299db9ec823/tokio-1.17.0/src/runtime/basic_scheduler.rs:168:24
[INFO] [stdout]   75:     0x5638001fdd84 - tokio::runtime::Runtime::block_on::h444fecde7e98241d
[INFO] [stdout]                                at /opt/rustwide/cargo-home/registry/src/github.com-1ecc6299db9ec823/tokio-1.17.0/src/runtime/mod.rs:475:46
[INFO] [stdout]   76:     0x56380022ec11 - actix_server::worker::ServerWorker::start::{{closure}}::h560d01d4ef843f34
[INFO] [stdout]                                at /opt/rustwide/cargo-home/registry/src/github.com-1ecc6299db9ec823/actix-server-2.1.1/src/worker.rs:402:29
[INFO] [stdout]   77:     0x56380021f5c9 - std::sys_common::backtrace::__rust_begin_short_backtrace::h1babd920745b84ed
[INFO] [stdout]                                at /rustc/84c898d65adf2f39a5a98507f1fe0ce10a2b8dbc/library/std/src/sys_common/backtrace.rs:134:18
[INFO] [stdout]   78:     0x5638001edc80 - std::thread::Builder::spawn_unchecked_::{{closure}}::{{closure}}::h016b380a41f884f3
[INFO] [stdout]                                at /rustc/84c898d65adf2f39a5a98507f1fe0ce10a2b8dbc/library/std/src/thread/mod.rs:560:17
[INFO] [stdout]   79:     0x56380021f3c4 - <core::panic::unwind_safe::AssertUnwindSafe<F> as core::ops::function::FnOnce<()>>::call_once::h7b15e0b1d64b36be
[INFO] [stdout]                                at /rustc/84c898d65adf2f39a5a98507f1fe0ce10a2b8dbc/library/core/src/panic/unwind_safe.rs:271:9
[INFO] [stdout]   80:     0x563800257ac6 - std::panicking::try::do_call::h3e170c297fe45d33
[INFO] [stdout]                                at /rustc/84c898d65adf2f39a5a98507f1fe0ce10a2b8dbc/library/std/src/panicking.rs:487:40
[INFO] [stdout]   81:     0x56380025b39b - __rust_try
[INFO] [stdout]   82:     0x563800257158 - std::panicking::try::h66a9141e3b7ffa29
[INFO] [stdout]                                at /rustc/84c898d65adf2f39a5a98507f1fe0ce10a2b8dbc/library/std/src/panicking.rs:451:19
[INFO] [stdout]   83:     0x563800217c6a - std::panic::catch_unwind::he6f28abbba882417
[INFO] [stdout]                                at /rustc/84c898d65adf2f39a5a98507f1fe0ce10a2b8dbc/library/std/src/panic.rs:140:14
[INFO] [stdout]   84:     0x5638001ed5fa - std::thread::Builder::spawn_unchecked_::{{closure}}::h9d6efc30db6871f3
[INFO] [stdout]                                at /rustc/84c898d65adf2f39a5a98507f1fe0ce10a2b8dbc/library/std/src/thread/mod.rs:559:30
[INFO] [stdout]   85:     0x56380023db1f - core::ops::function::FnOnce::call_once{{vtable.shim}}::h88759adad37dcca5
[INFO] [stdout]                                at /rustc/84c898d65adf2f39a5a98507f1fe0ce10a2b8dbc/library/core/src/ops/function.rs:250:5
[INFO] [stdout]   86:     0x563800eeb433 - <alloc::boxed::Box<F,A> as core::ops::function::FnOnce<Args>>::call_once::h39990b24eedef2ab
[INFO] [stdout]                                at /rustc/84c898d65adf2f39a5a98507f1fe0ce10a2b8dbc/library/alloc/src/boxed.rs:1987:9
[INFO] [stdout]   87:     0x563800eeb433 - <alloc::boxed::Box<F,A> as core::ops::function::FnOnce<Args>>::call_once::h01a027258444143b
[INFO] [stdout]                                at /rustc/84c898d65adf2f39a5a98507f1fe0ce10a2b8dbc/library/alloc/src/boxed.rs:1987:9
[INFO] [stdout]   88:     0x563800eeb433 - std::sys::unix::thread::Thread::new::thread_start::ha4f1cdd9c25884ba
[INFO] [stdout]                                at /rustc/84c898d65adf2f39a5a98507f1fe0ce10a2b8dbc/library/std/src/sys/unix/thread.rs:108:17
[INFO] [stdout]   89:     0x7fd0a2e51b43 - <unknown>
[INFO] [stdout]   90:     0x7fd0a2ee2bb4 - __clone
[INFO] [stdout]   91:                0x0 - <unknown>
[INFO] [stdout] thread 'validation::validate_word_some_correct' panicked at 'Failed validating word: reqwest::Error { kind: Request, url: Url { scheme: "http", cannot_be_a_base: false, username: "", password: None, host: Some(Ipv4(127.0.0.1)), port: Some(36085), path: "/validate", query: None, fragment: None }, source: hyper::Error(IncompleteMessage) }', tests/api/validation.rs:125:10
[INFO] [stdout] stack backtrace:
[INFO] [stdout]    0:     0x563800ee4c3a - std::backtrace_rs::backtrace::libunwind::trace::ha9053a9a07ca49cb
[INFO] [stdout]                                at /rustc/84c898d65adf2f39a5a98507f1fe0ce10a2b8dbc/library/std/src/../../backtrace/src/backtrace/libunwind.rs:93:5
[INFO] [stdout]    1:     0x563800ee4c3a - std::backtrace_rs::backtrace::trace_unsynchronized::h9c2852a457ad564e
[INFO] [stdout]                                at /rustc/84c898d65adf2f39a5a98507f1fe0ce10a2b8dbc/library/std/src/../../backtrace/src/backtrace/mod.rs:66:5
[INFO] [stdout]    2:     0x563800ee4c3a - std::sys_common::backtrace::_print_fmt::h457936fbfaa0070f
[INFO] [stdout]                                at /rustc/84c898d65adf2f39a5a98507f1fe0ce10a2b8dbc/library/std/src/sys_common/backtrace.rs:65:5
[INFO] [stdout]    3:     0x563800ee4c3a - <std::sys_common::backtrace::_print::DisplayBacktrace as core::fmt::Display>::fmt::h5779d7bf7f70cb0c
[INFO] [stdout]                                at /rustc/84c898d65adf2f39a5a98507f1fe0ce10a2b8dbc/library/std/src/sys_common/backtrace.rs:44:22
[INFO] [stdout]    4:     0x563800f0eece - core::fmt::write::h5a4baaff1bcd3eb5
[INFO] [stdout]                                at /rustc/84c898d65adf2f39a5a98507f1fe0ce10a2b8dbc/library/core/src/fmt/mod.rs:1232:17
[INFO] [stdout]    5:     0x563800ee0f35 - std::io::Write::write_fmt::h478f79c628ef31d1
[INFO] [stdout]                                at /rustc/84c898d65adf2f39a5a98507f1fe0ce10a2b8dbc/library/std/src/io/mod.rs:1684:15
[INFO] [stdout]    6:     0x563800ee4a05 - std::sys_common::backtrace::_print::h5fcdc36060f177e8
[INFO] [stdout]                                at /rustc/84c898d65adf2f39a5a98507f1fe0ce10a2b8dbc/library/std/src/sys_common/backtrace.rs:47:5
[INFO] [stdout]    7:     0x563800ee4a05 - std::sys_common::backtrace::print::h54ca9458b876c8bf
[INFO] [stdout]                                at /rustc/84c898d65adf2f39a5a98507f1fe0ce10a2b8dbc/library/std/src/sys_common/backtrace.rs:34:9
[INFO] [stdout]    8:     0x563800ee67cf - std::panicking::default_hook::{{closure}}::hbe471161c7664ed6
[INFO] [stdout]                                at /rustc/84c898d65adf2f39a5a98507f1fe0ce10a2b8dbc/library/std/src/panicking.rs:271:22
[INFO] [stdout]    9:     0x563800ee648f - std::panicking::default_hook::ha3500da57aa4ac4f
[INFO] [stdout]                                at /rustc/84c898d65adf2f39a5a98507f1fe0ce10a2b8dbc/library/std/src/panicking.rs:287:9
[INFO] [stdout]   10:     0x563800021ac7 - <alloc::boxed::Box<F,A> as core::ops::function::Fn<Args>>::call::hdf1b89dd137ece34
[INFO] [stdout]                                at /rustc/84c898d65adf2f39a5a98507f1fe0ce10a2b8dbc/library/alloc/src/boxed.rs:2001:9
[INFO] [stdout]   11:     0x563800021ac7 - test::test_main::{{closure}}::h9081a79f20e75698
[INFO] [stdout]                                at /rustc/84c898d65adf2f39a5a98507f1fe0ce10a2b8dbc/library/test/src/lib.rs:135:21
[INFO] [stdout]   12:     0x563800ee6efd - <alloc::boxed::Box<F,A> as core::ops::function::Fn<Args>>::call::h6507bddc3eebb4a5
[INFO] [stdout]                                at /rustc/84c898d65adf2f39a5a98507f1fe0ce10a2b8dbc/library/alloc/src/boxed.rs:2001:9
[INFO] [stdout]   13:     0x563800ee6efd - std::panicking::rust_panic_with_hook::h50c09d000dc561d2
[INFO] [stdout]                                at /rustc/84c898d65adf2f39a5a98507f1fe0ce10a2b8dbc/library/std/src/panicking.rs:696:13
[INFO] [stdout]   14:     0x563800ee6c79 - std::panicking::begin_panic_handler::{{closure}}::h9e2b2176e00e0d9c
[INFO] [stdout]                                at /rustc/84c898d65adf2f39a5a98507f1fe0ce10a2b8dbc/library/std/src/panicking.rs:583:13
[INFO] [stdout]   15:     0x563800ee50a6 - std::sys_common::backtrace::__rust_end_short_backtrace::h5739b8e512c09d02
[INFO] [stdout]                                at /rustc/84c898d65adf2f39a5a98507f1fe0ce10a2b8dbc/library/std/src/sys_common/backtrace.rs:150:18
[INFO] [stdout]   16:     0x563800ee6982 - rust_begin_unwind
[INFO] [stdout]                                at /rustc/84c898d65adf2f39a5a98507f1fe0ce10a2b8dbc/library/std/src/panicking.rs:579:5
[INFO] [stdout]   17:     0x5637ffef0403 - core::panicking::panic_fmt::hf33a1475b4dc5c3e
[INFO] [stdout]                                at /rustc/84c898d65adf2f39a5a98507f1fe0ce10a2b8dbc/library/core/src/panicking.rs:64:14
[INFO] [stdout]   18:     0x5637ffef08b3 - core::result::unwrap_failed::hdff5465d74574b44
[INFO] [stdout]                                at /rustc/84c898d65adf2f39a5a98507f1fe0ce10a2b8dbc/library/core/src/result.rs:1750:5
[INFO] [stdout]   19:     0x5637fffe57df - core::result::Result<T,E>::expect::hfa3041accf9f156c
[INFO] [stdout]                                at /rustc/84c898d65adf2f39a5a98507f1fe0ce10a2b8dbc/library/core/src/result.rs:1047:23
[INFO] [stdout]   20:     0x5637fff8c890 - api::validation::validate_word_some_correct::{{closure}}::h587d985f32eb467d
[INFO] [stdout]                                at /opt/rustwide/workdir/tests/api/validation.rs:117:20
[INFO] [stdout]   21:     0x5637fff9a5eb - <core::pin::Pin<P> as core::future::future::Future>::poll::h845bdf9d13e10dcf
[INFO] [stdout]                                at /rustc/84c898d65adf2f39a5a98507f1fe0ce10a2b8dbc/library/core/src/future/future.rs:125:9
[INFO] [stdout]   22:     0x5637fff86744 - tokio::runtime::basic_scheduler::CoreGuard::block_on::{{closure}}::{{closure}}::{{closure}}::hbc80d55f59013de0
[INFO] [stdout]                                at /opt/rustwide/cargo-home/registry/src/github.com-1ecc6299db9ec823/tokio-1.17.0/src/runtime/basic_scheduler.rs:498:48
[INFO] [stdout]   23:     0x5637fff020c0 - tokio::coop::with_budget::{{closure}}::he7813544fd8d438b
[INFO] [stdout]                                at /opt/rustwide/cargo-home/registry/src/github.com-1ecc6299db9ec823/tokio-1.17.0/src/coop.rs:102:9
[INFO] [stdout]   24:     0x5637fffa4214 - std::thread::local::LocalKey<T>::try_with::hfae3775a0117a0bd
[INFO] [stdout]                                at /rustc/84c898d65adf2f39a5a98507f1fe0ce10a2b8dbc/library/std/src/thread/local.rs:446:16
[INFO] [stdout]   25:     0x5637fffa239a - std::thread::local::LocalKey<T>::with::hec631ca3ca0df503
[INFO] [stdout]                                at /rustc/84c898d65adf2f39a5a98507f1fe0ce10a2b8dbc/library/std/src/thread/local.rs:422:9
[INFO] [stdout]   26:     0x5637fff862a6 - tokio::coop::with_budget::ha70b76989c615cf3
[INFO] [stdout]                                at /opt/rustwide/cargo-home/registry/src/github.com-1ecc6299db9ec823/tokio-1.17.0/src/coop.rs:95:5
[INFO] [stdout]   27:     0x5637fff862a6 - tokio::coop::budget::hf1c220347a9bd0f9
[INFO] [stdout]                                at /opt/rustwide/cargo-home/registry/src/github.com-1ecc6299db9ec823/tokio-1.17.0/src/coop.rs:72:5
[INFO] [stdout]   28:     0x5637fff862a6 - tokio::runtime::basic_scheduler::CoreGuard::block_on::{{closure}}::{{closure}}::h55ccfcffccd95de0
[INFO] [stdout]                                at /opt/rustwide/cargo-home/registry/src/github.com-1ecc6299db9ec823/tokio-1.17.0/src/runtime/basic_scheduler.rs:498:25
[INFO] [stdout]   29:     0x5637fff81b1e - tokio::runtime::basic_scheduler::Context::enter::h854fc40527d41778
[INFO] [stdout]                                at /opt/rustwide/cargo-home/registry/src/github.com-1ecc6299db9ec823/tokio-1.17.0/src/runtime/basic_scheduler.rs:356:19
[INFO] [stdout]   30:     0x5637fff85537 - tokio::runtime::basic_scheduler::CoreGuard::block_on::{{closure}}::had5794b9160af0e9
[INFO] [stdout]                                at /opt/rustwide/cargo-home/registry/src/github.com-1ecc6299db9ec823/tokio-1.17.0/src/runtime/basic_scheduler.rs:497:36
[INFO] [stdout]   31:     0x5637fff8438b - tokio::runtime::basic_scheduler::CoreGuard::enter::{{closure}}::hc0fdfcf4ce273c59
[INFO] [stdout]                                at /opt/rustwide/cargo-home/registry/src/github.com-1ecc6299db9ec823/tokio-1.17.0/src/runtime/basic_scheduler.rs:555:57
[INFO] [stdout]   32:     0x5637fffe7597 - tokio::macros::scoped_tls::ScopedKey<T>::set::hafe557fc8da250d8
[INFO] [stdout]                                at /opt/rustwide/cargo-home/registry/src/github.com-1ecc6299db9ec823/tokio-1.17.0/src/macros/scoped_tls.rs:61:9
[INFO] [stdout]   33:     0x5637fff840c3 - tokio::runtime::basic_scheduler::CoreGuard::enter::h555ead5814f57749
[INFO] [stdout]                                at /opt/rustwide/cargo-home/registry/src/github.com-1ecc6299db9ec823/tokio-1.17.0/src/runtime/basic_scheduler.rs:555:27
[INFO] [stdout]   34:     0x5637fff843e8 - tokio::runtime::basic_scheduler::CoreGuard::block_on::h792111a0091559dd
[INFO] [stdout]                                at /opt/rustwide/cargo-home/registry/src/github.com-1ecc6299db9ec823/tokio-1.17.0/src/runtime/basic_scheduler.rs:488:9
[INFO] [stdout]   35:     0x5637fff80538 - tokio::runtime::basic_scheduler::BasicScheduler::block_on::hbf986b6693ab15bd
[INFO] [stdout]                                at /opt/rustwide/cargo-home/registry/src/github.com-1ecc6299db9ec823/tokio-1.17.0/src/runtime/basic_scheduler.rs:168:24
[INFO] [stdout]   36:     0x5637fffd96c0 - tokio::runtime::Runtime::block_on::h839e5c4bd786f907
[INFO] [stdout]                                at /opt/rustwide/cargo-home/registry/src/github.com-1ecc6299db9ec823/tokio-1.17.0/src/runtime/mod.rs:475:46
[INFO] [stdout]   37:     0x5637fff8be8c - api::validation::validate_word_some_correct::h1da3db699e2dd5d3
[INFO] [stdout]                                at /opt/rustwide/workdir/tests/api/validation.rs:129:5
[INFO] [stdout]   38:     0x5637fff8bd47 - api::validation::validate_word_some_correct::{{closure}}::h6054ecddb9f45cc3
[INFO] [stdout]                                at /opt/rustwide/workdir/tests/api/validation.rs:113:39
[INFO] [stdout]   39:     0x5637fff8ee25 - core::ops::function::FnOnce::call_once::hb00e0ec061078680
[INFO] [stdout]                                at /rustc/84c898d65adf2f39a5a98507f1fe0ce10a2b8dbc/library/core/src/ops/function.rs:250:5
[INFO] [stdout]   40:     0x563800026eaf - core::ops::function::FnOnce::call_once::h7d969581be7d0075
[INFO] [stdout]                                at /rustc/84c898d65adf2f39a5a98507f1fe0ce10a2b8dbc/library/core/src/ops/function.rs:250:5
[INFO] [stdout]   41:     0x563800026eaf - test::__rust_begin_short_backtrace::hca25a52684e56655
[INFO] [stdout]                                at /rustc/84c898d65adf2f39a5a98507f1fe0ce10a2b8dbc/library/test/src/lib.rs:656:18
[INFO] [stdout]   42:     0x5637ffff84cc - test::run_test::{{closure}}::ha8ac744c4af1a4bb
[INFO] [stdout]                                at /rustc/84c898d65adf2f39a5a98507f1fe0ce10a2b8dbc/library/test/src/lib.rs:647:30
[INFO] [stdout]   43:     0x5637ffff84cc - core::ops::function::FnOnce::call_once{{vtable.shim}}::h7b411a9ed45bdecf
[INFO] [stdout]                                at /rustc/84c898d65adf2f39a5a98507f1fe0ce10a2b8dbc/library/core/src/ops/function.rs:250:5
[INFO] [stdout]   44:     0x563800025e76 - <alloc::boxed::Box<F,A> as core::ops::function::FnOnce<Args>>::call_once::hd05328869a8ed200
[INFO] [stdout]                                at /rustc/84c898d65adf2f39a5a98507f1fe0ce10a2b8dbc/library/alloc/src/boxed.rs:1987:9
[INFO] [stdout]   45:     0x563800025e76 - <core::panic::unwind_safe::AssertUnwindSafe<F> as core::ops::function::FnOnce<()>>::call_once::h0c601ce20bd5b2be
[INFO] [stdout]                                at /rustc/84c898d65adf2f39a5a98507f1fe0ce10a2b8dbc/library/core/src/panic/unwind_safe.rs:271:9
[INFO] [stdout]   46:     0x563800025e76 - std::panicking::try::do_call::ha4be5c164fe30854
[INFO] [stdout]                                at /rustc/84c898d65adf2f39a5a98507f1fe0ce10a2b8dbc/library/std/src/panicking.rs:487:40
[INFO] [stdout]   47:     0x563800025e76 - std::panicking::try::h604546f3609af05f
[INFO] [stdout]                                at /rustc/84c898d65adf2f39a5a98507f1fe0ce10a2b8dbc/library/std/src/panicking.rs:451:19
[INFO] [stdout]   48:     0x563800025e76 - std::panic::catch_unwind::h5bfa8afe44c9c2f9
[INFO] [stdout]                                at /rustc/84c898d65adf2f39a5a98507f1fe0ce10a2b8dbc/library/std/src/panic.rs:140:14
[INFO] [stdout]   49:     0x563800025e76 - test::run_test_in_process::hd50dee55dd63e6aa
[INFO] [stdout]                                at /rustc/84c898d65adf2f39a5a98507f1fe0ce10a2b8dbc/library/test/src/lib.rs:679:27
[INFO] [stdout]   50:     0x563800025e76 - test::run_test::run_test_inner::{{closure}}::h4aa0f433aa85cea8
[INFO] [stdout]                                at /rustc/84c898d65adf2f39a5a98507f1fe0ce10a2b8dbc/library/test/src/lib.rs:573:39
[INFO] [stdout]   51:     0x5637ffff2b41 - test::run_test::run_test_inner::{{closure}}::had56431adf24b4d6
[INFO] [stdout]                                at /rustc/84c898d65adf2f39a5a98507f1fe0ce10a2b8dbc/library/test/src/lib.rs:600:37
[INFO] [stdout]   52:     0x5637ffff2b41 - std::sys_common::backtrace::__rust_begin_short_backtrace::ha8d9890e0c73bf13
[INFO] [stdout]                                at /rustc/84c898d65adf2f39a5a98507f1fe0ce10a2b8dbc/library/std/src/sys_common/backtrace.rs:134:18
[INFO] [stdout]   53:     0x5637ffff855b - std::thread::Builder::spawn_unchecked_::{{closure}}::{{closure}}::h251832bcb4a95327
[INFO] [stdout]                                at /rustc/84c898d65adf2f39a5a98507f1fe0ce10a2b8dbc/library/std/src/thread/mod.rs:560:17
[INFO] [stdout]   54:     0x5637ffff855b - <core::panic::unwind_safe::AssertUnwindSafe<F> as core::ops::function::FnOnce<()>>::call_once::h8fdff598fa414831
[INFO] [stdout]                                at /rustc/84c898d65adf2f39a5a98507f1fe0ce10a2b8dbc/library/core/src/panic/unwind_safe.rs:271:9
[INFO] [stdout]   55:     0x5637ffff855b - std::panicking::try::do_call::h455dd2f7764a950f
[INFO] [stdout]                                at /rustc/84c898d65adf2f39a5a98507f1fe0ce10a2b8dbc/library/std/src/panicking.rs:487:40
[INFO] [stdout]   56:     0x5637ffff855b - std::panicking::try::had6f23b7b73ae72a
[INFO] [stdout]                                at /rustc/84c898d65adf2f39a5a98507f1fe0ce10a2b8dbc/library/std/src/panicking.rs:451:19
[INFO] [stdout]   57:     0x5637ffff855b - std::panic::catch_unwind::ha6a5ca3915b4dad0
[INFO] [stdout]                                at /rustc/84c898d65adf2f39a5a98507f1fe0ce10a2b8dbc/library/std/src/panic.rs:140:14
[INFO] [stdout]   58:     0x5637ffff855b - std::thread::Builder::spawn_unchecked_::{{closure}}::h883b72ef75da6231
[INFO] [stdout]                                at /rustc/84c898d65adf2f39a5a98507f1fe0ce10a2b8dbc/library/std/src/thread/mod.rs:559:30
[INFO] [stdout]   59:     0x5637ffff855b - core::ops::function::FnOnce::call_once{{vtable.shim}}::hb7dff73dc8bd2ccb
[INFO] [stdout]                                at /rustc/84c898d65adf2f39a5a98507f1fe0ce10a2b8dbc/library/core/src/ops/function.rs:250:5
[INFO] [stdout]   60:     0x563800eeb433 - <alloc::boxed::Box<F,A> as core::ops::function::FnOnce<Args>>::call_once::h39990b24eedef2ab
[INFO] [stdout]                                at /rustc/84c898d65adf2f39a5a98507f1fe0ce10a2b8dbc/library/alloc/src/boxed.rs:1987:9
[INFO] [stdout]   61:     0x563800eeb433 - <alloc::boxed::Box<F,A> as core::ops::function::FnOnce<Args>>::call_once::h01a027258444143b
[INFO] [stdout]                                at /rustc/84c898d65adf2f39a5a98507f1fe0ce10a2b8dbc/library/alloc/src/boxed.rs:1987:9
[INFO] [stdout]   62:     0x563800eeb433 - std::sys::unix::thread::Thread::new::thread_start::ha4f1cdd9c25884ba
[INFO] [stdout]                                at /rustc/84c898d65adf2f39a5a98507f1fe0ce10a2b8dbc/library/std/src/sys/unix/thread.rs:108:17
[INFO] [stdout]   63:     0x7fd0a2e51b43 - <unknown>
[INFO] [stdout]   64:     0x7fd0a2ee2bb4 - __clone
[INFO] [stdout]   65:                0x0 - <unknown>
[INFO] [stdout] 
[INFO] [stdout] ---- validation::validate_word_correct stdout ----
[INFO] [stdout] thread 'actix-server worker 0' panicked at 'word not found: Io(Os { code: 99, kind: AddrNotAvailable, message: "Cannot assign requested address" })', /opt/rustwide/workdir/src/queries/word.rs:16:10
[INFO] [stdout] stack backtrace:
[INFO] [stdout]    0:     0x563800ee4c3a - std::backtrace_rs::backtrace::libunwind::trace::ha9053a9a07ca49cb
[INFO] [stdout]                                at /rustc/84c898d65adf2f39a5a98507f1fe0ce10a2b8dbc/library/std/src/../../backtrace/src/backtrace/libunwind.rs:93:5
[INFO] [stdout]    1:     0x563800ee4c3a - std::backtrace_rs::backtrace::trace_unsynchronized::h9c2852a457ad564e
[INFO] [stdout]                                at /rustc/84c898d65adf2f39a5a98507f1fe0ce10a2b8dbc/library/std/src/../../backtrace/src/backtrace/mod.rs:66:5
[INFO] [stdout]    2:     0x563800ee4c3a - std::sys_common::backtrace::_print_fmt::h457936fbfaa0070f
[INFO] [stdout]                                at /rustc/84c898d65adf2f39a5a98507f1fe0ce10a2b8dbc/library/std/src/sys_common/backtrace.rs:65:5
[INFO] [stdout]    3:     0x563800ee4c3a - <std::sys_common::backtrace::_print::DisplayBacktrace as core::fmt::Display>::fmt::h5779d7bf7f70cb0c
[INFO] [stdout]                                at /rustc/84c898d65adf2f39a5a98507f1fe0ce10a2b8dbc/library/std/src/sys_common/backtrace.rs:44:22
[INFO] [stdout]    4:     0x563800f0eece - core::fmt::write::h5a4baaff1bcd3eb5
[INFO] [stdout]                                at /rustc/84c898d65adf2f39a5a98507f1fe0ce10a2b8dbc/library/core/src/fmt/mod.rs:1232:17
[INFO] [stdout]    5:     0x563800ee0f35 - std::io::Write::write_fmt::h478f79c628ef31d1
[INFO] [stdout]                                at /rustc/84c898d65adf2f39a5a98507f1fe0ce10a2b8dbc/library/std/src/io/mod.rs:1684:15
[INFO] [stdout]    6:     0x563800ee4a05 - std::sys_common::backtrace::_print::h5fcdc36060f177e8
[INFO] [stdout]                                at /rustc/84c898d65adf2f39a5a98507f1fe0ce10a2b8dbc/library/std/src/sys_common/backtrace.rs:47:5
[INFO] [stdout]    7:     0x563800ee4a05 - std::sys_common::backtrace::print::h54ca9458b876c8bf
[INFO] [stdout]                                at /rustc/84c898d65adf2f39a5a98507f1fe0ce10a2b8dbc/library/std/src/sys_common/backtrace.rs:34:9
[INFO] [stdout]    8:     0x563800ee67cf - std::panicking::default_hook::{{closure}}::hbe471161c7664ed6
[INFO] [stdout]                                at /rustc/84c898d65adf2f39a5a98507f1fe0ce10a2b8dbc/library/std/src/panicking.rs:271:22
[INFO] [stdout]    9:     0x563800ee648f - std::panicking::default_hook::ha3500da57aa4ac4f
[INFO] [stdout]                                at /rustc/84c898d65adf2f39a5a98507f1fe0ce10a2b8dbc/library/std/src/panicking.rs:287:9
[INFO] [stdout]   10:     0x563800021ac7 - <alloc::boxed::Box<F,A> as core::ops::function::Fn<Args>>::call::hdf1b89dd137ece34
[INFO] [stdout]                                at /rustc/84c898d65adf2f39a5a98507f1fe0ce10a2b8dbc/library/alloc/src/boxed.rs:2001:9
[INFO] [stdout]   11:     0x563800021ac7 - test::test_main::{{closure}}::h9081a79f20e75698
[INFO] [stdout]                                at /rustc/84c898d65adf2f39a5a98507f1fe0ce10a2b8dbc/library/test/src/lib.rs:135:21
[INFO] [stdout]   12:     0x563800ee6efd - <alloc::boxed::Box<F,A> as core::ops::function::Fn<Args>>::call::h6507bddc3eebb4a5
[INFO] [stdout]                                at /rustc/84c898d65adf2f39a5a98507f1fe0ce10a2b8dbc/library/alloc/src/boxed.rs:2001:9
[INFO] [stdout]   13:     0x563800ee6efd - std::panicking::rust_panic_with_hook::h50c09d000dc561d2
[INFO] [stdout]                                at /rustc/84c898d65adf2f39a5a98507f1fe0ce10a2b8dbc/library/std/src/panicking.rs:696:13
[INFO] [stdout]   14:     0x563800ee6c79 - std::panicking::begin_panic_handler::{{closure}}::h9e2b2176e00e0d9c
[INFO] [stdout]                                at /rustc/84c898d65adf2f39a5a98507f1fe0ce10a2b8dbc/library/std/src/panicking.rs:583:13
[INFO] [stdout]   15:     0x563800ee50a6 - std::sys_common::backtrace::__rust_end_short_backtrace::h5739b8e512c09d02
[INFO] [stdout]                                at /rustc/84c898d65adf2f39a5a98507f1fe0ce10a2b8dbc/library/std/src/sys_common/backtrace.rs:150:18
[INFO] [stdout]   16:     0x563800ee6982 - rust_begin_unwind
[INFO] [stdout]                                at /rustc/84c898d65adf2f39a5a98507f1fe0ce10a2b8dbc/library/std/src/panicking.rs:579:5
[INFO] [stdout]   17:     0x5637ffef0403 - core::panicking::panic_fmt::hf33a1475b4dc5c3e
[INFO] [stdout]                                at /rustc/84c898d65adf2f39a5a98507f1fe0ce10a2b8dbc/library/core/src/panicking.rs:64:14
[INFO] [stdout]   18:     0x5637ffef08b3 - core::result::unwrap_failed::hdff5465d74574b44
[INFO] [stdout]                                at /rustc/84c898d65adf2f39a5a98507f1fe0ce10a2b8dbc/library/core/src/result.rs:1750:5
[INFO] [stdout]   19:     0x5637fffe5463 - core::result::Result<T,E>::expect::h6aa7f16e9f5e0a61
[INFO] [stdout]                                at /rustc/84c898d65adf2f39a5a98507f1fe0ce10a2b8dbc/library/core/src/result.rs:1047:23
[INFO] [stdout]   20:     0x5637fffc06e2 - dwordle_backend::queries::word::get_word_for_date::{{closure}}::hbed40fab1a88fd2a
[INFO] [stdout]                                at /opt/rustwide/workdir/src/queries/word.rs:7:15
[INFO] [stdout]   21:     0x5637fff44e6a - dwordle_backend::routes::validation::get_word_to_guess_for::{{closure}}::h5a382ca87baa39ab
[INFO] [stdout]                                at /opt/rustwide/workdir/src/routes/validation.rs:128:9
[INFO] [stdout]   22:     0x5637fff43c5f - dwordle_backend::routes::validation::validate_word::{{closure}}::h49401c1d31c416f1
[INFO] [stdout]                                at /opt/rustwide/workdir/src/routes/validation.rs:58:9
[INFO] [stdout]   23:     0x5637fff4c7cd - actix_web::handler::handler_service::{{closure}}::{{closure}}::h6a151d1d7422bc7d
[INFO] [stdout]                                at /opt/rustwide/cargo-home/registry/src/github.com-1ecc6299db9ec823/actix-web-4.0.1/src/handler.rs:106:21
[INFO] [stdout]   24:     0x563800195ebe - <core::pin::Pin<P> as core::future::future::Future>::poll::h5a5749babef1e1b5
[INFO] [stdout]                                at /rustc/84c898d65adf2f39a5a98507f1fe0ce10a2b8dbc/library/core/src/future/future.rs:125:9
[INFO] [stdout]   25:     0x5638001aeaa7 - <actix_web::resource::Resource<T> as actix_web::service::HttpServiceFactory>::register::{{closure}}::{{closure}}::habd618ed63d4a95f
[INFO] [stdout]                                at /opt/rustwide/cargo-home/registry/src/github.com-1ecc6299db9ec823/actix-web-4.0.1/src/resource.rs:383:27
[INFO] [stdout]   26:     0x563800195ebe - <core::pin::Pin<P> as core::future::future::Future>::poll::h5a5749babef1e1b5
[INFO] [stdout]                                at /rustc/84c898d65adf2f39a5a98507f1fe0ce10a2b8dbc/library/core/src/future/future.rs:125:9
[INFO] [stdout]   27:     0x5637fff9b25e - <actix_service::map_err::MapErrFuture<A,Req,F,E> as core::future::future::Future>::poll::h79db44199da2ef71
[INFO] [stdout]                                at /opt/rustwide/cargo-home/registry/src/github.com-1ecc6299db9ec823/actix-service-2.0.2/src/map_err.rs:99:9
[INFO] [stdout]   28:     0x5637fff209bd - actix_http::h1::dispatcher::InnerDispatcher<T,S,B,X,U>::poll_response::hcdccc2fb0add12b8
[INFO] [stdout]                                at /opt/rustwide/cargo-home/registry/src/github.com-1ecc6299db9ec823/actix-http-3.0.4/src/h1/dispatcher.rs:469:27
[INFO] [stdout]   29:     0x5637fff2719d - <actix_http::h1::dispatcher::Dispatcher<T,S,B,X,U> as core::future::future::Future>::poll::he0401c0a46499606
[INFO] [stdout]                                at /opt/rustwide/cargo-home/registry/src/github.com-1ecc6299db9ec823/actix-http-3.0.4/src/h1/dispatcher.rs:1204:43
[INFO] [stdout]   30:     0x5637fffbf427 - <actix_http::service::HttpServiceHandlerResponse<T,S,B,X,U> as core::future::future::Future>::poll::hc23cd8de051bfb40
[INFO] [stdout]                                at /opt/rustwide/cargo-home/registry/src/github.com-1ecc6299db9ec823/actix-http-3.0.4/src/service.rs:650:45
[INFO] [stdout]   31:     0x5637fff3e227 - <actix_service::and_then::AndThenServiceResponse<A,B,Req> as core::future::future::Future>::poll::he1d9f8a94d25fb7e
[INFO] [stdout]                                at /opt/rustwide/cargo-home/registry/src/github.com-1ecc6299db9ec823/actix-service-2.0.2/src/and_then.rs:114:37
[INFO] [stdout]   32:     0x5637fffb2fe7 - <actix_server::service::StreamService<S,I> as actix_service::Service<(actix_server::worker::WorkerCounterGuard,actix_server::socket::MioStream)>>::call::{{closure}}::h7d9af0ff64456a8c
[INFO] [stdout]                                at /opt/rustwide/cargo-home/registry/src/github.com-1ecc6299db9ec823/actix-server-2.1.1/src/service.rs:75:30
[INFO] [stdout]   33:     0x5637fffa86d7 - tokio::runtime::task::core::CoreStage<T>::poll::{{closure}}::h5c03ac3749b5e8a3
[INFO] [stdout]                                at /opt/rustwide/cargo-home/registry/src/github.com-1ecc6299db9ec823/tokio-1.17.0/src/runtime/task/core.rs:161:17
[INFO] [stdout]   34:     0x5637fff0fb10 - tokio::loom::std::unsafe_cell::UnsafeCell<T>::with_mut::hfba31afb4855d38d
[INFO] [stdout]                                at /opt/rustwide/cargo-home/registry/src/github.com-1ecc6299db9ec823/tokio-1.17.0/src/loom/std/unsafe_cell.rs:14:9
[INFO] [stdout]   35:     0x5637fffa8437 - tokio::runtime::task::core::CoreStage<T>::poll::h4553716e692d1ac6
[INFO] [stdout]                                at /opt/rustwide/cargo-home/registry/src/github.com-1ecc6299db9ec823/tokio-1.17.0/src/runtime/task/core.rs:151:13
[INFO] [stdout]   36:     0x5637fff10734 - tokio::runtime::task::harness::poll_future::{{closure}}::hdd54e4ec5ccc9b90
[INFO] [stdout]                                at /opt/rustwide/cargo-home/registry/src/github.com-1ecc6299db9ec823/tokio-1.17.0/src/runtime/task/harness.rs:467:19
[INFO] [stdout]   37:     0x5637fffdf743 - <core::panic::unwind_safe::AssertUnwindSafe<F> as core::ops::function::FnOnce<()>>::call_once::h9385808525d8ee97
[INFO] [stdout]                                at /rustc/84c898d65adf2f39a5a98507f1fe0ce10a2b8dbc/library/core/src/panic/unwind_safe.rs:271:9
[INFO] [stdout]   38:     0x5637fff29cac - std::panicking::try::do_call::he1590e95a3f5909b
[INFO] [stdout]                                at /rustc/84c898d65adf2f39a5a98507f1fe0ce10a2b8dbc/library/std/src/panicking.rs:487:40
[INFO] [stdout]   39:     0x5637fff2aa6b - __rust_try
[INFO] [stdout]   40:     0x5637fff28827 - std::panicking::try::h711a9319c066fa83
[INFO] [stdout]                                at /rustc/84c898d65adf2f39a5a98507f1fe0ce10a2b8dbc/library/std/src/panicking.rs:451:19
[INFO] [stdout]   41:     0x5637fffc401a - std::panic::catch_unwind::h312ccac99cfaff73
[INFO] [stdout]                                at /rustc/84c898d65adf2f39a5a98507f1fe0ce10a2b8dbc/library/std/src/panic.rs:140:14
[INFO] [stdout]   42:     0x5637fff101db - tokio::runtime::task::harness::poll_future::hdaf306c065d84752
[INFO] [stdout]                                at /opt/rustwide/cargo-home/registry/src/github.com-1ecc6299db9ec823/tokio-1.17.0/src/runtime/task/harness.rs:455:18
[INFO] [stdout]   43:     0x5637fff1107b - tokio::runtime::task::harness::Harness<T,S>::poll_inner::hfbf9d0e761bd7c81
[INFO] [stdout]                                at /opt/rustwide/cargo-home/registry/src/github.com-1ecc6299db9ec823/tokio-1.17.0/src/runtime/task/harness.rs:103:27
[INFO] [stdout]   44:     0x5637fff12a53 - tokio::runtime::task::harness::Harness<T,S>::poll::hbfa4026699363025
[INFO] [stdout]                                at /opt/rustwide/cargo-home/registry/src/github.com-1ecc6299db9ec823/tokio-1.17.0/src/runtime/task/harness.rs:57:15
[INFO] [stdout]   45:     0x5637fffe81bb - tokio::runtime::task::raw::poll::h0a667c4b0431bad2
[INFO] [stdout]                                at /opt/rustwide/cargo-home/registry/src/github.com-1ecc6299db9ec823/tokio-1.17.0/src/runtime/task/raw.rs:128:5
[INFO] [stdout]   46:     0x563800d400c7 - tokio::runtime::task::raw::RawTask::poll::hffcc18e0ac676e30
[INFO] [stdout]                                at /opt/rustwide/cargo-home/registry/src/github.com-1ecc6299db9ec823/tokio-1.17.0/src/runtime/task/raw.rs:80:18
[INFO] [stdout]   47:     0x563800d409a2 - tokio::runtime::task::LocalNotified<S>::run::h1bda81c61f6bc12b
[INFO] [stdout]                                at /opt/rustwide/cargo-home/registry/src/github.com-1ecc6299db9ec823/tokio-1.17.0/src/runtime/task/mod.rs:347:9
[INFO] [stdout]   48:     0x563800d5cd5b - tokio::task::local::LocalSet::tick::{{closure}}::h48693d8d616d9cc8
[INFO] [stdout]                                at /opt/rustwide/cargo-home/registry/src/github.com-1ecc6299db9ec823/tokio-1.17.0/src/task/local.rs:523:54
[INFO] [stdout]   49:     0x563800d3f93c - tokio::coop::with_budget::{{closure}}::h05ae08d071a0703c
[INFO] [stdout]                                at /opt/rustwide/cargo-home/registry/src/github.com-1ecc6299db9ec823/tokio-1.17.0/src/coop.rs:102:9
[INFO] [stdout]   50:     0x563800d5341b - std::thread::local::LocalKey<T>::try_with::h7133c81c6ce38e91
[INFO] [stdout]                                at /rustc/84c898d65adf2f39a5a98507f1fe0ce10a2b8dbc/library/std/src/thread/local.rs:446:16
[INFO] [stdout]   51:     0x563800d524eb - std::thread::local::LocalKey<T>::with::hd0e21414d444a35d
[INFO] [stdout]                                at /rustc/84c898d65adf2f39a5a98507f1fe0ce10a2b8dbc/library/std/src/thread/local.rs:422:9
[INFO] [stdout]   52:     0x563800d5cd03 - tokio::coop::with_budget::h3384a358114cfd24
[INFO] [stdout]                                at /opt/rustwide/cargo-home/registry/src/github.com-1ecc6299db9ec823/tokio-1.17.0/src/coop.rs:95:5
[INFO] [stdout]   53:     0x563800d5cd03 - tokio::coop::budget::h217706f5d1667ca8
[INFO] [stdout]                                at /opt/rustwide/cargo-home/registry/src/github.com-1ecc6299db9ec823/tokio-1.17.0/src/coop.rs:72:5
[INFO] [stdout]   54:     0x563800d5cd03 - tokio::task::local::LocalSet::tick::h627ad223a6cf67a2
[INFO] [stdout]                                at /opt/rustwide/cargo-home/registry/src/github.com-1ecc6299db9ec823/tokio-1.17.0/src/task/local.rs:523:31
[INFO] [stdout]   55:     0x5638001f89af - <tokio::task::local::RunUntil<T> as core::future::future::Future>::poll::{{closure}}::h8ded522d76633fae
[INFO] [stdout]                                at /opt/rustwide/cargo-home/registry/src/github.com-1ecc6299db9ec823/tokio-1.17.0/src/task/local.rs:648:16
[INFO] [stdout]   56:     0x56380021c94f - tokio::macros::scoped_tls::ScopedKey<T>::set::h6bc5c5e85a463eb6
[INFO] [stdout]                                at /opt/rustwide/cargo-home/registry/src/github.com-1ecc6299db9ec823/tokio-1.17.0/src/macros/scoped_tls.rs:61:9
[INFO] [stdout]   57:     0x5638001f7c88 - tokio::task::local::LocalSet::with::hcf893d7a064ab0a8
[INFO] [stdout]                                at /opt/rustwide/cargo-home/registry/src/github.com-1ecc6299db9ec823/tokio-1.17.0/src/task/local.rs:561:9
[INFO] [stdout]   58:     0x5638001f872f - <tokio::task::local::RunUntil<T> as core::future::future::Future>::poll::h530a7bf8b5e1ace8
[INFO] [stdout]                                at /opt/rustwide/cargo-home/registry/src/github.com-1ecc6299db9ec823/tokio-1.17.0/src/task/local.rs:634:9
[INFO] [stdout]   59:     0x5638001f8251 - tokio::task::local::LocalSet::run_until::{{closure}}::he154512a90896ef3
[INFO] [stdout]                                at /opt/rustwide/cargo-home/registry/src/github.com-1ecc6299db9ec823/tokio-1.17.0/src/task/local.rs:507:18
[INFO] [stdout]   60:     0x5638001fe04d - <core::pin::Pin<P> as core::future::future::Future>::poll::h936272c1221a6c7b
[INFO] [stdout]                                at /rustc/84c898d65adf2f39a5a98507f1fe0ce10a2b8dbc/library/core/src/future/future.rs:125:9
[INFO] [stdout]   61:     0x5638001e90d6 - tokio::runtime::basic_scheduler::CoreGuard::block_on::{{closure}}::{{closure}}::{{closure}}::he79e0e75ec2f3780
[INFO] [stdout]                                at /opt/rustwide/cargo-home/registry/src/github.com-1ecc6299db9ec823/tokio-1.17.0/src/runtime/basic_scheduler.rs:498:48
[INFO] [stdout]   62:     0x56380025a574 - tokio::coop::with_budget::{{closure}}::hbb2f55fc71d466e6
[INFO] [stdout]                                at /opt/rustwide/cargo-home/registry/src/github.com-1ecc6299db9ec823/tokio-1.17.0/src/coop.rs:102:9
[INFO] [stdout]   63:     0x5638001fcd28 - std::thread::local::LocalKey<T>::try_with::hc442606ff4b7a522
[INFO] [stdout]                                at /rustc/84c898d65adf2f39a5a98507f1fe0ce10a2b8dbc/library/std/src/thread/local.rs:446:16
[INFO] [stdout]   64:     0x5638001fb67b - std::thread::local::LocalKey<T>::with::h0819cebd95def423
[INFO] [stdout]                                at /rustc/84c898d65adf2f39a5a98507f1fe0ce10a2b8dbc/library/std/src/thread/local.rs:422:9
[INFO] [stdout]   65:     0x5638001e904a - tokio::coop::with_budget::h6ee08e5e10a7919b
[INFO] [stdout]                                at /opt/rustwide/cargo-home/registry/src/github.com-1ecc6299db9ec823/tokio-1.17.0/src/coop.rs:95:5
[INFO] [stdout]   66:     0x5638001e904a - tokio::coop::budget::h3280ec2d8c26566f
[INFO] [stdout]                                at /opt/rustwide/cargo-home/registry/src/github.com-1ecc6299db9ec823/tokio-1.17.0/src/coop.rs:72:5
[INFO] [stdout]   67:     0x5638001e904a - tokio::runtime::basic_scheduler::CoreGuard::block_on::{{closure}}::{{closure}}::h125f8ee164d6bb9a
[INFO] [stdout]                                at /opt/rustwide/cargo-home/registry/src/github.com-1ecc6299db9ec823/tokio-1.17.0/src/runtime/basic_scheduler.rs:498:25
[INFO] [stdout]   68:     0x5638001e80d2 - tokio::runtime::basic_scheduler::Context::enter::hbccd78dbcb9e4ffe
[INFO] [stdout]                                at /opt/rustwide/cargo-home/registry/src/github.com-1ecc6299db9ec823/tokio-1.17.0/src/runtime/basic_scheduler.rs:356:19
[INFO] [stdout]   69:     0x5638001e8a7b - tokio::runtime::basic_scheduler::CoreGuard::block_on::{{closure}}::hd524645f42aeb56e
[INFO] [stdout]                                at /opt/rustwide/cargo-home/registry/src/github.com-1ecc6299db9ec823/tokio-1.17.0/src/runtime/basic_scheduler.rs:497:36
[INFO] [stdout]   70:     0x5638001e87bc - tokio::runtime::basic_scheduler::CoreGuard::enter::{{closure}}::h92cfedb840b05616
[INFO] [stdout]                                at /opt/rustwide/cargo-home/registry/src/github.com-1ecc6299db9ec823/tokio-1.17.0/src/runtime/basic_scheduler.rs:555:57
[INFO] [stdout]   71:     0x56380021ca5f - tokio::macros::scoped_tls::ScopedKey<T>::set::hcc359b1749da337e
[INFO] [stdout]                                at /opt/rustwide/cargo-home/registry/src/github.com-1ecc6299db9ec823/tokio-1.17.0/src/macros/scoped_tls.rs:61:9
[INFO] [stdout]   72:     0x5638001e8587 - tokio::runtime::basic_scheduler::CoreGuard::enter::h33aff2901e78b8b5
[INFO] [stdout]                                at /opt/rustwide/cargo-home/registry/src/github.com-1ecc6299db9ec823/tokio-1.17.0/src/runtime/basic_scheduler.rs:555:27
[INFO] [stdout]   73:     0x5638001e87e9 - tokio::runtime::basic_scheduler::CoreGuard::block_on::hfdba66ff32e1cb7a
[INFO] [stdout]                                at /opt/rustwide/cargo-home/registry/src/github.com-1ecc6299db9ec823/tokio-1.17.0/src/runtime/basic_scheduler.rs:488:9
[INFO] [stdout]   74:     0x5638001e77e0 - tokio::runtime::basic_scheduler::BasicScheduler::block_on::ha07fd73f8695bfb8
[INFO] [stdout]                                at /opt/rustwide/cargo-home/registry/src/github.com-1ecc6299db9ec823/tokio-1.17.0/src/runtime/basic_scheduler.rs:168:24
[INFO] [stdout]   75:     0x5638001fdd84 - tokio::runtime::Runtime::block_on::h444fecde7e98241d
[INFO] [stdout]                                at /opt/rustwide/cargo-home/registry/src/github.com-1ecc6299db9ec823/tokio-1.17.0/src/runtime/mod.rs:475:46
[INFO] [stdout]   76:     0x56380022ec11 - actix_server::worker::ServerWorker::start::{{closure}}::h560d01d4ef843f34
[INFO] [stdout]                                at /opt/rustwide/cargo-home/registry/src/github.com-1ecc6299db9ec823/actix-server-2.1.1/src/worker.rs:402:29
[INFO] [stdout]   77:     0x56380021f5c9 - std::sys_common::backtrace::__rust_begin_short_backtrace::h1babd920745b84ed
[INFO] [stdout]                                at /rustc/84c898d65adf2f39a5a98507f1fe0ce10a2b8dbc/library/std/src/sys_common/backtrace.rs:134:18
[INFO] [stdout]   78:     0x5638001edc80 - std::thread::Builder::spawn_unchecked_::{{closure}}::{{closure}}::h016b380a41f884f3
[INFO] [stdout]                                at /rustc/84c898d65adf2f39a5a98507f1fe0ce10a2b8dbc/library/std/src/thread/mod.rs:560:17
[INFO] [stdout]   79:     0x56380021f3c4 - <core::panic::unwind_safe::AssertUnwindSafe<F> as core::ops::function::FnOnce<()>>::call_once::h7b15e0b1d64b36be
[INFO] [stdout]                                at /rustc/84c898d65adf2f39a5a98507f1fe0ce10a2b8dbc/library/core/src/panic/unwind_safe.rs:271:9
[INFO] [stdout]   80:     0x563800257ac6 - std::panicking::try::do_call::h3e170c297fe45d33
[INFO] [stdout]                                at /rustc/84c898d65adf2f39a5a98507f1fe0ce10a2b8dbc/library/std/src/panicking.rs:487:40
[INFO] [stdout]   81:     0x56380025b39b - __rust_try
[INFO] [stdout]   82:     0x563800257158 - std::panicking::try::h66a9141e3b7ffa29
[INFO] [stdout]                                at /rustc/84c898d65adf2f39a5a98507f1fe0ce10a2b8dbc/library/std/src/panicking.rs:451:19
[INFO] [stdout]   83:     0x563800217c6a - std::panic::catch_unwind::he6f28abbba882417
[INFO] [stdout]                                at /rustc/84c898d65adf2f39a5a98507f1fe0ce10a2b8dbc/library/std/src/panic.rs:140:14
[INFO] [stdout]   84:     0x5638001ed5fa - std::thread::Builder::spawn_unchecked_::{{closure}}::h9d6efc30db6871f3
[INFO] [stdout]                                at /rustc/84c898d65adf2f39a5a98507f1fe0ce10a2b8dbc/library/std/src/thread/mod.rs:559:30
[INFO] [stdout]   85:     0x56380023db1f - core::ops::function::FnOnce::call_once{{vtable.shim}}::h88759adad37dcca5
[INFO] [stdout]                                at /rustc/84c898d65adf2f39a5a98507f1fe0ce10a2b8dbc/library/core/src/ops/function.rs:250:5
[INFO] [stdout]   86:     0x563800eeb433 - <alloc::boxed::Box<F,A> as core::ops::function::FnOnce<Args>>::call_once::h39990b24eedef2ab
[INFO] [stdout]                                at /rustc/84c898d65adf2f39a5a98507f1fe0ce10a2b8dbc/library/alloc/src/boxed.rs:1987:9
[INFO] [stdout]   87:     0x563800eeb433 - <alloc::boxed::Box<F,A> as core::ops::function::FnOnce<Args>>::call_once::h01a027258444143b
[INFO] [stdout]                                at /rustc/84c898d65adf2f39a5a98507f1fe0ce10a2b8dbc/library/alloc/src/boxed.rs:1987:9
[INFO] [stdout]   88:     0x563800eeb433 - std::sys::unix::thread::Thread::new::thread_start::ha4f1cdd9c25884ba
[INFO] [stdout]                                at /rustc/84c898d65adf2f39a5a98507f1fe0ce10a2b8dbc/library/std/src/sys/unix/thread.rs:108:17
[INFO] [stdout]   89:     0x7fd0a2e51b43 - <unknown>
[INFO] [stdout]   90:     0x7fd0a2ee2bb4 - __clone
[INFO] [stdout]   91:                0x0 - <unknown>
[INFO] [stdout] thread 'validation::validate_word_correct' panicked at 'Failed validating word: reqwest::Error { kind: Request, url: Url { scheme: "http", cannot_be_a_base: false, username: "", password: None, host: Some(Ipv4(127.0.0.1)), port: Some(36751), path: "/validate", query: None, fragment: None }, source: hyper::Error(IncompleteMessage) }', tests/api/validation.rs:17:10
[INFO] [stdout] stack backtrace:
[INFO] [stdout]    0:     0x563800ee4c3a - std::backtrace_rs::backtrace::libunwind::trace::ha9053a9a07ca49cb
[INFO] [stdout]                                at /rustc/84c898d65adf2f39a5a98507f1fe0ce10a2b8dbc/library/std/src/../../backtrace/src/backtrace/libunwind.rs:93:5
[INFO] [stdout]    1:     0x563800ee4c3a - std::backtrace_rs::backtrace::trace_unsynchronized::h9c2852a457ad564e
[INFO] [stdout]                                at /rustc/84c898d65adf2f39a5a98507f1fe0ce10a2b8dbc/library/std/src/../../backtrace/src/backtrace/mod.rs:66:5
[INFO] [stdout]    2:     0x563800ee4c3a - std::sys_common::backtrace::_print_fmt::h457936fbfaa0070f
[INFO] [stdout]                                at /rustc/84c898d65adf2f39a5a98507f1fe0ce10a2b8dbc/library/std/src/sys_common/backtrace.rs:65:5
[INFO] [stdout]    3:     0x563800ee4c3a - <std::sys_common::backtrace::_print::DisplayBacktrace as core::fmt::Display>::fmt::h5779d7bf7f70cb0c
[INFO] [stdout]                                at /rustc/84c898d65adf2f39a5a98507f1fe0ce10a2b8dbc/library/std/src/sys_common/backtrace.rs:44:22
[INFO] [stdout]    4:     0x563800f0eece - core::fmt::write::h5a4baaff1bcd3eb5
[INFO] [stdout]                                at /rustc/84c898d65adf2f39a5a98507f1fe0ce10a2b8dbc/library/core/src/fmt/mod.rs:1232:17
[INFO] [stdout]    5:     0x563800ee0f35 - std::io::Write::write_fmt::h478f79c628ef31d1
[INFO] [stdout]                                at /rustc/84c898d65adf2f39a5a98507f1fe0ce10a2b8dbc/library/std/src/io/mod.rs:1684:15
[INFO] [stdout]    6:     0x563800ee4a05 - std::sys_common::backtrace::_print::h5fcdc36060f177e8
[INFO] [stdout]                                at /rustc/84c898d65adf2f39a5a98507f1fe0ce10a2b8dbc/library/std/src/sys_common/backtrace.rs:47:5
[INFO] [stdout]    7:     0x563800ee4a05 - std::sys_common::backtrace::print::h54ca9458b876c8bf
[INFO] [stdout]                                at /rustc/84c898d65adf2f39a5a98507f1fe0ce10a2b8dbc/library/std/src/sys_common/backtrace.rs:34:9
[INFO] [stdout]    8:     0x563800ee67cf - std::panicking::default_hook::{{closure}}::hbe471161c7664ed6
[INFO] [stdout]                                at /rustc/84c898d65adf2f39a5a98507f1fe0ce10a2b8dbc/library/std/src/panicking.rs:271:22
[INFO] [stdout]    9:     0x563800ee648f - std::panicking::default_hook::ha3500da57aa4ac4f
[INFO] [stdout]                                at /rustc/84c898d65adf2f39a5a98507f1fe0ce10a2b8dbc/library/std/src/panicking.rs:287:9
[INFO] [stdout]   10:     0x563800021ac7 - <alloc::boxed::Box<F,A> as core::ops::function::Fn<Args>>::call::hdf1b89dd137ece34
[INFO] [stdout]                                at /rustc/84c898d65adf2f39a5a98507f1fe0ce10a2b8dbc/library/alloc/src/boxed.rs:2001:9
[INFO] [stdout]   11:     0x563800021ac7 - test::test_main::{{closure}}::h9081a79f20e75698
[INFO] [stdout]                                at /rustc/84c898d65adf2f39a5a98507f1fe0ce10a2b8dbc/library/test/src/lib.rs:135:21
[INFO] [stdout]   12:     0x563800ee6efd - <alloc::boxed::Box<F,A> as core::ops::function::Fn<Args>>::call::h6507bddc3eebb4a5
[INFO] [stdout]                                at /rustc/84c898d65adf2f39a5a98507f1fe0ce10a2b8dbc/library/alloc/src/boxed.rs:2001:9
[INFO] [stdout]   13:     0x563800ee6efd - std::panicking::rust_panic_with_hook::h50c09d000dc561d2
[INFO] [stdout]                                at /rustc/84c898d65adf2f39a5a98507f1fe0ce10a2b8dbc/library/std/src/panicking.rs:696:13
[INFO] [stdout]   14:     0x563800ee6c79 - std::panicking::begin_panic_handler::{{closure}}::h9e2b2176e00e0d9c
[INFO] [stdout]                                at /rustc/84c898d65adf2f39a5a98507f1fe0ce10a2b8dbc/library/std/src/panicking.rs:583:13
[INFO] [stdout]   15:     0x563800ee50a6 - std::sys_common::backtrace::__rust_end_short_backtrace::h5739b8e512c09d02
[INFO] [stdout]                                at /rustc/84c898d65adf2f39a5a98507f1fe0ce10a2b8dbc/library/std/src/sys_common/backtrace.rs:150:18
[INFO] [stdout]   16:     0x563800ee6982 - rust_begin_unwind
[INFO] [stdout]                                at /rustc/84c898d65adf2f39a5a98507f1fe0ce10a2b8dbc/library/std/src/panicking.rs:579:5
[INFO] [stdout]   17:     0x5637ffef0403 - core::panicking::panic_fmt::hf33a1475b4dc5c3e
[INFO] [stdout]                                at /rustc/84c898d65adf2f39a5a98507f1fe0ce10a2b8dbc/library/core/src/panicking.rs:64:14
[INFO] [stdout]   18:     0x5637ffef08b3 - core::result::unwrap_failed::hdff5465d74574b44
[INFO] [stdout]                                at /rustc/84c898d65adf2f39a5a98507f1fe0ce10a2b8dbc/library/core/src/result.rs:1750:5
[INFO] [stdout]   19:     0x5637fffe57df - core::result::Result<T,E>::expect::hfa3041accf9f156c
[INFO] [stdout]                                at /rustc/84c898d65adf2f39a5a98507f1fe0ce10a2b8dbc/library/core/src/result.rs:1047:23
[INFO] [stdout]   20:     0x5637fff87970 - api::validation::validate_word_correct::{{closure}}::he4edaa454f575d94
[INFO] [stdout]                                at /opt/rustwide/workdir/tests/api/validation.rs:9:20
[INFO] [stdout]   21:     0x5637fff9a6db - <core::pin::Pin<P> as core::future::future::Future>::poll::hd1326153497e9a12
[INFO] [stdout]                                at /rustc/84c898d65adf2f39a5a98507f1fe0ce10a2b8dbc/library/core/src/future/future.rs:125:9
[INFO] [stdout]   22:     0x5637fff866c4 - tokio::runtime::basic_scheduler::CoreGuard::block_on::{{closure}}::{{closure}}::{{closure}}::hb3123ce0f42c851b
[INFO] [stdout]                                at /opt/rustwide/cargo-home/registry/src/github.com-1ecc6299db9ec823/tokio-1.17.0/src/runtime/basic_scheduler.rs:498:48
[INFO] [stdout]   23:     0x5637fff013b0 - tokio::coop::with_budget::{{closure}}::h33e30ac7f7e4273e
[INFO] [stdout]                                at /opt/rustwide/cargo-home/registry/src/github.com-1ecc6299db9ec823/tokio-1.17.0/src/coop.rs:102:9
[INFO] [stdout]   24:     0x5637fffa27d4 - std::thread::local::LocalKey<T>::try_with::h25ffc398ff8b7247
[INFO] [stdout]                                at /rustc/84c898d65adf2f39a5a98507f1fe0ce10a2b8dbc/library/std/src/thread/local.rs:446:16
[INFO] [stdout]   25:     0x5637fffa1ffa - std::thread::local::LocalKey<T>::with::h0de5175944f97b0f
[INFO] [stdout]                                at /rustc/84c898d65adf2f39a5a98507f1fe0ce10a2b8dbc/library/std/src/thread/local.rs:422:9
[INFO] [stdout]   26:     0x5637fff864d6 - tokio::coop::with_budget::hffb921c7626e8470
[INFO] [stdout]                                at /opt/rustwide/cargo-home/registry/src/github.com-1ecc6299db9ec823/tokio-1.17.0/src/coop.rs:95:5
[INFO] [stdout]   27:     0x5637fff864d6 - tokio::coop::budget::h395e4acc613e98a5
[INFO] [stdout]                                at /opt/rustwide/cargo-home/registry/src/github.com-1ecc6299db9ec823/tokio-1.17.0/src/coop.rs:72:5
[INFO] [stdout]   28:     0x5637fff864d6 - tokio::runtime::basic_scheduler::CoreGuard::block_on::{{closure}}::{{closure}}::h806dd6b75d26d2a5
[INFO] [stdout]                                at /opt/rustwide/cargo-home/registry/src/github.com-1ecc6299db9ec823/tokio-1.17.0/src/runtime/basic_scheduler.rs:498:25
[INFO] [stdout]   29:     0x5637fff8219e - tokio::runtime::basic_scheduler::Context::enter::hd5e79cdc0ec81759
[INFO] [stdout]                                at /opt/rustwide/cargo-home/registry/src/github.com-1ecc6299db9ec823/tokio-1.17.0/src/runtime/basic_scheduler.rs:356:19
[INFO] [stdout]   30:     0x5637fff84697 - tokio::runtime::basic_scheduler::CoreGuard::block_on::{{closure}}::ha21e2acdd6870274
[INFO] [stdout]                                at /opt/rustwide/cargo-home/registry/src/github.com-1ecc6299db9ec823/tokio-1.17.0/src/runtime/basic_scheduler.rs:497:36
[INFO] [stdout]   31:     0x5637fff842fb - tokio::runtime::basic_scheduler::CoreGuard::enter::{{closure}}::h59a3382c594d4716
[INFO] [stdout]                                at /opt/rustwide/cargo-home/registry/src/github.com-1ecc6299db9ec823/tokio-1.17.0/src/runtime/basic_scheduler.rs:555:57
[INFO] [stdout]   32:     0x5637fffe76a7 - tokio::macros::scoped_tls::ScopedKey<T>::set::hb403848ef06b7ab3
[INFO] [stdout]                                at /opt/rustwide/cargo-home/registry/src/github.com-1ecc6299db9ec823/tokio-1.17.0/src/macros/scoped_tls.rs:61:9
[INFO] [stdout]   33:     0x5637fff83943 - tokio::runtime::basic_scheduler::CoreGuard::enter::h0d5a40b5791a891a
[INFO] [stdout]                                at /opt/rustwide/cargo-home/registry/src/github.com-1ecc6299db9ec823/tokio-1.17.0/src/runtime/basic_scheduler.rs:555:27
[INFO] [stdout]   34:     0x5637fff843c8 - tokio::runtime::basic_scheduler::CoreGuard::block_on::h6e9a21abbe0c430e
[INFO] [stdout]                                at /opt/rustwide/cargo-home/registry/src/github.com-1ecc6299db9ec823/tokio-1.17.0/src/runtime/basic_scheduler.rs:488:9
[INFO] [stdout]   35:     0x5637fff800d8 - tokio::runtime::basic_scheduler::BasicScheduler::block_on::h9d33596d57f163e8
[INFO] [stdout]                                at /opt/rustwide/cargo-home/registry/src/github.com-1ecc6299db9ec823/tokio-1.17.0/src/runtime/basic_scheduler.rs:168:24
[INFO] [stdout]   36:     0x5637fffd9850 - tokio::runtime::Runtime::block_on::h84e177f56affa58f
[INFO] [stdout]                                at /opt/rustwide/cargo-home/registry/src/github.com-1ecc6299db9ec823/tokio-1.17.0/src/runtime/mod.rs:475:46
[INFO] [stdout]   37:     0x5637fff86f6c - api::validation::validate_word_correct::h1697a82a61fc8974
[INFO] [stdout]                                at /opt/rustwide/workdir/tests/api/validation.rs:21:5
[INFO] [stdout]   38:     0x5637fff86e27 - api::validation::validate_word_correct::{{closure}}::h4f575554e8424eaf
[INFO] [stdout]                                at /opt/rustwide/workdir/tests/api/validation.rs:5:34
[INFO] [stdout]   39:     0x5637fff8eb65 - core::ops::function::FnOnce::call_once::h6945e052154e3333
[INFO] [stdout]                                at /rustc/84c898d65adf2f39a5a98507f1fe0ce10a2b8dbc/library/core/src/ops/function.rs:250:5
[INFO] [stdout]   40:     0x563800026eaf - core::ops::function::FnOnce::call_once::h7d969581be7d0075
[INFO] [stdout]                                at /rustc/84c898d65adf2f39a5a98507f1fe0ce10a2b8dbc/library/core/src/ops/function.rs:250:5
[INFO] [stdout]   41:     0x563800026eaf - test::__rust_begin_short_backtrace::hca25a52684e56655
[INFO] [stdout]                                at /rustc/84c898d65adf2f39a5a98507f1fe0ce10a2b8dbc/library/test/src/lib.rs:656:18
[INFO] [stdout]   42:     0x5637ffff84cc - test::run_test::{{closure}}::ha8ac744c4af1a4bb
[INFO] [stdout]                                at /rustc/84c898d65adf2f39a5a98507f1fe0ce10a2b8dbc/library/test/src/lib.rs:647:30
[INFO] [stdout]   43:     0x5637ffff84cc - core::ops::function::FnOnce::call_once{{vtable.shim}}::h7b411a9ed45bdecf
[INFO] [stdout]                                at /rustc/84c898d65adf2f39a5a98507f1fe0ce10a2b8dbc/library/core/src/ops/function.rs:250:5
[INFO] [stdout]   44:     0x563800025e76 - <alloc::boxed::Box<F,A> as core::ops::function::FnOnce<Args>>::call_once::hd05328869a8ed200
[INFO] [stdout]                                at /rustc/84c898d65adf2f39a5a98507f1fe0ce10a2b8dbc/library/alloc/src/boxed.rs:1987:9
[INFO] [stdout]   45:     0x563800025e76 - <core::panic::unwind_safe::AssertUnwindSafe<F> as core::ops::function::FnOnce<()>>::call_once::h0c601ce20bd5b2be
[INFO] [stdout]                                at /rustc/84c898d65adf2f39a5a98507f1fe0ce10a2b8dbc/library/core/src/panic/unwind_safe.rs:271:9
[INFO] [stdout]   46:     0x563800025e76 - std::panicking::try::do_call::ha4be5c164fe30854
[INFO] [stdout]                                at /rustc/84c898d65adf2f39a5a98507f1fe0ce10a2b8dbc/library/std/src/panicking.rs:487:40
[INFO] [stdout]   47:     0x563800025e76 - std::panicking::try::h604546f3609af05f
[INFO] [stdout]                                at /rustc/84c898d65adf2f39a5a98507f1fe0ce10a2b8dbc/library/std/src/panicking.rs:451:19
[INFO] [stdout]   48:     0x563800025e76 - std::panic::catch_unwind::h5bfa8afe44c9c2f9
[INFO] [stdout]                                at /rustc/84c898d65adf2f39a5a98507f1fe0ce10a2b8dbc/library/std/src/panic.rs:140:14
[INFO] [stdout]   49:     0x563800025e76 - test::run_test_in_process::hd50dee55dd63e6aa
[INFO] [stdout]                                at /rustc/84c898d65adf2f39a5a98507f1fe0ce10a2b8dbc/library/test/src/lib.rs:679:27
[INFO] [stdout]   50:     0x563800025e76 - test::run_test::run_test_inner::{{closure}}::h4aa0f433aa85cea8
[INFO] [stdout]                                at /rustc/84c898d65adf2f39a5a98507f1fe0ce10a2b8dbc/library/test/src/lib.rs:573:39
[INFO] [stdout]   51:     0x5637ffff2b41 - test::run_test::run_test_inner::{{closure}}::had56431adf24b4d6
[INFO] [stdout]                                at /rustc/84c898d65adf2f39a5a98507f1fe0ce10a2b8dbc/library/test/src/lib.rs:600:37
[INFO] [stdout]   52:     0x5637ffff2b41 - std::sys_common::backtrace::__rust_begin_short_backtrace::ha8d9890e0c73bf13
[INFO] [stdout]                                at /rustc/84c898d65adf2f39a5a98507f1fe0ce10a2b8dbc/library/std/src/sys_common/backtrace.rs:134:18
[INFO] [stdout]   53:     0x5637ffff855b - std::thread::Builder::spawn_unchecked_::{{closure}}::{{closure}}::h251832bcb4a95327
[INFO] [stdout]                                at /rustc/84c898d65adf2f39a5a98507f1fe0ce10a2b8dbc/library/std/src/thread/mod.rs:560:17
[INFO] [stdout]   54:     0x5637ffff855b - <core::panic::unwind_safe::AssertUnwindSafe<F> as core::ops::function::FnOnce<()>>::call_once::h8fdff598fa414831
[INFO] [stdout]                                at /rustc/84c898d65adf2f39a5a98507f1fe0ce10a2b8dbc/library/core/src/panic/unwind_safe.rs:271:9
[INFO] [stdout]   55:     0x5637ffff855b - std::panicking::try::do_call::h455dd2f7764a950f
[INFO] [stdout]                                at /rustc/84c898d65adf2f39a5a98507f1fe0ce10a2b8dbc/library/std/src/panicking.rs:487:40
[INFO] [stdout]   56:     0x5637ffff855b - std::panicking::try::had6f23b7b73ae72a
[INFO] [stdout]                                at /rustc/84c898d65adf2f39a5a98507f1fe0ce10a2b8dbc/library/std/src/panicking.rs:451:19
[INFO] [stdout]   57:     0x5637ffff855b - std::panic::catch_unwind::ha6a5ca3915b4dad0
[INFO] [stdout]                                at /rustc/84c898d65adf2f39a5a98507f1fe0ce10a2b8dbc/library/std/src/panic.rs:140:14
[INFO] [stdout]   58:     0x5637ffff855b - std::thread::Builder::spawn_unchecked_::{{closure}}::h883b72ef75da6231
[INFO] [stdout]                                at /rustc/84c898d65adf2f39a5a98507f1fe0ce10a2b8dbc/library/std/src/thread/mod.rs:559:30
[INFO] [stdout]   59:     0x5637ffff855b - core::ops::function::FnOnce::call_once{{vtable.shim}}::hb7dff73dc8bd2ccb
[INFO] [stdout]                                at /rustc/84c898d65adf2f39a5a98507f1fe0ce10a2b8dbc/library/core/src/ops/function.rs:250:5
[INFO] [stdout]   60:     0x563800eeb433 - <alloc::boxed::Box<F,A> as core::ops::function::FnOnce<Args>>::call_once::h39990b24eedef2ab
[INFO] [stdout]                                at /rustc/84c898d65adf2f39a5a98507f1fe0ce10a2b8dbc/library/alloc/src/boxed.rs:1987:9
[INFO] [stdout]   61:     0x563800eeb433 - <alloc::boxed::Box<F,A> as core::ops::function::FnOnce<Args>>::call_once::h01a027258444143b
[INFO] [stdout]                                at /rustc/84c898d65adf2f39a5a98507f1fe0ce10a2b8dbc/library/alloc/src/boxed.rs:1987:9
[INFO] [stdout]   62:     0x563800eeb433 - std::sys::unix::thread::Thread::new::thread_start::ha4f1cdd9c25884ba
[INFO] [stdout]                                at /rustc/84c898d65adf2f39a5a98507f1fe0ce10a2b8dbc/library/std/src/sys/unix/thread.rs:108:17
[INFO] [stdout]   63:     0x7fd0a2e51b43 - <unknown>
[INFO] [stdout]   64:     0x7fd0a2ee2bb4 - __clone
[INFO] [stdout]   65:                0x0 - <unknown>
[INFO] [stdout] 
[INFO] [stdout] 
[INFO] [stdout] failures:
[INFO] [stdout]     validation::validate_word_correct
[INFO] [stdout]     validation::validate_word_incorrect
[INFO] [stdout]     validation::validate_word_some_correct
[INFO] [stdout] 
[INFO] [stdout] test result: FAILED. 1 passed; 3 failed; 0 ignored; 0 measured; 0 filtered out; finished in 0.10s
[INFO] [stdout] 
[INFO] [stderr] error: test failed, to rerun pass `--test api`
[INFO] running `Command { std: "docker" "inspect" "40f6a692904a0ea8d610120eee8c60d730d0acd572c75247c7c2c3837df78f39", kill_on_drop: false }`
[INFO] running `Command { std: "docker" "rm" "-f" "40f6a692904a0ea8d610120eee8c60d730d0acd572c75247c7c2c3837df78f39", kill_on_drop: false }`
[INFO] [stdout] 40f6a692904a0ea8d610120eee8c60d730d0acd572c75247c7c2c3837df78f39
