[INFO] cloning repository https://github.com/DSpeckhals/receptus
[INFO] running `Command { std: "git" "-c" "credential.helper=" "-c" "credential.helper=/workspace/cargo-home/bin/git-credential-null" "clone" "--bare" "https://github.com/DSpeckhals/receptus" "/workspace/cache/git-repos/https%3A%2F%2Fgithub.com%2FDSpeckhals%2Freceptus", kill_on_drop: false }`
[INFO] [stderr] Cloning into bare repository '/workspace/cache/git-repos/https%3A%2F%2Fgithub.com%2FDSpeckhals%2Freceptus'...
[INFO] running `Command { std: "git" "rev-parse" "HEAD", kill_on_drop: false }`
[INFO] [stdout] 21491f833ad3070b36e4f6a513c44afda16a95a0
[INFO] testing DSpeckhals/receptus against beta-2023-04-20 for beta-1.70-1
[INFO] running `Command { std: "git" "clone" "/workspace/cache/git-repos/https%3A%2F%2Fgithub.com%2FDSpeckhals%2Freceptus" "/workspace/builds/worker-3-tc2/source", kill_on_drop: false }`
[INFO] [stderr] Cloning into '/workspace/builds/worker-3-tc2/source'...
[INFO] [stderr] done.
[INFO] validating manifest of git repo https://github.com/DSpeckhals/receptus on toolchain beta-2023-04-20
[INFO] running `Command { std: CARGO_HOME="/workspace/cargo-home" RUSTUP_HOME="/workspace/rustup-home" "/workspace/cargo-home/bin/cargo" "+beta-2023-04-20" "metadata" "--manifest-path" "Cargo.toml" "--no-deps", kill_on_drop: false }`
[INFO] started tweaking git repo https://github.com/DSpeckhals/receptus
[INFO] finished tweaking git repo https://github.com/DSpeckhals/receptus
[INFO] tweaked toml for git repo https://github.com/DSpeckhals/receptus written to /workspace/builds/worker-3-tc2/source/Cargo.toml
[INFO] crate git repo https://github.com/DSpeckhals/receptus already has a lockfile, it will not be regenerated
[INFO] running `Command { std: CARGO_HOME="/workspace/cargo-home" RUSTUP_HOME="/workspace/rustup-home" "/workspace/cargo-home/bin/cargo" "+beta-2023-04-20" "fetch" "--manifest-path" "Cargo.toml", kill_on_drop: false }`
[INFO] [stderr]     Updating crates.io index
[INFO] [stderr]  Downloading crates ...
[INFO] [stderr]   Downloaded semver v1.0.10
[INFO] [stderr]   Downloaded os_info v3.5.1
[INFO] [stderr]   Downloaded migrations_internals v2.0.0
[INFO] [stderr]   Downloaded migrations_macros v2.0.0
[INFO] [stderr]   Downloaded sentry-contexts v0.29.1
[INFO] [stderr]   Downloaded diesel_derives v2.0.1
[INFO] [stderr]   Downloaded diesel v2.0.2
[INFO] [stderr]   Downloaded actix-files v0.6.2
[INFO] [stderr]   Downloaded handlebars v4.3.6
[INFO] [stderr]   Downloaded actix-web-codegen v4.1.0
[INFO] [stderr]   Downloaded bytestring v1.1.0
[INFO] [stderr]   Downloaded zstd-sys v2.0.1+zstd.1.5.2
[INFO] [stderr]   Downloaded sentry-backtrace v0.29.1
[INFO] [stderr]   Downloaded sentry-panic v0.29.1
[INFO] [stderr]   Downloaded ureq v2.6.1
[INFO] [stderr]   Downloaded sentry v0.29.1
[INFO] [stderr]   Downloaded sentry-types v0.29.1
[INFO] [stderr]   Downloaded sentry-core v0.29.1
[INFO] [stderr]   Downloaded unicode-normalization v0.1.20
[INFO] [stderr]   Downloaded diesel_migrations v2.0.0
[INFO] [stderr]   Downloaded sentry-actix v0.29.1
[INFO] running `Command { std: "docker" "create" "-v" "/var/lib/crater-agent-workspace/builds/worker-3-tc2/target:/opt/rustwide/target:rw,Z" "-v" "/var/lib/crater-agent-workspace/builds/worker-3-tc2/source:/opt/rustwide/workdir:ro,Z" "-v" "/var/lib/crater-agent-workspace/cargo-home:/opt/rustwide/cargo-home:ro,Z" "-v" "/var/lib/crater-agent-workspace/rustup-home:/opt/rustwide/rustup-home:ro,Z" "-e" "SOURCE_DIR=/opt/rustwide/workdir" "-e" "CARGO_TARGET_DIR=/opt/rustwide/target" "-e" "CARGO_HOME=/opt/rustwide/cargo-home" "-e" "RUSTUP_HOME=/opt/rustwide/rustup-home" "-w" "/opt/rustwide/workdir" "-m" "1610612736" "--user" "0:0" "--network" "none" "ghcr.io/rust-lang/crates-build-env/linux@sha256:5ff2268d62e97bff2cde7d5815dd6ed5b47097566f13b8d0ca110b04b60e07ed" "/opt/rustwide/cargo-home/bin/cargo" "+beta-2023-04-20" "metadata" "--no-deps" "--format-version=1", kill_on_drop: false }`
[INFO] [stdout] 7dbe8b1859022c70cb3634f863ad05b2fc86d4875beda4dc6fac20e7561e8a14
[INFO] running `Command { std: "docker" "start" "-a" "7dbe8b1859022c70cb3634f863ad05b2fc86d4875beda4dc6fac20e7561e8a14", kill_on_drop: false }`
[INFO] running `Command { std: "docker" "inspect" "7dbe8b1859022c70cb3634f863ad05b2fc86d4875beda4dc6fac20e7561e8a14", kill_on_drop: false }`
[INFO] running `Command { std: "docker" "rm" "-f" "7dbe8b1859022c70cb3634f863ad05b2fc86d4875beda4dc6fac20e7561e8a14", kill_on_drop: false }`
[INFO] [stdout] 7dbe8b1859022c70cb3634f863ad05b2fc86d4875beda4dc6fac20e7561e8a14
[INFO] running `Command { std: "docker" "create" "-v" "/var/lib/crater-agent-workspace/builds/worker-3-tc2/target:/opt/rustwide/target:rw,Z" "-v" "/var/lib/crater-agent-workspace/builds/worker-3-tc2/source:/opt/rustwide/workdir:ro,Z" "-v" "/var/lib/crater-agent-workspace/cargo-home:/opt/rustwide/cargo-home:ro,Z" "-v" "/var/lib/crater-agent-workspace/rustup-home:/opt/rustwide/rustup-home:ro,Z" "-e" "SOURCE_DIR=/opt/rustwide/workdir" "-e" "CARGO_TARGET_DIR=/opt/rustwide/target" "-e" "CARGO_INCREMENTAL=0" "-e" "RUST_BACKTRACE=full" "-e" "RUSTFLAGS=--cap-lints=warn" "-e" "RUSTDOCFLAGS=--cap-lints=warn" "-e" "CARGO_HOME=/opt/rustwide/cargo-home" "-e" "RUSTUP_HOME=/opt/rustwide/rustup-home" "-w" "/opt/rustwide/workdir" "-m" "1610612736" "--user" "0:0" "--network" "none" "ghcr.io/rust-lang/crates-build-env/linux@sha256:5ff2268d62e97bff2cde7d5815dd6ed5b47097566f13b8d0ca110b04b60e07ed" "/opt/rustwide/cargo-home/bin/cargo" "+beta-2023-04-20" "build" "--frozen" "--message-format=json", kill_on_drop: false }`
[INFO] [stdout] 57ed2a8b6bcaec59e7c7b0663ad32869193d82def68ee76b65b2cf7fcd679d86
[INFO] running `Command { std: "docker" "start" "-a" "57ed2a8b6bcaec59e7c7b0663ad32869193d82def68ee76b65b2cf7fcd679d86", kill_on_drop: false }`
[INFO] [stderr]    Compiling libc v0.2.139
[INFO] [stderr]    Compiling cfg-if v1.0.0
[INFO] [stderr]    Compiling proc-macro2 v1.0.49
[INFO] [stderr]    Compiling quote v1.0.20
[INFO] [stderr]    Compiling unicode-ident v1.0.1
[INFO] [stderr]    Compiling syn v1.0.107
[INFO] [stderr]    Compiling memchr v2.5.0
[INFO] [stderr]    Compiling version_check v0.9.4
[INFO] [stderr]    Compiling autocfg v1.1.0
[INFO] [stderr]    Compiling log v0.4.17
[INFO] [stderr]    Compiling serde_derive v1.0.152
[INFO] [stderr]    Compiling once_cell v1.12.0
[INFO] [stderr]    Compiling serde v1.0.152
[INFO] [stderr]    Compiling lock_api v0.4.7
[INFO] [stderr]    Compiling parking_lot_core v0.9.3
[INFO] [stderr]    Compiling smallvec v1.8.1
[INFO] [stderr]    Compiling scopeguard v1.1.0
[INFO] [stderr]    Compiling bitflags v1.3.2
[INFO] [stderr]    Compiling itoa v1.0.2
[INFO] [stderr]    Compiling pin-project-lite v0.2.9
[INFO] [stderr]    Compiling bytes v1.1.0
[INFO] [stderr]    Compiling futures-core v0.3.21
[INFO] [stderr]    Compiling aho-corasick v0.7.18
[INFO] [stderr]    Compiling regex-syntax v0.6.26
[INFO] [stderr]    Compiling pkg-config v0.3.25
[INFO] [stderr]    Compiling percent-encoding v2.2.0
[INFO] [stderr]    Compiling tinyvec_macros v0.1.0
[INFO] [stderr]    Compiling futures-task v0.3.21
[INFO] [stderr]    Compiling tinyvec v1.6.0
[INFO] [stderr]    Compiling jobserver v0.1.24
[INFO] [stderr]    Compiling getrandom v0.2.7
[INFO] [stderr]    Compiling cc v1.0.73
[INFO] [stderr]    Compiling parking_lot v0.12.1
[INFO] [stderr]    Compiling signal-hook-registry v1.4.0
[INFO] [stderr]    Compiling socket2 v0.4.4
[INFO] [stderr]    Compiling num_cpus v1.15.0
[INFO] [stderr]    Compiling mio v0.8.4
[INFO] [stderr]    Compiling tracing-core v0.1.28
[INFO] [stderr]    Compiling fnv v1.0.7
[INFO] [stderr]    Compiling ryu v1.0.10
[INFO] [stderr]    Compiling serde_json v1.0.91
[INFO] [stderr]    Compiling futures-util v0.3.21
[INFO] [stderr]    Compiling http v0.2.8
[INFO] [stderr]    Compiling regex v1.5.6
[INFO] [stderr]    Compiling tokio v1.19.2
[INFO] [stderr]    Compiling tracing v0.1.35
[INFO] [stderr]    Compiling unicode-normalization v0.1.20
[INFO] [stderr]    Compiling form_urlencoded v1.1.0
[INFO] [stderr]    Compiling slab v0.4.6
[INFO] [stderr]    Compiling unicode-bidi v0.3.8
[INFO] [stderr]    Compiling futures-io v0.3.21
[INFO] [stderr]    Compiling futures-sink v0.3.21
[INFO] [stderr]    Compiling pin-utils v0.1.0
[INFO] [stderr]    Compiling glob v0.3.0
[INFO] [stderr]    Compiling thiserror v1.0.38
[INFO] [stderr]    Compiling idna v0.3.0
[INFO] [stderr]    Compiling clang-sys v1.3.3
[INFO] [stderr]    Compiling rand_core v0.6.3
[INFO] [stderr]    Compiling indexmap v1.9.1
[INFO] [stderr]    Compiling ppv-lite86 v0.2.16
[INFO] [stderr]    Compiling typenum v1.15.0
[INFO] [stderr]    Compiling time-macros v0.2.4
[INFO] [stderr]    Compiling num_threads v0.1.6
[INFO] [stderr]    Compiling rand_chacha v0.3.1
[INFO] [stderr]    Compiling openssl-sys v0.9.74
[INFO] [stderr]    Compiling generic-array v0.14.5
[INFO] [stderr]    Compiling proc-macro-error-attr v1.0.4
[INFO] [stderr]    Compiling hashbrown v0.12.1
[INFO] [stderr]    Compiling adler v1.0.2
[INFO] [stderr]    Compiling minimal-lexical v0.2.1
[INFO] [stderr]    Compiling httparse v1.7.1
[INFO] [stderr]    Compiling lazy_static v1.4.0
[INFO] [stderr]    Compiling nom v7.1.1
[INFO] [stderr]    Compiling miniz_oxide v0.5.3
[INFO] [stderr]    Compiling time v0.3.11
[INFO] [stderr]    Compiling tokio-util v0.7.3
[INFO] [stderr]    Compiling rand v0.8.5
[INFO] [stderr]    Compiling zstd-sys v2.0.1+zstd.1.5.2
[INFO] [stderr]    Compiling proc-macro-error v1.0.4
[INFO] [stderr]    Compiling libloading v0.7.3
[INFO] [stderr]    Compiling bindgen v0.59.2
[INFO] [stderr]    Compiling thiserror-impl v1.0.38
[INFO] [stderr]    Compiling h2 v0.3.13
[INFO] [stderr]    Compiling cexpr v0.6.0
[INFO] [stderr]    Compiling httpdate v1.0.2
[INFO] [stderr]    Compiling peeking_take_while v0.1.2
[INFO] [stderr]    Compiling rustc-hash v1.1.0
[INFO] [stderr]    Compiling io-lifetimes v1.0.3
[INFO] [stderr]    Compiling shlex v1.1.0
[INFO] [stderr]    Compiling encoding_rs v0.8.31
[INFO] [stderr]    Compiling lazycell v1.3.0
[INFO] [stderr]    Compiling zstd-safe v5.0.2+zstd.1.5.2
[INFO] [stderr]    Compiling foreign-types-shared v0.1.1
[INFO] [stderr]    Compiling alloc-no-stdlib v2.0.3
[INFO] [stderr]    Compiling openssl v0.10.40
[INFO] [stderr]    Compiling crc32fast v1.3.2
[INFO] [stderr]    Compiling vcpkg v0.2.15
[INFO] [stderr]    Compiling rustix v0.36.6
[INFO] [stderr]    Compiling hex v0.4.3
[INFO] [stderr]    Compiling local-waker v0.1.3
[INFO] [stderr]    Compiling mime v0.3.16
[INFO] [stderr]    Compiling semver v1.0.10
[INFO] [stderr]    Compiling alloc-stdlib v0.2.1
[INFO] [stderr]    Compiling foreign-types v0.3.2
[INFO] [stderr]    Compiling block-buffer v0.10.2
[INFO] [stderr]    Compiling crypto-common v0.1.3
[INFO] [stderr]    Compiling openssl-macros v0.1.0
[INFO] [stderr]    Compiling bytestring v1.1.0
[INFO] [stderr]    Compiling ahash v0.7.6
[INFO] [stderr]    Compiling unicase v2.6.0
[INFO] [stderr]    Compiling base64 v0.13.0
[INFO] [stderr]    Compiling paste v1.0.7
[INFO] [stderr]    Compiling futures-channel v0.3.21
[INFO] [stderr]    Compiling linux-raw-sys v0.1.4
[INFO] [stderr]    Compiling native-tls v0.2.10
[INFO] [stderr]    Compiling actix-service v2.0.2
[INFO] [stderr]    Compiling digest v0.10.3
[INFO] [stderr]    Compiling brotli-decompressor v2.3.2
[INFO] [stderr]    Compiling actix-utils v3.0.0
[INFO] [stderr]    Compiling actix-rt v2.7.0
[INFO] [stderr]    Compiling backtrace v0.3.65
[INFO] [stderr]    Compiling scheduled-thread-pool v0.2.6
[INFO] [stderr]    Compiling cookie v0.16.0
[INFO] [stderr]    Compiling ucd-trie v0.1.3
[INFO] [stderr]    Compiling openssl-probe v0.1.5
[INFO] [stderr]    Compiling gimli v0.26.1
[INFO] [stderr]    Compiling firestorm v0.5.1
[INFO] [stderr]    Compiling convert_case v0.4.0
[INFO] [stderr]    Compiling cpufeatures v0.2.2
[INFO] [stderr]    Compiling try-lock v0.2.3
[INFO] [stderr]    Compiling pest v2.1.3
[INFO] [stderr]    Compiling sha1 v0.10.1
[INFO] [stderr]    Compiling want v0.3.0
[INFO] [stderr]    Compiling r2d2 v0.8.10
[INFO] [stderr]    Compiling derive_more v0.99.17
[INFO] [stderr]    Compiling brotli v3.3.4
[INFO] [stderr]    Compiling url v2.3.1
[INFO] [stderr]    Compiling uuid v1.1.2
[INFO] [stderr]    Compiling debugid v0.8.0
[INFO] [stderr]    Compiling libsqlite3-sys v0.24.2
[INFO] [stderr]    Compiling toml v0.5.9
[INFO] [stderr]    Compiling serde_urlencoded v0.7.1
[INFO] [stderr]    Compiling sentry-types v0.29.1
[INFO] [stderr]    Compiling actix-router v0.5.0
[INFO] [stderr]    Compiling addr2line v0.17.0
[INFO] [stderr]    Compiling is-terminal v0.4.2
[INFO] [stderr]    Compiling flate2 v1.0.24
[INFO] [stderr]    Compiling rustc_version v0.4.0
[INFO] [stderr]    Compiling migrations_internals v2.0.0
[INFO] [stderr]    Compiling local-channel v0.1.3
[INFO] [stderr]    Compiling diesel_derives v2.0.1
[INFO] [stderr]    Compiling actix-codec v0.5.0
[INFO] [stderr]    Compiling http-body v0.4.5
[INFO] [stderr]    Compiling object v0.28.4
[INFO] [stderr]    Compiling termcolor v1.1.3
[INFO] [stderr]    Compiling maplit v1.0.2
[INFO] [stderr]    Compiling tower-service v0.3.2
[INFO] [stderr]    Compiling language-tags v0.3.2
[INFO] [stderr]    Compiling rustc-demangle v0.1.21
[INFO] [stderr]    Compiling sentry-core v0.29.1
[INFO] [stderr]    Compiling hyper v0.14.19
[INFO] [stderr]    Compiling pest_meta v2.1.3
[INFO] [stderr]    Compiling migrations_macros v2.0.0
[INFO] [stderr]    Compiling mime_guess v2.0.4
[INFO] [stderr]    Compiling sentry-contexts v0.29.1
[INFO] [stderr]    Compiling actix-web-codegen v4.1.0
[INFO] [stderr]    Compiling tokio-native-tls v0.3.0
[INFO] [stderr]    Compiling actix-server v2.1.1
[INFO] [stderr]    Compiling actix-macros v0.2.3
[INFO] [stderr]    Compiling humantime v2.1.0
[INFO] [stderr]    Compiling match_cfg v0.1.0
[INFO] [stderr]    Compiling hostname v0.3.1
[INFO] [stderr]    Compiling env_logger v0.10.0
[INFO] [stderr]    Compiling sentry-backtrace v0.29.1
[INFO] [stderr]    Compiling hyper-tls v0.5.0
[INFO] [stderr]    Compiling pest_generator v2.1.3
[INFO] [stderr]    Compiling uname v0.1.1
[INFO] [stderr]    Compiling ipnet v2.5.0
[INFO] [stderr]    Compiling heck v0.4.0
[INFO] [stderr]    Compiling diesel v2.0.2
[INFO] [stderr]    Compiling same-file v1.0.6
[INFO] [stderr]    Compiling os_str_bytes v6.1.0
[INFO] [stderr]    Compiling clap_derive v4.0.21
[INFO] [stderr]    Compiling walkdir v2.3.2
[INFO] [stderr]    Compiling clap_lex v0.3.0
[INFO] [stderr]    Compiling reqwest v0.11.11
[INFO] [stderr]    Compiling pest_derive v2.1.0
[INFO] [stderr]    Compiling sentry-panic v0.29.1
[INFO] [stderr]    Compiling dotenv v0.15.0
[INFO] [stderr]    Compiling strsim v0.10.0
[INFO] [stderr]    Compiling http-range v0.1.5
[INFO] [stderr]    Compiling askama_escape v0.10.3
[INFO] [stderr]    Compiling handlebars v4.3.6
[INFO] [stderr]    Compiling sentry v0.29.1
[INFO] [stderr]    Compiling clap v4.0.32
[INFO] [stderr]    Compiling diesel_migrations v2.0.0
[INFO] [stderr]    Compiling db v0.1.0 (/opt/rustwide/workdir/db)
[INFO] [stderr]    Compiling cli v0.1.0 (/opt/rustwide/workdir/cli)
[INFO] [stderr]    Compiling zstd v0.11.2+zstd.1.5.2
[INFO] [stderr]    Compiling actix-http v3.2.2
[INFO] [stderr]    Compiling actix-web v4.2.1
[INFO] [stderr]    Compiling actix-files v0.6.2
[INFO] [stderr]    Compiling sentry-actix v0.29.1
[INFO] [stderr]    Compiling web v0.1.0 (/opt/rustwide/workdir/web)
[INFO] [stderr]     Finished dev [unoptimized + debuginfo] target(s) in 3m 12s
[INFO] running `Command { std: "docker" "inspect" "57ed2a8b6bcaec59e7c7b0663ad32869193d82def68ee76b65b2cf7fcd679d86", kill_on_drop: false }`
[INFO] running `Command { std: "docker" "rm" "-f" "57ed2a8b6bcaec59e7c7b0663ad32869193d82def68ee76b65b2cf7fcd679d86", kill_on_drop: false }`
[INFO] [stdout] 57ed2a8b6bcaec59e7c7b0663ad32869193d82def68ee76b65b2cf7fcd679d86
[INFO] running `Command { std: "docker" "create" "-v" "/var/lib/crater-agent-workspace/builds/worker-3-tc2/target:/opt/rustwide/target:rw,Z" "-v" "/var/lib/crater-agent-workspace/builds/worker-3-tc2/source:/opt/rustwide/workdir:ro,Z" "-v" "/var/lib/crater-agent-workspace/cargo-home:/opt/rustwide/cargo-home:ro,Z" "-v" "/var/lib/crater-agent-workspace/rustup-home:/opt/rustwide/rustup-home:ro,Z" "-e" "SOURCE_DIR=/opt/rustwide/workdir" "-e" "CARGO_TARGET_DIR=/opt/rustwide/target" "-e" "CARGO_INCREMENTAL=0" "-e" "RUST_BACKTRACE=full" "-e" "RUSTFLAGS=--cap-lints=warn" "-e" "RUSTDOCFLAGS=--cap-lints=warn" "-e" "CARGO_HOME=/opt/rustwide/cargo-home" "-e" "RUSTUP_HOME=/opt/rustwide/rustup-home" "-w" "/opt/rustwide/workdir" "-m" "1610612736" "--user" "0:0" "--network" "none" "ghcr.io/rust-lang/crates-build-env/linux@sha256:5ff2268d62e97bff2cde7d5815dd6ed5b47097566f13b8d0ca110b04b60e07ed" "/opt/rustwide/cargo-home/bin/cargo" "+beta-2023-04-20" "test" "--frozen" "--no-run" "--message-format=json", kill_on_drop: false }`
[INFO] [stdout] d740003b1bac23a1406ea847b26cf5cf6bc2dfeea6b63be74e1ae4ca08f57cba
[INFO] running `Command { std: "docker" "start" "-a" "d740003b1bac23a1406ea847b26cf5cf6bc2dfeea6b63be74e1ae4ca08f57cba", kill_on_drop: false }`
[INFO] [stderr]    Compiling db v0.1.0 (/opt/rustwide/workdir/db)
[INFO] [stderr]    Compiling cli v0.1.0 (/opt/rustwide/workdir/cli)
[INFO] [stderr]    Compiling web v0.1.0 (/opt/rustwide/workdir/web)
[INFO] [stderr]     Finished test [unoptimized + debuginfo] target(s) in 10.85s
[INFO] running `Command { std: "docker" "inspect" "d740003b1bac23a1406ea847b26cf5cf6bc2dfeea6b63be74e1ae4ca08f57cba", kill_on_drop: false }`
[INFO] running `Command { std: "docker" "rm" "-f" "d740003b1bac23a1406ea847b26cf5cf6bc2dfeea6b63be74e1ae4ca08f57cba", kill_on_drop: false }`
[INFO] [stdout] d740003b1bac23a1406ea847b26cf5cf6bc2dfeea6b63be74e1ae4ca08f57cba
[INFO] running `Command { std: "docker" "create" "-v" "/var/lib/crater-agent-workspace/builds/worker-3-tc2/target:/opt/rustwide/target:rw,Z" "-v" "/var/lib/crater-agent-workspace/builds/worker-3-tc2/source:/opt/rustwide/workdir:ro,Z" "-v" "/var/lib/crater-agent-workspace/cargo-home:/opt/rustwide/cargo-home:ro,Z" "-v" "/var/lib/crater-agent-workspace/rustup-home:/opt/rustwide/rustup-home:ro,Z" "-e" "SOURCE_DIR=/opt/rustwide/workdir" "-e" "CARGO_TARGET_DIR=/opt/rustwide/target" "-e" "CARGO_INCREMENTAL=0" "-e" "RUST_BACKTRACE=full" "-e" "RUSTFLAGS=--cap-lints=warn" "-e" "RUSTDOCFLAGS=--cap-lints=warn" "-e" "CARGO_HOME=/opt/rustwide/cargo-home" "-e" "RUSTUP_HOME=/opt/rustwide/rustup-home" "-w" "/opt/rustwide/workdir" "-m" "1610612736" "--user" "0:0" "--network" "none" "ghcr.io/rust-lang/crates-build-env/linux@sha256:5ff2268d62e97bff2cde7d5815dd6ed5b47097566f13b8d0ca110b04b60e07ed" "/opt/rustwide/cargo-home/bin/cargo" "+beta-2023-04-20" "test" "--frozen", kill_on_drop: false }`
[INFO] [stdout] 45239979bdb09539aab02d3d388e1977d1b6c07aa818059df60c98ce2bc704c4
[INFO] running `Command { std: "docker" "start" "-a" "45239979bdb09539aab02d3d388e1977d1b6c07aa818059df60c98ce2bc704c4", kill_on_drop: false }`
[INFO] [stderr]     Finished test [unoptimized + debuginfo] target(s) in 0.18s
[INFO] [stderr]      Running unittests src/main.rs (/opt/rustwide/target/debug/deps/cli-7fc031f210604262)
[INFO] [stdout] 
[INFO] [stdout] running 0 tests
[INFO] [stdout] 
[INFO] [stdout] test result: ok. 0 passed; 0 failed; 0 ignored; 0 measured; 0 filtered out; finished in 0.00s
[INFO] [stdout] 
[INFO] [stderr]      Running unittests src/lib.rs (/opt/rustwide/target/debug/deps/db-9c2178685cc03b71)
[INFO] [stdout] 
[INFO] [stdout] running 3 tests
[INFO] [stdout] test models::reference::tests::fmt ... ok
[INFO] [stdout] test models::reference::tests::from_str ... ok
[INFO] [stdout] test sword_drill::tests::all ... FAILED
[INFO] [stdout] 
[INFO] [stdout] failures:
[INFO] [stdout] 
[INFO] [stdout] ---- sword_drill::tests::all stdout ----
[INFO] [stdout] thread 'sword_drill::tests::all' panicked at 'Transaction did not succeed', /opt/rustwide/cargo-home/registry/src/index.crates.io-6f17d22bba15001f/diesel-2.0.2/src/connection/mod.rs:354:21
[INFO] [stdout] stack backtrace:
[INFO] [stdout]    0:     0x56550bc8eeba - std::backtrace_rs::backtrace::libunwind::trace::h2f05d0192276a8f6
[INFO] [stdout]                                at /rustc/1b7dd2252b99671ce5d1cb9664c5f8636329436d/library/std/src/../../backtrace/src/backtrace/libunwind.rs:93:5
[INFO] [stdout]    1:     0x56550bc8eeba - std::backtrace_rs::backtrace::trace_unsynchronized::hedc23dff7a1af150
[INFO] [stdout]                                at /rustc/1b7dd2252b99671ce5d1cb9664c5f8636329436d/library/std/src/../../backtrace/src/backtrace/mod.rs:66:5
[INFO] [stdout]    2:     0x56550bc8eeba - std::sys_common::backtrace::_print_fmt::h17541ef7592f3ce2
[INFO] [stdout]                                at /rustc/1b7dd2252b99671ce5d1cb9664c5f8636329436d/library/std/src/sys_common/backtrace.rs:65:5
[INFO] [stdout]    3:     0x56550bc8eeba - <std::sys_common::backtrace::_print::DisplayBacktrace as core::fmt::Display>::fmt::h20f75df5ab0c0792
[INFO] [stdout]                                at /rustc/1b7dd2252b99671ce5d1cb9664c5f8636329436d/library/std/src/sys_common/backtrace.rs:44:22
[INFO] [stdout]    4:     0x56550bcb4e2f - core::fmt::write::h78109e6f466b3af6
[INFO] [stdout]                                at /rustc/1b7dd2252b99671ce5d1cb9664c5f8636329436d/library/core/src/fmt/mod.rs:1254:17
[INFO] [stdout]    5:     0x56550bc8bf65 - std::io::Write::write_fmt::hd24bfb68a1b35a25
[INFO] [stdout]                                at /rustc/1b7dd2252b99671ce5d1cb9664c5f8636329436d/library/std/src/io/mod.rs:1698:15
[INFO] [stdout]    6:     0x56550bc8ec85 - std::sys_common::backtrace::_print::h8dac57a9f8fbf9a5
[INFO] [stdout]                                at /rustc/1b7dd2252b99671ce5d1cb9664c5f8636329436d/library/std/src/sys_common/backtrace.rs:47:5
[INFO] [stdout]    7:     0x56550bc8ec85 - std::sys_common::backtrace::print::hf9ecbf41d1aa712f
[INFO] [stdout]                                at /rustc/1b7dd2252b99671ce5d1cb9664c5f8636329436d/library/std/src/sys_common/backtrace.rs:34:9
[INFO] [stdout]    8:     0x56550bc9093e - std::panicking::default_hook::{{closure}}::h04c07acfc84ca028
[INFO] [stdout]                                at /rustc/1b7dd2252b99671ce5d1cb9664c5f8636329436d/library/std/src/panicking.rs:269:22
[INFO] [stdout]    9:     0x56550bc90671 - std::panicking::default_hook::h01f6bb23e1eceb2c
[INFO] [stdout]                                at /rustc/1b7dd2252b99671ce5d1cb9664c5f8636329436d/library/std/src/panicking.rs:285:9
[INFO] [stdout]   10:     0x56550bbe38bb - <alloc::boxed::Box<F,A> as core::ops::function::Fn<Args>>::call::h87fe9f7b2fd49e4c
[INFO] [stdout]                                at /rustc/1b7dd2252b99671ce5d1cb9664c5f8636329436d/library/alloc/src/boxed.rs:1987:9
[INFO] [stdout]   11:     0x56550bbe38bb - test::test_main::{{closure}}::he94d679243a7531b
[INFO] [stdout]                                at /rustc/1b7dd2252b99671ce5d1cb9664c5f8636329436d/library/test/src/lib.rs:134:21
[INFO] [stdout]   12:     0x56550bc91024 - <alloc::boxed::Box<F,A> as core::ops::function::Fn<Args>>::call::h3f2d6d8b14c4769f
[INFO] [stdout]                                at /rustc/1b7dd2252b99671ce5d1cb9664c5f8636329436d/library/alloc/src/boxed.rs:1987:9
[INFO] [stdout]   13:     0x56550bc91024 - std::panicking::rust_panic_with_hook::h2bb3722bbaf2f6df
[INFO] [stdout]                                at /rustc/1b7dd2252b99671ce5d1cb9664c5f8636329436d/library/std/src/panicking.rs:695:13
[INFO] [stdout]   14:     0x56550bc90d99 - std::panicking::begin_panic_handler::{{closure}}::h91bc7f36a4be011b
[INFO] [stdout]                                at /rustc/1b7dd2252b99671ce5d1cb9664c5f8636329436d/library/std/src/panicking.rs:582:13
[INFO] [stdout]   15:     0x56550bc8f326 - std::sys_common::backtrace::__rust_end_short_backtrace::h8b3d3717114f9e59
[INFO] [stdout]                                at /rustc/1b7dd2252b99671ce5d1cb9664c5f8636329436d/library/std/src/sys_common/backtrace.rs:150:18
[INFO] [stdout]   16:     0x56550bc90af2 - rust_begin_unwind
[INFO] [stdout]                                at /rustc/1b7dd2252b99671ce5d1cb9664c5f8636329436d/library/std/src/panicking.rs:578:5
[INFO] [stdout]   17:     0x56550bb55cb3 - core::panicking::panic_fmt::hfd368e3fbdabea26
[INFO] [stdout]                                at /rustc/1b7dd2252b99671ce5d1cb9664c5f8636329436d/library/core/src/panicking.rs:67:14
[INFO] [stdout]   18:     0x56550bb55c73 - core::panicking::panic_display::h6a6fc60a178acd86
[INFO] [stdout]                                at /rustc/1b7dd2252b99671ce5d1cb9664c5f8636329436d/library/core/src/panicking.rs:150:5
[INFO] [stdout]   19:     0x56550bb55c73 - core::panicking::panic_str::h8ce4cc97de8b14bf
[INFO] [stdout]                                at /rustc/1b7dd2252b99671ce5d1cb9664c5f8636329436d/library/core/src/panicking.rs:134:5
[INFO] [stdout]   20:     0x56550bb55c73 - core::option::expect_failed::hc18eca070520249e
[INFO] [stdout]                                at /rustc/1b7dd2252b99671ce5d1cb9664c5f8636329436d/library/core/src/option.rs:2025:5
[INFO] [stdout]   21:     0x56550bb961eb - core::option::Option<T>::expect::h2e474dc708e4c0f8
[INFO] [stdout]                                at /rustc/1b7dd2252b99671ce5d1cb9664c5f8636329436d/library/core/src/option.rs:913:21
[INFO] [stdout]   22:     0x56550bb8b33d - diesel::connection::Connection::test_transaction::hbd46fe8687d00155
[INFO] [stdout]                                at /opt/rustwide/cargo-home/registry/src/index.crates.io-6f17d22bba15001f/diesel-2.0.2/src/connection/mod.rs:354:9
[INFO] [stdout]   23:     0x56550bb7dc2a - db::sword_drill::tests::all::hb4848d23ad73117e
[INFO] [stdout]                                at /opt/rustwide/workdir/db/src/sword_drill.rs:198:9
[INFO] [stdout]   24:     0x56550bb7dad7 - db::sword_drill::tests::all::{{closure}}::h2d841d5c698a99da
[INFO] [stdout]                                at /opt/rustwide/workdir/db/src/sword_drill.rs:188:14
[INFO] [stdout]   25:     0x56550bb930d5 - core::ops::function::FnOnce::call_once::hb598b50e6fd1585b
[INFO] [stdout]                                at /rustc/1b7dd2252b99671ce5d1cb9664c5f8636329436d/library/core/src/ops/function.rs:250:5
[INFO] [stdout]   26:     0x56550bbe878f - core::ops::function::FnOnce::call_once::ha6a70e79f7481a7e
[INFO] [stdout]                                at /rustc/1b7dd2252b99671ce5d1cb9664c5f8636329436d/library/core/src/ops/function.rs:250:5
[INFO] [stdout]   27:     0x56550bbe878f - test::__rust_begin_short_backtrace::hce33033019b61e69
[INFO] [stdout]                                at /rustc/1b7dd2252b99671ce5d1cb9664c5f8636329436d/library/test/src/lib.rs:655:18
[INFO] [stdout]   28:     0x56550bbb5f7c - test::run_test::{{closure}}::h858d3528838ae3e5
[INFO] [stdout]                                at /rustc/1b7dd2252b99671ce5d1cb9664c5f8636329436d/library/test/src/lib.rs:646:30
[INFO] [stdout]   29:     0x56550bbb5f7c - core::ops::function::FnOnce::call_once{{vtable.shim}}::he8ac2b00f01ae79e
[INFO] [stdout]                                at /rustc/1b7dd2252b99671ce5d1cb9664c5f8636329436d/library/core/src/ops/function.rs:250:5
[INFO] [stdout]   30:     0x56550bbe7866 - <alloc::boxed::Box<F,A> as core::ops::function::FnOnce<Args>>::call_once::h8093d25b522725ef
[INFO] [stdout]                                at /rustc/1b7dd2252b99671ce5d1cb9664c5f8636329436d/library/alloc/src/boxed.rs:1973:9
[INFO] [stdout]   31:     0x56550bbe7866 - <core::panic::unwind_safe::AssertUnwindSafe<F> as core::ops::function::FnOnce<()>>::call_once::h5c334c204e4a3913
[INFO] [stdout]                                at /rustc/1b7dd2252b99671ce5d1cb9664c5f8636329436d/library/core/src/panic/unwind_safe.rs:271:9
[INFO] [stdout]   32:     0x56550bbe7866 - std::panicking::try::do_call::ha8b740c7b9478074
[INFO] [stdout]                                at /rustc/1b7dd2252b99671ce5d1cb9664c5f8636329436d/library/std/src/panicking.rs:485:40
[INFO] [stdout]   33:     0x56550bbe7866 - std::panicking::try::h5d34f63d0e41b64e
[INFO] [stdout]                                at /rustc/1b7dd2252b99671ce5d1cb9664c5f8636329436d/library/std/src/panicking.rs:449:19
[INFO] [stdout]   34:     0x56550bbe7866 - std::panic::catch_unwind::hcfbb511e1aa7fc67
[INFO] [stdout]                                at /rustc/1b7dd2252b99671ce5d1cb9664c5f8636329436d/library/std/src/panic.rs:140:14
[INFO] [stdout]   35:     0x56550bbe7866 - test::run_test_in_process::h9abda90f802eaf21
[INFO] [stdout]                                at /rustc/1b7dd2252b99671ce5d1cb9664c5f8636329436d/library/test/src/lib.rs:678:27
[INFO] [stdout]   36:     0x56550bbe7866 - test::run_test::run_test_inner::{{closure}}::h0f058de91f6c6edf
[INFO] [stdout]                                at /rustc/1b7dd2252b99671ce5d1cb9664c5f8636329436d/library/test/src/lib.rs:572:39
[INFO] [stdout]   37:     0x56550bbb0785 - test::run_test::run_test_inner::{{closure}}::h5ca48a4c59c6c1fb
[INFO] [stdout]                                at /rustc/1b7dd2252b99671ce5d1cb9664c5f8636329436d/library/test/src/lib.rs:599:37
[INFO] [stdout]   38:     0x56550bbb0785 - std::sys_common::backtrace::__rust_begin_short_backtrace::h32bd51e1495d4a33
[INFO] [stdout]                                at /rustc/1b7dd2252b99671ce5d1cb9664c5f8636329436d/library/std/src/sys_common/backtrace.rs:134:18
[INFO] [stdout]   39:     0x56550bbb5cc1 - std::thread::Builder::spawn_unchecked_::{{closure}}::{{closure}}::hc086fae9b128b2db
[INFO] [stdout]                                at /rustc/1b7dd2252b99671ce5d1cb9664c5f8636329436d/library/std/src/thread/mod.rs:526:17
[INFO] [stdout]   40:     0x56550bbb5cc1 - <core::panic::unwind_safe::AssertUnwindSafe<F> as core::ops::function::FnOnce<()>>::call_once::hb66571888d270d43
[INFO] [stdout]                                at /rustc/1b7dd2252b99671ce5d1cb9664c5f8636329436d/library/core/src/panic/unwind_safe.rs:271:9
[INFO] [stdout]   41:     0x56550bbb5cc1 - std::panicking::try::do_call::h4fa2ef4f6e51fecf
[INFO] [stdout]                                at /rustc/1b7dd2252b99671ce5d1cb9664c5f8636329436d/library/std/src/panicking.rs:485:40
[INFO] [stdout]   42:     0x56550bbb5cc1 - std::panicking::try::h1e9e22b8584489b5
[INFO] [stdout]                                at /rustc/1b7dd2252b99671ce5d1cb9664c5f8636329436d/library/std/src/panicking.rs:449:19
[INFO] [stdout]   43:     0x56550bbb5cc1 - std::panic::catch_unwind::h44698a3de0e0769e
[INFO] [stdout]                                at /rustc/1b7dd2252b99671ce5d1cb9664c5f8636329436d/library/std/src/panic.rs:140:14
[INFO] [stdout]   44:     0x56550bbb5cc1 - std::thread::Builder::spawn_unchecked_::{{closure}}::h50153abde3fe239e
[INFO] [stdout]                                at /rustc/1b7dd2252b99671ce5d1cb9664c5f8636329436d/library/std/src/thread/mod.rs:525:30
[INFO] [stdout]   45:     0x56550bbb5cc1 - core::ops::function::FnOnce::call_once{{vtable.shim}}::hbe5bbf6f38394364
[INFO] [stdout]                                at /rustc/1b7dd2252b99671ce5d1cb9664c5f8636329436d/library/core/src/ops/function.rs:250:5
[INFO] [stdout]   46:     0x56550bc95a25 - <alloc::boxed::Box<F,A> as core::ops::function::FnOnce<Args>>::call_once::h0d83cb2920a49046
[INFO] [stdout]                                at /rustc/1b7dd2252b99671ce5d1cb9664c5f8636329436d/library/alloc/src/boxed.rs:1973:9
[INFO] [stdout]   47:     0x56550bc95a25 - <alloc::boxed::Box<F,A> as core::ops::function::FnOnce<Args>>::call_once::hbe0a008aa7d9ef59
[INFO] [stdout]                                at /rustc/1b7dd2252b99671ce5d1cb9664c5f8636329436d/library/alloc/src/boxed.rs:1973:9
[INFO] [stdout]   48:     0x56550bc95a25 - std::sys::unix::thread::Thread::new::thread_start::h3a466996bdf6b1f9
[INFO] [stdout]                                at /rustc/1b7dd2252b99671ce5d1cb9664c5f8636329436d/library/std/src/sys/unix/thread.rs:108:17
[INFO] [stdout]   49:     0x7f3d489c1b43 - <unknown>
[INFO] [stdout]   50:     0x7f3d48a52bb4 - __clone
[INFO] [stdout]   51:                0x0 - <unknown>
[INFO] [stdout] 
[INFO] [stdout] 
[INFO] [stdout] failures:
[INFO] [stdout]     sword_drill::tests::all
[INFO] [stdout] 
[INFO] [stdout] test result: FAILED. 2 passed; 1 failed; 0 ignored; 0 measured; 0 filtered out; finished in 0.06s
[INFO] [stdout] 
[INFO] [stderr] error: test failed, to rerun pass `-p db --lib`
[INFO] running `Command { std: "docker" "inspect" "45239979bdb09539aab02d3d388e1977d1b6c07aa818059df60c98ce2bc704c4", kill_on_drop: false }`
[INFO] running `Command { std: "docker" "rm" "-f" "45239979bdb09539aab02d3d388e1977d1b6c07aa818059df60c98ce2bc704c4", kill_on_drop: false }`
[INFO] [stdout] 45239979bdb09539aab02d3d388e1977d1b6c07aa818059df60c98ce2bc704c4
