[INFO] cloning repository https://github.com/DA-Services/ckb-testtool
[INFO] running `Command { std: "git" "-c" "credential.helper=" "-c" "credential.helper=/workspace/cargo-home/bin/git-credential-null" "clone" "--bare" "https://github.com/DA-Services/ckb-testtool" "/workspace/cache/git-repos/https%3A%2F%2Fgithub.com%2FDA-Services%2Fckb-testtool", kill_on_drop: false }`
[INFO] [stderr] Cloning into bare repository '/workspace/cache/git-repos/https%3A%2F%2Fgithub.com%2FDA-Services%2Fckb-testtool'...
[INFO] running `Command { std: "git" "rev-parse" "HEAD", kill_on_drop: false }`
[INFO] [stdout] c5183273d507e74a53e8fc83b4f05233ec6b0488
[INFO] testing DA-Services/ckb-testtool against 1.69.0 for beta-1.70-1
[INFO] running `Command { std: "git" "clone" "/workspace/cache/git-repos/https%3A%2F%2Fgithub.com%2FDA-Services%2Fckb-testtool" "/workspace/builds/worker-6-tc1/source", kill_on_drop: false }`
[INFO] [stderr] Cloning into '/workspace/builds/worker-6-tc1/source'...
[INFO] [stderr] done.
[INFO] validating manifest of git repo https://github.com/DA-Services/ckb-testtool on toolchain 1.69.0
[INFO] running `Command { std: CARGO_HOME="/workspace/cargo-home" RUSTUP_HOME="/workspace/rustup-home" "/workspace/cargo-home/bin/cargo" "+1.69.0" "metadata" "--manifest-path" "Cargo.toml" "--no-deps", kill_on_drop: false }`
[INFO] started tweaking git repo https://github.com/DA-Services/ckb-testtool
[INFO] finished tweaking git repo https://github.com/DA-Services/ckb-testtool
[INFO] tweaked toml for git repo https://github.com/DA-Services/ckb-testtool written to /workspace/builds/worker-6-tc1/source/Cargo.toml
[INFO] crate git repo https://github.com/DA-Services/ckb-testtool already has a lockfile, it will not be regenerated
[INFO] running `Command { std: CARGO_HOME="/workspace/cargo-home" RUSTUP_HOME="/workspace/rustup-home" "/workspace/cargo-home/bin/cargo" "+1.69.0" "fetch" "--manifest-path" "Cargo.toml", kill_on_drop: false }`
[INFO] [stderr]  Downloading crates ...
[INFO] [stderr]   Downloaded molecule v0.7.2
[INFO] [stderr]   Downloaded merkle-cbt v0.3.0
[INFO] [stderr]   Downloaded ckb-occupied-capacity-macros v0.101.0
[INFO] [stderr]   Downloaded opentelemetry v0.15.0
[INFO] [stderr]   Downloaded ckb-always-success-script v0.0.1
[INFO] [stderr]   Downloaded ckb-hash v0.101.0
[INFO] [stderr]   Downloaded ckb-types v0.101.0
[INFO] [stderr]   Downloaded tentacle-secio v0.5.0
[INFO] [stderr]   Downloaded mapr v0.8.0
[INFO] [stderr]   Downloaded faketime v0.2.1
[INFO] [stderr]   Downloaded ckb-error v0.101.0
[INFO] [stderr]   Downloaded ckb-channel v0.101.0
[INFO] [stderr]   Downloaded ckb-verification-traits v0.101.0
[INFO] [stderr]   Downloaded tentacle-multiaddr v0.3.0
[INFO] [stderr]   Downloaded ckb-dao v0.101.0
[INFO] [stderr]   Downloaded ckb-logger v0.101.0
[INFO] [stderr]   Downloaded ckb-crypto v0.101.0
[INFO] [stderr]   Downloaded ckb-rational v0.101.0
[INFO] [stderr]   Downloaded ckb-vm-definitions v0.20.0-rc6
[INFO] [stderr]   Downloaded ckb-occupied-capacity-core v0.101.0
[INFO] [stderr]   Downloaded ckb-occupied-capacity v0.101.0
[INFO] [stderr]   Downloaded ckb-fixed-hash-macros v0.101.0
[INFO] [stderr]   Downloaded ckb-pow v0.101.0
[INFO] [stderr]   Downloaded ckb-constant v0.101.0
[INFO] [stderr]   Downloaded ckb-metrics v0.101.0
[INFO] [stderr]   Downloaded ckb-fixed-hash-core v0.101.0
[INFO] [stderr]   Downloaded ckb-traits v0.101.0
[INFO] [stderr]   Downloaded ckb-dao-utils v0.101.0
[INFO] [stderr]   Downloaded ckb-fixed-hash v0.101.0
[INFO] [stderr]   Downloaded ckb-resource v0.101.0
[INFO] [stderr]   Downloaded ckb-jsonrpc-types v0.101.0
[INFO] [stderr]   Downloaded ckb-verification v0.101.0
[INFO] [stderr]   Downloaded ckb-chain-spec v0.101.0
[INFO] [stderr]   Downloaded ckb-vm v0.20.0-rc6
[INFO] [stderr]   Downloaded ckb-script v0.101.0
[INFO] running `Command { std: "docker" "create" "-v" "/var/lib/crater-agent-workspace/builds/worker-6-tc1/target:/opt/rustwide/target:rw,Z" "-v" "/var/lib/crater-agent-workspace/builds/worker-6-tc1/source:/opt/rustwide/workdir:ro,Z" "-v" "/var/lib/crater-agent-workspace/cargo-home:/opt/rustwide/cargo-home:ro,Z" "-v" "/var/lib/crater-agent-workspace/rustup-home:/opt/rustwide/rustup-home:ro,Z" "-e" "SOURCE_DIR=/opt/rustwide/workdir" "-e" "CARGO_TARGET_DIR=/opt/rustwide/target" "-e" "CARGO_HOME=/opt/rustwide/cargo-home" "-e" "RUSTUP_HOME=/opt/rustwide/rustup-home" "-w" "/opt/rustwide/workdir" "-m" "1610612736" "--user" "0:0" "--network" "none" "ghcr.io/rust-lang/crates-build-env/linux@sha256:5ff2268d62e97bff2cde7d5815dd6ed5b47097566f13b8d0ca110b04b60e07ed" "/opt/rustwide/cargo-home/bin/cargo" "+1.69.0" "metadata" "--no-deps" "--format-version=1", kill_on_drop: false }`
[INFO] [stdout] cfd30ffd5631c127f8afc46569aac123fddb2fa1eba10871ce0ab9244b3639df
[INFO] running `Command { std: "docker" "start" "-a" "cfd30ffd5631c127f8afc46569aac123fddb2fa1eba10871ce0ab9244b3639df", kill_on_drop: false }`
[INFO] running `Command { std: "docker" "inspect" "cfd30ffd5631c127f8afc46569aac123fddb2fa1eba10871ce0ab9244b3639df", kill_on_drop: false }`
[INFO] running `Command { std: "docker" "rm" "-f" "cfd30ffd5631c127f8afc46569aac123fddb2fa1eba10871ce0ab9244b3639df", kill_on_drop: false }`
[INFO] [stdout] cfd30ffd5631c127f8afc46569aac123fddb2fa1eba10871ce0ab9244b3639df
[INFO] running `Command { std: "docker" "create" "-v" "/var/lib/crater-agent-workspace/builds/worker-6-tc1/target:/opt/rustwide/target:rw,Z" "-v" "/var/lib/crater-agent-workspace/builds/worker-6-tc1/source:/opt/rustwide/workdir:ro,Z" "-v" "/var/lib/crater-agent-workspace/cargo-home:/opt/rustwide/cargo-home:ro,Z" "-v" "/var/lib/crater-agent-workspace/rustup-home:/opt/rustwide/rustup-home:ro,Z" "-e" "SOURCE_DIR=/opt/rustwide/workdir" "-e" "CARGO_TARGET_DIR=/opt/rustwide/target" "-e" "CARGO_INCREMENTAL=0" "-e" "RUST_BACKTRACE=full" "-e" "RUSTFLAGS=--cap-lints=warn" "-e" "RUSTDOCFLAGS=--cap-lints=warn" "-e" "CARGO_HOME=/opt/rustwide/cargo-home" "-e" "RUSTUP_HOME=/opt/rustwide/rustup-home" "-w" "/opt/rustwide/workdir" "-m" "1610612736" "--user" "0:0" "--network" "none" "ghcr.io/rust-lang/crates-build-env/linux@sha256:5ff2268d62e97bff2cde7d5815dd6ed5b47097566f13b8d0ca110b04b60e07ed" "/opt/rustwide/cargo-home/bin/cargo" "+1.69.0" "build" "--frozen" "--message-format=json", kill_on_drop: false }`
[INFO] [stdout] d7e2ca71104849e3b975f0983da3d04615411e2c059330768fba9c8a316d6c48
[INFO] running `Command { std: "docker" "start" "-a" "d7e2ca71104849e3b975f0983da3d04615411e2c059330768fba9c8a316d6c48", kill_on_drop: false }`
[INFO] [stderr]    Compiling cfg-if v1.0.0
[INFO] [stderr]    Compiling proc-macro2 v1.0.24
[INFO] [stderr]    Compiling unicode-xid v0.2.1
[INFO] [stderr]    Compiling syn v1.0.67
[INFO] [stderr]    Compiling libc v0.2.108
[INFO] [stderr]    Compiling autocfg v1.0.1
[INFO] [stderr]    Compiling cc v1.0.67
[INFO] [stderr]    Compiling serde_derive v1.0.124
[INFO] [stderr]    Compiling serde v1.0.124
[INFO] [stderr]    Compiling getrandom v0.1.16
[INFO] [stderr]    Compiling ppv-lite86 v0.2.10
[INFO] [stderr]    Compiling faster-hex v0.6.1
[INFO] [stderr]    Compiling lazy_static v1.4.0
[INFO] [stderr]    Compiling heapsize v0.4.2
[INFO] [stderr]    Compiling once_cell v1.8.0
[INFO] [stderr]    Compiling bitflags v1.2.1
[INFO] [stderr]    Compiling cty v0.2.2
[INFO] [stderr]    Compiling crossbeam-utils v0.8.5
[INFO] [stderr]    Compiling anyhow v1.0.38
[INFO] [stderr]    Compiling quote v1.0.9
[INFO] [stderr]    Compiling rand_core v0.5.1
[INFO] [stderr]    Compiling siphasher v0.3.7
[INFO] [stderr]    Compiling blake2b-rs v0.2.0
[INFO] [stderr]    Compiling rand_pcg v0.2.1
[INFO] [stderr]    Compiling rand_chacha v0.2.2
[INFO] [stderr]    Compiling phf_shared v0.8.0
[INFO] [stderr]    Compiling miniz_oxide v0.4.4
[INFO] [stderr]    Compiling crc32fast v1.2.1
[INFO] [stderr]    Compiling cfg-if v0.1.10
[INFO] [stderr]    Compiling adler v1.0.2
[INFO] [stderr]    Compiling rand v0.7.3
[INFO] [stderr]    Compiling crossbeam-channel v0.5.1
[INFO] [stderr]    Compiling log v0.4.14
[INFO] [stderr]    Compiling version_check v0.9.3
[INFO] [stderr]    Compiling ckb-hash v0.101.0
[INFO] [stderr]    Compiling merkle-cbt v0.3.0
[INFO] [stderr]    Compiling bit-vec v0.5.1
[INFO] [stderr]    Compiling same-file v1.0.6
[INFO] [stderr]    Compiling flate2 v1.0.20
[INFO] [stderr]    Compiling ckb-channel v0.101.0
[INFO] [stderr]    Compiling walkdir v2.3.1
[INFO] [stderr]    Compiling phf_generator v0.8.0
[INFO] [stderr]    Compiling futures-core v0.3.17
[INFO] [stderr]    Compiling phf_codegen v0.8.0
[INFO] [stderr]    Compiling memchr v2.4.1
[INFO] [stderr]    Compiling proc-macro-hack v0.5.19
[INFO] [stderr]    Compiling phf v0.8.0
[INFO] [stderr]    Compiling includedir_codegen v0.6.0
[INFO] [stderr]    Compiling secp256k1-sys v0.3.0
[INFO] [stderr]    Compiling futures-macro v0.3.17
[INFO] [stderr]    Compiling pin-project-lite v0.2.7
[INFO] [stderr]    Compiling proc-macro-nested v0.1.7
[INFO] [stderr]    Compiling futures-channel v0.3.17
[INFO] [stderr]    Compiling futures-sink v0.3.17
[INFO] [stderr]    Compiling futures-task v0.3.17
[INFO] [stderr]    Compiling ckb-system-scripts v0.5.4
[INFO] [stderr]    Compiling includedir v0.6.0
[INFO] [stderr]    Compiling futures-util v0.3.17
[INFO] [stderr]    Compiling ryu v1.0.5
[INFO] [stderr]    Compiling pin-utils v0.1.0
[INFO] [stderr]    Compiling pkg-config v0.3.22
[INFO] [stderr]    Compiling serde_json v1.0.64
[INFO] [stderr]    Compiling typenum v1.14.0
[INFO] [stderr]    Compiling futures-io v0.3.17
[INFO] [stderr]    Compiling byteorder v1.4.3
[INFO] [stderr]    Compiling slab v0.4.5
[INFO] [stderr]    Compiling secp256k1 v0.19.0
[INFO] [stderr]    Compiling openssl-sys v0.9.71
[INFO] [stderr]    Compiling generic-array v0.14.4
[INFO] [stderr]    Compiling itoa v0.4.7
[INFO] [stderr]    Compiling ahash v0.7.6
[INFO] [stderr]    Compiling plain v0.2.3
[INFO] [stderr]    Compiling eaglesong v0.1.0
[INFO] [stderr]    Compiling ring v0.16.20
[INFO] [stderr]    Compiling ckb-vm v0.20.0-rc6
[INFO] [stderr]    Compiling getrandom v0.2.3
[INFO] [stderr]    Compiling num_cpus v1.13.0
[INFO] [stderr]    Compiling tokio v1.14.0
[INFO] [stderr]    Compiling ckb-constant v0.101.0
[INFO] [stderr]    Compiling dashmap v4.0.2
[INFO] [stderr]    Compiling mapr v0.8.0
[INFO] [stderr]    Compiling openssl v0.10.38
[INFO] [stderr]    Compiling ckb-vm-definitions v0.20.0-rc6
[INFO] [stderr]    Compiling remove_dir_all v0.5.3
[INFO] [stderr]    Compiling ckb-script v0.101.0
[INFO] [stderr]    Compiling foreign-types-shared v0.1.1
[INFO] [stderr]    Compiling fnv v1.0.7
[INFO] [stderr]    Compiling tempfile v3.1.0
[INFO] [stderr]    Compiling foreign-types v0.3.2
[INFO] [stderr]    Compiling hashbrown v0.11.2
[INFO] [stderr]    Compiling block-buffer v0.9.0
[INFO] [stderr]    Compiling digest v0.9.0
[INFO] [stderr]    Compiling ckb-logger v0.101.0
[INFO] [stderr]    Compiling bs58 v0.3.1
[INFO] [stderr]    Compiling unsigned-varint v0.6.0
[INFO] [stderr]    Compiling tentacle-secio v0.5.0
[INFO] [stderr]    Compiling untrusted v0.7.1
[INFO] [stderr]    Compiling spin v0.5.2
[INFO] [stderr]    Compiling opaque-debug v0.3.0
[INFO] [stderr]    Compiling cpufeatures v0.2.1
[INFO] [stderr]    Compiling lru v0.6.6
[INFO] [stderr]    Compiling faketime v0.2.1
[INFO] [stderr]    Compiling linked-hash-map v0.5.4
[INFO] [stderr]    Compiling sha2 v0.9.8
[INFO] [stderr]    Compiling ckb-always-success-script v0.0.1
[INFO] [stderr]    Compiling thiserror-impl v1.0.24
[INFO] [stderr]    Compiling numext-constructor v0.1.6
[INFO] [stderr]    Compiling derive_more v0.99.11
[INFO] [stderr]    Compiling scroll_derive v0.10.5
[INFO] [stderr]    Compiling scroll v0.10.2
[INFO] [stderr]    Compiling thiserror v1.0.24
[INFO] [stderr]    Compiling goblin v0.4.0
[INFO] [stderr]    Compiling goblin v0.2.3
[INFO] [stderr]    Compiling linked_hash_set v0.1.4
[INFO] [stderr]    Compiling futures-executor v0.3.17
[INFO] [stderr]    Compiling futures v0.3.17
[INFO] [stderr]    Compiling opentelemetry v0.15.0
[INFO] [stderr]    Compiling ckb-metrics v0.101.0
[INFO] [stderr]    Compiling bytes v1.1.0
[INFO] [stderr]    Compiling ckb-occupied-capacity-core v0.101.0
[INFO] [stderr]    Compiling ckb-fixed-hash-core v0.101.0
[INFO] [stderr]    Compiling numext-fixed-uint-core v0.1.6
[INFO] [stderr]    Compiling toml v0.5.8
[INFO] [stderr]    Compiling ckb-occupied-capacity-macros v0.101.0
[INFO] [stderr]    Compiling ckb-fixed-hash-macros v0.101.0
[INFO] [stderr]    Compiling molecule v0.7.2
[INFO] [stderr]    Compiling tentacle-multiaddr v0.3.0
[INFO] [stderr]    Compiling ckb-occupied-capacity v0.101.0
[INFO] [stderr]    Compiling ckb-error v0.101.0
[INFO] [stderr]    Compiling ckb-verification-traits v0.101.0
[INFO] [stderr]    Compiling ckb-fixed-hash v0.101.0
[INFO] [stderr]    Compiling ckb-crypto v0.101.0
[INFO] [stderr]    Compiling tokio-util v0.6.9
[INFO] [stderr]    Compiling numext-fixed-uint-hack v0.1.6
[INFO] [stderr]    Compiling numext-fixed-uint v0.1.6
[INFO] [stderr]    Compiling ckb-rational v0.101.0
[INFO] [stderr]    Compiling ckb-types v0.101.0
[INFO] [stderr]    Compiling ckb-jsonrpc-types v0.101.0
[INFO] [stderr]    Compiling ckb-pow v0.101.0
[INFO] [stderr]    Compiling ckb-dao-utils v0.101.0
[INFO] [stderr]    Compiling ckb-traits v0.101.0
[INFO] [stderr]    Compiling ckb-resource v0.101.0
[INFO] [stderr]    Compiling ckb-chain-spec v0.101.0
[INFO] [stderr]    Compiling ckb-dao v0.101.0
[INFO] [stderr]    Compiling ckb-verification v0.101.0
[INFO] [stderr]    Compiling ckb-testtool v0.7.2 (/opt/rustwide/workdir)
[INFO] [stderr]     Finished dev [unoptimized + debuginfo] target(s) in 1m 12s
[INFO] running `Command { std: "docker" "inspect" "d7e2ca71104849e3b975f0983da3d04615411e2c059330768fba9c8a316d6c48", kill_on_drop: false }`
[INFO] running `Command { std: "docker" "rm" "-f" "d7e2ca71104849e3b975f0983da3d04615411e2c059330768fba9c8a316d6c48", kill_on_drop: false }`
[INFO] [stdout] d7e2ca71104849e3b975f0983da3d04615411e2c059330768fba9c8a316d6c48
[INFO] running `Command { std: "docker" "create" "-v" "/var/lib/crater-agent-workspace/builds/worker-6-tc1/target:/opt/rustwide/target:rw,Z" "-v" "/var/lib/crater-agent-workspace/builds/worker-6-tc1/source:/opt/rustwide/workdir:ro,Z" "-v" "/var/lib/crater-agent-workspace/cargo-home:/opt/rustwide/cargo-home:ro,Z" "-v" "/var/lib/crater-agent-workspace/rustup-home:/opt/rustwide/rustup-home:ro,Z" "-e" "SOURCE_DIR=/opt/rustwide/workdir" "-e" "CARGO_TARGET_DIR=/opt/rustwide/target" "-e" "CARGO_INCREMENTAL=0" "-e" "RUST_BACKTRACE=full" "-e" "RUSTFLAGS=--cap-lints=warn" "-e" "RUSTDOCFLAGS=--cap-lints=warn" "-e" "CARGO_HOME=/opt/rustwide/cargo-home" "-e" "RUSTUP_HOME=/opt/rustwide/rustup-home" "-w" "/opt/rustwide/workdir" "-m" "1610612736" "--user" "0:0" "--network" "none" "ghcr.io/rust-lang/crates-build-env/linux@sha256:5ff2268d62e97bff2cde7d5815dd6ed5b47097566f13b8d0ca110b04b60e07ed" "/opt/rustwide/cargo-home/bin/cargo" "+1.69.0" "test" "--frozen" "--no-run" "--message-format=json", kill_on_drop: false }`
[INFO] [stdout] 83512cf8545e7f04aff44cd421032566853e4a49d188e4c434943f75a08d2431
[INFO] running `Command { std: "docker" "start" "-a" "83512cf8545e7f04aff44cd421032566853e4a49d188e4c434943f75a08d2431", kill_on_drop: false }`
[INFO] [stderr]    Compiling ckb-testtool v0.7.2 (/opt/rustwide/workdir)
[INFO] [stderr]     Finished test [unoptimized + debuginfo] target(s) in 3.32s
[INFO] running `Command { std: "docker" "inspect" "83512cf8545e7f04aff44cd421032566853e4a49d188e4c434943f75a08d2431", kill_on_drop: false }`
[INFO] running `Command { std: "docker" "rm" "-f" "83512cf8545e7f04aff44cd421032566853e4a49d188e4c434943f75a08d2431", kill_on_drop: false }`
[INFO] [stdout] 83512cf8545e7f04aff44cd421032566853e4a49d188e4c434943f75a08d2431
[INFO] running `Command { std: "docker" "create" "-v" "/var/lib/crater-agent-workspace/builds/worker-6-tc1/target:/opt/rustwide/target:rw,Z" "-v" "/var/lib/crater-agent-workspace/builds/worker-6-tc1/source:/opt/rustwide/workdir:ro,Z" "-v" "/var/lib/crater-agent-workspace/cargo-home:/opt/rustwide/cargo-home:ro,Z" "-v" "/var/lib/crater-agent-workspace/rustup-home:/opt/rustwide/rustup-home:ro,Z" "-e" "SOURCE_DIR=/opt/rustwide/workdir" "-e" "CARGO_TARGET_DIR=/opt/rustwide/target" "-e" "CARGO_INCREMENTAL=0" "-e" "RUST_BACKTRACE=full" "-e" "RUSTFLAGS=--cap-lints=warn" "-e" "RUSTDOCFLAGS=--cap-lints=warn" "-e" "CARGO_HOME=/opt/rustwide/cargo-home" "-e" "RUSTUP_HOME=/opt/rustwide/rustup-home" "-w" "/opt/rustwide/workdir" "-m" "1610612736" "--user" "0:0" "--network" "none" "ghcr.io/rust-lang/crates-build-env/linux@sha256:5ff2268d62e97bff2cde7d5815dd6ed5b47097566f13b8d0ca110b04b60e07ed" "/opt/rustwide/cargo-home/bin/cargo" "+1.69.0" "test" "--frozen", kill_on_drop: false }`
[INFO] [stdout] 3e0c1f383292ee75d76fe6afdd61cb11b2bf30535b5d5b93baba14660f9a9778
[INFO] running `Command { std: "docker" "start" "-a" "3e0c1f383292ee75d76fe6afdd61cb11b2bf30535b5d5b93baba14660f9a9778", kill_on_drop: false }`
[INFO] [stderr]     Finished test [unoptimized + debuginfo] target(s) in 0.13s
[INFO] [stderr]      Running unittests src/lib.rs (/opt/rustwide/target/debug/deps/ckb_testtool-a4d6ecb6282518b9)
[INFO] [stdout] 
[INFO] [stdout] running 2 tests
[INFO] [stdout] test tests::test_load_header ... FAILED
[INFO] [stdout] test tests::test_sighash_all_unlock ... ok
[INFO] [stdout] 
[INFO] [stdout] failures:
[INFO] [stdout] 
[INFO] [stdout] ---- tests::test_load_header stdout ----
[INFO] [stdout] thread 'tests::test_load_header' panicked at 'called `Result::unwrap()` on an `Err` value: Os { code: 2, kind: NotFound, message: "No such file or directory" }', src/tests.rs:145:58
[INFO] [stdout] stack backtrace:
[INFO] [stdout]    0:     0x5601802b128a - std::backtrace_rs::backtrace::libunwind::trace::ha9053a9a07ca49cb
[INFO] [stdout]                                at /rustc/84c898d65adf2f39a5a98507f1fe0ce10a2b8dbc/library/std/src/../../backtrace/src/backtrace/libunwind.rs:93:5
[INFO] [stdout]    1:     0x5601802b128a - std::backtrace_rs::backtrace::trace_unsynchronized::h9c2852a457ad564e
[INFO] [stdout]                                at /rustc/84c898d65adf2f39a5a98507f1fe0ce10a2b8dbc/library/std/src/../../backtrace/src/backtrace/mod.rs:66:5
[INFO] [stdout]    2:     0x5601802b128a - std::sys_common::backtrace::_print_fmt::h457936fbfaa0070f
[INFO] [stdout]                                at /rustc/84c898d65adf2f39a5a98507f1fe0ce10a2b8dbc/library/std/src/sys_common/backtrace.rs:65:5
[INFO] [stdout]    3:     0x5601802b128a - <std::sys_common::backtrace::_print::DisplayBacktrace as core::fmt::Display>::fmt::h5779d7bf7f70cb0c
[INFO] [stdout]                                at /rustc/84c898d65adf2f39a5a98507f1fe0ce10a2b8dbc/library/std/src/sys_common/backtrace.rs:44:22
[INFO] [stdout]    4:     0x5601802d497e - core::fmt::write::h5a4baaff1bcd3eb5
[INFO] [stdout]                                at /rustc/84c898d65adf2f39a5a98507f1fe0ce10a2b8dbc/library/core/src/fmt/mod.rs:1232:17
[INFO] [stdout]    5:     0x5601802ae705 - std::io::Write::write_fmt::h478f79c628ef31d1
[INFO] [stdout]                                at /rustc/84c898d65adf2f39a5a98507f1fe0ce10a2b8dbc/library/std/src/io/mod.rs:1684:15
[INFO] [stdout]    6:     0x5601802b1055 - std::sys_common::backtrace::_print::h5fcdc36060f177e8
[INFO] [stdout]                                at /rustc/84c898d65adf2f39a5a98507f1fe0ce10a2b8dbc/library/std/src/sys_common/backtrace.rs:47:5
[INFO] [stdout]    7:     0x5601802b1055 - std::sys_common::backtrace::print::h54ca9458b876c8bf
[INFO] [stdout]                                at /rustc/84c898d65adf2f39a5a98507f1fe0ce10a2b8dbc/library/std/src/sys_common/backtrace.rs:34:9
[INFO] [stdout]    8:     0x5601802b2e1f - std::panicking::default_hook::{{closure}}::hbe471161c7664ed6
[INFO] [stdout]                                at /rustc/84c898d65adf2f39a5a98507f1fe0ce10a2b8dbc/library/std/src/panicking.rs:271:22
[INFO] [stdout]    9:     0x5601802b2adf - std::panicking::default_hook::ha3500da57aa4ac4f
[INFO] [stdout]                                at /rustc/84c898d65adf2f39a5a98507f1fe0ce10a2b8dbc/library/std/src/panicking.rs:287:9
[INFO] [stdout]   10:     0x560180115dd7 - <alloc::boxed::Box<F,A> as core::ops::function::Fn<Args>>::call::hdf1b89dd137ece34
[INFO] [stdout]                                at /rustc/84c898d65adf2f39a5a98507f1fe0ce10a2b8dbc/library/alloc/src/boxed.rs:2001:9
[INFO] [stdout]   11:     0x560180115dd7 - test::test_main::{{closure}}::h9081a79f20e75698
[INFO] [stdout]                                at /rustc/84c898d65adf2f39a5a98507f1fe0ce10a2b8dbc/library/test/src/lib.rs:135:21
[INFO] [stdout]   12:     0x5601802b354d - <alloc::boxed::Box<F,A> as core::ops::function::Fn<Args>>::call::h6507bddc3eebb4a5
[INFO] [stdout]                                at /rustc/84c898d65adf2f39a5a98507f1fe0ce10a2b8dbc/library/alloc/src/boxed.rs:2001:9
[INFO] [stdout]   13:     0x5601802b354d - std::panicking::rust_panic_with_hook::h50c09d000dc561d2
[INFO] [stdout]                                at /rustc/84c898d65adf2f39a5a98507f1fe0ce10a2b8dbc/library/std/src/panicking.rs:696:13
[INFO] [stdout]   14:     0x5601802b32c9 - std::panicking::begin_panic_handler::{{closure}}::h9e2b2176e00e0d9c
[INFO] [stdout]                                at /rustc/84c898d65adf2f39a5a98507f1fe0ce10a2b8dbc/library/std/src/panicking.rs:583:13
[INFO] [stdout]   15:     0x5601802b16f6 - std::sys_common::backtrace::__rust_end_short_backtrace::h5739b8e512c09d02
[INFO] [stdout]                                at /rustc/84c898d65adf2f39a5a98507f1fe0ce10a2b8dbc/library/std/src/sys_common/backtrace.rs:150:18
[INFO] [stdout]   16:     0x5601802b2fd2 - rust_begin_unwind
[INFO] [stdout]                                at /rustc/84c898d65adf2f39a5a98507f1fe0ce10a2b8dbc/library/std/src/panicking.rs:579:5
[INFO] [stdout]   17:     0x5601800acfd3 - core::panicking::panic_fmt::hf33a1475b4dc5c3e
[INFO] [stdout]                                at /rustc/84c898d65adf2f39a5a98507f1fe0ce10a2b8dbc/library/core/src/panicking.rs:64:14
[INFO] [stdout]   18:     0x5601800ad423 - core::result::unwrap_failed::hdff5465d74574b44
[INFO] [stdout]                                at /rustc/84c898d65adf2f39a5a98507f1fe0ce10a2b8dbc/library/core/src/result.rs:1750:5
[INFO] [stdout]   19:     0x5601800be8ac - core::result::Result<T,E>::unwrap::h5a25822f78e45408
[INFO] [stdout]                                at /rustc/84c898d65adf2f39a5a98507f1fe0ce10a2b8dbc/library/core/src/result.rs:1090:23
[INFO] [stdout]   20:     0x5601800cf513 - ckb_testtool::tests::test_load_header::h0d5d6f35652c6e8f
[INFO] [stdout]                                at /opt/rustwide/workdir/src/tests.rs:145:29
[INFO] [stdout]   21:     0x5601800cf3b7 - ckb_testtool::tests::test_load_header::{{closure}}::h1558d44dd1db8835
[INFO] [stdout]                                at /opt/rustwide/workdir/src/tests.rs:142:23
[INFO] [stdout]   22:     0x5601800cb065 - core::ops::function::FnOnce::call_once::heb16009a9a57f97f
[INFO] [stdout]                                at /rustc/84c898d65adf2f39a5a98507f1fe0ce10a2b8dbc/library/core/src/ops/function.rs:250:5
[INFO] [stdout]   23:     0x56018011b1bf - core::ops::function::FnOnce::call_once::h7d969581be7d0075
[INFO] [stdout]                                at /rustc/84c898d65adf2f39a5a98507f1fe0ce10a2b8dbc/library/core/src/ops/function.rs:250:5
[INFO] [stdout]   24:     0x56018011b1bf - test::__rust_begin_short_backtrace::hca25a52684e56655
[INFO] [stdout]                                at /rustc/84c898d65adf2f39a5a98507f1fe0ce10a2b8dbc/library/test/src/lib.rs:656:18
[INFO] [stdout]   25:     0x5601800ec7dc - test::run_test::{{closure}}::ha8ac744c4af1a4bb
[INFO] [stdout]                                at /rustc/84c898d65adf2f39a5a98507f1fe0ce10a2b8dbc/library/test/src/lib.rs:647:30
[INFO] [stdout]   26:     0x5601800ec7dc - core::ops::function::FnOnce::call_once{{vtable.shim}}::h7b411a9ed45bdecf
[INFO] [stdout]                                at /rustc/84c898d65adf2f39a5a98507f1fe0ce10a2b8dbc/library/core/src/ops/function.rs:250:5
[INFO] [stdout]   27:     0x56018011a186 - <alloc::boxed::Box<F,A> as core::ops::function::FnOnce<Args>>::call_once::hd05328869a8ed200
[INFO] [stdout]                                at /rustc/84c898d65adf2f39a5a98507f1fe0ce10a2b8dbc/library/alloc/src/boxed.rs:1987:9
[INFO] [stdout]   28:     0x56018011a186 - <core::panic::unwind_safe::AssertUnwindSafe<F> as core::ops::function::FnOnce<()>>::call_once::h0c601ce20bd5b2be
[INFO] [stdout]                                at /rustc/84c898d65adf2f39a5a98507f1fe0ce10a2b8dbc/library/core/src/panic/unwind_safe.rs:271:9
[INFO] [stdout]   29:     0x56018011a186 - std::panicking::try::do_call::ha4be5c164fe30854
[INFO] [stdout]                                at /rustc/84c898d65adf2f39a5a98507f1fe0ce10a2b8dbc/library/std/src/panicking.rs:487:40
[INFO] [stdout]   30:     0x56018011a186 - std::panicking::try::h604546f3609af05f
[INFO] [stdout]                                at /rustc/84c898d65adf2f39a5a98507f1fe0ce10a2b8dbc/library/std/src/panicking.rs:451:19
[INFO] [stdout]   31:     0x56018011a186 - std::panic::catch_unwind::h5bfa8afe44c9c2f9
[INFO] [stdout]                                at /rustc/84c898d65adf2f39a5a98507f1fe0ce10a2b8dbc/library/std/src/panic.rs:140:14
[INFO] [stdout]   32:     0x56018011a186 - test::run_test_in_process::hd50dee55dd63e6aa
[INFO] [stdout]                                at /rustc/84c898d65adf2f39a5a98507f1fe0ce10a2b8dbc/library/test/src/lib.rs:679:27
[INFO] [stdout]   33:     0x56018011a186 - test::run_test::run_test_inner::{{closure}}::h4aa0f433aa85cea8
[INFO] [stdout]                                at /rustc/84c898d65adf2f39a5a98507f1fe0ce10a2b8dbc/library/test/src/lib.rs:573:39
[INFO] [stdout]   34:     0x5601800e6e51 - test::run_test::run_test_inner::{{closure}}::had56431adf24b4d6
[INFO] [stdout]                                at /rustc/84c898d65adf2f39a5a98507f1fe0ce10a2b8dbc/library/test/src/lib.rs:600:37
[INFO] [stdout]   35:     0x5601800e6e51 - std::sys_common::backtrace::__rust_begin_short_backtrace::ha8d9890e0c73bf13
[INFO] [stdout]                                at /rustc/84c898d65adf2f39a5a98507f1fe0ce10a2b8dbc/library/std/src/sys_common/backtrace.rs:134:18
[INFO] [stdout]   36:     0x5601800ec86b - std::thread::Builder::spawn_unchecked_::{{closure}}::{{closure}}::h251832bcb4a95327
[INFO] [stdout]                                at /rustc/84c898d65adf2f39a5a98507f1fe0ce10a2b8dbc/library/std/src/thread/mod.rs:560:17
[INFO] [stdout]   37:     0x5601800ec86b - <core::panic::unwind_safe::AssertUnwindSafe<F> as core::ops::function::FnOnce<()>>::call_once::h8fdff598fa414831
[INFO] [stdout]                                at /rustc/84c898d65adf2f39a5a98507f1fe0ce10a2b8dbc/library/core/src/panic/unwind_safe.rs:271:9
[INFO] [stdout]   38:     0x5601800ec86b - std::panicking::try::do_call::h455dd2f7764a950f
[INFO] [stdout]                                at /rustc/84c898d65adf2f39a5a98507f1fe0ce10a2b8dbc/library/std/src/panicking.rs:487:40
[INFO] [stdout]   39:     0x5601800ec86b - std::panicking::try::had6f23b7b73ae72a
[INFO] [stdout]                                at /rustc/84c898d65adf2f39a5a98507f1fe0ce10a2b8dbc/library/std/src/panicking.rs:451:19
[INFO] [stdout]   40:     0x5601800ec86b - std::panic::catch_unwind::ha6a5ca3915b4dad0
[INFO] [stdout]                                at /rustc/84c898d65adf2f39a5a98507f1fe0ce10a2b8dbc/library/std/src/panic.rs:140:14
[INFO] [stdout]   41:     0x5601800ec86b - std::thread::Builder::spawn_unchecked_::{{closure}}::h883b72ef75da6231
[INFO] [stdout]                                at /rustc/84c898d65adf2f39a5a98507f1fe0ce10a2b8dbc/library/std/src/thread/mod.rs:559:30
[INFO] [stdout]   42:     0x5601800ec86b - core::ops::function::FnOnce::call_once{{vtable.shim}}::hb7dff73dc8bd2ccb
[INFO] [stdout]                                at /rustc/84c898d65adf2f39a5a98507f1fe0ce10a2b8dbc/library/core/src/ops/function.rs:250:5
[INFO] [stdout]   43:     0x5601802b78b3 - <alloc::boxed::Box<F,A> as core::ops::function::FnOnce<Args>>::call_once::h39990b24eedef2ab
[INFO] [stdout]                                at /rustc/84c898d65adf2f39a5a98507f1fe0ce10a2b8dbc/library/alloc/src/boxed.rs:1987:9
[INFO] [stdout]   44:     0x5601802b78b3 - <alloc::boxed::Box<F,A> as core::ops::function::FnOnce<Args>>::call_once::h01a027258444143b
[INFO] [stdout]                                at /rustc/84c898d65adf2f39a5a98507f1fe0ce10a2b8dbc/library/alloc/src/boxed.rs:1987:9
[INFO] [stdout]   45:     0x5601802b78b3 - std::sys::unix::thread::Thread::new::thread_start::ha4f1cdd9c25884ba
[INFO] [stdout]                                at /rustc/84c898d65adf2f39a5a98507f1fe0ce10a2b8dbc/library/std/src/sys/unix/thread.rs:108:17
[INFO] [stdout]   46:     0x7f3d4c20eb43 - <unknown>
[INFO] [stdout]   47:     0x7f3d4c29fbb4 - __clone
[INFO] [stdout]   48:                0x0 - <unknown>
[INFO] [stdout] 
[INFO] [stdout] 
[INFO] [stdout] failures:
[INFO] [stdout]     tests::test_load_header
[INFO] [stdout] 
[INFO] [stdout] test result: FAILED. 1 passed; 1 failed; 0 ignored; 0 measured; 0 filtered out; finished in 0.27s
[INFO] [stdout] 
[INFO] [stderr] error: test failed, to rerun pass `--lib`
[INFO] running `Command { std: "docker" "inspect" "3e0c1f383292ee75d76fe6afdd61cb11b2bf30535b5d5b93baba14660f9a9778", kill_on_drop: false }`
[INFO] running `Command { std: "docker" "rm" "-f" "3e0c1f383292ee75d76fe6afdd61cb11b2bf30535b5d5b93baba14660f9a9778", kill_on_drop: false }`
[INFO] [stdout] 3e0c1f383292ee75d76fe6afdd61cb11b2bf30535b5d5b93baba14660f9a9778
