[INFO] cloning repository https://github.com/CyberPuck/conway-rust
[INFO] running `Command { std: "git" "-c" "credential.helper=" "-c" "credential.helper=/workspace/cargo-home/bin/git-credential-null" "clone" "--bare" "https://github.com/CyberPuck/conway-rust" "/workspace/cache/git-repos/https%3A%2F%2Fgithub.com%2FCyberPuck%2Fconway-rust", kill_on_drop: false }`
[INFO] [stderr] Cloning into bare repository '/workspace/cache/git-repos/https%3A%2F%2Fgithub.com%2FCyberPuck%2Fconway-rust'...
[INFO] running `Command { std: "git" "rev-parse" "HEAD", kill_on_drop: false }`
[INFO] [stdout] bc1f1390a0cd3a094ce90fd054ffd22021911a95
[INFO] testing CyberPuck/conway-rust against beta-2023-04-20 for beta-1.70-1
[INFO] running `Command { std: "git" "clone" "/workspace/cache/git-repos/https%3A%2F%2Fgithub.com%2FCyberPuck%2Fconway-rust" "/workspace/builds/worker-7-tc2/source", kill_on_drop: false }`
[INFO] [stderr] Cloning into '/workspace/builds/worker-7-tc2/source'...
[INFO] [stderr] done.
[INFO] validating manifest of git repo https://github.com/CyberPuck/conway-rust on toolchain beta-2023-04-20
[INFO] running `Command { std: CARGO_HOME="/workspace/cargo-home" RUSTUP_HOME="/workspace/rustup-home" "/workspace/cargo-home/bin/cargo" "+beta-2023-04-20" "metadata" "--manifest-path" "Cargo.toml" "--no-deps", kill_on_drop: false }`
[INFO] started tweaking git repo https://github.com/CyberPuck/conway-rust
[INFO] finished tweaking git repo https://github.com/CyberPuck/conway-rust
[INFO] tweaked toml for git repo https://github.com/CyberPuck/conway-rust written to /workspace/builds/worker-7-tc2/source/Cargo.toml
[INFO] crate git repo https://github.com/CyberPuck/conway-rust already has a lockfile, it will not be regenerated
[INFO] running `Command { std: CARGO_HOME="/workspace/cargo-home" RUSTUP_HOME="/workspace/rustup-home" "/workspace/cargo-home/bin/cargo" "+beta-2023-04-20" "fetch" "--manifest-path" "Cargo.toml", kill_on_drop: false }`
[INFO] [stderr]     Updating crates.io index
[INFO] [stderr]  Downloading crates ...
[INFO] [stderr]   Downloaded wgpu-native v0.5.1
[INFO] [stderr]   Downloaded hibitset v0.6.3
[INFO] [stderr]   Downloaded peek-poke-derive v0.2.1
[INFO] [stderr]   Downloaded wgpu-types v0.5.1
[INFO] [stderr]   Downloaded gfx-memory v0.1.3
[INFO] [stderr]   Downloaded peek-poke v0.2.0
[INFO] [stderr]   Downloaded smithay-clipboard v0.4.0
[INFO] [stderr]   Downloaded piston-viewport v0.5.0
[INFO] [stderr]   Downloaded find_folder v0.3.0
[INFO] [stderr]   Downloaded wgpu-core v0.5.6
[INFO] [stderr]   Downloaded conrod_derive v0.70.0
[INFO] [stderr]   Downloaded gfx-auxil v0.4.0
[INFO] [stderr]   Downloaded gfx-descriptor v0.1.0
[INFO] [stderr]   Downloaded x11-clipboard v0.5.1
[INFO] [stderr]   Downloaded daggy v0.5.0
[INFO] [stderr]   Downloaded pistoncore-input v0.24.0
[INFO] [stderr]   Downloaded lyon_algorithms v0.15.1
[INFO] [stderr]   Downloaded gfx-backend-dx11 v0.5.3
[INFO] [stderr]   Downloaded noise v0.6.0
[INFO] [stderr]   Downloaded atom v0.3.6
[INFO] [stderr]   Downloaded gfx-backend-dx12 v0.5.10
[INFO] [stderr]   Downloaded gfx-backend-vulkan v0.5.11
[INFO] [stderr]   Downloaded gfx-hal v0.5.3
[INFO] [stderr]   Downloaded conrod_core v0.70.0
[INFO] [stderr]   Downloaded lyon_tessellation v0.15.9
[INFO] [stderr]   Downloaded nannou v0.15.0
[INFO] [stderr]   Downloaded parking_lot_core v0.8.1
[INFO] [stderr]   Downloaded gfx-backend-metal v0.5.7
[INFO] [stderr]   Downloaded lyon_geom v0.15.3
[INFO] [stderr]   Downloaded conrod_wgpu v0.70.0
[INFO] [stderr]   Downloaded lyon_path v0.15.2
[INFO] [stderr]   Downloaded cocoa v0.20.2
[INFO] [stderr]   Downloaded daggy v0.6.0
[INFO] [stderr]   Downloaded notosans v0.1.0
[INFO] [stderr]   Downloaded spirv_cross v0.20.0
[INFO] [stderr]   Downloaded pennereq v0.3.1
[INFO] [stderr]   Downloaded gfx-backend-empty v0.5.2
[INFO] [stderr]   Downloaded libloading v0.6.6
[INFO] [stderr]   Downloaded copypasta v0.6.3
[INFO] [stderr]   Downloaded piston-float v0.3.0
[INFO] [stderr]   Downloaded conrod_winit v0.70.0
[INFO] [stderr]   Downloaded wgpu v0.5.2
[INFO] [stderr]   Downloaded lyon v0.15.9
[INFO] running `Command { std: "docker" "create" "-v" "/var/lib/crater-agent-workspace/builds/worker-7-tc2/target:/opt/rustwide/target:rw,Z" "-v" "/var/lib/crater-agent-workspace/builds/worker-7-tc2/source:/opt/rustwide/workdir:ro,Z" "-v" "/var/lib/crater-agent-workspace/cargo-home:/opt/rustwide/cargo-home:ro,Z" "-v" "/var/lib/crater-agent-workspace/rustup-home:/opt/rustwide/rustup-home:ro,Z" "-e" "SOURCE_DIR=/opt/rustwide/workdir" "-e" "CARGO_TARGET_DIR=/opt/rustwide/target" "-e" "CARGO_HOME=/opt/rustwide/cargo-home" "-e" "RUSTUP_HOME=/opt/rustwide/rustup-home" "-w" "/opt/rustwide/workdir" "-m" "1610612736" "--user" "0:0" "--network" "none" "ghcr.io/rust-lang/crates-build-env/linux@sha256:5ff2268d62e97bff2cde7d5815dd6ed5b47097566f13b8d0ca110b04b60e07ed" "/opt/rustwide/cargo-home/bin/cargo" "+beta-2023-04-20" "metadata" "--no-deps" "--format-version=1", kill_on_drop: false }`
[INFO] [stdout] 88c6053f848e8d6503bf40f81bc5ccc166d8235f528ff26bcacd66fdfef00035
[INFO] running `Command { std: "docker" "start" "-a" "88c6053f848e8d6503bf40f81bc5ccc166d8235f528ff26bcacd66fdfef00035", kill_on_drop: false }`
[INFO] running `Command { std: "docker" "inspect" "88c6053f848e8d6503bf40f81bc5ccc166d8235f528ff26bcacd66fdfef00035", kill_on_drop: false }`
[INFO] running `Command { std: "docker" "rm" "-f" "88c6053f848e8d6503bf40f81bc5ccc166d8235f528ff26bcacd66fdfef00035", kill_on_drop: false }`
[INFO] [stdout] 88c6053f848e8d6503bf40f81bc5ccc166d8235f528ff26bcacd66fdfef00035
[INFO] running `Command { std: "docker" "create" "-v" "/var/lib/crater-agent-workspace/builds/worker-7-tc2/target:/opt/rustwide/target:rw,Z" "-v" "/var/lib/crater-agent-workspace/builds/worker-7-tc2/source:/opt/rustwide/workdir:ro,Z" "-v" "/var/lib/crater-agent-workspace/cargo-home:/opt/rustwide/cargo-home:ro,Z" "-v" "/var/lib/crater-agent-workspace/rustup-home:/opt/rustwide/rustup-home:ro,Z" "-e" "SOURCE_DIR=/opt/rustwide/workdir" "-e" "CARGO_TARGET_DIR=/opt/rustwide/target" "-e" "CARGO_INCREMENTAL=0" "-e" "RUST_BACKTRACE=full" "-e" "RUSTFLAGS=--cap-lints=warn" "-e" "RUSTDOCFLAGS=--cap-lints=warn" "-e" "CARGO_HOME=/opt/rustwide/cargo-home" "-e" "RUSTUP_HOME=/opt/rustwide/rustup-home" "-w" "/opt/rustwide/workdir" "-m" "1610612736" "--user" "0:0" "--network" "none" "ghcr.io/rust-lang/crates-build-env/linux@sha256:5ff2268d62e97bff2cde7d5815dd6ed5b47097566f13b8d0ca110b04b60e07ed" "/opt/rustwide/cargo-home/bin/cargo" "+beta-2023-04-20" "build" "--frozen" "--message-format=json", kill_on_drop: false }`
[INFO] [stdout] 3c85cf67e6597d2cd83b83438c57cee0ca2b8e93fc005e154036a297bed48baa
[INFO] running `Command { std: "docker" "start" "-a" "3c85cf67e6597d2cd83b83438c57cee0ca2b8e93fc005e154036a297bed48baa", kill_on_drop: false }`
[INFO] [stderr]    Compiling libc v0.2.81
[INFO] [stderr]    Compiling byteorder v1.3.4
[INFO] [stderr]    Compiling proc-macro2 v1.0.24
[INFO] [stderr]    Compiling unicode-xid v0.2.1
[INFO] [stderr]    Compiling syn v1.0.54
[INFO] [stderr]    Compiling scopeguard v1.1.0
[INFO] [stderr]    Compiling log v0.4.11
[INFO] [stderr]    Compiling libloading v0.6.6
[INFO] [stderr]    Compiling proc-macro2 v0.4.30
[INFO] [stderr]    Compiling unicode-xid v0.1.0
[INFO] [stderr]    Compiling xml-rs v0.8.3
[INFO] [stderr]    Compiling crossbeam-utils v0.7.2
[INFO] [stderr]    Compiling memoffset v0.5.6
[INFO] [stderr]    Compiling crossbeam-epoch v0.8.2
[INFO] [stderr]    Compiling crossbeam-utils v0.8.1
[INFO] [stderr]    Compiling pkg-config v0.3.19
[INFO] [stderr]    Compiling quote v1.0.7
[INFO] [stderr]    Compiling nix v0.14.1
[INFO] [stderr]    Compiling num_cpus v1.13.0
[INFO] [stderr]    Compiling quote v0.6.13
[INFO] [stderr]    Compiling iovec v0.1.4
[INFO] [stderr]    Compiling net2 v0.2.37
[INFO] [stderr]    Compiling wayland-scanner v0.23.6
[INFO] [stderr]    Compiling approx v0.3.2
[INFO] [stderr]    Compiling memoffset v0.6.1
[INFO] [stderr]    Compiling void v1.0.2
[INFO] [stderr]    Compiling getrandom v0.1.15
[INFO] [stderr]    Compiling const_fn v0.4.4
[INFO] [stderr]    Compiling mio v0.6.23
[INFO] [stderr]    Compiling raw-window-handle v0.3.3
[INFO] [stderr]    Compiling dlib v0.4.2
[INFO] [stderr]    Compiling arrayvec v0.5.2
[INFO] [stderr]    Compiling lazycell v1.3.0
[INFO] [stderr]    Compiling wayland-sys v0.23.6
[INFO] [stderr]    Compiling crossbeam-deque v0.7.3
[INFO] [stderr]    Compiling mio-extras v2.0.6
[INFO] [stderr]    Compiling stb_truetype v0.3.1
[INFO] [stderr]    Compiling ordered-float v1.1.1
[INFO] [stderr]    Compiling rayon-core v1.9.0
[INFO] [stderr]    Compiling rustc-hash v1.1.0
[INFO] [stderr]    Compiling serde_derive v1.0.118
[INFO] [stderr]    Compiling linked-hash-map v0.5.3
[INFO] [stderr]    Compiling crossbeam-epoch v0.9.1
[INFO] [stderr]    Compiling rand_core v0.5.1
[INFO] [stderr]    Compiling wayland-client v0.23.6
[INFO] [stderr]    Compiling wayland-protocols v0.23.6
[INFO] [stderr]    Compiling rusttype v0.8.3
[INFO] [stderr]    Compiling gfx-hal v0.5.3
[INFO] [stderr]    Compiling rand_core v0.3.1
[INFO] [stderr]    Compiling serde v1.0.118
[INFO] [stderr]    Compiling smallvec v1.5.1
[INFO] [stderr]    Compiling same-file v1.0.6
[INFO] [stderr]    Compiling downcast-rs v1.2.0
[INFO] [stderr]    Compiling walkdir v2.3.1
[INFO] [stderr]    Compiling rusttype v0.7.9
[INFO] [stderr]    Compiling crossbeam-deque v0.8.0
[INFO] [stderr]    Compiling crossbeam-channel v0.5.0
[INFO] [stderr]    Compiling x11 v2.18.2
[INFO] [stderr]    Compiling line_drawing v0.7.0
[INFO] [stderr]    Compiling calloop v0.4.4
[INFO] [stderr]    Compiling wayland-commons v0.23.6
[INFO] [stderr]    Compiling rayon v1.5.0
[INFO] [stderr]    Compiling synstructure v0.12.4
[INFO] [stderr]    Compiling ppv-lite86 v0.2.10
[INFO] [stderr]    Compiling siphasher v0.3.3
[INFO] [stderr]    Compiling xdg v2.2.0
[INFO] [stderr]    Compiling rand_chacha v0.2.2
[INFO] [stderr]    Compiling phf_shared v0.8.0
[INFO] [stderr]    Compiling andrew v0.2.1
[INFO] [stderr]    Compiling parking_lot_core v0.7.2
[INFO] [stderr]    Compiling rand_pcg v0.2.1
[INFO] [stderr]    Compiling xcb v0.9.0
[INFO] [stderr]    Compiling memmap v0.7.0
[INFO] [stderr]    Compiling fxhash v0.2.1
[INFO] [stderr]    Compiling lock_api v0.3.4
[INFO] [stderr]    Compiling num-bigint v0.2.6
[INFO] [stderr]    Compiling either v1.6.1
[INFO] [stderr]    Compiling proc-macro-hack v0.5.19
[INFO] [stderr]    Compiling atom v0.3.6
[INFO] [stderr]    Compiling parking_lot v0.10.2
[INFO] [stderr]    Compiling hibitset v0.6.3
[INFO] [stderr]    Compiling rand v0.7.3
[INFO] [stderr]    Compiling ash v0.31.0
[INFO] [stderr]    Compiling euclid v0.20.14
[INFO] [stderr]    Compiling peek-poke-derive v0.2.1
[INFO] [stderr]    Compiling num-complex v0.2.4
[INFO] [stderr]    Compiling num-rational v0.2.4
[INFO] [stderr]    Compiling memchr v2.3.4
[INFO] [stderr]    Compiling proc-macro-nested v0.1.6
[INFO] [stderr]    Compiling vec_map v0.8.2
[INFO] [stderr]    Compiling fixedbitset v0.1.9
[INFO] [stderr]    Compiling jpeg-decoder v0.1.20
[INFO] [stderr]    Compiling peek-poke v0.2.0
[INFO] [stderr]    Compiling petgraph v0.4.13
[INFO] [stderr]    Compiling wgpu-types v0.5.1
[INFO] [stderr]    Compiling lyon_geom v0.15.3
[INFO] [stderr]    Compiling phf_generator v0.8.0
[INFO] [stderr]    Compiling pin-project-internal v1.0.2
[INFO] [stderr]    Compiling gfx-memory v0.1.3
[INFO] [stderr]    Compiling gfx-descriptor v0.1.0
[INFO] [stderr]    Compiling gfx-backend-empty v0.5.2
[INFO] [stderr]    Compiling miniz_oxide v0.4.3
[INFO] [stderr]    Compiling copyless v0.1.5
[INFO] [stderr]    Compiling futures-core v0.3.8
[INFO] [stderr]    Compiling piston-float v0.3.0
[INFO] [stderr]    Compiling futures-sink v0.3.8
[INFO] [stderr]    Compiling crc32fast v1.2.1
[INFO] [stderr]    Compiling once_cell v1.5.2
[INFO] [stderr]    Compiling futures-channel v0.3.8
[INFO] [stderr]    Compiling futures-task v0.3.8
[INFO] [stderr]    Compiling pin-project v1.0.2
[INFO] [stderr]    Compiling piston-viewport v0.5.0
[INFO] [stderr]    Compiling futures-macro v0.3.8
[INFO] [stderr]    Compiling lyon_path v0.15.2
[INFO] [stderr]    Compiling phf_codegen v0.8.0
[INFO] [stderr]    Compiling inflate v0.3.4
[INFO] [stderr]    Compiling deflate v0.7.20
[INFO] [stderr]    Compiling x11-dl v2.18.5
[INFO] [stderr]    Compiling num-traits v0.1.43
[INFO] [stderr]    Compiling sid v0.6.1
[INFO] [stderr]    Compiling instant v0.1.9
[INFO] [stderr]    Compiling weezl v0.1.3
[INFO] [stderr]    Compiling scoped_threadpool v0.1.9
[INFO] [stderr]    Compiling futures-io v0.3.8
[INFO] [stderr]    Compiling adler v0.2.3
[INFO] [stderr]    Compiling gfx-backend-vulkan v0.5.11
[INFO] [stderr]    Compiling ryu v1.0.5
[INFO] [stderr]    Compiling lzw v0.10.0
[INFO] [stderr]    Compiling gif v0.9.2
[INFO] [stderr]    Compiling futures-util v0.3.8
[INFO] [stderr]    Compiling png v0.11.0
[INFO] [stderr]    Compiling x11-clipboard v0.5.1
[INFO] [stderr]    Compiling wgpu-core v0.5.6
[INFO] [stderr]    Compiling enum_primitive v0.1.1
[INFO] [stderr]    Compiling num v0.2.1
[INFO] [stderr]    Compiling palette v0.5.0
[INFO] [stderr]    Compiling rand_chacha v0.1.1
[INFO] [stderr]    Compiling pistoncore-input v0.24.0
[INFO] [stderr]    Compiling daggy v0.5.0
[INFO] [stderr]    Compiling conrod_derive v0.70.0
[INFO] [stderr]    Compiling rand_hc v0.1.0
[INFO] [stderr]    Compiling rand_xorshift v0.1.1
[INFO] [stderr]    Compiling rand_isaac v0.1.1
[INFO] [stderr]    Compiling deflate v0.8.6
[INFO] [stderr]    Compiling rand_os v0.1.3
[INFO] [stderr]    Compiling num-rational v0.1.42
[INFO] [stderr]    Compiling cgmath v0.17.0
[INFO] [stderr]    Compiling serde_json v1.0.60
[INFO] [stderr]    Compiling fnv v1.0.7
[INFO] [stderr]    Compiling png v0.16.8
[INFO] [stderr]    Compiling image v0.18.0
[INFO] [stderr]    Compiling rand v0.6.5
[INFO] [stderr]    Compiling futures-executor v0.3.8
[INFO] [stderr]    Compiling tiff v0.6.1
[INFO] [stderr]    Compiling wgpu-native v0.5.1
[INFO] [stderr]    Compiling gif v0.11.1
[INFO] [stderr]    Compiling lyon_algorithms v0.15.1
[INFO] [stderr]    Compiling lyon_tessellation v0.15.9
[INFO] [stderr]    Compiling palette_derive v0.5.0
[INFO] [stderr]    Compiling phf v0.8.0
[INFO] [stderr]    Compiling rand v0.5.6
[INFO] [stderr]    Compiling unicode-width v0.1.8
[INFO] [stderr]    Compiling itoa v0.4.6
[INFO] [stderr]    Compiling bytemuck v1.4.1
[INFO] [stderr]    Compiling percent-encoding v2.1.0
[INFO] [stderr]    Compiling image v0.23.12
[INFO] [stderr]    Compiling noise v0.6.0
[INFO] [stderr]    Compiling textwrap v0.11.0
[INFO] [stderr]    Compiling lyon v0.15.9
[INFO] [stderr]    Compiling futures v0.3.8
[INFO] [stderr]    Compiling toml v0.5.7
[INFO] [stderr]    Compiling daggy v0.6.0
[INFO] [stderr]    Compiling atty v0.2.14
[INFO] [stderr]    Compiling pennereq v0.3.1
[INFO] [stderr]    Compiling notosans v0.1.0
[INFO] [stderr]    Compiling find_folder v0.3.0
[INFO] [stderr]    Compiling ansi_term v0.11.0
[INFO] [stderr]    Compiling strsim v0.8.0
[INFO] [stderr]    Compiling yaml-rust v0.3.5
[INFO] [stderr]    Compiling conrod_winit v0.70.0
[INFO] [stderr]    Compiling clap v2.33.3
[INFO] [stderr]    Compiling wgpu v0.5.2
[INFO] [stderr]    Compiling smithay-client-toolkit v0.6.6
[INFO] [stderr]    Compiling smithay-clipboard v0.4.0
[INFO] [stderr]    Compiling winit v0.22.2
[INFO] [stderr]    Compiling copypasta v0.6.3
[INFO] [stderr]    Compiling conrod_core v0.70.0
[INFO] [stderr]    Compiling conrod_wgpu v0.70.0
[INFO] [stderr]    Compiling nannou v0.15.0
[INFO] [stderr]    Compiling conway-rust v0.4.0 (/opt/rustwide/workdir)
[INFO] [stdout] warning: unnecessary parentheses around match arm expression
[INFO] [stdout]    --> src/grid.rs:136:34
[INFO] [stdout]     |
[INFO] [stdout] 136 |                     Err(_err) => (println!("{}", _err)), // skip over error, probably out of bounds
[INFO] [stdout]     |                                  ^                    ^
[INFO] [stdout]     |
[INFO] [stdout]     = note: `#[warn(unused_parens)]` on by default
[INFO] [stdout] help: remove these parentheses
[INFO] [stdout]     |
[INFO] [stdout] 136 -                     Err(_err) => (println!("{}", _err)), // skip over error, probably out of bounds
[INFO] [stdout] 136 +                     Err(_err) => println!("{}", _err), // skip over error, probably out of bounds
[INFO] [stdout]     |
[INFO] [stdout] 
[INFO] [stdout] 
[INFO] [stdout] warning: method `replace_grid` is never used
[INFO] [stdout]    --> src/conway_engine.rs:221:8
[INFO] [stdout]     |
[INFO] [stdout] 29  | impl ConwayEngine {
[INFO] [stdout]     | ----------------- method in this implementation
[INFO] [stdout] ...
[INFO] [stdout] 221 |     fn replace_grid(&mut self, new_grid: grid::Grid<usize>) -> Result<(), &'static str> {
[INFO] [stdout]     |        ^^^^^^^^^^^^
[INFO] [stdout]     |
[INFO] [stdout]     = note: `#[warn(dead_code)]` on by default
[INFO] [stdout] 
[INFO] [stdout] 
[INFO] [stdout] warning: 2 warnings emitted
[INFO] [stdout] 
[INFO] [stdout] 
[INFO] [stderr]     Finished dev [unoptimized + debuginfo] target(s) in 2m 36s
[INFO] running `Command { std: "docker" "inspect" "3c85cf67e6597d2cd83b83438c57cee0ca2b8e93fc005e154036a297bed48baa", kill_on_drop: false }`
[INFO] running `Command { std: "docker" "rm" "-f" "3c85cf67e6597d2cd83b83438c57cee0ca2b8e93fc005e154036a297bed48baa", kill_on_drop: false }`
[INFO] [stdout] 3c85cf67e6597d2cd83b83438c57cee0ca2b8e93fc005e154036a297bed48baa
[INFO] running `Command { std: "docker" "create" "-v" "/var/lib/crater-agent-workspace/builds/worker-7-tc2/target:/opt/rustwide/target:rw,Z" "-v" "/var/lib/crater-agent-workspace/builds/worker-7-tc2/source:/opt/rustwide/workdir:ro,Z" "-v" "/var/lib/crater-agent-workspace/cargo-home:/opt/rustwide/cargo-home:ro,Z" "-v" "/var/lib/crater-agent-workspace/rustup-home:/opt/rustwide/rustup-home:ro,Z" "-e" "SOURCE_DIR=/opt/rustwide/workdir" "-e" "CARGO_TARGET_DIR=/opt/rustwide/target" "-e" "CARGO_INCREMENTAL=0" "-e" "RUST_BACKTRACE=full" "-e" "RUSTFLAGS=--cap-lints=warn" "-e" "RUSTDOCFLAGS=--cap-lints=warn" "-e" "CARGO_HOME=/opt/rustwide/cargo-home" "-e" "RUSTUP_HOME=/opt/rustwide/rustup-home" "-w" "/opt/rustwide/workdir" "-m" "1610612736" "--user" "0:0" "--network" "none" "ghcr.io/rust-lang/crates-build-env/linux@sha256:5ff2268d62e97bff2cde7d5815dd6ed5b47097566f13b8d0ca110b04b60e07ed" "/opt/rustwide/cargo-home/bin/cargo" "+beta-2023-04-20" "test" "--frozen" "--no-run" "--message-format=json", kill_on_drop: false }`
[INFO] [stdout] 8c825cac422891674b4be7c6c1c36dad83d56e4a6db0d138f2ff00c5a6b2e453
[INFO] running `Command { std: "docker" "start" "-a" "8c825cac422891674b4be7c6c1c36dad83d56e4a6db0d138f2ff00c5a6b2e453", kill_on_drop: false }`
[INFO] [stderr]    Compiling conway-rust v0.4.0 (/opt/rustwide/workdir)
[INFO] [stdout] warning: unnecessary parentheses around match arm expression
[INFO] [stdout]    --> src/grid.rs:136:34
[INFO] [stdout]     |
[INFO] [stdout] 136 |                     Err(_err) => (println!("{}", _err)), // skip over error, probably out of bounds
[INFO] [stdout]     |                                  ^                    ^
[INFO] [stdout]     |
[INFO] [stdout]     = note: `#[warn(unused_parens)]` on by default
[INFO] [stdout] help: remove these parentheses
[INFO] [stdout]     |
[INFO] [stdout] 136 -                     Err(_err) => (println!("{}", _err)), // skip over error, probably out of bounds
[INFO] [stdout] 136 +                     Err(_err) => println!("{}", _err), // skip over error, probably out of bounds
[INFO] [stdout]     |
[INFO] [stdout] 
[INFO] [stdout] 
[INFO] [stdout] warning: method `replace_grid` is never used
[INFO] [stdout]    --> src/conway_engine.rs:221:8
[INFO] [stdout]     |
[INFO] [stdout] 29  | impl ConwayEngine {
[INFO] [stdout]     | ----------------- method in this implementation
[INFO] [stdout] ...
[INFO] [stdout] 221 |     fn replace_grid(&mut self, new_grid: grid::Grid<usize>) -> Result<(), &'static str> {
[INFO] [stdout]     |        ^^^^^^^^^^^^
[INFO] [stdout]     |
[INFO] [stdout]     = note: `#[warn(dead_code)]` on by default
[INFO] [stdout] 
[INFO] [stdout] 
[INFO] [stdout] warning: 2 warnings emitted
[INFO] [stdout] 
[INFO] [stdout] 
[INFO] [stderr]     Finished test [unoptimized + debuginfo] target(s) in 3.35s
[INFO] running `Command { std: "docker" "inspect" "8c825cac422891674b4be7c6c1c36dad83d56e4a6db0d138f2ff00c5a6b2e453", kill_on_drop: false }`
[INFO] running `Command { std: "docker" "rm" "-f" "8c825cac422891674b4be7c6c1c36dad83d56e4a6db0d138f2ff00c5a6b2e453", kill_on_drop: false }`
[INFO] [stdout] 8c825cac422891674b4be7c6c1c36dad83d56e4a6db0d138f2ff00c5a6b2e453
[INFO] running `Command { std: "docker" "create" "-v" "/var/lib/crater-agent-workspace/builds/worker-7-tc2/target:/opt/rustwide/target:rw,Z" "-v" "/var/lib/crater-agent-workspace/builds/worker-7-tc2/source:/opt/rustwide/workdir:ro,Z" "-v" "/var/lib/crater-agent-workspace/cargo-home:/opt/rustwide/cargo-home:ro,Z" "-v" "/var/lib/crater-agent-workspace/rustup-home:/opt/rustwide/rustup-home:ro,Z" "-e" "SOURCE_DIR=/opt/rustwide/workdir" "-e" "CARGO_TARGET_DIR=/opt/rustwide/target" "-e" "CARGO_INCREMENTAL=0" "-e" "RUST_BACKTRACE=full" "-e" "RUSTFLAGS=--cap-lints=warn" "-e" "RUSTDOCFLAGS=--cap-lints=warn" "-e" "CARGO_HOME=/opt/rustwide/cargo-home" "-e" "RUSTUP_HOME=/opt/rustwide/rustup-home" "-w" "/opt/rustwide/workdir" "-m" "1610612736" "--user" "0:0" "--network" "none" "ghcr.io/rust-lang/crates-build-env/linux@sha256:5ff2268d62e97bff2cde7d5815dd6ed5b47097566f13b8d0ca110b04b60e07ed" "/opt/rustwide/cargo-home/bin/cargo" "+beta-2023-04-20" "test" "--frozen", kill_on_drop: false }`
[INFO] [stdout] 55327819254a80db4a95800ccd273ae6de1508cc1327347eb174bd8b676b52dc
[INFO] running `Command { std: "docker" "start" "-a" "55327819254a80db4a95800ccd273ae6de1508cc1327347eb174bd8b676b52dc", kill_on_drop: false }`
[INFO] [stderr] warning: unnecessary parentheses around match arm expression
[INFO] [stderr]    --> src/grid.rs:136:34
[INFO] [stderr]     |
[INFO] [stderr] 136 |                     Err(_err) => (println!("{}", _err)), // skip over error, probably out of bounds
[INFO] [stderr]     |                                  ^                    ^
[INFO] [stderr]     |
[INFO] [stderr]     = note: `#[warn(unused_parens)]` on by default
[INFO] [stderr] help: remove these parentheses
[INFO] [stderr]     |
[INFO] [stderr] 136 -                     Err(_err) => (println!("{}", _err)), // skip over error, probably out of bounds
[INFO] [stderr] 136 +                     Err(_err) => println!("{}", _err), // skip over error, probably out of bounds
[INFO] [stderr]     |
[INFO] [stderr] 
[INFO] [stderr] warning: method `replace_grid` is never used
[INFO] [stderr]    --> src/conway_engine.rs:221:8
[INFO] [stderr]     |
[INFO] [stderr] 29  | impl ConwayEngine {
[INFO] [stderr]     | ----------------- method in this implementation
[INFO] [stderr] ...
[INFO] [stderr] 221 |     fn replace_grid(&mut self, new_grid: grid::Grid<usize>) -> Result<(), &'static str> {
[INFO] [stderr]     |        ^^^^^^^^^^^^
[INFO] [stderr]     |
[INFO] [stderr]     = note: `#[warn(dead_code)]` on by default
[INFO] [stderr] 
[INFO] [stderr] warning: `conway-rust` (bin "conway-rust" test) generated 2 warnings (run `cargo fix --bin "conway-rust" --tests` to apply 1 suggestion)
[INFO] [stderr]     Finished test [unoptimized + debuginfo] target(s) in 0.17s
[INFO] [stderr]      Running unittests src/main.rs (/opt/rustwide/target/debug/deps/conway_rust-a8611bc2432ca7ac)
[INFO] [stdout] 
[INFO] [stdout] running 10 tests
[INFO] [stdout] test gui::conway_engine::test::test_generate_grid ... ok
[INFO] [stdout] test gui::conway_engine::test::test_empty_generated_grid ... ok
[INFO] [stdout] test gui::conway_engine::grid::test::test_set_get ... ok
[INFO] [stdout] test gui::conway_engine::grid::test::test_grid ... ok
[INFO] [stdout] test gui::conway_engine::test::test_get_grid_spacing ... ok
[INFO] [stdout] test gui::conway_engine::test::test_parse_header ... ok
[INFO] [stdout] test gui::conway_engine::grid::test::test_number_neighbors ... ok
[INFO] [stdout] test gui::conway_engine::test::test_new ... ok
[INFO] [stdout] test gui::conway_engine::test::test_read_engine_file ... ok
[INFO] [stdout] test gui::conway_engine::test::test_get_title_string ... FAILED
[INFO] [stdout] 
[INFO] [stdout] failures:
[INFO] [stdout] 
[INFO] [stdout] ---- gui::conway_engine::test::test_get_title_string stdout ----
[INFO] [stdout] thread 'gui::conway_engine::test::test_get_title_string' panicked at 'assertion failed: `(left == right)`
[INFO] [stdout]   left: `"Conway-rust v0.4.0: test-files/test2.txt"`,
[INFO] [stdout]  right: `"Conway-rust v0.3.0: test-files/test2.txt"`', src/conway_engine.rs:557:9
[INFO] [stdout] stack backtrace:
[INFO] [stdout]    0:     0x55e1f8b317fa - std::backtrace_rs::backtrace::libunwind::trace::h2f05d0192276a8f6
[INFO] [stdout]                                at /rustc/1b7dd2252b99671ce5d1cb9664c5f8636329436d/library/std/src/../../backtrace/src/backtrace/libunwind.rs:93:5
[INFO] [stdout]    1:     0x55e1f8b317fa - std::backtrace_rs::backtrace::trace_unsynchronized::hedc23dff7a1af150
[INFO] [stdout]                                at /rustc/1b7dd2252b99671ce5d1cb9664c5f8636329436d/library/std/src/../../backtrace/src/backtrace/mod.rs:66:5
[INFO] [stdout]    2:     0x55e1f8b317fa - std::sys_common::backtrace::_print_fmt::h17541ef7592f3ce2
[INFO] [stdout]                                at /rustc/1b7dd2252b99671ce5d1cb9664c5f8636329436d/library/std/src/sys_common/backtrace.rs:65:5
[INFO] [stdout]    3:     0x55e1f8b317fa - <std::sys_common::backtrace::_print::DisplayBacktrace as core::fmt::Display>::fmt::h20f75df5ab0c0792
[INFO] [stdout]                                at /rustc/1b7dd2252b99671ce5d1cb9664c5f8636329436d/library/std/src/sys_common/backtrace.rs:44:22
[INFO] [stdout]    4:     0x55e1f8b55f1f - core::fmt::write::h78109e6f466b3af6
[INFO] [stdout]                                at /rustc/1b7dd2252b99671ce5d1cb9664c5f8636329436d/library/core/src/fmt/mod.rs:1254:17
[INFO] [stdout]    5:     0x55e1f8b2eb45 - std::io::Write::write_fmt::hd24bfb68a1b35a25
[INFO] [stdout]                                at /rustc/1b7dd2252b99671ce5d1cb9664c5f8636329436d/library/std/src/io/mod.rs:1698:15
[INFO] [stdout]    6:     0x55e1f8b315c5 - std::sys_common::backtrace::_print::h8dac57a9f8fbf9a5
[INFO] [stdout]                                at /rustc/1b7dd2252b99671ce5d1cb9664c5f8636329436d/library/std/src/sys_common/backtrace.rs:47:5
[INFO] [stdout]    7:     0x55e1f8b315c5 - std::sys_common::backtrace::print::hf9ecbf41d1aa712f
[INFO] [stdout]                                at /rustc/1b7dd2252b99671ce5d1cb9664c5f8636329436d/library/std/src/sys_common/backtrace.rs:34:9
[INFO] [stdout]    8:     0x55e1f8b3327e - std::panicking::default_hook::{{closure}}::h04c07acfc84ca028
[INFO] [stdout]                                at /rustc/1b7dd2252b99671ce5d1cb9664c5f8636329436d/library/std/src/panicking.rs:269:22
[INFO] [stdout]    9:     0x55e1f8b32fb1 - std::panicking::default_hook::h01f6bb23e1eceb2c
[INFO] [stdout]                                at /rustc/1b7dd2252b99671ce5d1cb9664c5f8636329436d/library/std/src/panicking.rs:285:9
[INFO] [stdout]   10:     0x55e1f8af118b - <alloc::boxed::Box<F,A> as core::ops::function::Fn<Args>>::call::h87fe9f7b2fd49e4c
[INFO] [stdout]                                at /rustc/1b7dd2252b99671ce5d1cb9664c5f8636329436d/library/alloc/src/boxed.rs:1987:9
[INFO] [stdout]   11:     0x55e1f8af118b - test::test_main::{{closure}}::he94d679243a7531b
[INFO] [stdout]                                at /rustc/1b7dd2252b99671ce5d1cb9664c5f8636329436d/library/test/src/lib.rs:134:21
[INFO] [stdout]   12:     0x55e1f8b33964 - <alloc::boxed::Box<F,A> as core::ops::function::Fn<Args>>::call::h3f2d6d8b14c4769f
[INFO] [stdout]                                at /rustc/1b7dd2252b99671ce5d1cb9664c5f8636329436d/library/alloc/src/boxed.rs:1987:9
[INFO] [stdout]   13:     0x55e1f8b33964 - std::panicking::rust_panic_with_hook::h2bb3722bbaf2f6df
[INFO] [stdout]                                at /rustc/1b7dd2252b99671ce5d1cb9664c5f8636329436d/library/std/src/panicking.rs:695:13
[INFO] [stdout]   14:     0x55e1f8b336d9 - std::panicking::begin_panic_handler::{{closure}}::h91bc7f36a4be011b
[INFO] [stdout]                                at /rustc/1b7dd2252b99671ce5d1cb9664c5f8636329436d/library/std/src/panicking.rs:582:13
[INFO] [stdout]   15:     0x55e1f8b31c66 - std::sys_common::backtrace::__rust_end_short_backtrace::h8b3d3717114f9e59
[INFO] [stdout]                                at /rustc/1b7dd2252b99671ce5d1cb9664c5f8636329436d/library/std/src/sys_common/backtrace.rs:150:18
[INFO] [stdout]   16:     0x55e1f8b33432 - rust_begin_unwind
[INFO] [stdout]                                at /rustc/1b7dd2252b99671ce5d1cb9664c5f8636329436d/library/std/src/panicking.rs:578:5
[INFO] [stdout]   17:     0x55e1f8aafba3 - core::panicking::panic_fmt::hfd368e3fbdabea26
[INFO] [stdout]                                at /rustc/1b7dd2252b99671ce5d1cb9664c5f8636329436d/library/core/src/panicking.rs:67:14
[INFO] [stdout]   18:     0x55e1f8aaff6f - core::panicking::assert_failed_inner::haef49168e1798a91
[INFO] [stdout]   19:     0x55e1f8ab8c0e - core::panicking::assert_failed::h8fcf8c0c29454e3e
[INFO] [stdout]                                at /rustc/1b7dd2252b99671ce5d1cb9664c5f8636329436d/library/core/src/panicking.rs:228:5
[INFO] [stdout]   20:     0x55e1f8ab483b - conway_rust::gui::conway_engine::test::test_get_title_string::hc98bd91c3d7f7787
[INFO] [stdout]                                at /opt/rustwide/workdir/src/conway_engine.rs:557:9
[INFO] [stdout]   21:     0x55e1f8ab4657 - conway_rust::gui::conway_engine::test::test_get_title_string::{{closure}}::hd8af674e6a445384
[INFO] [stdout]                                at /opt/rustwide/workdir/src/conway_engine.rs:555:32
[INFO] [stdout]   22:     0x55e1f8ab8655 - core::ops::function::FnOnce::call_once::h6a2b378557d701e7
[INFO] [stdout]                                at /rustc/1b7dd2252b99671ce5d1cb9664c5f8636329436d/library/core/src/ops/function.rs:250:5
[INFO] [stdout]   23:     0x55e1f8af605f - core::ops::function::FnOnce::call_once::ha6a70e79f7481a7e
[INFO] [stdout]                                at /rustc/1b7dd2252b99671ce5d1cb9664c5f8636329436d/library/core/src/ops/function.rs:250:5
[INFO] [stdout]   24:     0x55e1f8af605f - test::__rust_begin_short_backtrace::hce33033019b61e69
[INFO] [stdout]                                at /rustc/1b7dd2252b99671ce5d1cb9664c5f8636329436d/library/test/src/lib.rs:655:18
[INFO] [stdout]   25:     0x55e1f8ac384c - test::run_test::{{closure}}::h858d3528838ae3e5
[INFO] [stdout]                                at /rustc/1b7dd2252b99671ce5d1cb9664c5f8636329436d/library/test/src/lib.rs:646:30
[INFO] [stdout]   26:     0x55e1f8ac384c - core::ops::function::FnOnce::call_once{{vtable.shim}}::he8ac2b00f01ae79e
[INFO] [stdout]                                at /rustc/1b7dd2252b99671ce5d1cb9664c5f8636329436d/library/core/src/ops/function.rs:250:5
[INFO] [stdout]   27:     0x55e1f8af5136 - <alloc::boxed::Box<F,A> as core::ops::function::FnOnce<Args>>::call_once::h8093d25b522725ef
[INFO] [stdout]                                at /rustc/1b7dd2252b99671ce5d1cb9664c5f8636329436d/library/alloc/src/boxed.rs:1973:9
[INFO] [stdout]   28:     0x55e1f8af5136 - <core::panic::unwind_safe::AssertUnwindSafe<F> as core::ops::function::FnOnce<()>>::call_once::h5c334c204e4a3913
[INFO] [stdout]                                at /rustc/1b7dd2252b99671ce5d1cb9664c5f8636329436d/library/core/src/panic/unwind_safe.rs:271:9
[INFO] [stdout]   29:     0x55e1f8af5136 - std::panicking::try::do_call::ha8b740c7b9478074
[INFO] [stdout]                                at /rustc/1b7dd2252b99671ce5d1cb9664c5f8636329436d/library/std/src/panicking.rs:485:40
[INFO] [stdout]   30:     0x55e1f8af5136 - std::panicking::try::h5d34f63d0e41b64e
[INFO] [stdout]                                at /rustc/1b7dd2252b99671ce5d1cb9664c5f8636329436d/library/std/src/panicking.rs:449:19
[INFO] [stdout]   31:     0x55e1f8af5136 - std::panic::catch_unwind::hcfbb511e1aa7fc67
[INFO] [stdout]                                at /rustc/1b7dd2252b99671ce5d1cb9664c5f8636329436d/library/std/src/panic.rs:140:14
[INFO] [stdout]   32:     0x55e1f8af5136 - test::run_test_in_process::h9abda90f802eaf21
[INFO] [stdout]                                at /rustc/1b7dd2252b99671ce5d1cb9664c5f8636329436d/library/test/src/lib.rs:678:27
[INFO] [stdout]   33:     0x55e1f8af5136 - test::run_test::run_test_inner::{{closure}}::h0f058de91f6c6edf
[INFO] [stdout]                                at /rustc/1b7dd2252b99671ce5d1cb9664c5f8636329436d/library/test/src/lib.rs:572:39
[INFO] [stdout]   34:     0x55e1f8abe055 - test::run_test::run_test_inner::{{closure}}::h5ca48a4c59c6c1fb
[INFO] [stdout]                                at /rustc/1b7dd2252b99671ce5d1cb9664c5f8636329436d/library/test/src/lib.rs:599:37
[INFO] [stdout]   35:     0x55e1f8abe055 - std::sys_common::backtrace::__rust_begin_short_backtrace::h32bd51e1495d4a33
[INFO] [stdout]                                at /rustc/1b7dd2252b99671ce5d1cb9664c5f8636329436d/library/std/src/sys_common/backtrace.rs:134:18
[INFO] [stdout]   36:     0x55e1f8ac3591 - std::thread::Builder::spawn_unchecked_::{{closure}}::{{closure}}::hc086fae9b128b2db
[INFO] [stdout]                                at /rustc/1b7dd2252b99671ce5d1cb9664c5f8636329436d/library/std/src/thread/mod.rs:526:17
[INFO] [stdout]   37:     0x55e1f8ac3591 - <core::panic::unwind_safe::AssertUnwindSafe<F> as core::ops::function::FnOnce<()>>::call_once::hb66571888d270d43
[INFO] [stdout]                                at /rustc/1b7dd2252b99671ce5d1cb9664c5f8636329436d/library/core/src/panic/unwind_safe.rs:271:9
[INFO] [stdout]   38:     0x55e1f8ac3591 - std::panicking::try::do_call::h4fa2ef4f6e51fecf
[INFO] [stdout]                                at /rustc/1b7dd2252b99671ce5d1cb9664c5f8636329436d/library/std/src/panicking.rs:485:40
[INFO] [stdout]   39:     0x55e1f8ac3591 - std::panicking::try::h1e9e22b8584489b5
[INFO] [stdout]                                at /rustc/1b7dd2252b99671ce5d1cb9664c5f8636329436d/library/std/src/panicking.rs:449:19
[INFO] [stdout]   40:     0x55e1f8ac3591 - std::panic::catch_unwind::h44698a3de0e0769e
[INFO] [stdout]                                at /rustc/1b7dd2252b99671ce5d1cb9664c5f8636329436d/library/std/src/panic.rs:140:14
[INFO] [stdout]   41:     0x55e1f8ac3591 - std::thread::Builder::spawn_unchecked_::{{closure}}::h50153abde3fe239e
[INFO] [stdout]                                at /rustc/1b7dd2252b99671ce5d1cb9664c5f8636329436d/library/std/src/thread/mod.rs:525:30
[INFO] [stdout]   42:     0x55e1f8ac3591 - core::ops::function::FnOnce::call_once{{vtable.shim}}::hbe5bbf6f38394364
[INFO] [stdout]                                at /rustc/1b7dd2252b99671ce5d1cb9664c5f8636329436d/library/core/src/ops/function.rs:250:5
[INFO] [stdout]   43:     0x55e1f8b37e65 - <alloc::boxed::Box<F,A> as core::ops::function::FnOnce<Args>>::call_once::h0d83cb2920a49046
[INFO] [stdout]                                at /rustc/1b7dd2252b99671ce5d1cb9664c5f8636329436d/library/alloc/src/boxed.rs:1973:9
[INFO] [stdout]   44:     0x55e1f8b37e65 - <alloc::boxed::Box<F,A> as core::ops::function::FnOnce<Args>>::call_once::hbe0a008aa7d9ef59
[INFO] [stdout]                                at /rustc/1b7dd2252b99671ce5d1cb9664c5f8636329436d/library/alloc/src/boxed.rs:1973:9
[INFO] [stdout]   45:     0x55e1f8b37e65 - std::sys::unix::thread::Thread::new::thread_start::h3a466996bdf6b1f9
[INFO] [stdout]                                at /rustc/1b7dd2252b99671ce5d1cb9664c5f8636329436d/library/std/src/sys/unix/thread.rs:108:17
[INFO] [stdout]   46:     0x7fb2d3c45b43 - <unknown>
[INFO] [stdout]   47:     0x7fb2d3cd6bb4 - __clone
[INFO] [stdout]   48:                0x0 - <unknown>
[INFO] [stdout] 
[INFO] [stdout] 
[INFO] [stdout] failures:
[INFO] [stdout]     gui::conway_engine::test::test_get_title_string
[INFO] [stdout] 
[INFO] [stdout] test result: FAILED. 9 passed; 1 failed; 0 ignored; 0 measured; 0 filtered out; finished in 0.08s
[INFO] [stdout] 
[INFO] [stderr] error: test failed, to rerun pass `--bin conway-rust`
[INFO] running `Command { std: "docker" "inspect" "55327819254a80db4a95800ccd273ae6de1508cc1327347eb174bd8b676b52dc", kill_on_drop: false }`
[INFO] running `Command { std: "docker" "rm" "-f" "55327819254a80db4a95800ccd273ae6de1508cc1327347eb174bd8b676b52dc", kill_on_drop: false }`
[INFO] [stdout] 55327819254a80db4a95800ccd273ae6de1508cc1327347eb174bd8b676b52dc
