[INFO] cloning repository https://github.com/ComLarsic/IslandEngine
[INFO] running `Command { std: "git" "-c" "credential.helper=" "-c" "credential.helper=/workspace/cargo-home/bin/git-credential-null" "clone" "--bare" "https://github.com/ComLarsic/IslandEngine" "/workspace/cache/git-repos/https%3A%2F%2Fgithub.com%2FComLarsic%2FIslandEngine", kill_on_drop: false }`
[INFO] [stderr] Cloning into bare repository '/workspace/cache/git-repos/https%3A%2F%2Fgithub.com%2FComLarsic%2FIslandEngine'...
[INFO] running `Command { std: "git" "rev-parse" "HEAD", kill_on_drop: false }`
[INFO] [stdout] 542dbbb31d7e9f653f64fe2299f4ffe3db7b0127
[INFO] testing ComLarsic/IslandEngine against 1.69.0 for beta-1.70-1
[INFO] running `Command { std: "git" "clone" "/workspace/cache/git-repos/https%3A%2F%2Fgithub.com%2FComLarsic%2FIslandEngine" "/workspace/builds/worker-7-tc1/source", kill_on_drop: false }`
[INFO] [stderr] Cloning into '/workspace/builds/worker-7-tc1/source'...
[INFO] [stderr] done.
[INFO] validating manifest of git repo https://github.com/ComLarsic/IslandEngine on toolchain 1.69.0
[INFO] running `Command { std: CARGO_HOME="/workspace/cargo-home" RUSTUP_HOME="/workspace/rustup-home" "/workspace/cargo-home/bin/cargo" "+1.69.0" "metadata" "--manifest-path" "Cargo.toml" "--no-deps", kill_on_drop: false }`
[INFO] started tweaking git repo https://github.com/ComLarsic/IslandEngine
[INFO] finished tweaking git repo https://github.com/ComLarsic/IslandEngine
[INFO] tweaked toml for git repo https://github.com/ComLarsic/IslandEngine written to /workspace/builds/worker-7-tc1/source/Cargo.toml
[INFO] crate git repo https://github.com/ComLarsic/IslandEngine already has a lockfile, it will not be regenerated
[INFO] running `Command { std: CARGO_HOME="/workspace/cargo-home" RUSTUP_HOME="/workspace/rustup-home" "/workspace/cargo-home/bin/cargo" "+1.69.0" "fetch" "--manifest-path" "Cargo.toml", kill_on_drop: false }`
[INFO] [stderr]  Downloading crates ...
[INFO] [stderr]   Downloaded quad-alsa-sys v0.3.2
[INFO] [stderr]   Downloaded sapp-jsutils v0.1.5
[INFO] [stderr]   Downloaded macroquad_macro v0.1.7
[INFO] [stderr]   Downloaded egui v0.14.2
[INFO] [stderr]   Downloaded smithay-clipboard v0.6.4
[INFO] [stderr]   Downloaded smithay-client-toolkit v0.14.0
[INFO] [stderr]   Downloaded owned_ttf_parser v0.12.1
[INFO] [stderr]   Downloaded emath v0.14.0
[INFO] [stderr]   Downloaded quad-url v0.1.1
[INFO] [stderr]   Downloaded epaint v0.14.0
[INFO] [stderr]   Downloaded quad-snd v0.2.3
[INFO] [stderr]   Downloaded egui-miniquad v0.6.0
[INFO] [stderr]   Downloaded ordered-float v2.8.0
[INFO] [stderr]   Downloaded xcb v0.10.1
[INFO] [stderr]   Downloaded x11-clipboard v0.5.3
[INFO] [stderr]   Downloaded macroquad v0.3.10
[INFO] [stderr]   Downloaded egui-macroquad v0.6.1
[INFO] running `Command { std: "docker" "create" "-v" "/var/lib/crater-agent-workspace/builds/worker-7-tc1/target:/opt/rustwide/target:rw,Z" "-v" "/var/lib/crater-agent-workspace/builds/worker-7-tc1/source:/opt/rustwide/workdir:ro,Z" "-v" "/var/lib/crater-agent-workspace/cargo-home:/opt/rustwide/cargo-home:ro,Z" "-v" "/var/lib/crater-agent-workspace/rustup-home:/opt/rustwide/rustup-home:ro,Z" "-e" "SOURCE_DIR=/opt/rustwide/workdir" "-e" "CARGO_TARGET_DIR=/opt/rustwide/target" "-e" "CARGO_HOME=/opt/rustwide/cargo-home" "-e" "RUSTUP_HOME=/opt/rustwide/rustup-home" "-w" "/opt/rustwide/workdir" "-m" "1610612736" "--user" "0:0" "--network" "none" "ghcr.io/rust-lang/crates-build-env/linux@sha256:97d61d7686bf65f8ecb15491ab51835e82dc9176a96a831f143a431b191fc501" "/opt/rustwide/cargo-home/bin/cargo" "+1.69.0" "metadata" "--no-deps" "--format-version=1", kill_on_drop: false }`
[INFO] [stdout] 40b137225e46944b95c4617b374453bb7829eeb09236904c29f95230f3ade736
[INFO] running `Command { std: "docker" "start" "-a" "40b137225e46944b95c4617b374453bb7829eeb09236904c29f95230f3ade736", kill_on_drop: false }`
[INFO] running `Command { std: "docker" "inspect" "40b137225e46944b95c4617b374453bb7829eeb09236904c29f95230f3ade736", kill_on_drop: false }`
[INFO] running `Command { std: "docker" "rm" "-f" "40b137225e46944b95c4617b374453bb7829eeb09236904c29f95230f3ade736", kill_on_drop: false }`
[INFO] [stdout] 40b137225e46944b95c4617b374453bb7829eeb09236904c29f95230f3ade736
[INFO] running `Command { std: "docker" "create" "-v" "/var/lib/crater-agent-workspace/builds/worker-7-tc1/target:/opt/rustwide/target:rw,Z" "-v" "/var/lib/crater-agent-workspace/builds/worker-7-tc1/source:/opt/rustwide/workdir:ro,Z" "-v" "/var/lib/crater-agent-workspace/cargo-home:/opt/rustwide/cargo-home:ro,Z" "-v" "/var/lib/crater-agent-workspace/rustup-home:/opt/rustwide/rustup-home:ro,Z" "-e" "SOURCE_DIR=/opt/rustwide/workdir" "-e" "CARGO_TARGET_DIR=/opt/rustwide/target" "-e" "CARGO_INCREMENTAL=0" "-e" "RUST_BACKTRACE=full" "-e" "RUSTFLAGS=--cap-lints=warn" "-e" "RUSTDOCFLAGS=--cap-lints=warn" "-e" "CARGO_HOME=/opt/rustwide/cargo-home" "-e" "RUSTUP_HOME=/opt/rustwide/rustup-home" "-w" "/opt/rustwide/workdir" "-m" "1610612736" "--user" "0:0" "--network" "none" "ghcr.io/rust-lang/crates-build-env/linux@sha256:97d61d7686bf65f8ecb15491ab51835e82dc9176a96a831f143a431b191fc501" "/opt/rustwide/cargo-home/bin/cargo" "+1.69.0" "build" "--frozen" "--message-format=json", kill_on_drop: false }`
[INFO] [stdout] 500a3912bc237ce55386815973e6a35101b85c48a4ef4a3b5b02d9f4043361b8
[INFO] running `Command { std: "docker" "start" "-a" "500a3912bc237ce55386815973e6a35101b85c48a4ef4a3b5b02d9f4043361b8", kill_on_drop: false }`
[INFO] [stderr]    Compiling autocfg v1.0.1
[INFO] [stderr]    Compiling libc v0.2.104
[INFO] [stderr]    Compiling cfg-if v1.0.0
[INFO] [stderr]    Compiling once_cell v1.8.0
[INFO] [stderr]    Compiling proc-macro2 v1.0.30
[INFO] [stderr]    Compiling byteorder v1.4.3
[INFO] [stderr]    Compiling version_check v0.9.3
[INFO] [stderr]    Compiling maybe-uninit v2.0.0
[INFO] [stderr]    Compiling ttf-parser v0.12.3
[INFO] [stderr]    Compiling unicode-xid v0.2.2
[INFO] [stderr]    Compiling proc-macro-hack v0.5.19
[INFO] [stderr]    Compiling syn v1.0.80
[INFO] [stderr]    Compiling pyo3-build-config v0.14.5
[INFO] [stderr]    Compiling ahash v0.7.6
[INFO] [stderr]    Compiling num-traits v0.2.14
[INFO] [stderr]    Compiling num-integer v0.1.44
[INFO] [stderr]    Compiling sapp-linux v0.1.13
[INFO] [stderr]    Compiling adler32 v1.2.0
[INFO] [stderr]    Compiling quote v1.0.10
[INFO] [stderr]    Compiling bitflags v1.2.1
[INFO] [stderr]    Compiling quad-alsa-sys v0.3.2
[INFO] [stderr]    Compiling crc32fast v1.2.1
[INFO] [stderr]    Compiling owned_ttf_parser v0.12.1
[INFO] [stderr]    Compiling smallvec v0.6.14
[INFO] [stderr]    Compiling num-rational v0.3.2
[INFO] [stderr]    Compiling num-iter v0.1.42
[INFO] [stderr]    Compiling getrandom v0.2.3
[INFO] [stderr]    Compiling ogg v0.7.1
[INFO] [stderr]    Compiling dasp_sample v0.11.0
[INFO] [stderr]    Compiling ab_glyph_rasterizer v0.1.4
[INFO] [stderr]    Compiling ordered-float v2.8.0
[INFO] [stderr]    Compiling lewton v0.9.4
[INFO] [stderr]    Compiling ab_glyph v0.2.11
[INFO] [stderr]    Compiling dasp_frame v0.11.0
[INFO] [stderr]    Compiling miniz_oxide v0.3.7
[INFO] [stderr]    Compiling deflate v0.8.6
[INFO] [stderr]    Compiling emath v0.14.0
[INFO] [stderr]    Compiling quad-snd v0.2.3
[INFO] [stderr]    Compiling ahash v0.4.7
[INFO] [stderr]    Compiling atomic_refcell v0.1.8
[INFO] [stderr]    Compiling hound v3.4.0
[INFO] [stderr]    Compiling parking_lot_core v0.8.5
[INFO] [stderr]    Compiling hashbrown v0.9.1
[INFO] [stderr]    Compiling epaint v0.14.0
[INFO] [stderr]    Compiling png v0.16.8
[INFO] [stderr]    Compiling miniquad v0.3.0-alpha.37
[INFO] [stderr]    Compiling instant v0.1.12
[INFO] [stderr]    Compiling smallvec v1.7.0
[INFO] [stderr]    Compiling color_quant v1.1.0
[INFO] [stderr]    Compiling audrey v0.3.0
[INFO] [stderr]    Compiling webbrowser v0.5.5
[INFO] [stderr]    Compiling unindent v0.1.7
[INFO] [stderr]    Compiling bytemuck v1.7.2
[INFO] [stderr]    Compiling scopeguard v1.1.0
[INFO] [stderr]    Compiling quad-url v0.1.1
[INFO] [stderr]    Compiling image v0.23.14
[INFO] [stderr]    Compiling lock_api v0.4.5
[INFO] [stderr]    Compiling egui v0.14.2
[INFO] [stderr]    Compiling fontdue v0.5.2
[INFO] [stderr]    Compiling paste-impl v0.1.18
[INFO] [stderr]    Compiling pyo3 v0.14.5
[INFO] [stderr]    Compiling pyo3-macros-backend v0.14.5
[INFO] [stderr]    Compiling macroquad_macro v0.1.7
[INFO] [stderr]    Compiling bumpalo v3.8.0
[INFO] [stderr]    Compiling quad-rand v0.2.1
[INFO] [stderr]    Compiling glam v0.14.0
[INFO] [stderr]    Compiling paste v0.1.18
[INFO] [stderr]    Compiling parking_lot v0.11.2
[INFO] [stderr]    Compiling hashbrown v0.11.2
[INFO] [stderr]    Compiling json v0.12.4
[INFO] [stderr]    Compiling egui-miniquad v0.6.0
[INFO] [stderr]    Compiling indoc-impl v0.3.6
[INFO] [stderr]    Compiling macroquad v0.3.10
[INFO] [stderr]    Compiling pyo3-macros v0.14.5
[INFO] [stderr]    Compiling indoc v0.3.6
[INFO] [stderr]    Compiling egui-macroquad v0.6.1
[INFO] [stderr]    Compiling ie v0.1.0 (/opt/rustwide/workdir)
[INFO] [stdout] warning: trailing semicolon in macro used in expression position
[INFO] [stdout]   --> src/debug/log.rs:24:61
[INFO] [stdout]    |
[INFO] [stdout] 24 |         crate::debug::log::logger().error(format!($($arg)+));
[INFO] [stdout]    |                                                             ^
[INFO] [stdout]    |
[INFO] [stdout]   ::: src/debug/menu/console.rs:67:52
[INFO] [stdout]    |
[INFO] [stdout] 67 |                     json::parse(&args).map_err(|e| error!("Failed to spawn entity: {}", e))
[INFO] [stdout]    |                                                    --------------------------------------- in this macro invocation
[INFO] [stdout]    |
[INFO] [stdout]    = warning: this was previously accepted by the compiler but is being phased out; it will become a hard error in a future release!
[INFO] [stdout]    = note: for more information, see issue #79813 <https://github.com/rust-lang/rust/issues/79813>
[INFO] [stdout]    = note: `#[warn(semicolon_in_expressions_from_macros)]` on by default
[INFO] [stdout]    = note: this warning originates in the macro `error` (in Nightly builds, run with -Z macro-backtrace for more info)
[INFO] [stdout] 
[INFO] [stdout] 
[INFO] [stdout] warning: 1 warning emitted
[INFO] [stdout] 
[INFO] [stdout] 
[INFO] [stderr]     Finished dev [unoptimized + debuginfo] target(s) in 43.42s
[INFO] [stderr] warning: the following packages contain code that will be rejected by a future version of Rust: ie v0.1.0 (/opt/rustwide/workdir)
[INFO] [stderr] note: to see what the problems were, use the option `--future-incompat-report`, or run `cargo report future-incompatibilities --id 1`
[INFO] running `Command { std: "docker" "inspect" "500a3912bc237ce55386815973e6a35101b85c48a4ef4a3b5b02d9f4043361b8", kill_on_drop: false }`
[INFO] running `Command { std: "docker" "rm" "-f" "500a3912bc237ce55386815973e6a35101b85c48a4ef4a3b5b02d9f4043361b8", kill_on_drop: false }`
[INFO] [stdout] 500a3912bc237ce55386815973e6a35101b85c48a4ef4a3b5b02d9f4043361b8
[INFO] running `Command { std: "docker" "create" "-v" "/var/lib/crater-agent-workspace/builds/worker-7-tc1/target:/opt/rustwide/target:rw,Z" "-v" "/var/lib/crater-agent-workspace/builds/worker-7-tc1/source:/opt/rustwide/workdir:ro,Z" "-v" "/var/lib/crater-agent-workspace/cargo-home:/opt/rustwide/cargo-home:ro,Z" "-v" "/var/lib/crater-agent-workspace/rustup-home:/opt/rustwide/rustup-home:ro,Z" "-e" "SOURCE_DIR=/opt/rustwide/workdir" "-e" "CARGO_TARGET_DIR=/opt/rustwide/target" "-e" "CARGO_INCREMENTAL=0" "-e" "RUST_BACKTRACE=full" "-e" "RUSTFLAGS=--cap-lints=warn" "-e" "RUSTDOCFLAGS=--cap-lints=warn" "-e" "CARGO_HOME=/opt/rustwide/cargo-home" "-e" "RUSTUP_HOME=/opt/rustwide/rustup-home" "-w" "/opt/rustwide/workdir" "-m" "1610612736" "--user" "0:0" "--network" "none" "ghcr.io/rust-lang/crates-build-env/linux@sha256:97d61d7686bf65f8ecb15491ab51835e82dc9176a96a831f143a431b191fc501" "/opt/rustwide/cargo-home/bin/cargo" "+1.69.0" "test" "--frozen" "--no-run" "--message-format=json", kill_on_drop: false }`
[INFO] [stdout] 43c3461c71204906ab606a0dbf11f85e6d9fb9846eb7b20868b1f9c114ecd7e2
[INFO] running `Command { std: "docker" "start" "-a" "43c3461c71204906ab606a0dbf11f85e6d9fb9846eb7b20868b1f9c114ecd7e2", kill_on_drop: false }`
[INFO] [stdout] warning: trailing semicolon in macro used in expression position
[INFO] [stdout]   --> src/debug/log.rs:24:61
[INFO] [stdout]    |
[INFO] [stdout] 24 |         crate::debug::log::logger().error(format!($($arg)+));
[INFO] [stdout]    |                                                             ^
[INFO] [stdout]    |
[INFO] [stdout]   ::: src/debug/menu/console.rs:67:52
[INFO] [stdout]    |
[INFO] [stdout] 67 |                     json::parse(&args).map_err(|e| error!("Failed to spawn entity: {}", e))
[INFO] [stdout]    |                                                    --------------------------------------- in this macro invocation
[INFO] [stdout]    |
[INFO] [stdout]    = warning: this was previously accepted by the compiler but is being phased out; it will become a hard error in a future release!
[INFO] [stdout]    = note: for more information, see issue #79813 <https://github.com/rust-lang/rust/issues/79813>
[INFO] [stdout]    = note: `#[warn(semicolon_in_expressions_from_macros)]` on by default
[INFO] [stdout]    = note: this warning originates in the macro `error` (in Nightly builds, run with -Z macro-backtrace for more info)
[INFO] [stdout] 
[INFO] [stdout] 
[INFO] [stdout] warning: 1 warning emitted
[INFO] [stdout] 
[INFO] [stdout] 
[INFO] [stderr]    Compiling ie v0.1.0 (/opt/rustwide/workdir)
[INFO] [stdout] warning: trailing semicolon in macro used in expression position
[INFO] [stdout]   --> src/debug/log.rs:24:61
[INFO] [stdout]    |
[INFO] [stdout] 24 |         crate::debug::log::logger().error(format!($($arg)+));
[INFO] [stdout]    |                                                             ^
[INFO] [stdout]    |
[INFO] [stdout]   ::: src/debug/menu/console.rs:67:52
[INFO] [stdout]    |
[INFO] [stdout] 67 |                     json::parse(&args).map_err(|e| error!("Failed to spawn entity: {}", e))
[INFO] [stdout]    |                                                    --------------------------------------- in this macro invocation
[INFO] [stdout]    |
[INFO] [stdout]    = warning: this was previously accepted by the compiler but is being phased out; it will become a hard error in a future release!
[INFO] [stdout]    = note: for more information, see issue #79813 <https://github.com/rust-lang/rust/issues/79813>
[INFO] [stdout]    = note: `#[warn(semicolon_in_expressions_from_macros)]` on by default
[INFO] [stdout]    = note: this warning originates in the macro `error` (in Nightly builds, run with -Z macro-backtrace for more info)
[INFO] [stdout] 
[INFO] [stdout] 
[INFO] [stdout] warning: 1 warning emitted
[INFO] [stdout] 
[INFO] [stdout] 
[INFO] [stderr]     Finished test [unoptimized + debuginfo] target(s) in 3.04s
[INFO] [stderr] warning: the following packages contain code that will be rejected by a future version of Rust: ie v0.1.0 (/opt/rustwide/workdir)
[INFO] [stderr]     Blocking waiting for file lock on package cache
[INFO] [stderr] note: to see what the problems were, use the option `--future-incompat-report`, or run `cargo report future-incompatibilities --id 2`
[INFO] running `Command { std: "docker" "inspect" "43c3461c71204906ab606a0dbf11f85e6d9fb9846eb7b20868b1f9c114ecd7e2", kill_on_drop: false }`
[INFO] running `Command { std: "docker" "rm" "-f" "43c3461c71204906ab606a0dbf11f85e6d9fb9846eb7b20868b1f9c114ecd7e2", kill_on_drop: false }`
[INFO] [stdout] 43c3461c71204906ab606a0dbf11f85e6d9fb9846eb7b20868b1f9c114ecd7e2
[INFO] running `Command { std: "docker" "create" "-v" "/var/lib/crater-agent-workspace/builds/worker-7-tc1/target:/opt/rustwide/target:rw,Z" "-v" "/var/lib/crater-agent-workspace/builds/worker-7-tc1/source:/opt/rustwide/workdir:ro,Z" "-v" "/var/lib/crater-agent-workspace/cargo-home:/opt/rustwide/cargo-home:ro,Z" "-v" "/var/lib/crater-agent-workspace/rustup-home:/opt/rustwide/rustup-home:ro,Z" "-e" "SOURCE_DIR=/opt/rustwide/workdir" "-e" "CARGO_TARGET_DIR=/opt/rustwide/target" "-e" "CARGO_INCREMENTAL=0" "-e" "RUST_BACKTRACE=full" "-e" "RUSTFLAGS=--cap-lints=warn" "-e" "RUSTDOCFLAGS=--cap-lints=warn" "-e" "CARGO_HOME=/opt/rustwide/cargo-home" "-e" "RUSTUP_HOME=/opt/rustwide/rustup-home" "-w" "/opt/rustwide/workdir" "-m" "1610612736" "--user" "0:0" "--network" "none" "ghcr.io/rust-lang/crates-build-env/linux@sha256:97d61d7686bf65f8ecb15491ab51835e82dc9176a96a831f143a431b191fc501" "/opt/rustwide/cargo-home/bin/cargo" "+1.69.0" "test" "--frozen", kill_on_drop: false }`
[INFO] [stdout] c0832ff24888bc7d2913d48f4c442012b817e7f6d5f570e9b62381a03a41237c
[INFO] running `Command { std: "docker" "start" "-a" "c0832ff24888bc7d2913d48f4c442012b817e7f6d5f570e9b62381a03a41237c", kill_on_drop: false }`
[INFO] [stderr] warning: trailing semicolon in macro used in expression position
[INFO] [stderr]   --> src/debug/log.rs:24:61
[INFO] [stderr]    |
[INFO] [stderr] 24 |         crate::debug::log::logger().error(format!($($arg)+));
[INFO] [stderr]    |                                                             ^
[INFO] [stderr]    |
[INFO] [stderr]   ::: src/debug/menu/console.rs:67:52
[INFO] [stderr]    |
[INFO] [stderr] 67 |                     json::parse(&args).map_err(|e| error!("Failed to spawn entity: {}", e))
[INFO] [stderr]    |                                                    --------------------------------------- in this macro invocation
[INFO] [stderr]    |
[INFO] [stderr]    = warning: this was previously accepted by the compiler but is being phased out; it will become a hard error in a future release!
[INFO] [stderr]    = note: for more information, see issue #79813 <https://github.com/rust-lang/rust/issues/79813>
[INFO] [stderr]    = note: `#[warn(semicolon_in_expressions_from_macros)]` on by default
[INFO] [stderr]    = note: this warning originates in the macro `error` (in Nightly builds, run with -Z macro-backtrace for more info)
[INFO] [stderr] 
[INFO] [stderr] warning: `ie` (lib) generated 1 warning
[INFO] [stderr] warning: `ie` (lib test) generated 1 warning (1 duplicate)
[INFO] [stderr]     Finished test [unoptimized + debuginfo] target(s) in 0.11s
[INFO] [stderr] warning: the following packages contain code that will be rejected by a future version of Rust: ie v0.1.0 (/opt/rustwide/workdir)
[INFO] [stderr] note: to see what the problems were, use the option `--future-incompat-report`, or run `cargo report future-incompatibilities --id 2`
[INFO] [stderr]      Running unittests src/lib.rs (/opt/rustwide/target/debug/deps/ie-015ec0c5a2834e10)
[INFO] [stdout] 
[INFO] [stdout] running 0 tests
[INFO] [stdout] 
[INFO] [stdout] test result: ok. 0 passed; 0 failed; 0 ignored; 0 measured; 0 filtered out; finished in 0.00s
[INFO] [stdout] 
[INFO] [stderr]    Doc-tests ie
[INFO] [stdout] 
[INFO] [stdout] running 1 test
[INFO] [stdout] test src/ecs/plugin.rs - ecs::plugin::Plugin (line 10) - compile ... FAILED
[INFO] [stdout] 
[INFO] [stdout] failures:
[INFO] [stdout] 
[INFO] [stdout] ---- src/ecs/plugin.rs - ecs::plugin::Plugin (line 10) stdout ----
[INFO] [stdout] error[E0412]: cannot find type `World` in this scope
[INFO] [stdout]  --> src/ecs/plugin.rs:14:38
[INFO] [stdout]   |
[INFO] [stdout] 6 |     fn update(&mut self, world: &mut World) -> IslandResult<()> {
[INFO] [stdout]   |                                      ^^^^^ not found in this scope
[INFO] [stdout]   |
[INFO] [stdout] help: consider importing this struct
[INFO] [stdout]   |
[INFO] [stdout] 2 | use ie::prelude::World;
[INFO] [stdout]   |
[INFO] [stdout] 
[INFO] [stdout] error[E0412]: cannot find type `IslandResult` in this scope
[INFO] [stdout]  --> src/ecs/plugin.rs:14:48
[INFO] [stdout]   |
[INFO] [stdout] 6 |     fn update(&mut self, world: &mut World) -> IslandResult<()> {
[INFO] [stdout]   |                                                ^^^^^^^^^^^^ not found in this scope
[INFO] [stdout]   |
[INFO] [stdout] help: consider importing this type alias
[INFO] [stdout]   |
[INFO] [stdout] 2 | use ie::prelude::IslandResult;
[INFO] [stdout]   |
[INFO] [stdout] 
[INFO] [stdout] error[E0412]: cannot find type `IslandResult` in this scope
[INFO] [stdout]   --> src/ecs/plugin.rs:21:20
[INFO] [stdout]    |
[INFO] [stdout] 13 | async fn main() -> IslandResult<()> {
[INFO] [stdout]    |                    ^^^^^^^^^^^^ not found in this scope
[INFO] [stdout]    |
[INFO] [stdout] help: consider importing this type alias
[INFO] [stdout]    |
[INFO] [stdout] 2  | use ie::prelude::IslandResult;
[INFO] [stdout]    |
[INFO] [stdout] 
[INFO] [stdout] error[E0433]: failed to resolve: use of undeclared type `IEAppDescriptor`
[INFO] [stdout]   --> src/ecs/plugin.rs:22:15
[INFO] [stdout]    |
[INFO] [stdout] 14 |     ie::start(IEAppDescriptor::default()).await?;
[INFO] [stdout]    |               ^^^^^^^^^^^^^^^ use of undeclared type `IEAppDescriptor`
[INFO] [stdout]    |
[INFO] [stdout] help: consider importing this struct
[INFO] [stdout]    |
[INFO] [stdout] 2  | use ie::IEAppDescriptor;
[INFO] [stdout]    |
[INFO] [stdout] 
[INFO] [stdout] error[E0603]: trait `Plugin` is private
[INFO] [stdout]  --> src/ecs/plugin.rs:13:10
[INFO] [stdout]   |
[INFO] [stdout] 5 | impl ie::Plugin for ExamplePlugin {
[INFO] [stdout]   |          ^^^^^^ private trait
[INFO] [stdout]   |
[INFO] [stdout] note: the trait `Plugin` is defined here
[INFO] [stdout]  --> /opt/rustwide/workdir/src/lib.rs:5:5
[INFO] [stdout]   |
[INFO] [stdout] 5 | use prelude::ecs::plugin::Plugin;
[INFO] [stdout]   |     ^^^^^^^^^^^^^^^^^^^^^^^^^^^^
[INFO] [stdout] 
[INFO] [stdout] error[E0046]: not all trait items implemented, missing: `init`, `render`
[INFO] [stdout]  --> src/ecs/plugin.rs:13:1
[INFO] [stdout]   |
[INFO] [stdout] 5 | impl ie::Plugin for ExamplePlugin {
[INFO] [stdout]   | ^^^^^^^^^^^^^^^^^^^^^^^^^^^^^^^^^ missing `init`, `render` in implementation
[INFO] [stdout]   |
[INFO] [stdout]   = help: implement the missing item: `fn init(&mut self, _: &mut World<'_>) -> Result<(), IslandError> { todo!() }`
[INFO] [stdout]   = help: implement the missing item: `fn render(&self, _: &World<'_>) -> Result<(), IslandError> { todo!() }`
[INFO] [stdout] 
[INFO] [stdout] error: aborting due to 6 previous errors
[INFO] [stdout] 
[INFO] [stdout] Some errors have detailed explanations: E0046, E0412, E0433, E0603.
[INFO] [stdout] For more information about an error, try `rustc --explain E0046`.
[INFO] [stdout] Couldn't compile the test.
[INFO] [stdout] 
[INFO] [stdout] failures:
[INFO] [stdout]     src/ecs/plugin.rs - ecs::plugin::Plugin (line 10)
[INFO] [stdout] 
[INFO] [stdout] test result: FAILED. 0 passed; 1 failed; 0 ignored; 0 measured; 0 filtered out; finished in 0.13s
[INFO] [stdout] 
[INFO] [stderr] error: doctest failed, to rerun pass `--doc`
[INFO] running `Command { std: "docker" "inspect" "c0832ff24888bc7d2913d48f4c442012b817e7f6d5f570e9b62381a03a41237c", kill_on_drop: false }`
[INFO] running `Command { std: "docker" "rm" "-f" "c0832ff24888bc7d2913d48f4c442012b817e7f6d5f570e9b62381a03a41237c", kill_on_drop: false }`
[INFO] [stdout] c0832ff24888bc7d2913d48f4c442012b817e7f6d5f570e9b62381a03a41237c
