[INFO] cloning repository https://github.com/Ciantic/thoughts-creator-rust
[INFO] running `Command { std: "git" "-c" "credential.helper=" "-c" "credential.helper=/workspace/cargo-home/bin/git-credential-null" "clone" "--bare" "https://github.com/Ciantic/thoughts-creator-rust" "/workspace/cache/git-repos/https%3A%2F%2Fgithub.com%2FCiantic%2Fthoughts-creator-rust", kill_on_drop: false }`
[INFO] [stderr] Cloning into bare repository '/workspace/cache/git-repos/https%3A%2F%2Fgithub.com%2FCiantic%2Fthoughts-creator-rust'...
[INFO] running `Command { std: "git" "rev-parse" "HEAD", kill_on_drop: false }`
[INFO] [stdout] 17a3e403823db7924c776d8f821e268d8f93f871
[INFO] testing Ciantic/thoughts-creator-rust against 1.69.0 for beta-1.70-1
[INFO] running `Command { std: "git" "clone" "/workspace/cache/git-repos/https%3A%2F%2Fgithub.com%2FCiantic%2Fthoughts-creator-rust" "/workspace/builds/worker-5-tc1/source", kill_on_drop: false }`
[INFO] [stderr] Cloning into '/workspace/builds/worker-5-tc1/source'...
[INFO] [stderr] done.
[INFO] validating manifest of git repo https://github.com/Ciantic/thoughts-creator-rust on toolchain 1.69.0
[INFO] running `Command { std: CARGO_HOME="/workspace/cargo-home" RUSTUP_HOME="/workspace/rustup-home" "/workspace/cargo-home/bin/cargo" "+1.69.0" "metadata" "--manifest-path" "Cargo.toml" "--no-deps", kill_on_drop: false }`
[INFO] started tweaking git repo https://github.com/Ciantic/thoughts-creator-rust
[INFO] finished tweaking git repo https://github.com/Ciantic/thoughts-creator-rust
[INFO] tweaked toml for git repo https://github.com/Ciantic/thoughts-creator-rust written to /workspace/builds/worker-5-tc1/source/Cargo.toml
[INFO] crate git repo https://github.com/Ciantic/thoughts-creator-rust already has a lockfile, it will not be regenerated
[INFO] running `Command { std: CARGO_HOME="/workspace/cargo-home" RUSTUP_HOME="/workspace/rustup-home" "/workspace/cargo-home/bin/cargo" "+1.69.0" "fetch" "--manifest-path" "Cargo.toml", kill_on_drop: false }`
[INFO] [stderr]     Blocking waiting for file lock on package cache
[INFO] [stderr]     Updating git repository `https://github.com/render-rs/render.rs.git`
[INFO] [stderr]  Downloading crates ...
[INFO] [stderr]   Downloaded async-std v1.8.0
[INFO] [stderr]   Downloaded async-global-executor v1.4.3
[INFO] [stderr]   Downloaded nb-connect v1.0.2
[INFO] [stderr]   Downloaded vec-arena v1.0.0
[INFO] [stderr]   Downloaded serde_yaml v0.8.14
[INFO] [stderr]   Downloaded diesel v1.4.5
[INFO] [stderr]   Downloaded async-process v1.0.1
[INFO] [stderr]   Downloaded normpath v0.1.0
[INFO] running `Command { std: "docker" "create" "-v" "/var/lib/crater-agent-workspace/builds/worker-5-tc1/target:/opt/rustwide/target:rw,Z" "-v" "/var/lib/crater-agent-workspace/builds/worker-5-tc1/source:/opt/rustwide/workdir:ro,Z" "-v" "/var/lib/crater-agent-workspace/cargo-home:/opt/rustwide/cargo-home:ro,Z" "-v" "/var/lib/crater-agent-workspace/rustup-home:/opt/rustwide/rustup-home:ro,Z" "-e" "SOURCE_DIR=/opt/rustwide/workdir" "-e" "CARGO_TARGET_DIR=/opt/rustwide/target" "-e" "CARGO_HOME=/opt/rustwide/cargo-home" "-e" "RUSTUP_HOME=/opt/rustwide/rustup-home" "-w" "/opt/rustwide/workdir" "-m" "1610612736" "--user" "0:0" "--network" "none" "ghcr.io/rust-lang/crates-build-env/linux@sha256:5ff2268d62e97bff2cde7d5815dd6ed5b47097566f13b8d0ca110b04b60e07ed" "/opt/rustwide/cargo-home/bin/cargo" "+1.69.0" "metadata" "--no-deps" "--format-version=1", kill_on_drop: false }`
[INFO] [stdout] ece9b393c7d674820b9118b435b1f46794c6804692461506cbb1661617671701
[INFO] running `Command { std: "docker" "start" "-a" "ece9b393c7d674820b9118b435b1f46794c6804692461506cbb1661617671701", kill_on_drop: false }`
[INFO] running `Command { std: "docker" "inspect" "ece9b393c7d674820b9118b435b1f46794c6804692461506cbb1661617671701", kill_on_drop: false }`
[INFO] running `Command { std: "docker" "rm" "-f" "ece9b393c7d674820b9118b435b1f46794c6804692461506cbb1661617671701", kill_on_drop: false }`
[INFO] [stdout] ece9b393c7d674820b9118b435b1f46794c6804692461506cbb1661617671701
[INFO] running `Command { std: "docker" "create" "-v" "/var/lib/crater-agent-workspace/builds/worker-5-tc1/target:/opt/rustwide/target:rw,Z" "-v" "/var/lib/crater-agent-workspace/builds/worker-5-tc1/source:/opt/rustwide/workdir:ro,Z" "-v" "/var/lib/crater-agent-workspace/cargo-home:/opt/rustwide/cargo-home:ro,Z" "-v" "/var/lib/crater-agent-workspace/rustup-home:/opt/rustwide/rustup-home:ro,Z" "-e" "SOURCE_DIR=/opt/rustwide/workdir" "-e" "CARGO_TARGET_DIR=/opt/rustwide/target" "-e" "CARGO_INCREMENTAL=0" "-e" "RUST_BACKTRACE=full" "-e" "RUSTFLAGS=--cap-lints=warn" "-e" "RUSTDOCFLAGS=--cap-lints=warn" "-e" "CARGO_HOME=/opt/rustwide/cargo-home" "-e" "RUSTUP_HOME=/opt/rustwide/rustup-home" "-w" "/opt/rustwide/workdir" "-m" "1610612736" "--user" "0:0" "--network" "none" "ghcr.io/rust-lang/crates-build-env/linux@sha256:5ff2268d62e97bff2cde7d5815dd6ed5b47097566f13b8d0ca110b04b60e07ed" "/opt/rustwide/cargo-home/bin/cargo" "+1.69.0" "build" "--frozen" "--message-format=json", kill_on_drop: false }`
[INFO] [stdout] 350e602ec9b06680b2826bcc596b0e2997da5a88c62b877c5e5fcf6a6b75d503
[INFO] running `Command { std: "docker" "start" "-a" "350e602ec9b06680b2826bcc596b0e2997da5a88c62b877c5e5fcf6a6b75d503", kill_on_drop: false }`
[INFO] [stderr]    Compiling proc-macro2 v1.0.20
[INFO] [stderr]    Compiling unicode-xid v0.2.1
[INFO] [stderr]    Compiling syn v1.0.40
[INFO] [stderr]    Compiling libc v0.2.80
[INFO] [stderr]    Compiling cfg-if v0.1.10
[INFO] [stderr]    Compiling memchr v2.3.3
[INFO] [stderr]    Compiling log v0.4.11
[INFO] [stderr]    Compiling version_check v0.9.2
[INFO] [stderr]    Compiling futures-core v0.3.5
[INFO] [stderr]    Compiling serde_derive v1.0.115
[INFO] [stderr]    Compiling serde v1.0.115
[INFO] [stderr]    Compiling once_cell v1.4.1
[INFO] [stderr]    Compiling futures-io v0.3.5
[INFO] [stderr]    Compiling instant v0.1.9
[INFO] [stderr]    Compiling num-traits v0.2.14
[INFO] [stderr]    Compiling smallvec v1.5.1
[INFO] [stderr]    Compiling cache-padded v1.1.1
[INFO] [stderr]    Compiling lock_api v0.4.2
[INFO] [stderr]    Compiling num-integer v0.1.44
[INFO] [stderr]    Compiling concurrent-queue v1.2.2
[INFO] [stderr]    Compiling quote v1.0.7
[INFO] [stderr]    Compiling fastrand v1.4.0
[INFO] [stderr]    Compiling pkg-config v0.3.19
[INFO] [stderr]    Compiling waker-fn v1.1.0
[INFO] [stderr]    Compiling pin-project-lite v0.2.0
[INFO] [stderr]    Compiling parking_lot_core v0.8.1
[INFO] [stderr]    Compiling parking v2.0.0
[INFO] [stderr]    Compiling futures-lite v1.11.3
[INFO] [stderr]    Compiling pin-project-internal v0.4.23
[INFO] [stderr]    Compiling byteorder v1.3.4
[INFO] [stderr]    Compiling parking_lot v0.11.1
[INFO] [stderr]    Compiling libsqlite3-sys v0.18.0
[INFO] [stderr]    Compiling getrandom v0.1.15
[INFO] [stderr]    Compiling time v0.1.44
[INFO] [stderr]    Compiling scheduled-thread-pool v0.2.5
[INFO] [stderr]    Compiling proc-macro-error-attr v1.0.4
[INFO] [stderr]    Compiling proc-macro-nested v0.1.6
[INFO] [stderr]    Compiling vec-arena v1.0.0
[INFO] [stderr]    Compiling event-listener v2.5.1
[INFO] [stderr]    Compiling r2d2 v0.8.9
[INFO] [stderr]    Compiling polling v2.0.2
[INFO] [stderr]    Compiling nb-connect v1.0.2
[INFO] [stderr]    Compiling proc-macro-error v1.0.4
[INFO] [stderr]    Compiling futures-sink v0.3.5
[INFO] [stderr]    Compiling matches v0.1.8
[INFO] [stderr]    Compiling async-task v4.0.3
[INFO] [stderr]    Compiling tinyvec_macros v0.1.0
[INFO] [stderr]    Compiling proc-macro-hack v0.5.18
[INFO] [stderr]    Compiling pin-utils v0.1.0
[INFO] [stderr]    Compiling slab v0.4.2
[INFO] [stderr]    Compiling async-io v1.3.1
[INFO] [stderr]    Compiling tinyvec v1.1.0
[INFO] [stderr]    Compiling futures-channel v0.3.5
[INFO] [stderr]    Compiling rand_core v0.5.1
[INFO] [stderr]    Compiling signal-hook-registry v1.3.0
[INFO] [stderr]    Compiling futures-task v0.3.5
[INFO] [stderr]    Compiling unicase v2.6.0
[INFO] [stderr]    Compiling crossbeam-utils v0.8.1
[INFO] [stderr]    Compiling ppv-lite86 v0.2.10
[INFO] [stderr]    Compiling bitflags v1.2.1
[INFO] [stderr]    Compiling ryu v1.0.5
[INFO] [stderr]    Compiling unicode-normalization v0.1.16
[INFO] [stderr]    Compiling rand_chacha v0.2.2
[INFO] [stderr]    Compiling signal-hook v0.1.17
[INFO] [stderr]    Compiling async-executor v1.4.0
[INFO] [stderr]    Compiling unicode-bidi v0.3.4
[INFO] [stderr]    Compiling async-channel v1.5.1
[INFO] [stderr]    Compiling num_cpus v1.13.0
[INFO] [stderr]    Compiling percent-encoding v2.1.0
[INFO] [stderr]    Compiling unicode-width v0.1.8
[INFO] [stderr]    Compiling atomic-waker v1.0.0
[INFO] [stderr]    Compiling pulldown-cmark v0.8.0
[INFO] [stderr]    Compiling linked-hash-map v0.5.3
[INFO] [stderr]    Compiling serde_json v1.0.57
[INFO] [stderr]    Compiling getopts v0.2.21
[INFO] [stderr]    Compiling blocking v1.0.2
[INFO] [stderr]    Compiling yaml-rust v0.4.4
[INFO] [stderr]    Compiling async-global-executor v1.4.3
[INFO] [stderr]    Compiling form_urlencoded v1.0.0
[INFO] [stderr]    Compiling idna v0.2.0
[INFO] [stderr]    Compiling rand v0.7.3
[INFO] [stderr]    Compiling async-process v1.0.1
[INFO] [stderr]    Compiling thread_local v1.0.1
[INFO] [stderr]    Compiling async-mutex v1.4.0
[INFO] [stderr]    Compiling kv-log-macro v1.0.7
[INFO] [stderr]    Compiling aho-corasick v0.7.15
[INFO] [stderr]    Compiling dtoa v0.4.7
[INFO] [stderr]    Compiling itoa v0.4.6
[INFO] [stderr]    Compiling regex-syntax v0.6.21
[INFO] [stderr]    Compiling glob v0.3.0
[INFO] [stderr]    Compiling normpath v0.1.0
[INFO] [stderr]    Compiling diesel_derives v1.4.1
[INFO] [stderr]    Compiling futures-macro v0.3.5
[INFO] [stderr]    Compiling render_macros v0.3.1 (https://github.com/render-rs/render.rs.git?rev=aa10a9d961573a4f05129f68575d2b9e0cacde31#aa10a9d9)
[INFO] [stderr]    Compiling async-attributes v1.1.1
[INFO] [stderr]    Compiling derive_more v0.99.11
[INFO] [stderr]    Compiling async-std v1.8.0
[INFO] [stderr]    Compiling render v0.3.1 (https://github.com/render-rs/render.rs.git?rev=aa10a9d961573a4f05129f68575d2b9e0cacde31#aa10a9d9)
[INFO] [stderr]    Compiling regex v1.4.2
[INFO] [stderr]    Compiling pin-project v0.4.23
[INFO] [stderr]    Compiling futures-util v0.3.5
[INFO] [stderr]    Compiling futures-executor v0.3.5
[INFO] [stderr]    Compiling futures v0.3.5
[INFO] [stderr]    Compiling chrono v0.4.19
[INFO] [stderr]    Compiling uuid v0.8.1
[INFO] [stderr]    Compiling url v2.2.0
[INFO] [stderr]    Compiling serde_yaml v0.8.14
[INFO] [stderr]    Compiling diesel v1.4.5
[INFO] [stderr]    Compiling migrations_internals v1.4.1
[INFO] [stderr]    Compiling migrations_macros v1.4.2
[INFO] [stderr]    Compiling diesel_migrations v1.4.0
[INFO] [stderr]    Compiling cianticblog v0.1.0 (/opt/rustwide/workdir)
[INFO] [stdout] warning: unused import: `chrono::Utc`
[INFO] [stdout]  --> src/db/models.rs:4:5
[INFO] [stdout]   |
[INFO] [stdout] 4 | use chrono::Utc;
[INFO] [stdout]   |     ^^^^^^^^^^^
[INFO] [stdout]   |
[INFO] [stdout]   = note: `#[warn(unused_imports)]` on by default
[INFO] [stdout] 
[INFO] [stdout] 
[INFO] [stdout] warning: unused import: `chrono::Duration`
[INFO] [stdout]  --> src/db/repositories.rs:2:5
[INFO] [stdout]   |
[INFO] [stdout] 2 | use chrono::Duration;
[INFO] [stdout]   |     ^^^^^^^^^^^^^^^^
[INFO] [stdout] 
[INFO] [stdout] 
[INFO] [stdout] warning: unused imports: `SqliteConnection`, `r2d2::ConnectionManager`
[INFO] [stdout]  --> src/db/repositories.rs:3:14
[INFO] [stdout]   |
[INFO] [stdout] 3 | use diesel::{r2d2::ConnectionManager, SqliteConnection};
[INFO] [stdout]   |              ^^^^^^^^^^^^^^^^^^^^^^^  ^^^^^^^^^^^^^^^^
[INFO] [stdout] 
[INFO] [stdout] 
[INFO] [stdout] warning: unused import: `r2d2::Pool`
[INFO] [stdout]  --> src/db/repositories.rs:4:5
[INFO] [stdout]   |
[INFO] [stdout] 4 | use r2d2::Pool;
[INFO] [stdout]   |     ^^^^^^^^^^
[INFO] [stdout] 
[INFO] [stdout] 
[INFO] [stdout] warning: unused import: `PageId`
[INFO] [stdout]  --> src/generate_db.rs:4:21
[INFO] [stdout]   |
[INFO] [stdout] 4 |     db::{ArticleId, PageId},
[INFO] [stdout]   |                     ^^^^^^
[INFO] [stdout] 
[INFO] [stdout] 
[INFO] [stdout] warning: unused import: `normalize::normalize`
[INFO] [stdout]  --> src/generate_db.rs:7:46
[INFO] [stdout]   |
[INFO] [stdout] 7 | use crate::{markdown::compile_markdown_file, normalize::normalize};
[INFO] [stdout]   |                                              ^^^^^^^^^^^^^^^^^^^^
[INFO] [stdout] 
[INFO] [stdout] 
[INFO] [stdout] warning: unused import: `NaiveDateTime`
[INFO] [stdout]  --> src/markdown/compile.rs:2:24
[INFO] [stdout]   |
[INFO] [stdout] 2 | use chrono::{DateTime, NaiveDateTime, Utc};
[INFO] [stdout]   |                        ^^^^^^^^^^^^^
[INFO] [stdout] 
[INFO] [stdout] 
[INFO] [stdout] warning: unused import: `NaiveDateTime`
[INFO] [stdout]  --> src/markdown/frontmatter.rs:1:24
[INFO] [stdout]   |
[INFO] [stdout] 1 | use chrono::{DateTime, NaiveDateTime, Utc};
[INFO] [stdout]   |                        ^^^^^^^^^^^^^
[INFO] [stdout] 
[INFO] [stdout] 
[INFO] [stdout] warning: unused imports: `CodeBlockKind`, `escape`
[INFO] [stdout]  --> src/markdown/to_html.rs:1:22
[INFO] [stdout]   |
[INFO] [stdout] 1 | use pulldown_cmark::{escape, html, CodeBlockKind, Event, LinkType, Options, Parser, Tag};
[INFO] [stdout]   |                      ^^^^^^        ^^^^^^^^^^^^^
[INFO] [stdout] 
[INFO] [stdout] 
[INFO] [stdout] warning: unused import: `std::io::ErrorKind`
[INFO] [stdout]  --> src/urls.rs:1:5
[INFO] [stdout]   |
[INFO] [stdout] 1 | use std::io::ErrorKind;
[INFO] [stdout]   |     ^^^^^^^^^^^^^^^^^^
[INFO] [stdout] 
[INFO] [stdout] 
[INFO] [stdout] warning: unused import: `derive_more::From`
[INFO] [stdout]  --> src/urls.rs:4:5
[INFO] [stdout]   |
[INFO] [stdout] 4 | use derive_more::From;
[INFO] [stdout]   |     ^^^^^^^^^^^^^^^^^
[INFO] [stdout] 
[INFO] [stdout] 
[INFO] [stdout] warning: unused import: `Captures`
[INFO] [stdout]  --> src/urls.rs:5:13
[INFO] [stdout]   |
[INFO] [stdout] 5 | use regex::{Captures, Regex};
[INFO] [stdout]   |             ^^^^^^^^
[INFO] [stdout] 
[INFO] [stdout] 
[INFO] [stdout] warning: unused import: `crate::db::models::Article`
[INFO] [stdout]   --> src/main.rs:15:5
[INFO] [stdout]    |
[INFO] [stdout] 15 | use crate::db::models::Article;
[INFO] [stdout]    |     ^^^^^^^^^^^^^^^^^^^^^^^^^^
[INFO] [stdout] 
[INFO] [stdout] 
[INFO] [stdout] warning: unused import: `normalize::normalize`
[INFO] [stdout]   --> src/main.rs:21:5
[INFO] [stdout]    |
[INFO] [stdout] 21 | use normalize::normalize;
[INFO] [stdout]    |     ^^^^^^^^^^^^^^^^^^^^
[INFO] [stdout] 
[INFO] [stdout] 
[INFO] [stdout] warning: unused variable: `e`
[INFO] [stdout]   --> src/db/mod.rs:54:23
[INFO] [stdout]    |
[INFO] [stdout] 54 |             .map_err(|e| Error::ConnectionError)?;
[INFO] [stdout]    |                       ^ help: if this is intentional, prefix it with an underscore: `_e`
[INFO] [stdout]    |
[INFO] [stdout]    = note: `#[warn(unused_variables)]` on by default
[INFO] [stdout] 
[INFO] [stdout] 
[INFO] [stdout] warning: unused variable: `files`
[INFO] [stdout]   --> src/generate_db.rs:82:41
[INFO] [stdout]    |
[INFO] [stdout] 82 |             FilesChange::PagesChanged { files } => {
[INFO] [stdout]    |                                         ^^^^^ help: try ignoring the field: `files: _`
[INFO] [stdout] 
[INFO] [stdout] 
[INFO] [stdout] warning: unused variable: `description`
[INFO] [stdout]    --> src/layout.rs:128:51
[INFO] [stdout]     |
[INFO] [stdout] 128 | fn Html<'a, 'b, Children: Render>(title: &'a str, description: &'b str, children: Children) {
[INFO] [stdout]     |                                                   ^^^^^^^^^^^ help: try ignoring the field: `description: _`
[INFO] [stdout] 
[INFO] [stdout] 
[INFO] [stdout] warning: variant `IOError` is never constructed
[INFO] [stdout]    --> src/main.rs:139:5
[INFO] [stdout]     |
[INFO] [stdout] 138 | enum MainError {
[INFO] [stdout]     |      --------- variant in this enum
[INFO] [stdout] 139 |     IOError,
[INFO] [stdout]     |     ^^^^^^^
[INFO] [stdout]     |
[INFO] [stdout]     = note: `MainError` has a derived impl for the trait `Debug`, but this is intentionally ignored during dead code analysis
[INFO] [stdout]     = note: `#[warn(dead_code)]` on by default
[INFO] [stdout] 
[INFO] [stdout] 
[INFO] [stdout] warning: variant `Article` is never constructed
[INFO] [stdout]   --> src/layout.rs:23:5
[INFO] [stdout]    |
[INFO] [stdout] 21 | enum OgType {
[INFO] [stdout]    |      ------ variant in this enum
[INFO] [stdout] 22 |     Website,
[INFO] [stdout] 23 |     Article {
[INFO] [stdout]    |     ^^^^^^^
[INFO] [stdout]    |
[INFO] [stdout]    = note: `OgType` has a derived impl for the trait `Debug`, but this is intentionally ignored during dead code analysis
[INFO] [stdout] 
[INFO] [stdout] 
[INFO] [stdout] warning: 19 warnings emitted
[INFO] [stdout] 
[INFO] [stdout] 
[INFO] [stderr]     Finished dev [unoptimized + debuginfo] target(s) in 55.51s
[INFO] running `Command { std: "docker" "inspect" "350e602ec9b06680b2826bcc596b0e2997da5a88c62b877c5e5fcf6a6b75d503", kill_on_drop: false }`
[INFO] running `Command { std: "docker" "rm" "-f" "350e602ec9b06680b2826bcc596b0e2997da5a88c62b877c5e5fcf6a6b75d503", kill_on_drop: false }`
[INFO] [stdout] 350e602ec9b06680b2826bcc596b0e2997da5a88c62b877c5e5fcf6a6b75d503
[INFO] running `Command { std: "docker" "create" "-v" "/var/lib/crater-agent-workspace/builds/worker-5-tc1/target:/opt/rustwide/target:rw,Z" "-v" "/var/lib/crater-agent-workspace/builds/worker-5-tc1/source:/opt/rustwide/workdir:ro,Z" "-v" "/var/lib/crater-agent-workspace/cargo-home:/opt/rustwide/cargo-home:ro,Z" "-v" "/var/lib/crater-agent-workspace/rustup-home:/opt/rustwide/rustup-home:ro,Z" "-e" "SOURCE_DIR=/opt/rustwide/workdir" "-e" "CARGO_TARGET_DIR=/opt/rustwide/target" "-e" "CARGO_INCREMENTAL=0" "-e" "RUST_BACKTRACE=full" "-e" "RUSTFLAGS=--cap-lints=warn" "-e" "RUSTDOCFLAGS=--cap-lints=warn" "-e" "CARGO_HOME=/opt/rustwide/cargo-home" "-e" "RUSTUP_HOME=/opt/rustwide/rustup-home" "-w" "/opt/rustwide/workdir" "-m" "1610612736" "--user" "0:0" "--network" "none" "ghcr.io/rust-lang/crates-build-env/linux@sha256:5ff2268d62e97bff2cde7d5815dd6ed5b47097566f13b8d0ca110b04b60e07ed" "/opt/rustwide/cargo-home/bin/cargo" "+1.69.0" "test" "--frozen" "--no-run" "--message-format=json", kill_on_drop: false }`
[INFO] [stdout] 383e8579a49877e2a6edc2345b150f74179e1bfeced967b3df3e2732c858043a
[INFO] running `Command { std: "docker" "start" "-a" "383e8579a49877e2a6edc2345b150f74179e1bfeced967b3df3e2732c858043a", kill_on_drop: false }`
[INFO] [stderr]    Compiling cianticblog v0.1.0 (/opt/rustwide/workdir)
[INFO] [stdout] warning: unused import: `chrono::Utc`
[INFO] [stdout]  --> src/db/models.rs:4:5
[INFO] [stdout]   |
[INFO] [stdout] 4 | use chrono::Utc;
[INFO] [stdout]   |     ^^^^^^^^^^^
[INFO] [stdout]   |
[INFO] [stdout]   = note: `#[warn(unused_imports)]` on by default
[INFO] [stdout] 
[INFO] [stdout] 
[INFO] [stdout] warning: unused import: `chrono::Duration`
[INFO] [stdout]  --> src/db/repositories.rs:2:5
[INFO] [stdout]   |
[INFO] [stdout] 2 | use chrono::Duration;
[INFO] [stdout]   |     ^^^^^^^^^^^^^^^^
[INFO] [stdout] 
[INFO] [stdout] 
[INFO] [stdout] warning: unused imports: `SqliteConnection`, `r2d2::ConnectionManager`
[INFO] [stdout]  --> src/db/repositories.rs:3:14
[INFO] [stdout]   |
[INFO] [stdout] 3 | use diesel::{r2d2::ConnectionManager, SqliteConnection};
[INFO] [stdout]   |              ^^^^^^^^^^^^^^^^^^^^^^^  ^^^^^^^^^^^^^^^^
[INFO] [stdout] 
[INFO] [stdout] 
[INFO] [stdout] warning: unused import: `r2d2::Pool`
[INFO] [stdout]  --> src/db/repositories.rs:4:5
[INFO] [stdout]   |
[INFO] [stdout] 4 | use r2d2::Pool;
[INFO] [stdout]   |     ^^^^^^^^^^
[INFO] [stdout] 
[INFO] [stdout] 
[INFO] [stdout] warning: unused import: `PageId`
[INFO] [stdout]  --> src/generate_db.rs:4:21
[INFO] [stdout]   |
[INFO] [stdout] 4 |     db::{ArticleId, PageId},
[INFO] [stdout]   |                     ^^^^^^
[INFO] [stdout] 
[INFO] [stdout] 
[INFO] [stdout] warning: unused import: `normalize::normalize`
[INFO] [stdout]  --> src/generate_db.rs:7:46
[INFO] [stdout]   |
[INFO] [stdout] 7 | use crate::{markdown::compile_markdown_file, normalize::normalize};
[INFO] [stdout]   |                                              ^^^^^^^^^^^^^^^^^^^^
[INFO] [stdout] 
[INFO] [stdout] 
[INFO] [stdout] warning: unused import: `NaiveDateTime`
[INFO] [stdout]  --> src/markdown/compile.rs:2:24
[INFO] [stdout]   |
[INFO] [stdout] 2 | use chrono::{DateTime, NaiveDateTime, Utc};
[INFO] [stdout]   |                        ^^^^^^^^^^^^^
[INFO] [stdout] 
[INFO] [stdout] 
[INFO] [stdout] warning: unused import: `NaiveDateTime`
[INFO] [stdout]  --> src/markdown/frontmatter.rs:1:24
[INFO] [stdout]   |
[INFO] [stdout] 1 | use chrono::{DateTime, NaiveDateTime, Utc};
[INFO] [stdout]   |                        ^^^^^^^^^^^^^
[INFO] [stdout] 
[INFO] [stdout] 
[INFO] [stdout] warning: unused imports: `CodeBlockKind`, `escape`
[INFO] [stdout]  --> src/markdown/to_html.rs:1:22
[INFO] [stdout]   |
[INFO] [stdout] 1 | use pulldown_cmark::{escape, html, CodeBlockKind, Event, LinkType, Options, Parser, Tag};
[INFO] [stdout]   |                      ^^^^^^        ^^^^^^^^^^^^^
[INFO] [stdout] 
[INFO] [stdout] 
[INFO] [stdout] warning: unused import: `std::io::ErrorKind`
[INFO] [stdout]  --> src/urls.rs:1:5
[INFO] [stdout]   |
[INFO] [stdout] 1 | use std::io::ErrorKind;
[INFO] [stdout]   |     ^^^^^^^^^^^^^^^^^^
[INFO] [stdout] 
[INFO] [stdout] 
[INFO] [stdout] warning: unused import: `derive_more::From`
[INFO] [stdout]  --> src/urls.rs:4:5
[INFO] [stdout]   |
[INFO] [stdout] 4 | use derive_more::From;
[INFO] [stdout]   |     ^^^^^^^^^^^^^^^^^
[INFO] [stdout] 
[INFO] [stdout] 
[INFO] [stdout] warning: unused import: `Captures`
[INFO] [stdout]  --> src/urls.rs:5:13
[INFO] [stdout]   |
[INFO] [stdout] 5 | use regex::{Captures, Regex};
[INFO] [stdout]   |             ^^^^^^^^
[INFO] [stdout] 
[INFO] [stdout] 
[INFO] [stdout] warning: unused import: `crate::db::models::Article`
[INFO] [stdout]   --> src/main.rs:15:5
[INFO] [stdout]    |
[INFO] [stdout] 15 | use crate::db::models::Article;
[INFO] [stdout]    |     ^^^^^^^^^^^^^^^^^^^^^^^^^^
[INFO] [stdout] 
[INFO] [stdout] 
[INFO] [stdout] warning: unused import: `normalize::normalize`
[INFO] [stdout]   --> src/main.rs:21:5
[INFO] [stdout]    |
[INFO] [stdout] 21 | use normalize::normalize;
[INFO] [stdout]    |     ^^^^^^^^^^^^^^^^^^^^
[INFO] [stdout] 
[INFO] [stdout] 
[INFO] [stdout] warning: unused variable: `e`
[INFO] [stdout]   --> src/db/mod.rs:54:23
[INFO] [stdout]    |
[INFO] [stdout] 54 |             .map_err(|e| Error::ConnectionError)?;
[INFO] [stdout]    |                       ^ help: if this is intentional, prefix it with an underscore: `_e`
[INFO] [stdout]    |
[INFO] [stdout]    = note: `#[warn(unused_variables)]` on by default
[INFO] [stdout] 
[INFO] [stdout] 
[INFO] [stdout] warning: unused variable: `files`
[INFO] [stdout]   --> src/generate_db.rs:82:41
[INFO] [stdout]    |
[INFO] [stdout] 82 |             FilesChange::PagesChanged { files } => {
[INFO] [stdout]    |                                         ^^^^^ help: try ignoring the field: `files: _`
[INFO] [stdout] 
[INFO] [stdout] 
[INFO] [stdout] warning: unused variable: `description`
[INFO] [stdout]    --> src/layout.rs:128:51
[INFO] [stdout]     |
[INFO] [stdout] 128 | fn Html<'a, 'b, Children: Render>(title: &'a str, description: &'b str, children: Children) {
[INFO] [stdout]     |                                                   ^^^^^^^^^^^ help: try ignoring the field: `description: _`
[INFO] [stdout] 
[INFO] [stdout] 
[INFO] [stdout] warning: variant `IOError` is never constructed
[INFO] [stdout]    --> src/main.rs:139:5
[INFO] [stdout]     |
[INFO] [stdout] 138 | enum MainError {
[INFO] [stdout]     |      --------- variant in this enum
[INFO] [stdout] 139 |     IOError,
[INFO] [stdout]     |     ^^^^^^^
[INFO] [stdout]     |
[INFO] [stdout]     = note: `MainError` has a derived impl for the trait `Debug`, but this is intentionally ignored during dead code analysis
[INFO] [stdout]     = note: `#[warn(dead_code)]` on by default
[INFO] [stdout] 
[INFO] [stdout] 
[INFO] [stdout] warning: variant `Article` is never constructed
[INFO] [stdout]   --> src/layout.rs:23:5
[INFO] [stdout]    |
[INFO] [stdout] 21 | enum OgType {
[INFO] [stdout]    |      ------ variant in this enum
[INFO] [stdout] 22 |     Website,
[INFO] [stdout] 23 |     Article {
[INFO] [stdout]    |     ^^^^^^^
[INFO] [stdout]    |
[INFO] [stdout]    = note: `OgType` has a derived impl for the trait `Debug`, but this is intentionally ignored during dead code analysis
[INFO] [stdout] 
[INFO] [stdout] 
[INFO] [stdout] warning: 19 warnings emitted
[INFO] [stdout] 
[INFO] [stdout] 
[INFO] [stderr]     Finished test [unoptimized + debuginfo] target(s) in 5.85s
[INFO] running `Command { std: "docker" "inspect" "383e8579a49877e2a6edc2345b150f74179e1bfeced967b3df3e2732c858043a", kill_on_drop: false }`
[INFO] running `Command { std: "docker" "rm" "-f" "383e8579a49877e2a6edc2345b150f74179e1bfeced967b3df3e2732c858043a", kill_on_drop: false }`
[INFO] [stdout] 383e8579a49877e2a6edc2345b150f74179e1bfeced967b3df3e2732c858043a
[INFO] running `Command { std: "docker" "create" "-v" "/var/lib/crater-agent-workspace/builds/worker-5-tc1/target:/opt/rustwide/target:rw,Z" "-v" "/var/lib/crater-agent-workspace/builds/worker-5-tc1/source:/opt/rustwide/workdir:ro,Z" "-v" "/var/lib/crater-agent-workspace/cargo-home:/opt/rustwide/cargo-home:ro,Z" "-v" "/var/lib/crater-agent-workspace/rustup-home:/opt/rustwide/rustup-home:ro,Z" "-e" "SOURCE_DIR=/opt/rustwide/workdir" "-e" "CARGO_TARGET_DIR=/opt/rustwide/target" "-e" "CARGO_INCREMENTAL=0" "-e" "RUST_BACKTRACE=full" "-e" "RUSTFLAGS=--cap-lints=warn" "-e" "RUSTDOCFLAGS=--cap-lints=warn" "-e" "CARGO_HOME=/opt/rustwide/cargo-home" "-e" "RUSTUP_HOME=/opt/rustwide/rustup-home" "-w" "/opt/rustwide/workdir" "-m" "1610612736" "--user" "0:0" "--network" "none" "ghcr.io/rust-lang/crates-build-env/linux@sha256:5ff2268d62e97bff2cde7d5815dd6ed5b47097566f13b8d0ca110b04b60e07ed" "/opt/rustwide/cargo-home/bin/cargo" "+1.69.0" "test" "--frozen", kill_on_drop: false }`
[INFO] [stdout] 6a4d918edd011744c17ae234d46f94bfb1c88459066ccb1b65f32e162198ea2d
[INFO] running `Command { std: "docker" "start" "-a" "6a4d918edd011744c17ae234d46f94bfb1c88459066ccb1b65f32e162198ea2d", kill_on_drop: false }`
[INFO] [stderr] warning: unused import: `chrono::Utc`
[INFO] [stderr]  --> src/db/models.rs:4:5
[INFO] [stderr]   |
[INFO] [stderr] 4 | use chrono::Utc;
[INFO] [stderr]   |     ^^^^^^^^^^^
[INFO] [stderr]   |
[INFO] [stderr]   = note: `#[warn(unused_imports)]` on by default
[INFO] [stderr] 
[INFO] [stderr] warning: unused import: `chrono::Duration`
[INFO] [stderr]  --> src/db/repositories.rs:2:5
[INFO] [stderr]   |
[INFO] [stderr] 2 | use chrono::Duration;
[INFO] [stderr]   |     ^^^^^^^^^^^^^^^^
[INFO] [stderr] 
[INFO] [stderr] warning: unused imports: `SqliteConnection`, `r2d2::ConnectionManager`
[INFO] [stderr]  --> src/db/repositories.rs:3:14
[INFO] [stderr]   |
[INFO] [stderr] 3 | use diesel::{r2d2::ConnectionManager, SqliteConnection};
[INFO] [stderr]   |              ^^^^^^^^^^^^^^^^^^^^^^^  ^^^^^^^^^^^^^^^^
[INFO] [stderr] 
[INFO] [stderr] warning: unused import: `r2d2::Pool`
[INFO] [stderr]  --> src/db/repositories.rs:4:5
[INFO] [stderr]   |
[INFO] [stderr] 4 | use r2d2::Pool;
[INFO] [stderr]   |     ^^^^^^^^^^
[INFO] [stderr] 
[INFO] [stderr] warning: unused import: `PageId`
[INFO] [stderr]  --> src/generate_db.rs:4:21
[INFO] [stderr]   |
[INFO] [stderr] 4 |     db::{ArticleId, PageId},
[INFO] [stderr]   |                     ^^^^^^
[INFO] [stderr] 
[INFO] [stderr] warning: unused import: `normalize::normalize`
[INFO] [stderr]  --> src/generate_db.rs:7:46
[INFO] [stderr]   |
[INFO] [stderr] 7 | use crate::{markdown::compile_markdown_file, normalize::normalize};
[INFO] [stderr]   |                                              ^^^^^^^^^^^^^^^^^^^^
[INFO] [stderr] 
[INFO] [stderr] warning: unused import: `NaiveDateTime`
[INFO] [stderr]  --> src/markdown/compile.rs:2:24
[INFO] [stderr]   |
[INFO] [stderr] 2 | use chrono::{DateTime, NaiveDateTime, Utc};
[INFO] [stderr]   |                        ^^^^^^^^^^^^^
[INFO] [stderr] 
[INFO] [stderr] warning: unused import: `NaiveDateTime`
[INFO] [stderr]  --> src/markdown/frontmatter.rs:1:24
[INFO] [stderr]   |
[INFO] [stderr] 1 | use chrono::{DateTime, NaiveDateTime, Utc};
[INFO] [stderr]   |                        ^^^^^^^^^^^^^
[INFO] [stderr] 
[INFO] [stderr] warning: unused imports: `CodeBlockKind`, `escape`
[INFO] [stderr]  --> src/markdown/to_html.rs:1:22
[INFO] [stderr]   |
[INFO] [stderr] 1 | use pulldown_cmark::{escape, html, CodeBlockKind, Event, LinkType, Options, Parser, Tag};
[INFO] [stderr]   |                      ^^^^^^        ^^^^^^^^^^^^^
[INFO] [stderr] 
[INFO] [stderr] warning: unused import: `std::io::ErrorKind`
[INFO] [stderr]  --> src/urls.rs:1:5
[INFO] [stderr]   |
[INFO] [stderr] 1 | use std::io::ErrorKind;
[INFO] [stderr]   |     ^^^^^^^^^^^^^^^^^^
[INFO] [stderr] 
[INFO] [stderr] warning: unused import: `derive_more::From`
[INFO] [stderr]  --> src/urls.rs:4:5
[INFO] [stderr]   |
[INFO] [stderr] 4 | use derive_more::From;
[INFO] [stderr]   |     ^^^^^^^^^^^^^^^^^
[INFO] [stderr] 
[INFO] [stderr] warning: unused import: `Captures`
[INFO] [stderr]  --> src/urls.rs:5:13
[INFO] [stderr]   |
[INFO] [stderr] 5 | use regex::{Captures, Regex};
[INFO] [stderr]   |             ^^^^^^^^
[INFO] [stderr] 
[INFO] [stderr] warning: unused import: `crate::db::models::Article`
[INFO] [stderr]   --> src/main.rs:15:5
[INFO] [stderr]    |
[INFO] [stderr] 15 | use crate::db::models::Article;
[INFO] [stderr]    |     ^^^^^^^^^^^^^^^^^^^^^^^^^^
[INFO] [stderr] 
[INFO] [stderr] warning: unused import: `normalize::normalize`
[INFO] [stderr]   --> src/main.rs:21:5
[INFO] [stderr]    |
[INFO] [stderr] 21 | use normalize::normalize;
[INFO] [stderr]    |     ^^^^^^^^^^^^^^^^^^^^
[INFO] [stderr] 
[INFO] [stderr] warning: unused variable: `e`
[INFO] [stderr]   --> src/db/mod.rs:54:23
[INFO] [stderr]    |
[INFO] [stderr] 54 |             .map_err(|e| Error::ConnectionError)?;
[INFO] [stderr]    |                       ^ help: if this is intentional, prefix it with an underscore: `_e`
[INFO] [stderr]    |
[INFO] [stderr]    = note: `#[warn(unused_variables)]` on by default
[INFO] [stderr] 
[INFO] [stderr] warning: unused variable: `files`
[INFO] [stderr]   --> src/generate_db.rs:82:41
[INFO] [stderr]    |
[INFO] [stderr] 82 |             FilesChange::PagesChanged { files } => {
[INFO] [stderr]    |                                         ^^^^^ help: try ignoring the field: `files: _`
[INFO] [stderr] 
[INFO] [stderr] warning: unused variable: `description`
[INFO] [stderr]    --> src/layout.rs:128:51
[INFO] [stderr]     |
[INFO] [stderr] 128 | fn Html<'a, 'b, Children: Render>(title: &'a str, description: &'b str, children: Children) {
[INFO] [stderr]     |                                                   ^^^^^^^^^^^ help: try ignoring the field: `description: _`
[INFO] [stderr] 
[INFO] [stderr] warning: variant `IOError` is never constructed
[INFO] [stderr]    --> src/main.rs:139:5
[INFO] [stderr]     |
[INFO] [stderr] 138 | enum MainError {
[INFO] [stderr]     |      --------- variant in this enum
[INFO] [stderr] 139 |     IOError,
[INFO] [stderr]     |     ^^^^^^^
[INFO] [stderr]     |
[INFO] [stderr]     = note: `MainError` has a derived impl for the trait `Debug`, but this is intentionally ignored during dead code analysis
[INFO] [stderr]     = note: `#[warn(dead_code)]` on by default
[INFO] [stderr] 
[INFO] [stderr] warning: variant `Article` is never constructed
[INFO] [stderr]   --> src/layout.rs:23:5
[INFO] [stderr]    |
[INFO] [stderr] 21 | enum OgType {
[INFO] [stderr]    |      ------ variant in this enum
[INFO] [stderr] 22 |     Website,
[INFO] [stderr] 23 |     Article {
[INFO] [stderr]    |     ^^^^^^^
[INFO] [stderr]    |
[INFO] [stderr]    = note: `OgType` has a derived impl for the trait `Debug`, but this is intentionally ignored during dead code analysis
[INFO] [stderr] 
[INFO] [stderr] warning: `cianticblog` (bin "cianticblog" test) generated 19 warnings (run `cargo fix --bin "cianticblog" --tests` to apply 17 suggestions)
[INFO] [stderr]     Finished test [unoptimized + debuginfo] target(s) in 0.12s
[INFO] [stderr]      Running unittests src/main.rs (/opt/rustwide/target/debug/deps/cianticblog-63f77f2c6ab7f0ad)
[INFO] [stdout] 
[INFO] [stdout] running 13 tests
[INFO] [stdout] test layout::test_layout::test ... ok
[INFO] [stdout] test markdown::compile::test_first_title::test_first_title_rest ... ok
[INFO] [stdout] test markdown::frontmatter::test_frontmatter::test_frontmatter ... ok
[INFO] [stdout] Running migration 20201129
[INFO] [stdout] test db::repositories::test::test_clean_non_existing ... ok
[INFO] [stdout] test markdown::compile::test_compile_markdown::test_compile_post01 ... ok
[INFO] [stdout] test git::test_git_date::test_git_created ... ok
[INFO] [stdout] test git::test_git_date::test_git_modified ... ok
[INFO] [stdout] test urls::test_normalize_html_relative_urls::test_urlparsing_failure ... ok
[INFO] [stdout] test markdown::compile::test_compile_markdown::test_compile_post02 ... ok
[INFO] [stdout] test normalize::test::test_normalize_sync ... FAILED
[INFO] [stdout] test normalize::test::test_normalize ... FAILED
[INFO] [stdout] test urls::test_normalize_html_relative_urls::test ... FAILED
[INFO] [stdout] test urls::test_normalize_html_relative_urls::test_canonicalization_failure ... FAILED
[INFO] [stdout] 
[INFO] [stdout] failures:
[INFO] [stdout] 
[INFO] [stdout] ---- normalize::test::test_normalize_sync stdout ----
[INFO] [stdout] thread 'normalize::test::test_normalize_sync' panicked at 'called `Result::unwrap()` on an `Err` value: Os { code: 2, kind: NotFound, message: "No such file or directory" }', src/normalize.rs:54:54
[INFO] [stdout] stack backtrace:
[INFO] [stdout]    0:     0x56397768c0aa - std::backtrace_rs::backtrace::libunwind::trace::ha9053a9a07ca49cb
[INFO] [stdout]                                at /rustc/84c898d65adf2f39a5a98507f1fe0ce10a2b8dbc/library/std/src/../../backtrace/src/backtrace/libunwind.rs:93:5
[INFO] [stdout]    1:     0x56397768c0aa - std::backtrace_rs::backtrace::trace_unsynchronized::h9c2852a457ad564e
[INFO] [stdout]                                at /rustc/84c898d65adf2f39a5a98507f1fe0ce10a2b8dbc/library/std/src/../../backtrace/src/backtrace/mod.rs:66:5
[INFO] [stdout]    2:     0x56397768c0aa - std::sys_common::backtrace::_print_fmt::h457936fbfaa0070f
[INFO] [stdout]                                at /rustc/84c898d65adf2f39a5a98507f1fe0ce10a2b8dbc/library/std/src/sys_common/backtrace.rs:65:5
[INFO] [stdout]    3:     0x56397768c0aa - <std::sys_common::backtrace::_print::DisplayBacktrace as core::fmt::Display>::fmt::h5779d7bf7f70cb0c
[INFO] [stdout]                                at /rustc/84c898d65adf2f39a5a98507f1fe0ce10a2b8dbc/library/std/src/sys_common/backtrace.rs:44:22
[INFO] [stdout]    4:     0x5639776b26de - core::fmt::write::h5a4baaff1bcd3eb5
[INFO] [stdout]                                at /rustc/84c898d65adf2f39a5a98507f1fe0ce10a2b8dbc/library/core/src/fmt/mod.rs:1232:17
[INFO] [stdout]    5:     0x563977688f55 - std::io::Write::write_fmt::h478f79c628ef31d1
[INFO] [stdout]                                at /rustc/84c898d65adf2f39a5a98507f1fe0ce10a2b8dbc/library/std/src/io/mod.rs:1684:15
[INFO] [stdout]    6:     0x56397768be75 - std::sys_common::backtrace::_print::h5fcdc36060f177e8
[INFO] [stdout]                                at /rustc/84c898d65adf2f39a5a98507f1fe0ce10a2b8dbc/library/std/src/sys_common/backtrace.rs:47:5
[INFO] [stdout]    7:     0x56397768be75 - std::sys_common::backtrace::print::h54ca9458b876c8bf
[INFO] [stdout]                                at /rustc/84c898d65adf2f39a5a98507f1fe0ce10a2b8dbc/library/std/src/sys_common/backtrace.rs:34:9
[INFO] [stdout]    8:     0x56397768dc3f - std::panicking::default_hook::{{closure}}::hbe471161c7664ed6
[INFO] [stdout]                                at /rustc/84c898d65adf2f39a5a98507f1fe0ce10a2b8dbc/library/std/src/panicking.rs:271:22
[INFO] [stdout]    9:     0x56397768d8ff - std::panicking::default_hook::ha3500da57aa4ac4f
[INFO] [stdout]                                at /rustc/84c898d65adf2f39a5a98507f1fe0ce10a2b8dbc/library/std/src/panicking.rs:287:9
[INFO] [stdout]   10:     0x563977320697 - <alloc::boxed::Box<F,A> as core::ops::function::Fn<Args>>::call::hdf1b89dd137ece34
[INFO] [stdout]                                at /rustc/84c898d65adf2f39a5a98507f1fe0ce10a2b8dbc/library/alloc/src/boxed.rs:2001:9
[INFO] [stdout]   11:     0x563977320697 - test::test_main::{{closure}}::h9081a79f20e75698
[INFO] [stdout]                                at /rustc/84c898d65adf2f39a5a98507f1fe0ce10a2b8dbc/library/test/src/lib.rs:135:21
[INFO] [stdout]   12:     0x56397768e36d - <alloc::boxed::Box<F,A> as core::ops::function::Fn<Args>>::call::h6507bddc3eebb4a5
[INFO] [stdout]                                at /rustc/84c898d65adf2f39a5a98507f1fe0ce10a2b8dbc/library/alloc/src/boxed.rs:2001:9
[INFO] [stdout]   13:     0x56397768e36d - std::panicking::rust_panic_with_hook::h50c09d000dc561d2
[INFO] [stdout]                                at /rustc/84c898d65adf2f39a5a98507f1fe0ce10a2b8dbc/library/std/src/panicking.rs:696:13
[INFO] [stdout]   14:     0x56397768e0e9 - std::panicking::begin_panic_handler::{{closure}}::h9e2b2176e00e0d9c
[INFO] [stdout]                                at /rustc/84c898d65adf2f39a5a98507f1fe0ce10a2b8dbc/library/std/src/panicking.rs:583:13
[INFO] [stdout]   15:     0x56397768c516 - std::sys_common::backtrace::__rust_end_short_backtrace::h5739b8e512c09d02
[INFO] [stdout]                                at /rustc/84c898d65adf2f39a5a98507f1fe0ce10a2b8dbc/library/std/src/sys_common/backtrace.rs:150:18
[INFO] [stdout]   16:     0x56397768ddf2 - rust_begin_unwind
[INFO] [stdout]                                at /rustc/84c898d65adf2f39a5a98507f1fe0ce10a2b8dbc/library/std/src/panicking.rs:579:5
[INFO] [stdout]   17:     0x5639771a3143 - core::panicking::panic_fmt::hf33a1475b4dc5c3e
[INFO] [stdout]                                at /rustc/84c898d65adf2f39a5a98507f1fe0ce10a2b8dbc/library/core/src/panicking.rs:64:14
[INFO] [stdout]   18:     0x5639771a35f3 - core::result::unwrap_failed::hdff5465d74574b44
[INFO] [stdout]                                at /rustc/84c898d65adf2f39a5a98507f1fe0ce10a2b8dbc/library/core/src/result.rs:1750:5
[INFO] [stdout]   19:     0x5639771ed60c - core::result::Result<T,E>::unwrap::hd5bb58d5f3090b4c
[INFO] [stdout]                                at /rustc/84c898d65adf2f39a5a98507f1fe0ce10a2b8dbc/library/core/src/result.rs:1090:23
[INFO] [stdout]   20:     0x5639772573b2 - cianticblog::normalize::test::test_normalize_sync::h9ab720790cf7c7cf
[INFO] [stdout]                                at /opt/rustwide/workdir/src/normalize.rs:54:28
[INFO] [stdout]   21:     0x563977257327 - cianticblog::normalize::test::test_normalize_sync::{{closure}}::hc2324b0faa772ce8
[INFO] [stdout]                                at /opt/rustwide/workdir/src/normalize.rs:51:30
[INFO] [stdout]   22:     0x5639771df2c5 - core::ops::function::FnOnce::call_once::h7d9150b24a6c8547
[INFO] [stdout]                                at /rustc/84c898d65adf2f39a5a98507f1fe0ce10a2b8dbc/library/core/src/ops/function.rs:250:5
[INFO] [stdout]   23:     0x563977325a7f - core::ops::function::FnOnce::call_once::h7d969581be7d0075
[INFO] [stdout]                                at /rustc/84c898d65adf2f39a5a98507f1fe0ce10a2b8dbc/library/core/src/ops/function.rs:250:5
[INFO] [stdout]   24:     0x563977325a7f - test::__rust_begin_short_backtrace::hca25a52684e56655
[INFO] [stdout]                                at /rustc/84c898d65adf2f39a5a98507f1fe0ce10a2b8dbc/library/test/src/lib.rs:656:18
[INFO] [stdout]   25:     0x5639772f709c - test::run_test::{{closure}}::ha8ac744c4af1a4bb
[INFO] [stdout]                                at /rustc/84c898d65adf2f39a5a98507f1fe0ce10a2b8dbc/library/test/src/lib.rs:647:30
[INFO] [stdout]   26:     0x5639772f709c - core::ops::function::FnOnce::call_once{{vtable.shim}}::h7b411a9ed45bdecf
[INFO] [stdout]                                at /rustc/84c898d65adf2f39a5a98507f1fe0ce10a2b8dbc/library/core/src/ops/function.rs:250:5
[INFO] [stdout]   27:     0x563977324a46 - <alloc::boxed::Box<F,A> as core::ops::function::FnOnce<Args>>::call_once::hd05328869a8ed200
[INFO] [stdout]                                at /rustc/84c898d65adf2f39a5a98507f1fe0ce10a2b8dbc/library/alloc/src/boxed.rs:1987:9
[INFO] [stdout]   28:     0x563977324a46 - <core::panic::unwind_safe::AssertUnwindSafe<F> as core::ops::function::FnOnce<()>>::call_once::h0c601ce20bd5b2be
[INFO] [stdout]                                at /rustc/84c898d65adf2f39a5a98507f1fe0ce10a2b8dbc/library/core/src/panic/unwind_safe.rs:271:9
[INFO] [stdout]   29:     0x563977324a46 - std::panicking::try::do_call::ha4be5c164fe30854
[INFO] [stdout]                                at /rustc/84c898d65adf2f39a5a98507f1fe0ce10a2b8dbc/library/std/src/panicking.rs:487:40
[INFO] [stdout]   30:     0x563977324a46 - std::panicking::try::h604546f3609af05f
[INFO] [stdout]                                at /rustc/84c898d65adf2f39a5a98507f1fe0ce10a2b8dbc/library/std/src/panicking.rs:451:19
[INFO] [stdout]   31:     0x563977324a46 - std::panic::catch_unwind::h5bfa8afe44c9c2f9
[INFO] [stdout]                                at /rustc/84c898d65adf2f39a5a98507f1fe0ce10a2b8dbc/library/std/src/panic.rs:140:14
[INFO] [stdout]   32:     0x563977324a46 - test::run_test_in_process::hd50dee55dd63e6aa
[INFO] [stdout]                                at /rustc/84c898d65adf2f39a5a98507f1fe0ce10a2b8dbc/library/test/src/lib.rs:679:27
[INFO] [stdout]   33:     0x563977324a46 - test::run_test::run_test_inner::{{closure}}::h4aa0f433aa85cea8
[INFO] [stdout]                                at /rustc/84c898d65adf2f39a5a98507f1fe0ce10a2b8dbc/library/test/src/lib.rs:573:39
[INFO] [stdout]   34:     0x5639772f1711 - test::run_test::run_test_inner::{{closure}}::had56431adf24b4d6
[INFO] [stdout]                                at /rustc/84c898d65adf2f39a5a98507f1fe0ce10a2b8dbc/library/test/src/lib.rs:600:37
[INFO] [stdout]   35:     0x5639772f1711 - std::sys_common::backtrace::__rust_begin_short_backtrace::ha8d9890e0c73bf13
[INFO] [stdout]                                at /rustc/84c898d65adf2f39a5a98507f1fe0ce10a2b8dbc/library/std/src/sys_common/backtrace.rs:134:18
[INFO] [stdout]   36:     0x5639772f712b - std::thread::Builder::spawn_unchecked_::{{closure}}::{{closure}}::h251832bcb4a95327
[INFO] [stdout]                                at /rustc/84c898d65adf2f39a5a98507f1fe0ce10a2b8dbc/library/std/src/thread/mod.rs:560:17
[INFO] [stdout]   37:     0x5639772f712b - <core::panic::unwind_safe::AssertUnwindSafe<F> as core::ops::function::FnOnce<()>>::call_once::h8fdff598fa414831
[INFO] [stdout]                                at /rustc/84c898d65adf2f39a5a98507f1fe0ce10a2b8dbc/library/core/src/panic/unwind_safe.rs:271:9
[INFO] [stdout]   38:     0x5639772f712b - std::panicking::try::do_call::h455dd2f7764a950f
[INFO] [stdout]                                at /rustc/84c898d65adf2f39a5a98507f1fe0ce10a2b8dbc/library/std/src/panicking.rs:487:40
[INFO] [stdout]   39:     0x5639772f712b - std::panicking::try::had6f23b7b73ae72a
[INFO] [stdout]                                at /rustc/84c898d65adf2f39a5a98507f1fe0ce10a2b8dbc/library/std/src/panicking.rs:451:19
[INFO] [stdout]   40:     0x5639772f712b - std::panic::catch_unwind::ha6a5ca3915b4dad0
[INFO] [stdout]                                at /rustc/84c898d65adf2f39a5a98507f1fe0ce10a2b8dbc/library/std/src/panic.rs:140:14
[INFO] [stdout]   41:     0x5639772f712b - std::thread::Builder::spawn_unchecked_::{{closure}}::h883b72ef75da6231
[INFO] [stdout]                                at /rustc/84c898d65adf2f39a5a98507f1fe0ce10a2b8dbc/library/std/src/thread/mod.rs:559:30
[INFO] [stdout]   42:     0x5639772f712b - core::ops::function::FnOnce::call_once{{vtable.shim}}::hb7dff73dc8bd2ccb
[INFO] [stdout]                                at /rustc/84c898d65adf2f39a5a98507f1fe0ce10a2b8dbc/library/core/src/ops/function.rs:250:5
[INFO] [stdout]   43:     0x5639776929f3 - <alloc::boxed::Box<F,A> as core::ops::function::FnOnce<Args>>::call_once::h39990b24eedef2ab
[INFO] [stdout]                                at /rustc/84c898d65adf2f39a5a98507f1fe0ce10a2b8dbc/library/alloc/src/boxed.rs:1987:9
[INFO] [stdout]   44:     0x5639776929f3 - <alloc::boxed::Box<F,A> as core::ops::function::FnOnce<Args>>::call_once::h01a027258444143b
[INFO] [stdout]                                at /rustc/84c898d65adf2f39a5a98507f1fe0ce10a2b8dbc/library/alloc/src/boxed.rs:1987:9
[INFO] [stdout]   45:     0x5639776929f3 - std::sys::unix::thread::Thread::new::thread_start::ha4f1cdd9c25884ba
[INFO] [stdout]                                at /rustc/84c898d65adf2f39a5a98507f1fe0ce10a2b8dbc/library/std/src/sys/unix/thread.rs:108:17
[INFO] [stdout]   46:     0x7f5760253b43 - <unknown>
[INFO] [stdout]   47:     0x7f57602e4bb4 - __clone
[INFO] [stdout]   48:                0x0 - <unknown>
[INFO] [stdout] 
[INFO] [stdout] ---- normalize::test::test_normalize stdout ----
[INFO] [stdout] thread 'normalize::test::test_normalize' panicked at 'called `Result::unwrap()` on an `Err` value: Os { code: 2, kind: NotFound, message: "No such file or directory" }', src/normalize.rs:46:63
[INFO] [stdout] stack backtrace:
[INFO] [stdout]    0:     0x56397768c0aa - std::backtrace_rs::backtrace::libunwind::trace::ha9053a9a07ca49cb
[INFO] [stdout]                                at /rustc/84c898d65adf2f39a5a98507f1fe0ce10a2b8dbc/library/std/src/../../backtrace/src/backtrace/libunwind.rs:93:5
[INFO] [stdout]    1:     0x56397768c0aa - std::backtrace_rs::backtrace::trace_unsynchronized::h9c2852a457ad564e
[INFO] [stdout]                                at /rustc/84c898d65adf2f39a5a98507f1fe0ce10a2b8dbc/library/std/src/../../backtrace/src/backtrace/mod.rs:66:5
[INFO] [stdout]    2:     0x56397768c0aa - std::sys_common::backtrace::_print_fmt::h457936fbfaa0070f
[INFO] [stdout]                                at /rustc/84c898d65adf2f39a5a98507f1fe0ce10a2b8dbc/library/std/src/sys_common/backtrace.rs:65:5
[INFO] [stdout]    3:     0x56397768c0aa - <std::sys_common::backtrace::_print::DisplayBacktrace as core::fmt::Display>::fmt::h5779d7bf7f70cb0c
[INFO] [stdout]                                at /rustc/84c898d65adf2f39a5a98507f1fe0ce10a2b8dbc/library/std/src/sys_common/backtrace.rs:44:22
[INFO] [stdout]    4:     0x5639776b26de - core::fmt::write::h5a4baaff1bcd3eb5
[INFO] [stdout]                                at /rustc/84c898d65adf2f39a5a98507f1fe0ce10a2b8dbc/library/core/src/fmt/mod.rs:1232:17
[INFO] [stdout]    5:     0x563977688f55 - std::io::Write::write_fmt::h478f79c628ef31d1
[INFO] [stdout]                                at /rustc/84c898d65adf2f39a5a98507f1fe0ce10a2b8dbc/library/std/src/io/mod.rs:1684:15
[INFO] [stdout]    6:     0x56397768be75 - std::sys_common::backtrace::_print::h5fcdc36060f177e8
[INFO] [stdout]                                at /rustc/84c898d65adf2f39a5a98507f1fe0ce10a2b8dbc/library/std/src/sys_common/backtrace.rs:47:5
[INFO] [stdout]    7:     0x56397768be75 - std::sys_common::backtrace::print::h54ca9458b876c8bf
[INFO] [stdout]                                at /rustc/84c898d65adf2f39a5a98507f1fe0ce10a2b8dbc/library/std/src/sys_common/backtrace.rs:34:9
[INFO] [stdout]    8:     0x56397768dc3f - std::panicking::default_hook::{{closure}}::hbe471161c7664ed6
[INFO] [stdout]                                at /rustc/84c898d65adf2f39a5a98507f1fe0ce10a2b8dbc/library/std/src/panicking.rs:271:22
[INFO] [stdout]    9:     0x56397768d8ff - std::panicking::default_hook::ha3500da57aa4ac4f
[INFO] [stdout]                                at /rustc/84c898d65adf2f39a5a98507f1fe0ce10a2b8dbc/library/std/src/panicking.rs:287:9
[INFO] [stdout]   10:     0x563977320697 - <alloc::boxed::Box<F,A> as core::ops::function::Fn<Args>>::call::hdf1b89dd137ece34
[INFO] [stdout]                                at /rustc/84c898d65adf2f39a5a98507f1fe0ce10a2b8dbc/library/alloc/src/boxed.rs:2001:9
[INFO] [stdout]   11:     0x563977320697 - test::test_main::{{closure}}::h9081a79f20e75698
[INFO] [stdout]                                at /rustc/84c898d65adf2f39a5a98507f1fe0ce10a2b8dbc/library/test/src/lib.rs:135:21
[INFO] [stdout]   12:     0x56397768e36d - <alloc::boxed::Box<F,A> as core::ops::function::Fn<Args>>::call::h6507bddc3eebb4a5
[INFO] [stdout]                                at /rustc/84c898d65adf2f39a5a98507f1fe0ce10a2b8dbc/library/alloc/src/boxed.rs:2001:9
[INFO] [stdout]   13:     0x56397768e36d - std::panicking::rust_panic_with_hook::h50c09d000dc561d2
[INFO] [stdout]                                at /rustc/84c898d65adf2f39a5a98507f1fe0ce10a2b8dbc/library/std/src/panicking.rs:696:13
[INFO] [stdout]   14:     0x56397768e0e9 - std::panicking::begin_panic_handler::{{closure}}::h9e2b2176e00e0d9c
[INFO] [stdout]                                at /rustc/84c898d65adf2f39a5a98507f1fe0ce10a2b8dbc/library/std/src/panicking.rs:583:13
[INFO] [stdout]   15:     0x56397768c516 - std::sys_common::backtrace::__rust_end_short_backtrace::h5739b8e512c09d02
[INFO] [stdout]                                at /rustc/84c898d65adf2f39a5a98507f1fe0ce10a2b8dbc/library/std/src/sys_common/backtrace.rs:150:18
[INFO] [stdout]   16:     0x56397768ddf2 - rust_begin_unwind
[INFO] [stdout]                                at /rustc/84c898d65adf2f39a5a98507f1fe0ce10a2b8dbc/library/std/src/panicking.rs:579:5
[INFO] [stdout]   17:     0x5639771a3143 - core::panicking::panic_fmt::hf33a1475b4dc5c3e
[INFO] [stdout]                                at /rustc/84c898d65adf2f39a5a98507f1fe0ce10a2b8dbc/library/core/src/panicking.rs:64:14
[INFO] [stdout]   18:     0x5639771a35f3 - core::result::unwrap_failed::hdff5465d74574b44
[INFO] [stdout]                                at /rustc/84c898d65adf2f39a5a98507f1fe0ce10a2b8dbc/library/core/src/result.rs:1750:5
[INFO] [stdout]   19:     0x5639771ed0dc - core::result::Result<T,E>::unwrap::ha4877df8659060d3
[INFO] [stdout]                                at /rustc/84c898d65adf2f39a5a98507f1fe0ce10a2b8dbc/library/core/src/result.rs:1090:23
[INFO] [stdout]   20:     0x5639772571c4 - cianticblog::normalize::test::test_normalize::{{closure}}::h424fb9257a7c3106
[INFO] [stdout]                                at /opt/rustwide/workdir/src/normalize.rs:46:28
[INFO] [stdout]   21:     0x563977232c52 - <async_std::task::builder::SupportTaskLocals<F> as core::future::future::Future>::poll::{{closure}}::h04099862ba10236e
[INFO] [stdout]                                at /opt/rustwide/cargo-home/registry/src/github.com-1ecc6299db9ec823/async-std-1.8.0/src/task/builder.rs:199:17
[INFO] [stdout]   22:     0x563977205d30 - async_std::task::task_locals_wrapper::TaskLocalsWrapper::set_current::{{closure}}::h62b0a52f8e146e1a
[INFO] [stdout]                                at /opt/rustwide/cargo-home/registry/src/github.com-1ecc6299db9ec823/async-std-1.8.0/src/task/task_locals_wrapper.rs:60:13
[INFO] [stdout]   23:     0x563977219bb4 - std::thread::local::LocalKey<T>::try_with::he7cb16f2e07a52b6
[INFO] [stdout]                                at /rustc/84c898d65adf2f39a5a98507f1fe0ce10a2b8dbc/library/std/src/thread/local.rs:446:16
[INFO] [stdout]   24:     0x56397721224a - std::thread::local::LocalKey<T>::with::he6ae46bbdc14e854
[INFO] [stdout]                                at /rustc/84c898d65adf2f39a5a98507f1fe0ce10a2b8dbc/library/std/src/thread/local.rs:422:9
[INFO] [stdout]   25:     0x563977205298 - async_std::task::task_locals_wrapper::TaskLocalsWrapper::set_current::h9fc54fdd15f7972f
[INFO] [stdout]                                at /opt/rustwide/cargo-home/registry/src/github.com-1ecc6299db9ec823/async-std-1.8.0/src/task/task_locals_wrapper.rs:55:9
[INFO] [stdout]   26:     0x563977232a5e - <async_std::task::builder::SupportTaskLocals<F> as core::future::future::Future>::poll::h79861839512ef811
[INFO] [stdout]                                at /opt/rustwide/cargo-home/registry/src/github.com-1ecc6299db9ec823/async-std-1.8.0/src/task/builder.rs:197:13
[INFO] [stdout]   27:     0x5639771cc462 - <futures_lite::future::Or<F1,F2> as core::future::future::Future>::poll::h08565a083fa9579d
[INFO] [stdout]                                at /opt/rustwide/cargo-home/registry/src/github.com-1ecc6299db9ec823/futures-lite-1.11.3/src/future.rs:526:33
[INFO] [stdout]   28:     0x5639771fe773 - async_executor::Executor::run::{{closure}}::h85696f961e175208
[INFO] [stdout]                                at /opt/rustwide/cargo-home/registry/src/github.com-1ecc6299db9ec823/async-executor-1.4.0/src/lib.rs:236:31
[INFO] [stdout]   29:     0x5639771fc192 - async_executor::LocalExecutor::run::{{closure}}::hb93d5b0e874a4085
[INFO] [stdout]                                at /opt/rustwide/cargo-home/registry/src/github.com-1ecc6299db9ec823/async-executor-1.4.0/src/lib.rs:437:33
[INFO] [stdout]   30:     0x563977229203 - async_io::driver::block_on::h9b1f3d198b9bbbac
[INFO] [stdout]                                at /opt/rustwide/cargo-home/registry/src/github.com-1ecc6299db9ec823/async-io-1.3.1/src/driver.rs:142:33
[INFO] [stdout]   31:     0x5639772349d3 - async_global_executor::reactor::block_on::{{closure}}::hba536e4e3f8e3c22
[INFO] [stdout]                                at /opt/rustwide/cargo-home/registry/src/github.com-1ecc6299db9ec823/async-global-executor-1.4.3/src/lib.rs:48:22
[INFO] [stdout]   32:     0x563977234763 - async_global_executor::reactor::block_on::h3f94f78f8db553ff
[INFO] [stdout]                                at /opt/rustwide/cargo-home/registry/src/github.com-1ecc6299db9ec823/async-global-executor-1.4.3/src/lib.rs:55:9
[INFO] [stdout]   33:     0x56397721c57d - async_global_executor::block_on::{{closure}}::h969128ede767bfc1
[INFO] [stdout]                                at /opt/rustwide/cargo-home/registry/src/github.com-1ecc6299db9ec823/async-global-executor-1.4.3/src/lib.rs:205:36
[INFO] [stdout]   34:     0x56397721779c - std::thread::local::LocalKey<T>::try_with::ha7ee63b75e2f97b9
[INFO] [stdout]                                at /rustc/84c898d65adf2f39a5a98507f1fe0ce10a2b8dbc/library/std/src/thread/local.rs:446:16
[INFO] [stdout]   35:     0x5639772119aa - std::thread::local::LocalKey<T>::with::h747e84c184604f17
[INFO] [stdout]                                at /rustc/84c898d65adf2f39a5a98507f1fe0ce10a2b8dbc/library/std/src/thread/local.rs:422:9
[INFO] [stdout]   36:     0x56397721c377 - async_global_executor::block_on::hbde35ca497049811
[INFO] [stdout]                                at /opt/rustwide/cargo-home/registry/src/github.com-1ecc6299db9ec823/async-global-executor-1.4.3/src/lib.rs:205:5
[INFO] [stdout]   37:     0x56397723f699 - async_std::task::builder::Builder::blocking::{{closure}}::{{closure}}::h483136bf7c81a25a
[INFO] [stdout]                                at /opt/rustwide/cargo-home/registry/src/github.com-1ecc6299db9ec823/async-std-1.8.0/src/task/builder.rs:171:25
[INFO] [stdout]   38:     0x56397720692a - async_std::task::task_locals_wrapper::TaskLocalsWrapper::set_current::{{closure}}::hd551c462dbdcc584
[INFO] [stdout]                                at /opt/rustwide/cargo-home/registry/src/github.com-1ecc6299db9ec823/async-std-1.8.0/src/task/task_locals_wrapper.rs:60:13
[INFO] [stdout]   39:     0x563977219d37 - std::thread::local::LocalKey<T>::try_with::heda2ad0f82d0e86a
[INFO] [stdout]                                at /rustc/84c898d65adf2f39a5a98507f1fe0ce10a2b8dbc/library/std/src/thread/local.rs:446:16
[INFO] [stdout]   40:     0x563977211c2a - std::thread::local::LocalKey<T>::with::h99d2c604e84aeada
[INFO] [stdout]                                at /rustc/84c898d65adf2f39a5a98507f1fe0ce10a2b8dbc/library/std/src/thread/local.rs:422:9
[INFO] [stdout]   41:     0x563977205249 - async_std::task::task_locals_wrapper::TaskLocalsWrapper::set_current::h9ca73427ef15261e
[INFO] [stdout]                                at /opt/rustwide/cargo-home/registry/src/github.com-1ecc6299db9ec823/async-std-1.8.0/src/task/task_locals_wrapper.rs:55:9
[INFO] [stdout]   42:     0x56397723eae4 - async_std::task::builder::Builder::blocking::{{closure}}::h5315b57240b0e621
[INFO] [stdout]                                at /opt/rustwide/cargo-home/registry/src/github.com-1ecc6299db9ec823/async-std-1.8.0/src/task/builder.rs:168:17
[INFO] [stdout]   43:     0x563977215adc - std::thread::local::LocalKey<T>::try_with::h75677b73d780f252
[INFO] [stdout]                                at /rustc/84c898d65adf2f39a5a98507f1fe0ce10a2b8dbc/library/std/src/thread/local.rs:446:16
[INFO] [stdout]   44:     0x5639772120da - std::thread::local::LocalKey<T>::with::hdbe28a289e06b7cf
[INFO] [stdout]                                at /rustc/84c898d65adf2f39a5a98507f1fe0ce10a2b8dbc/library/std/src/thread/local.rs:422:9
[INFO] [stdout]   45:     0x56397723d6e7 - async_std::task::builder::Builder::blocking::h4973709240614e17
[INFO] [stdout]                                at /opt/rustwide/cargo-home/registry/src/github.com-1ecc6299db9ec823/async-std-1.8.0/src/task/builder.rs:161:9
[INFO] [stdout]   46:     0x563977263f91 - async_std::task::block_on::block_on::h5c80f81d25767f9e
[INFO] [stdout]                                at /opt/rustwide/cargo-home/registry/src/github.com-1ecc6299db9ec823/async-std-1.8.0/src/task/block_on.rs:33:5
[INFO] [stdout]   47:     0x563977256f98 - cianticblog::normalize::test::test_normalize::h490e8355b83d0b05
[INFO] [stdout]                                at /opt/rustwide/workdir/src/normalize.rs:42:5
[INFO] [stdout]   48:     0x563977256f57 - cianticblog::normalize::test::test_normalize::{{closure}}::h4d5cd2363bad5b5c
[INFO] [stdout]                                at /opt/rustwide/workdir/src/normalize.rs:42:5
[INFO] [stdout]   49:     0x5639771df5c5 - core::ops::function::FnOnce::call_once::ha2effa76aab4c7b2
[INFO] [stdout]                                at /rustc/84c898d65adf2f39a5a98507f1fe0ce10a2b8dbc/library/core/src/ops/function.rs:250:5
[INFO] [stdout]   50:     0x563977325a7f - core::ops::function::FnOnce::call_once::h7d969581be7d0075
[INFO] [stdout]                                at /rustc/84c898d65adf2f39a5a98507f1fe0ce10a2b8dbc/library/core/src/ops/function.rs:250:5
[INFO] [stdout]   51:     0x563977325a7f - test::__rust_begin_short_backtrace::hca25a52684e56655
[INFO] [stdout]                                at /rustc/84c898d65adf2f39a5a98507f1fe0ce10a2b8dbc/library/test/src/lib.rs:656:18
[INFO] [stdout]   52:     0x5639772f709c - test::run_test::{{closure}}::ha8ac744c4af1a4bb
[INFO] [stdout]                                at /rustc/84c898d65adf2f39a5a98507f1fe0ce10a2b8dbc/library/test/src/lib.rs:647:30
[INFO] [stdout]   53:     0x5639772f709c - core::ops::function::FnOnce::call_once{{vtable.shim}}::h7b411a9ed45bdecf
[INFO] [stdout]                                at /rustc/84c898d65adf2f39a5a98507f1fe0ce10a2b8dbc/library/core/src/ops/function.rs:250:5
[INFO] [stdout]   54:     0x563977324a46 - <alloc::boxed::Box<F,A> as core::ops::function::FnOnce<Args>>::call_once::hd05328869a8ed200
[INFO] [stdout]                                at /rustc/84c898d65adf2f39a5a98507f1fe0ce10a2b8dbc/library/alloc/src/boxed.rs:1987:9
[INFO] [stdout]   55:     0x563977324a46 - <core::panic::unwind_safe::AssertUnwindSafe<F> as core::ops::function::FnOnce<()>>::call_once::h0c601ce20bd5b2be
[INFO] [stdout]                                at /rustc/84c898d65adf2f39a5a98507f1fe0ce10a2b8dbc/library/core/src/panic/unwind_safe.rs:271:9
[INFO] [stdout]   56:     0x563977324a46 - std::panicking::try::do_call::ha4be5c164fe30854
[INFO] [stdout]                                at /rustc/84c898d65adf2f39a5a98507f1fe0ce10a2b8dbc/library/std/src/panicking.rs:487:40
[INFO] [stdout]   57:     0x563977324a46 - std::panicking::try::h604546f3609af05f
[INFO] [stdout]                                at /rustc/84c898d65adf2f39a5a98507f1fe0ce10a2b8dbc/library/std/src/panicking.rs:451:19
[INFO] [stdout]   58:     0x563977324a46 - std::panic::catch_unwind::h5bfa8afe44c9c2f9
[INFO] [stdout]                                at /rustc/84c898d65adf2f39a5a98507f1fe0ce10a2b8dbc/library/std/src/panic.rs:140:14
[INFO] [stdout]   59:     0x563977324a46 - test::run_test_in_process::hd50dee55dd63e6aa
[INFO] [stdout]                                at /rustc/84c898d65adf2f39a5a98507f1fe0ce10a2b8dbc/library/test/src/lib.rs:679:27
[INFO] [stdout]   60:     0x563977324a46 - test::run_test::run_test_inner::{{closure}}::h4aa0f433aa85cea8
[INFO] [stdout]                                at /rustc/84c898d65adf2f39a5a98507f1fe0ce10a2b8dbc/library/test/src/lib.rs:573:39
[INFO] [stdout]   61:     0x5639772f1711 - test::run_test::run_test_inner::{{closure}}::had56431adf24b4d6
[INFO] [stdout]                                at /rustc/84c898d65adf2f39a5a98507f1fe0ce10a2b8dbc/library/test/src/lib.rs:600:37
[INFO] [stdout]   62:     0x5639772f1711 - std::sys_common::backtrace::__rust_begin_short_backtrace::ha8d9890e0c73bf13
[INFO] [stdout]                                at /rustc/84c898d65adf2f39a5a98507f1fe0ce10a2b8dbc/library/std/src/sys_common/backtrace.rs:134:18
[INFO] [stdout]   63:     0x5639772f712b - std::thread::Builder::spawn_unchecked_::{{closure}}::{{closure}}::h251832bcb4a95327
[INFO] [stdout]                                at /rustc/84c898d65adf2f39a5a98507f1fe0ce10a2b8dbc/library/std/src/thread/mod.rs:560:17
[INFO] [stdout]   64:     0x5639772f712b - <core::panic::unwind_safe::AssertUnwindSafe<F> as core::ops::function::FnOnce<()>>::call_once::h8fdff598fa414831
[INFO] [stdout]                                at /rustc/84c898d65adf2f39a5a98507f1fe0ce10a2b8dbc/library/core/src/panic/unwind_safe.rs:271:9
[INFO] [stdout]   65:     0x5639772f712b - std::panicking::try::do_call::h455dd2f7764a950f
[INFO] [stdout]                                at /rustc/84c898d65adf2f39a5a98507f1fe0ce10a2b8dbc/library/std/src/panicking.rs:487:40
[INFO] [stdout]   66:     0x5639772f712b - std::panicking::try::had6f23b7b73ae72a
[INFO] [stdout]                                at /rustc/84c898d65adf2f39a5a98507f1fe0ce10a2b8dbc/library/std/src/panicking.rs:451:19
[INFO] [stdout]   67:     0x5639772f712b - std::panic::catch_unwind::ha6a5ca3915b4dad0
[INFO] [stdout]                                at /rustc/84c898d65adf2f39a5a98507f1fe0ce10a2b8dbc/library/std/src/panic.rs:140:14
[INFO] [stdout]   68:     0x5639772f712b - std::thread::Builder::spawn_unchecked_::{{closure}}::h883b72ef75da6231
[INFO] [stdout]                                at /rustc/84c898d65adf2f39a5a98507f1fe0ce10a2b8dbc/library/std/src/thread/mod.rs:559:30
[INFO] [stdout]   69:     0x5639772f712b - core::ops::function::FnOnce::call_once{{vtable.shim}}::hb7dff73dc8bd2ccb
[INFO] [stdout]                                at /rustc/84c898d65adf2f39a5a98507f1fe0ce10a2b8dbc/library/core/src/ops/function.rs:250:5
[INFO] [stdout]   70:     0x5639776929f3 - <alloc::boxed::Box<F,A> as core::ops::function::FnOnce<Args>>::call_once::h39990b24eedef2ab
[INFO] [stdout]                                at /rustc/84c898d65adf2f39a5a98507f1fe0ce10a2b8dbc/library/alloc/src/boxed.rs:1987:9
[INFO] [stdout]   71:     0x5639776929f3 - <alloc::boxed::Box<F,A> as core::ops::function::FnOnce<Args>>::call_once::h01a027258444143b
[INFO] [stdout]                                at /rustc/84c898d65adf2f39a5a98507f1fe0ce10a2b8dbc/library/alloc/src/boxed.rs:1987:9
[INFO] [stdout]   72:     0x5639776929f3 - std::sys::unix::thread::Thread::new::thread_start::ha4f1cdd9c25884ba
[INFO] [stdout]                                at /rustc/84c898d65adf2f39a5a98507f1fe0ce10a2b8dbc/library/std/src/sys/unix/thread.rs:108:17
[INFO] [stdout]   73:     0x7f5760253b43 - <unknown>
[INFO] [stdout]   74:     0x7f57602e4bb4 - __clone
[INFO] [stdout]   75:                0x0 - <unknown>
[INFO] [stdout] 
[INFO] [stdout] ---- urls::test_normalize_html_relative_urls::test stdout ----
[INFO] [stdout] thread 'urls::test_normalize_html_relative_urls::test' panicked at 'assertion failed: `(left == right)`
[INFO] [stdout]   left: `"first\n            <!-- Relative to root path -->\n            <link href=\"file:///opt/rustwide/workdir/examples/layout/style.css\" />\n\n            <!-- Relative to current path -->\n            <a href=\"file:///opt/rustwide/workdir/examples/articles/post02.md\">...</a>\n            <a href=\"file:///opt/rustwide/workdir/examples/pages/example.md\">...</a>\n            <img src=\"file:///opt/rustwide/workdir/examples/articles/res01.svg\" />\n\n            <!-- Full urls -->\n            <a href=\"https://www.example.com/\">...</a>\n            end"`,
[INFO] [stdout]  right: `"first\n            <!-- Relative to root path -->\n            <link href=\"file:///C:/Source/Rust/cianticblog/examples/layout/style.css\" />\n\n            <!-- Relative to current path -->\n            <a href=\"file:///C:/Source/Rust/cianticblog/examples/articles/post02.md\">...</a>\n            <a href=\"file:///C:/Source/Rust/cianticblog/examples/pages/example.md\">...</a>\n            <img src=\"file:///C:/Source/Rust/cianticblog/examples/articles/res01.svg\" />\n\n            <!-- Full urls -->\n            <a href=\"https://www.example.com/\">...</a>\n            end"`', src/urls.rs:126:9
[INFO] [stdout] stack backtrace:
[INFO] [stdout]    0:     0x56397768c0aa - std::backtrace_rs::backtrace::libunwind::trace::ha9053a9a07ca49cb
[INFO] [stdout]                                at /rustc/84c898d65adf2f39a5a98507f1fe0ce10a2b8dbc/library/std/src/../../backtrace/src/backtrace/libunwind.rs:93:5
[INFO] [stdout]    1:     0x56397768c0aa - std::backtrace_rs::backtrace::trace_unsynchronized::h9c2852a457ad564e
[INFO] [stdout]                                at /rustc/84c898d65adf2f39a5a98507f1fe0ce10a2b8dbc/library/std/src/../../backtrace/src/backtrace/mod.rs:66:5
[INFO] [stdout]    2:     0x56397768c0aa - std::sys_common::backtrace::_print_fmt::h457936fbfaa0070f
[INFO] [stdout]                                at /rustc/84c898d65adf2f39a5a98507f1fe0ce10a2b8dbc/library/std/src/sys_common/backtrace.rs:65:5
[INFO] [stdout]    3:     0x56397768c0aa - <std::sys_common::backtrace::_print::DisplayBacktrace as core::fmt::Display>::fmt::h5779d7bf7f70cb0c
[INFO] [stdout]                                at /rustc/84c898d65adf2f39a5a98507f1fe0ce10a2b8dbc/library/std/src/sys_common/backtrace.rs:44:22
[INFO] [stdout]    4:     0x5639776b26de - core::fmt::write::h5a4baaff1bcd3eb5
[INFO] [stdout]                                at /rustc/84c898d65adf2f39a5a98507f1fe0ce10a2b8dbc/library/core/src/fmt/mod.rs:1232:17
[INFO] [stdout]    5:     0x563977688f55 - std::io::Write::write_fmt::h478f79c628ef31d1
[INFO] [stdout]                                at /rustc/84c898d65adf2f39a5a98507f1fe0ce10a2b8dbc/library/std/src/io/mod.rs:1684:15
[INFO] [stdout]    6:     0x56397768be75 - std::sys_common::backtrace::_print::h5fcdc36060f177e8
[INFO] [stdout]                                at /rustc/84c898d65adf2f39a5a98507f1fe0ce10a2b8dbc/library/std/src/sys_common/backtrace.rs:47:5
[INFO] [stdout]    7:     0x56397768be75 - std::sys_common::backtrace::print::h54ca9458b876c8bf
[INFO] [stdout]                                at /rustc/84c898d65adf2f39a5a98507f1fe0ce10a2b8dbc/library/std/src/sys_common/backtrace.rs:34:9
[INFO] [stdout]    8:     0x56397768dc3f - std::panicking::default_hook::{{closure}}::hbe471161c7664ed6
[INFO] [stdout]                                at /rustc/84c898d65adf2f39a5a98507f1fe0ce10a2b8dbc/library/std/src/panicking.rs:271:22
[INFO] [stdout]    9:     0x56397768d8ff - std::panicking::default_hook::ha3500da57aa4ac4f
[INFO] [stdout]                                at /rustc/84c898d65adf2f39a5a98507f1fe0ce10a2b8dbc/library/std/src/panicking.rs:287:9
[INFO] [stdout]   10:     0x563977320697 - <alloc::boxed::Box<F,A> as core::ops::function::Fn<Args>>::call::hdf1b89dd137ece34
[INFO] [stdout]                                at /rustc/84c898d65adf2f39a5a98507f1fe0ce10a2b8dbc/library/alloc/src/boxed.rs:2001:9
[INFO] [stdout]   11:     0x563977320697 - test::test_main::{{closure}}::h9081a79f20e75698
[INFO] [stdout]                                at /rustc/84c898d65adf2f39a5a98507f1fe0ce10a2b8dbc/library/test/src/lib.rs:135:21
[INFO] [stdout]   12:     0x56397768e36d - <alloc::boxed::Box<F,A> as core::ops::function::Fn<Args>>::call::h6507bddc3eebb4a5
[INFO] [stdout]                                at /rustc/84c898d65adf2f39a5a98507f1fe0ce10a2b8dbc/library/alloc/src/boxed.rs:2001:9
[INFO] [stdout]   13:     0x56397768e36d - std::panicking::rust_panic_with_hook::h50c09d000dc561d2
[INFO] [stdout]                                at /rustc/84c898d65adf2f39a5a98507f1fe0ce10a2b8dbc/library/std/src/panicking.rs:696:13
[INFO] [stdout]   14:     0x56397768e0e9 - std::panicking::begin_panic_handler::{{closure}}::h9e2b2176e00e0d9c
[INFO] [stdout]                                at /rustc/84c898d65adf2f39a5a98507f1fe0ce10a2b8dbc/library/std/src/panicking.rs:583:13
[INFO] [stdout]   15:     0x56397768c516 - std::sys_common::backtrace::__rust_end_short_backtrace::h5739b8e512c09d02
[INFO] [stdout]                                at /rustc/84c898d65adf2f39a5a98507f1fe0ce10a2b8dbc/library/std/src/sys_common/backtrace.rs:150:18
[INFO] [stdout]   16:     0x56397768ddf2 - rust_begin_unwind
[INFO] [stdout]                                at /rustc/84c898d65adf2f39a5a98507f1fe0ce10a2b8dbc/library/std/src/panicking.rs:579:5
[INFO] [stdout]   17:     0x5639771a3143 - core::panicking::panic_fmt::hf33a1475b4dc5c3e
[INFO] [stdout]                                at /rustc/84c898d65adf2f39a5a98507f1fe0ce10a2b8dbc/library/core/src/panicking.rs:64:14
[INFO] [stdout]   18:     0x5639771a347f - core::panicking::assert_failed_inner::haf9816227b20b6f2
[INFO] [stdout]   19:     0x56397721c98e - core::panicking::assert_failed::h00c608b9dfde0432
[INFO] [stdout]                                at /rustc/84c898d65adf2f39a5a98507f1fe0ce10a2b8dbc/library/core/src/panicking.rs:211:5
[INFO] [stdout]   20:     0x5639771f40ce - cianticblog::urls::test_normalize_html_relative_urls::test::{{closure}}::hfb1e93b7481f0381
[INFO] [stdout]                                at /opt/rustwide/workdir/src/urls.rs:126:9
[INFO] [stdout]   21:     0x563977232ec2 - <async_std::task::builder::SupportTaskLocals<F> as core::future::future::Future>::poll::{{closure}}::hfc3d53c2ec33e1c9
[INFO] [stdout]                                at /opt/rustwide/cargo-home/registry/src/github.com-1ecc6299db9ec823/async-std-1.8.0/src/task/builder.rs:199:17
[INFO] [stdout]   22:     0x563977205f50 - async_std::task::task_locals_wrapper::TaskLocalsWrapper::set_current::{{closure}}::h6b6200731ca062d1
[INFO] [stdout]                                at /opt/rustwide/cargo-home/registry/src/github.com-1ecc6299db9ec823/async-std-1.8.0/src/task/task_locals_wrapper.rs:60:13
[INFO] [stdout]   23:     0x563977218c34 - std::thread::local::LocalKey<T>::try_with::hbfbb56d83dc288f8
[INFO] [stdout]                                at /rustc/84c898d65adf2f39a5a98507f1fe0ce10a2b8dbc/library/std/src/thread/local.rs:446:16
[INFO] [stdout]   24:     0x56397721124a - std::thread::local::LocalKey<T>::with::h2749b0e56e994c3a
[INFO] [stdout]                                at /rustc/84c898d65adf2f39a5a98507f1fe0ce10a2b8dbc/library/std/src/thread/local.rs:422:9
[INFO] [stdout]   25:     0x563977204fc8 - async_std::task::task_locals_wrapper::TaskLocalsWrapper::set_current::h62cdd3cb498ba659
[INFO] [stdout]                                at /opt/rustwide/cargo-home/registry/src/github.com-1ecc6299db9ec823/async-std-1.8.0/src/task/task_locals_wrapper.rs:55:9
[INFO] [stdout]   26:     0x56397723291e - <async_std::task::builder::SupportTaskLocals<F> as core::future::future::Future>::poll::h38382952d01c0a84
[INFO] [stdout]                                at /opt/rustwide/cargo-home/registry/src/github.com-1ecc6299db9ec823/async-std-1.8.0/src/task/builder.rs:197:13
[INFO] [stdout]   27:     0x5639771cc7c2 - <futures_lite::future::Or<F1,F2> as core::future::future::Future>::poll::hd4be8d3aafa1b3e6
[INFO] [stdout]                                at /opt/rustwide/cargo-home/registry/src/github.com-1ecc6299db9ec823/futures-lite-1.11.3/src/future.rs:526:33
[INFO] [stdout]   28:     0x5639771fd56d - async_executor::Executor::run::{{closure}}::h228186ec8ff94c78
[INFO] [stdout]                                at /opt/rustwide/cargo-home/registry/src/github.com-1ecc6299db9ec823/async-executor-1.4.0/src/lib.rs:236:31
[INFO] [stdout]   29:     0x5639771fb58f - async_executor::LocalExecutor::run::{{closure}}::h4e28990766b0963e
[INFO] [stdout]                                at /opt/rustwide/cargo-home/registry/src/github.com-1ecc6299db9ec823/async-executor-1.4.0/src/lib.rs:437:33
[INFO] [stdout]   30:     0x563977225843 - async_io::driver::block_on::h1061be16eefaa670
[INFO] [stdout]                                at /opt/rustwide/cargo-home/registry/src/github.com-1ecc6299db9ec823/async-io-1.3.1/src/driver.rs:142:33
[INFO] [stdout]   31:     0x563977234973 - async_global_executor::reactor::block_on::{{closure}}::ha37c8c2102147bb4
[INFO] [stdout]                                at /opt/rustwide/cargo-home/registry/src/github.com-1ecc6299db9ec823/async-global-executor-1.4.3/src/lib.rs:48:22
[INFO] [stdout]   32:     0x563977234823 - async_global_executor::reactor::block_on::hcbfef0acb4fd6022
[INFO] [stdout]                                at /opt/rustwide/cargo-home/registry/src/github.com-1ecc6299db9ec823/async-global-executor-1.4.3/src/lib.rs:55:9
[INFO] [stdout]   33:     0x56397721c63d - async_global_executor::block_on::{{closure}}::ha912363160aae748
[INFO] [stdout]                                at /opt/rustwide/cargo-home/registry/src/github.com-1ecc6299db9ec823/async-global-executor-1.4.3/src/lib.rs:205:36
[INFO] [stdout]   34:     0x5639772184e5 - std::thread::local::LocalKey<T>::try_with::hb9a6b2bb2e61a61d
[INFO] [stdout]                                at /rustc/84c898d65adf2f39a5a98507f1fe0ce10a2b8dbc/library/std/src/thread/local.rs:446:16
[INFO] [stdout]   35:     0x56397721162a - std::thread::local::LocalKey<T>::with::h4d60c017479737e0
[INFO] [stdout]                                at /rustc/84c898d65adf2f39a5a98507f1fe0ce10a2b8dbc/library/std/src/thread/local.rs:422:9
[INFO] [stdout]   36:     0x56397721c33a - async_global_executor::block_on::haeeb8059c2266574
[INFO] [stdout]                                at /opt/rustwide/cargo-home/registry/src/github.com-1ecc6299db9ec823/async-global-executor-1.4.3/src/lib.rs:205:5
[INFO] [stdout]   37:     0x56397723fb9c - async_std::task::builder::Builder::blocking::{{closure}}::{{closure}}::hc7d0c5425e541f2a
[INFO] [stdout]                                at /opt/rustwide/cargo-home/registry/src/github.com-1ecc6299db9ec823/async-std-1.8.0/src/task/builder.rs:171:25
[INFO] [stdout]   38:     0x563977206a6e - async_std::task::task_locals_wrapper::TaskLocalsWrapper::set_current::{{closure}}::hde728a3d2f9a403e
[INFO] [stdout]                                at /opt/rustwide/cargo-home/registry/src/github.com-1ecc6299db9ec823/async-std-1.8.0/src/task/task_locals_wrapper.rs:60:13
[INFO] [stdout]   39:     0x563977217ad7 - std::thread::local::LocalKey<T>::try_with::ha9aa9e4b7ba019d6
[INFO] [stdout]                                at /rustc/84c898d65adf2f39a5a98507f1fe0ce10a2b8dbc/library/std/src/thread/local.rs:446:16
[INFO] [stdout]   40:     0x563977211f4a - std::thread::local::LocalKey<T>::with::hc3d0197e98185381
[INFO] [stdout]                                at /rustc/84c898d65adf2f39a5a98507f1fe0ce10a2b8dbc/library/std/src/thread/local.rs:422:9
[INFO] [stdout]   41:     0x563977205329 - async_std::task::task_locals_wrapper::TaskLocalsWrapper::set_current::hdb5d17f8389ab461
[INFO] [stdout]                                at /opt/rustwide/cargo-home/registry/src/github.com-1ecc6299db9ec823/async-std-1.8.0/src/task/task_locals_wrapper.rs:55:9
[INFO] [stdout]   42:     0x56397723f06d - async_std::task::builder::Builder::blocking::{{closure}}::hb0a2a3b1d4e6a0b9
[INFO] [stdout]                                at /opt/rustwide/cargo-home/registry/src/github.com-1ecc6299db9ec823/async-std-1.8.0/src/task/builder.rs:168:17
[INFO] [stdout]   43:     0x56397721a015 - std::thread::local::LocalKey<T>::try_with::hf07b3ba88ee713a0
[INFO] [stdout]                                at /rustc/84c898d65adf2f39a5a98507f1fe0ce10a2b8dbc/library/std/src/thread/local.rs:446:16
[INFO] [stdout]   44:     0x56397721227a - std::thread::local::LocalKey<T>::with::he992685f4c69cc46
[INFO] [stdout]                                at /rustc/84c898d65adf2f39a5a98507f1fe0ce10a2b8dbc/library/std/src/thread/local.rs:422:9
[INFO] [stdout]   45:     0x56397723dc6c - async_std::task::builder::Builder::blocking::h6ba819c4fb80287e
[INFO] [stdout]                                at /opt/rustwide/cargo-home/registry/src/github.com-1ecc6299db9ec823/async-std-1.8.0/src/task/builder.rs:161:9
[INFO] [stdout]   46:     0x563977263c1c - async_std::task::block_on::block_on::h0c3c8346b17886a7
[INFO] [stdout]                                at /opt/rustwide/cargo-home/registry/src/github.com-1ecc6299db9ec823/async-std-1.8.0/src/task/block_on.rs:33:5
[INFO] [stdout]   47:     0x5639771f3c5b - cianticblog::urls::test_normalize_html_relative_urls::test::h9387c0cc578cea85
[INFO] [stdout]                                at /opt/rustwide/workdir/src/urls.rs:91:5
[INFO] [stdout]   48:     0x5639771f3c17 - cianticblog::urls::test_normalize_html_relative_urls::test::{{closure}}::hde69926e0d4d0894
[INFO] [stdout]                                at /opt/rustwide/workdir/src/urls.rs:91:5
[INFO] [stdout]   49:     0x5639771df765 - core::ops::function::FnOnce::call_once::hbf947642de22900c
[INFO] [stdout]                                at /rustc/84c898d65adf2f39a5a98507f1fe0ce10a2b8dbc/library/core/src/ops/function.rs:250:5
[INFO] [stdout]   50:     0x563977325a7f - core::ops::function::FnOnce::call_once::h7d969581be7d0075
[INFO] [stdout]                                at /rustc/84c898d65adf2f39a5a98507f1fe0ce10a2b8dbc/library/core/src/ops/function.rs:250:5
[INFO] [stdout]   51:     0x563977325a7f - test::__rust_begin_short_backtrace::hca25a52684e56655
[INFO] [stdout]                                at /rustc/84c898d65adf2f39a5a98507f1fe0ce10a2b8dbc/library/test/src/lib.rs:656:18
[INFO] [stdout]   52:     0x5639772f709c - test::run_test::{{closure}}::ha8ac744c4af1a4bb
[INFO] [stdout]                                at /rustc/84c898d65adf2f39a5a98507f1fe0ce10a2b8dbc/library/test/src/lib.rs:647:30
[INFO] [stdout]   53:     0x5639772f709c - core::ops::function::FnOnce::call_once{{vtable.shim}}::h7b411a9ed45bdecf
[INFO] [stdout]                                at /rustc/84c898d65adf2f39a5a98507f1fe0ce10a2b8dbc/library/core/src/ops/function.rs:250:5
[INFO] [stdout]   54:     0x563977324a46 - <alloc::boxed::Box<F,A> as core::ops::function::FnOnce<Args>>::call_once::hd05328869a8ed200
[INFO] [stdout]                                at /rustc/84c898d65adf2f39a5a98507f1fe0ce10a2b8dbc/library/alloc/src/boxed.rs:1987:9
[INFO] [stdout]   55:     0x563977324a46 - <core::panic::unwind_safe::AssertUnwindSafe<F> as core::ops::function::FnOnce<()>>::call_once::h0c601ce20bd5b2be
[INFO] [stdout]                                at /rustc/84c898d65adf2f39a5a98507f1fe0ce10a2b8dbc/library/core/src/panic/unwind_safe.rs:271:9
[INFO] [stdout]   56:     0x563977324a46 - std::panicking::try::do_call::ha4be5c164fe30854
[INFO] [stdout]                                at /rustc/84c898d65adf2f39a5a98507f1fe0ce10a2b8dbc/library/std/src/panicking.rs:487:40
[INFO] [stdout]   57:     0x563977324a46 - std::panicking::try::h604546f3609af05f
[INFO] [stdout]                                at /rustc/84c898d65adf2f39a5a98507f1fe0ce10a2b8dbc/library/std/src/panicking.rs:451:19
[INFO] [stdout]   58:     0x563977324a46 - std::panic::catch_unwind::h5bfa8afe44c9c2f9
[INFO] [stdout]                                at /rustc/84c898d65adf2f39a5a98507f1fe0ce10a2b8dbc/library/std/src/panic.rs:140:14
[INFO] [stdout]   59:     0x563977324a46 - test::run_test_in_process::hd50dee55dd63e6aa
[INFO] [stdout]                                at /rustc/84c898d65adf2f39a5a98507f1fe0ce10a2b8dbc/library/test/src/lib.rs:679:27
[INFO] [stdout]   60:     0x563977324a46 - test::run_test::run_test_inner::{{closure}}::h4aa0f433aa85cea8
[INFO] [stdout]                                at /rustc/84c898d65adf2f39a5a98507f1fe0ce10a2b8dbc/library/test/src/lib.rs:573:39
[INFO] [stdout]   61:     0x5639772f1711 - test::run_test::run_test_inner::{{closure}}::had56431adf24b4d6
[INFO] [stdout]                                at /rustc/84c898d65adf2f39a5a98507f1fe0ce10a2b8dbc/library/test/src/lib.rs:600:37
[INFO] [stdout]   62:     0x5639772f1711 - std::sys_common::backtrace::__rust_begin_short_backtrace::ha8d9890e0c73bf13
[INFO] [stdout]                                at /rustc/84c898d65adf2f39a5a98507f1fe0ce10a2b8dbc/library/std/src/sys_common/backtrace.rs:134:18
[INFO] [stdout]   63:     0x5639772f712b - std::thread::Builder::spawn_unchecked_::{{closure}}::{{closure}}::h251832bcb4a95327
[INFO] [stdout]                                at /rustc/84c898d65adf2f39a5a98507f1fe0ce10a2b8dbc/library/std/src/thread/mod.rs:560:17
[INFO] [stdout]   64:     0x5639772f712b - <core::panic::unwind_safe::AssertUnwindSafe<F> as core::ops::function::FnOnce<()>>::call_once::h8fdff598fa414831
[INFO] [stdout]                                at /rustc/84c898d65adf2f39a5a98507f1fe0ce10a2b8dbc/library/core/src/panic/unwind_safe.rs:271:9
[INFO] [stdout]   65:     0x5639772f712b - std::panicking::try::do_call::h455dd2f7764a950f
[INFO] [stdout]                                at /rustc/84c898d65adf2f39a5a98507f1fe0ce10a2b8dbc/library/std/src/panicking.rs:487:40
[INFO] [stdout]   66:     0x5639772f712b - std::panicking::try::had6f23b7b73ae72a
[INFO] [stdout]                                at /rustc/84c898d65adf2f39a5a98507f1fe0ce10a2b8dbc/library/std/src/panicking.rs:451:19
[INFO] [stdout]   67:     0x5639772f712b - std::panic::catch_unwind::ha6a5ca3915b4dad0
[INFO] [stdout]                                at /rustc/84c898d65adf2f39a5a98507f1fe0ce10a2b8dbc/library/std/src/panic.rs:140:14
[INFO] [stdout]   68:     0x5639772f712b - std::thread::Builder::spawn_unchecked_::{{closure}}::h883b72ef75da6231
[INFO] [stdout]                                at /rustc/84c898d65adf2f39a5a98507f1fe0ce10a2b8dbc/library/std/src/thread/mod.rs:559:30
[INFO] [stdout]   69:     0x5639772f712b - core::ops::function::FnOnce::call_once{{vtable.shim}}::hb7dff73dc8bd2ccb
[INFO] [stdout]                                at /rustc/84c898d65adf2f39a5a98507f1fe0ce10a2b8dbc/library/core/src/ops/function.rs:250:5
[INFO] [stdout]   70:     0x5639776929f3 - <alloc::boxed::Box<F,A> as core::ops::function::FnOnce<Args>>::call_once::h39990b24eedef2ab
[INFO] [stdout]                                at /rustc/84c898d65adf2f39a5a98507f1fe0ce10a2b8dbc/library/alloc/src/boxed.rs:1987:9
[INFO] [stdout]   71:     0x5639776929f3 - <alloc::boxed::Box<F,A> as core::ops::function::FnOnce<Args>>::call_once::h01a027258444143b
[INFO] [stdout]                                at /rustc/84c898d65adf2f39a5a98507f1fe0ce10a2b8dbc/library/alloc/src/boxed.rs:1987:9
[INFO] [stdout]   72:     0x5639776929f3 - std::sys::unix::thread::Thread::new::thread_start::ha4f1cdd9c25884ba
[INFO] [stdout]                                at /rustc/84c898d65adf2f39a5a98507f1fe0ce10a2b8dbc/library/std/src/sys/unix/thread.rs:108:17
[INFO] [stdout]   73:     0x7f5760253b43 - <unknown>
[INFO] [stdout]   74:     0x7f57602e4bb4 - __clone
[INFO] [stdout]   75:                0x0 - <unknown>
[INFO] [stdout] 
[INFO] [stdout] ---- urls::test_normalize_html_relative_urls::test_canonicalization_failure stdout ----
[INFO] [stdout] thread 'urls::test_normalize_html_relative_urls::test_canonicalization_failure' panicked at 'expected `Err(Error :: FileNotFound(_))` but got `Err(CanonicalizationFailed(PathBuf { inner: "./examples/layout/notfound.txt" }, Os { code: 2, kind: NotFound, message: "No such file or directory" }))`', src/urls.rs:163:9
[INFO] [stdout] stack backtrace:
[INFO] [stdout]    0:     0x56397768c0aa - std::backtrace_rs::backtrace::libunwind::trace::ha9053a9a07ca49cb
[INFO] [stdout]                                at /rustc/84c898d65adf2f39a5a98507f1fe0ce10a2b8dbc/library/std/src/../../backtrace/src/backtrace/libunwind.rs:93:5
[INFO] [stdout]    1:     0x56397768c0aa - std::backtrace_rs::backtrace::trace_unsynchronized::h9c2852a457ad564e
[INFO] [stdout]                                at /rustc/84c898d65adf2f39a5a98507f1fe0ce10a2b8dbc/library/std/src/../../backtrace/src/backtrace/mod.rs:66:5
[INFO] [stdout]    2:     0x56397768c0aa - std::sys_common::backtrace::_print_fmt::h457936fbfaa0070f
[INFO] [stdout]                                at /rustc/84c898d65adf2f39a5a98507f1fe0ce10a2b8dbc/library/std/src/sys_common/backtrace.rs:65:5
[INFO] [stdout]    3:     0x56397768c0aa - <std::sys_common::backtrace::_print::DisplayBacktrace as core::fmt::Display>::fmt::h5779d7bf7f70cb0c
[INFO] [stdout]                                at /rustc/84c898d65adf2f39a5a98507f1fe0ce10a2b8dbc/library/std/src/sys_common/backtrace.rs:44:22
[INFO] [stdout]    4:     0x5639776b26de - core::fmt::write::h5a4baaff1bcd3eb5
[INFO] [stdout]                                at /rustc/84c898d65adf2f39a5a98507f1fe0ce10a2b8dbc/library/core/src/fmt/mod.rs:1232:17
[INFO] [stdout]    5:     0x563977688f55 - std::io::Write::write_fmt::h478f79c628ef31d1
[INFO] [stdout]                                at /rustc/84c898d65adf2f39a5a98507f1fe0ce10a2b8dbc/library/std/src/io/mod.rs:1684:15
[INFO] [stdout]    6:     0x56397768be75 - std::sys_common::backtrace::_print::h5fcdc36060f177e8
[INFO] [stdout]                                at /rustc/84c898d65adf2f39a5a98507f1fe0ce10a2b8dbc/library/std/src/sys_common/backtrace.rs:47:5
[INFO] [stdout]    7:     0x56397768be75 - std::sys_common::backtrace::print::h54ca9458b876c8bf
[INFO] [stdout]                                at /rustc/84c898d65adf2f39a5a98507f1fe0ce10a2b8dbc/library/std/src/sys_common/backtrace.rs:34:9
[INFO] [stdout]    8:     0x56397768dc3f - std::panicking::default_hook::{{closure}}::hbe471161c7664ed6
[INFO] [stdout]                                at /rustc/84c898d65adf2f39a5a98507f1fe0ce10a2b8dbc/library/std/src/panicking.rs:271:22
[INFO] [stdout]    9:     0x56397768d8ff - std::panicking::default_hook::ha3500da57aa4ac4f
[INFO] [stdout]                                at /rustc/84c898d65adf2f39a5a98507f1fe0ce10a2b8dbc/library/std/src/panicking.rs:287:9
[INFO] [stdout]   10:     0x563977320697 - <alloc::boxed::Box<F,A> as core::ops::function::Fn<Args>>::call::hdf1b89dd137ece34
[INFO] [stdout]                                at /rustc/84c898d65adf2f39a5a98507f1fe0ce10a2b8dbc/library/alloc/src/boxed.rs:2001:9
[INFO] [stdout]   11:     0x563977320697 - test::test_main::{{closure}}::h9081a79f20e75698
[INFO] [stdout]                                at /rustc/84c898d65adf2f39a5a98507f1fe0ce10a2b8dbc/library/test/src/lib.rs:135:21
[INFO] [stdout]   12:     0x56397768e36d - <alloc::boxed::Box<F,A> as core::ops::function::Fn<Args>>::call::h6507bddc3eebb4a5
[INFO] [stdout]                                at /rustc/84c898d65adf2f39a5a98507f1fe0ce10a2b8dbc/library/alloc/src/boxed.rs:2001:9
[INFO] [stdout]   13:     0x56397768e36d - std::panicking::rust_panic_with_hook::h50c09d000dc561d2
[INFO] [stdout]                                at /rustc/84c898d65adf2f39a5a98507f1fe0ce10a2b8dbc/library/std/src/panicking.rs:696:13
[INFO] [stdout]   14:     0x56397768e0e9 - std::panicking::begin_panic_handler::{{closure}}::h9e2b2176e00e0d9c
[INFO] [stdout]                                at /rustc/84c898d65adf2f39a5a98507f1fe0ce10a2b8dbc/library/std/src/panicking.rs:583:13
[INFO] [stdout]   15:     0x56397768c516 - std::sys_common::backtrace::__rust_end_short_backtrace::h5739b8e512c09d02
[INFO] [stdout]                                at /rustc/84c898d65adf2f39a5a98507f1fe0ce10a2b8dbc/library/std/src/sys_common/backtrace.rs:150:18
[INFO] [stdout]   16:     0x56397768ddf2 - rust_begin_unwind
[INFO] [stdout]                                at /rustc/84c898d65adf2f39a5a98507f1fe0ce10a2b8dbc/library/std/src/panicking.rs:579:5
[INFO] [stdout]   17:     0x5639771a3143 - core::panicking::panic_fmt::hf33a1475b4dc5c3e
[INFO] [stdout]                                at /rustc/84c898d65adf2f39a5a98507f1fe0ce10a2b8dbc/library/core/src/panicking.rs:64:14
[INFO] [stdout]   18:     0x5639771f4c72 - cianticblog::urls::test_normalize_html_relative_urls::test_canonicalization_failure::{{closure}}::h6d9e05e687e59d68
[INFO] [stdout]                                at /opt/rustwide/workdir/src/urls.rs:163:9
[INFO] [stdout]   19:     0x563977232e82 - <async_std::task::builder::SupportTaskLocals<F> as core::future::future::Future>::poll::{{closure}}::hce07e37b8ce7da6b
[INFO] [stdout]                                at /opt/rustwide/cargo-home/registry/src/github.com-1ecc6299db9ec823/async-std-1.8.0/src/task/builder.rs:199:17
[INFO] [stdout]   20:     0x563977205880 - async_std::task::task_locals_wrapper::TaskLocalsWrapper::set_current::{{closure}}::h2907aadf97acf556
[INFO] [stdout]                                at /opt/rustwide/cargo-home/registry/src/github.com-1ecc6299db9ec823/async-std-1.8.0/src/task/task_locals_wrapper.rs:60:13
[INFO] [stdout]   21:     0x563977214a24 - std::thread::local::LocalKey<T>::try_with::h4a12d45fdd692110
[INFO] [stdout]                                at /rustc/84c898d65adf2f39a5a98507f1fe0ce10a2b8dbc/library/std/src/thread/local.rs:446:16
[INFO] [stdout]   22:     0x56397721121a - std::thread::local::LocalKey<T>::with::h26ca735e3abcb3d2
[INFO] [stdout]                                at /rustc/84c898d65adf2f39a5a98507f1fe0ce10a2b8dbc/library/std/src/thread/local.rs:422:9
[INFO] [stdout]   23:     0x563977205108 - async_std::task::task_locals_wrapper::TaskLocalsWrapper::set_current::h728131ca5da6c8de
[INFO] [stdout]                                at /opt/rustwide/cargo-home/registry/src/github.com-1ecc6299db9ec823/async-std-1.8.0/src/task/task_locals_wrapper.rs:55:9
[INFO] [stdout]   24:     0x563977232b0e - <async_std::task::builder::SupportTaskLocals<F> as core::future::future::Future>::poll::he8abe3864a8092ce
[INFO] [stdout]                                at /opt/rustwide/cargo-home/registry/src/github.com-1ecc6299db9ec823/async-std-1.8.0/src/task/builder.rs:197:13
[INFO] [stdout]   25:     0x5639771cc732 - <futures_lite::future::Or<F1,F2> as core::future::future::Future>::poll::h98287907178b17f4
[INFO] [stdout]                                at /opt/rustwide/cargo-home/registry/src/github.com-1ecc6299db9ec823/futures-lite-1.11.3/src/future.rs:526:33
[INFO] [stdout]   26:     0x5639771fcc8d - async_executor::Executor::run::{{closure}}::h12056a68369450ce
[INFO] [stdout]                                at /opt/rustwide/cargo-home/registry/src/github.com-1ecc6299db9ec823/async-executor-1.4.0/src/lib.rs:236:31
[INFO] [stdout]   27:     0x5639771fafc2 - async_executor::LocalExecutor::run::{{closure}}::h398ccbf013b1ed17
[INFO] [stdout]                                at /opt/rustwide/cargo-home/registry/src/github.com-1ecc6299db9ec823/async-executor-1.4.0/src/lib.rs:437:33
[INFO] [stdout]   28:     0x56397722b883 - async_io::driver::block_on::he001ec344dd16fe2
[INFO] [stdout]                                at /opt/rustwide/cargo-home/registry/src/github.com-1ecc6299db9ec823/async-io-1.3.1/src/driver.rs:142:33
[INFO] [stdout]   29:     0x563977234883 - async_global_executor::reactor::block_on::{{closure}}::h70f2929972969540
[INFO] [stdout]                                at /opt/rustwide/cargo-home/registry/src/github.com-1ecc6299db9ec823/async-global-executor-1.4.3/src/lib.rs:48:22
[INFO] [stdout]   30:     0x563977234793 - async_global_executor::reactor::block_on::h6248a763c467dfc3
[INFO] [stdout]                                at /opt/rustwide/cargo-home/registry/src/github.com-1ecc6299db9ec823/async-global-executor-1.4.3/src/lib.rs:55:9
[INFO] [stdout]   31:     0x56397721c4bd - async_global_executor::block_on::{{closure}}::h65068c0c2e907488
[INFO] [stdout]                                at /opt/rustwide/cargo-home/registry/src/github.com-1ecc6299db9ec823/async-global-executor-1.4.3/src/lib.rs:205:36
[INFO] [stdout]   32:     0x563977216ff5 - std::thread::local::LocalKey<T>::try_with::h92218de2d923161b
[INFO] [stdout]                                at /rustc/84c898d65adf2f39a5a98507f1fe0ce10a2b8dbc/library/std/src/thread/local.rs:446:16
[INFO] [stdout]   33:     0x56397721178a - std::thread::local::LocalKey<T>::with::h5eef4ed4449a91bb
[INFO] [stdout]                                at /rustc/84c898d65adf2f39a5a98507f1fe0ce10a2b8dbc/library/std/src/thread/local.rs:422:9
[INFO] [stdout]   34:     0x56397721c21a - async_global_executor::block_on::h42eb28e8ef7f29e0
[INFO] [stdout]                                at /opt/rustwide/cargo-home/registry/src/github.com-1ecc6299db9ec823/async-global-executor-1.4.3/src/lib.rs:205:5
[INFO] [stdout]   35:     0x56397723f59c - async_std::task::builder::Builder::blocking::{{closure}}::{{closure}}::h1f2129bcb79270d7
[INFO] [stdout]                                at /opt/rustwide/cargo-home/registry/src/github.com-1ecc6299db9ec823/async-std-1.8.0/src/task/builder.rs:171:25
[INFO] [stdout]   36:     0x56397720654e - async_std::task::task_locals_wrapper::TaskLocalsWrapper::set_current::{{closure}}::ha737e4c2fd6050b8
[INFO] [stdout]                                at /opt/rustwide/cargo-home/registry/src/github.com-1ecc6299db9ec823/async-std-1.8.0/src/task/task_locals_wrapper.rs:60:13
[INFO] [stdout]   37:     0x563977219317 - std::thread::local::LocalKey<T>::try_with::hd59c36d38d061b55
[INFO] [stdout]                                at /rustc/84c898d65adf2f39a5a98507f1fe0ce10a2b8dbc/library/std/src/thread/local.rs:446:16
[INFO] [stdout]   38:     0x56397721142a - std::thread::local::LocalKey<T>::with::h3cff94a1e7690f88
[INFO] [stdout]                                at /rustc/84c898d65adf2f39a5a98507f1fe0ce10a2b8dbc/library/std/src/thread/local.rs:422:9
[INFO] [stdout]   39:     0x5639772050b9 - async_std::task::task_locals_wrapper::TaskLocalsWrapper::set_current::h727e3ba40cf91dde
[INFO] [stdout]                                at /opt/rustwide/cargo-home/registry/src/github.com-1ecc6299db9ec823/async-std-1.8.0/src/task/task_locals_wrapper.rs:55:9
[INFO] [stdout]   40:     0x56397723edad - async_std::task::builder::Builder::blocking::{{closure}}::h7dc34933908fca21
[INFO] [stdout]                                at /opt/rustwide/cargo-home/registry/src/github.com-1ecc6299db9ec823/async-std-1.8.0/src/task/builder.rs:168:17
[INFO] [stdout]   41:     0x563977219a35 - std::thread::local::LocalKey<T>::try_with::he73be66e9dbccf30
[INFO] [stdout]                                at /rustc/84c898d65adf2f39a5a98507f1fe0ce10a2b8dbc/library/std/src/thread/local.rs:446:16
[INFO] [stdout]   42:     0x563977211d0a - std::thread::local::LocalKey<T>::with::ha30f1b05a488189b
[INFO] [stdout]                                at /rustc/84c898d65adf2f39a5a98507f1fe0ce10a2b8dbc/library/std/src/thread/local.rs:422:9
[INFO] [stdout]   43:     0x56397723e4ac - async_std::task::builder::Builder::blocking::hecd0569cb7a40f00
[INFO] [stdout]                                at /opt/rustwide/cargo-home/registry/src/github.com-1ecc6299db9ec823/async-std-1.8.0/src/task/builder.rs:161:9
[INFO] [stdout]   44:     0x56397726419c - async_std::task::block_on::block_on::he654b73d9f25d9a6
[INFO] [stdout]                                at /opt/rustwide/cargo-home/registry/src/github.com-1ecc6299db9ec823/async-std-1.8.0/src/task/block_on.rs:33:5
[INFO] [stdout]   45:     0x5639771f481b - cianticblog::urls::test_normalize_html_relative_urls::test_canonicalization_failure::h7f0550f029a8cd3c
[INFO] [stdout]                                at /opt/rustwide/workdir/src/urls.rs:157:5
[INFO] [stdout]   46:     0x5639771f47d7 - cianticblog::urls::test_normalize_html_relative_urls::test_canonicalization_failure::{{closure}}::hba371080a1704c13
[INFO] [stdout]                                at /opt/rustwide/workdir/src/urls.rs:157:5
[INFO] [stdout]   47:     0x5639771ded45 - core::ops::function::FnOnce::call_once::h1eac8c7d7aabe0f3
[INFO] [stdout]                                at /rustc/84c898d65adf2f39a5a98507f1fe0ce10a2b8dbc/library/core/src/ops/function.rs:250:5
[INFO] [stdout]   48:     0x563977325a7f - core::ops::function::FnOnce::call_once::h7d969581be7d0075
[INFO] [stdout]                                at /rustc/84c898d65adf2f39a5a98507f1fe0ce10a2b8dbc/library/core/src/ops/function.rs:250:5
[INFO] [stdout]   49:     0x563977325a7f - test::__rust_begin_short_backtrace::hca25a52684e56655
[INFO] [stdout]                                at /rustc/84c898d65adf2f39a5a98507f1fe0ce10a2b8dbc/library/test/src/lib.rs:656:18
[INFO] [stdout]   50:     0x5639772f709c - test::run_test::{{closure}}::ha8ac744c4af1a4bb
[INFO] [stdout]                                at /rustc/84c898d65adf2f39a5a98507f1fe0ce10a2b8dbc/library/test/src/lib.rs:647:30
[INFO] [stdout]   51:     0x5639772f709c - core::ops::function::FnOnce::call_once{{vtable.shim}}::h7b411a9ed45bdecf
[INFO] [stdout]                                at /rustc/84c898d65adf2f39a5a98507f1fe0ce10a2b8dbc/library/core/src/ops/function.rs:250:5
[INFO] [stdout]   52:     0x563977324a46 - <alloc::boxed::Box<F,A> as core::ops::function::FnOnce<Args>>::call_once::hd05328869a8ed200
[INFO] [stdout]                                at /rustc/84c898d65adf2f39a5a98507f1fe0ce10a2b8dbc/library/alloc/src/boxed.rs:1987:9
[INFO] [stdout]   53:     0x563977324a46 - <core::panic::unwind_safe::AssertUnwindSafe<F> as core::ops::function::FnOnce<()>>::call_once::h0c601ce20bd5b2be
[INFO] [stdout]                                at /rustc/84c898d65adf2f39a5a98507f1fe0ce10a2b8dbc/library/core/src/panic/unwind_safe.rs:271:9
[INFO] [stdout]   54:     0x563977324a46 - std::panicking::try::do_call::ha4be5c164fe30854
[INFO] [stdout]                                at /rustc/84c898d65adf2f39a5a98507f1fe0ce10a2b8dbc/library/std/src/panicking.rs:487:40
[INFO] [stdout]   55:     0x563977324a46 - std::panicking::try::h604546f3609af05f
[INFO] [stdout]                                at /rustc/84c898d65adf2f39a5a98507f1fe0ce10a2b8dbc/library/std/src/panicking.rs:451:19
[INFO] [stdout]   56:     0x563977324a46 - std::panic::catch_unwind::h5bfa8afe44c9c2f9
[INFO] [stdout]                                at /rustc/84c898d65adf2f39a5a98507f1fe0ce10a2b8dbc/library/std/src/panic.rs:140:14
[INFO] [stdout]   57:     0x563977324a46 - test::run_test_in_process::hd50dee55dd63e6aa
[INFO] [stdout]                                at /rustc/84c898d65adf2f39a5a98507f1fe0ce10a2b8dbc/library/test/src/lib.rs:679:27
[INFO] [stdout]   58:     0x563977324a46 - test::run_test::run_test_inner::{{closure}}::h4aa0f433aa85cea8
[INFO] [stdout]                                at /rustc/84c898d65adf2f39a5a98507f1fe0ce10a2b8dbc/library/test/src/lib.rs:573:39
[INFO] [stdout]   59:     0x5639772f1711 - test::run_test::run_test_inner::{{closure}}::had56431adf24b4d6
[INFO] [stdout]                                at /rustc/84c898d65adf2f39a5a98507f1fe0ce10a2b8dbc/library/test/src/lib.rs:600:37
[INFO] [stdout]   60:     0x5639772f1711 - std::sys_common::backtrace::__rust_begin_short_backtrace::ha8d9890e0c73bf13
[INFO] [stdout]                                at /rustc/84c898d65adf2f39a5a98507f1fe0ce10a2b8dbc/library/std/src/sys_common/backtrace.rs:134:18
[INFO] [stdout]   61:     0x5639772f712b - std::thread::Builder::spawn_unchecked_::{{closure}}::{{closure}}::h251832bcb4a95327
[INFO] [stdout]                                at /rustc/84c898d65adf2f39a5a98507f1fe0ce10a2b8dbc/library/std/src/thread/mod.rs:560:17
[INFO] [stdout]   62:     0x5639772f712b - <core::panic::unwind_safe::AssertUnwindSafe<F> as core::ops::function::FnOnce<()>>::call_once::h8fdff598fa414831
[INFO] [stdout]                                at /rustc/84c898d65adf2f39a5a98507f1fe0ce10a2b8dbc/library/core/src/panic/unwind_safe.rs:271:9
[INFO] [stdout]   63:     0x5639772f712b - std::panicking::try::do_call::h455dd2f7764a950f
[INFO] [stdout]                                at /rustc/84c898d65adf2f39a5a98507f1fe0ce10a2b8dbc/library/std/src/panicking.rs:487:40
[INFO] [stdout]   64:     0x5639772f712b - std::panicking::try::had6f23b7b73ae72a
[INFO] [stdout]                                at /rustc/84c898d65adf2f39a5a98507f1fe0ce10a2b8dbc/library/std/src/panicking.rs:451:19
[INFO] [stdout]   65:     0x5639772f712b - std::panic::catch_unwind::ha6a5ca3915b4dad0
[INFO] [stdout]                                at /rustc/84c898d65adf2f39a5a98507f1fe0ce10a2b8dbc/library/std/src/panic.rs:140:14
[INFO] [stdout]   66:     0x5639772f712b - std::thread::Builder::spawn_unchecked_::{{closure}}::h883b72ef75da6231
[INFO] [stdout]                                at /rustc/84c898d65adf2f39a5a98507f1fe0ce10a2b8dbc/library/std/src/thread/mod.rs:559:30
[INFO] [stdout]   67:     0x5639772f712b - core::ops::function::FnOnce::call_once{{vtable.shim}}::hb7dff73dc8bd2ccb
[INFO] [stdout]                                at /rustc/84c898d65adf2f39a5a98507f1fe0ce10a2b8dbc/library/core/src/ops/function.rs:250:5
[INFO] [stdout]   68:     0x5639776929f3 - <alloc::boxed::Box<F,A> as core::ops::function::FnOnce<Args>>::call_once::h39990b24eedef2ab
[INFO] [stdout]                                at /rustc/84c898d65adf2f39a5a98507f1fe0ce10a2b8dbc/library/alloc/src/boxed.rs:1987:9
[INFO] [stdout]   69:     0x5639776929f3 - <alloc::boxed::Box<F,A> as core::ops::function::FnOnce<Args>>::call_once::h01a027258444143b
[INFO] [stdout]                                at /rustc/84c898d65adf2f39a5a98507f1fe0ce10a2b8dbc/library/alloc/src/boxed.rs:1987:9
[INFO] [stdout]   70:     0x5639776929f3 - std::sys::unix::thread::Thread::new::thread_start::ha4f1cdd9c25884ba
[INFO] [stdout]                                at /rustc/84c898d65adf2f39a5a98507f1fe0ce10a2b8dbc/library/std/src/sys/unix/thread.rs:108:17
[INFO] [stdout]   71:     0x7f5760253b43 - <unknown>
[INFO] [stdout]   72:     0x7f57602e4bb4 - __clone
[INFO] [stdout]   73:                0x0 - <unknown>
[INFO] [stdout] 
[INFO] [stdout] 
[INFO] [stdout] failures:
[INFO] [stdout]     normalize::test::test_normalize
[INFO] [stdout]     normalize::test::test_normalize_sync
[INFO] [stdout]     urls::test_normalize_html_relative_urls::test
[INFO] [stdout]     urls::test_normalize_html_relative_urls::test_canonicalization_failure
[INFO] [stdout] 
[INFO] [stdout] test result: FAILED. 9 passed; 4 failed; 0 ignored; 0 measured; 0 filtered out; finished in 0.17s
[INFO] [stdout] 
[INFO] [stderr] error: test failed, to rerun pass `--bin cianticblog`
[INFO] running `Command { std: "docker" "inspect" "6a4d918edd011744c17ae234d46f94bfb1c88459066ccb1b65f32e162198ea2d", kill_on_drop: false }`
[INFO] running `Command { std: "docker" "rm" "-f" "6a4d918edd011744c17ae234d46f94bfb1c88459066ccb1b65f32e162198ea2d", kill_on_drop: false }`
[INFO] [stdout] 6a4d918edd011744c17ae234d46f94bfb1c88459066ccb1b65f32e162198ea2d
