[INFO] cloning repository https://github.com/ChousX/Book-Shelf
[INFO] running `Command { std: "git" "-c" "credential.helper=" "-c" "credential.helper=/workspace/cargo-home/bin/git-credential-null" "clone" "--bare" "https://github.com/ChousX/Book-Shelf" "/workspace/cache/git-repos/https%3A%2F%2Fgithub.com%2FChousX%2FBook-Shelf", kill_on_drop: false }`
[INFO] [stderr] Cloning into bare repository '/workspace/cache/git-repos/https%3A%2F%2Fgithub.com%2FChousX%2FBook-Shelf'...
[INFO] running `Command { std: "git" "rev-parse" "HEAD", kill_on_drop: false }`
[INFO] [stdout] b951d25e97ddfb10cbc25d2f1be53a77528344a6
[INFO] testing ChousX/Book-Shelf against 1.69.0 for beta-1.70-1
[INFO] running `Command { std: "git" "clone" "/workspace/cache/git-repos/https%3A%2F%2Fgithub.com%2FChousX%2FBook-Shelf" "/workspace/builds/worker-3-tc1/source", kill_on_drop: false }`
[INFO] [stderr] Cloning into '/workspace/builds/worker-3-tc1/source'...
[INFO] [stderr] done.
[INFO] validating manifest of git repo https://github.com/ChousX/Book-Shelf on toolchain 1.69.0
[INFO] running `Command { std: CARGO_HOME="/workspace/cargo-home" RUSTUP_HOME="/workspace/rustup-home" "/workspace/cargo-home/bin/cargo" "+1.69.0" "metadata" "--manifest-path" "Cargo.toml" "--no-deps", kill_on_drop: false }`
[INFO] removed /workspace/builds/worker-3-tc1/source/.cargo/config.toml
[INFO] started tweaking git repo https://github.com/ChousX/Book-Shelf
[INFO] finished tweaking git repo https://github.com/ChousX/Book-Shelf
[INFO] tweaked toml for git repo https://github.com/ChousX/Book-Shelf written to /workspace/builds/worker-3-tc1/source/Cargo.toml
[INFO] crate git repo https://github.com/ChousX/Book-Shelf already has a lockfile, it will not be regenerated
[INFO] running `Command { std: CARGO_HOME="/workspace/cargo-home" RUSTUP_HOME="/workspace/rustup-home" "/workspace/cargo-home/bin/cargo" "+1.69.0" "fetch" "--manifest-path" "Cargo.toml", kill_on_drop: false }`
[INFO] [stderr] warning: unused manifest key: target.cfg.rustflags
[INFO] [stderr]     Updating git repository `https://github.com/ChousX/nfo.git`
[INFO] [stderr]  Downloading crates ...
[INFO] [stderr]   Downloaded str_overlap v0.4.3
[INFO] running `Command { std: "docker" "create" "-v" "/var/lib/crater-agent-workspace/builds/worker-3-tc1/target:/opt/rustwide/target:rw,Z" "-v" "/var/lib/crater-agent-workspace/builds/worker-3-tc1/source:/opt/rustwide/workdir:ro,Z" "-v" "/var/lib/crater-agent-workspace/cargo-home:/opt/rustwide/cargo-home:ro,Z" "-v" "/var/lib/crater-agent-workspace/rustup-home:/opt/rustwide/rustup-home:ro,Z" "-e" "SOURCE_DIR=/opt/rustwide/workdir" "-e" "CARGO_TARGET_DIR=/opt/rustwide/target" "-e" "CARGO_HOME=/opt/rustwide/cargo-home" "-e" "RUSTUP_HOME=/opt/rustwide/rustup-home" "-w" "/opt/rustwide/workdir" "-m" "1610612736" "--user" "0:0" "--network" "none" "ghcr.io/rust-lang/crates-build-env/linux@sha256:5ff2268d62e97bff2cde7d5815dd6ed5b47097566f13b8d0ca110b04b60e07ed" "/opt/rustwide/cargo-home/bin/cargo" "+1.69.0" "metadata" "--no-deps" "--format-version=1", kill_on_drop: false }`
[INFO] [stdout] c5ca6c54e160c9b14812e69307124485f59da12b59b7070ef36e26a2b3ac8a7e
[INFO] running `Command { std: "docker" "start" "-a" "c5ca6c54e160c9b14812e69307124485f59da12b59b7070ef36e26a2b3ac8a7e", kill_on_drop: false }`
[INFO] running `Command { std: "docker" "inspect" "c5ca6c54e160c9b14812e69307124485f59da12b59b7070ef36e26a2b3ac8a7e", kill_on_drop: false }`
[INFO] running `Command { std: "docker" "rm" "-f" "c5ca6c54e160c9b14812e69307124485f59da12b59b7070ef36e26a2b3ac8a7e", kill_on_drop: false }`
[INFO] [stdout] c5ca6c54e160c9b14812e69307124485f59da12b59b7070ef36e26a2b3ac8a7e
[INFO] running `Command { std: "docker" "create" "-v" "/var/lib/crater-agent-workspace/builds/worker-3-tc1/target:/opt/rustwide/target:rw,Z" "-v" "/var/lib/crater-agent-workspace/builds/worker-3-tc1/source:/opt/rustwide/workdir:ro,Z" "-v" "/var/lib/crater-agent-workspace/cargo-home:/opt/rustwide/cargo-home:ro,Z" "-v" "/var/lib/crater-agent-workspace/rustup-home:/opt/rustwide/rustup-home:ro,Z" "-e" "SOURCE_DIR=/opt/rustwide/workdir" "-e" "CARGO_TARGET_DIR=/opt/rustwide/target" "-e" "CARGO_INCREMENTAL=0" "-e" "RUST_BACKTRACE=full" "-e" "RUSTFLAGS=--cap-lints=warn" "-e" "RUSTDOCFLAGS=--cap-lints=warn" "-e" "CARGO_HOME=/opt/rustwide/cargo-home" "-e" "RUSTUP_HOME=/opt/rustwide/rustup-home" "-w" "/opt/rustwide/workdir" "-m" "1610612736" "--user" "0:0" "--network" "none" "ghcr.io/rust-lang/crates-build-env/linux@sha256:5ff2268d62e97bff2cde7d5815dd6ed5b47097566f13b8d0ca110b04b60e07ed" "/opt/rustwide/cargo-home/bin/cargo" "+1.69.0" "build" "--frozen" "--message-format=json", kill_on_drop: false }`
[INFO] [stdout] 710d3b43ce3c48ad5e2b563ab857a040b31be31357ebf3cf11b0fea50d71c2a5
[INFO] running `Command { std: "docker" "start" "-a" "710d3b43ce3c48ad5e2b563ab857a040b31be31357ebf3cf11b0fea50d71c2a5", kill_on_drop: false }`
[INFO] [stderr] warning: unused manifest key: target.cfg.rustflags
[INFO] [stderr]    Compiling proc-macro2 v1.0.47
[INFO] [stderr]    Compiling unicode-ident v1.0.5
[INFO] [stderr]    Compiling quote v1.0.21
[INFO] [stderr]    Compiling num-traits v0.2.15
[INFO] [stderr]    Compiling libc v0.2.137
[INFO] [stderr]    Compiling syn v1.0.103
[INFO] [stderr]    Compiling num-integer v0.1.45
[INFO] [stderr]    Compiling serde_derive v1.0.147
[INFO] [stderr]    Compiling serde v1.0.147
[INFO] [stderr]    Compiling str_overlap v0.4.3
[INFO] [stderr]    Compiling iana-time-zone v0.1.53
[INFO] [stderr]    Compiling serde_json v1.0.87
[INFO] [stderr]    Compiling itoa v1.0.4
[INFO] [stderr]    Compiling unicode-segmentation v1.10.0
[INFO] [stderr]    Compiling mp4ameta_proc v0.6.0
[INFO] [stderr]    Compiling ryu v1.0.11
[INFO] [stderr]    Compiling mp4ameta v0.11.0
[INFO] [stderr]    Compiling time v0.1.44
[INFO] [stderr]    Compiling chrono v0.4.23
[INFO] [stderr]    Compiling nfo v0.1.1 (https://github.com/ChousX/nfo.git#a3dfaa27)
[INFO] [stderr]    Compiling book_shelf v0.1.0 (/opt/rustwide/workdir)
[INFO] [stdout] warning: unused import: `default`
[INFO] [stdout]  --> src/book.rs:1:11
[INFO] [stdout]   |
[INFO] [stdout] 1 | use std::{default, path::PathBuf};
[INFO] [stdout]   |           ^^^^^^^
[INFO] [stdout]   |
[INFO] [stdout]   = note: `#[warn(unused_imports)]` on by default
[INFO] [stdout] 
[INFO] [stdout] 
[INFO] [stdout] warning: unused import: `unicode_segmentation::UnicodeSegmentation`
[INFO] [stdout]  --> src/file/cue.rs:2:5
[INFO] [stdout]   |
[INFO] [stdout] 2 | use unicode_segmentation::UnicodeSegmentation;
[INFO] [stdout]   |     ^^^^^^^^^^^^^^^^^^^^^^^^^^^^^^^^^^^^^^^^^
[INFO] [stdout] 
[INFO] [stdout] 
[INFO] [stdout] warning: unused import: `PathBuf`
[INFO] [stdout]  --> src/lib.rs:8:58
[INFO] [stdout]   |
[INFO] [stdout] 8 | use std::{collections::{HashMap, hash_map::Keys}, path::{PathBuf, Path}};
[INFO] [stdout]   |                                                          ^^^^^^^
[INFO] [stdout] 
[INFO] [stdout] 
[INFO] [stdout] warning: unused variable: `path`
[INFO] [stdout]  --> src/file/cue.rs:5:9
[INFO] [stdout]   |
[INFO] [stdout] 5 |     let path = path.into();
[INFO] [stdout]   |         ^^^^ help: if this is intentional, prefix it with an underscore: `_path`
[INFO] [stdout]   |
[INFO] [stdout]   = note: `#[warn(unused_variables)]` on by default
[INFO] [stdout] 
[INFO] [stdout] 
[INFO] [stdout] warning: unused variable: `publised`
[INFO] [stdout]   --> src/lib.rs:57:17
[INFO] [stdout]    |
[INFO] [stdout] 57 |             let publised = nfo.general.copyright;
[INFO] [stdout]    |                 ^^^^^^^^ help: if this is intentional, prefix it with an underscore: `_publised`
[INFO] [stdout] 
[INFO] [stdout] 
[INFO] [stdout] warning: variable `duration_id` is assigned to, but never used
[INFO] [stdout]   --> src/lib.rs:80:70
[INFO] [stdout]    |
[INFO] [stdout] 80 |                     BookType::Audio { mut narators_id, duration: mut duration_id } => {
[INFO] [stdout]    |                                                                      ^^^^^^^^^^^
[INFO] [stdout]    |
[INFO] [stdout]    = note: consider using `_duration_id` instead
[INFO] [stdout] 
[INFO] [stdout] 
[INFO] [stdout] warning: value assigned to `narators_id` is never read
[INFO] [stdout]   --> src/lib.rs:84:33
[INFO] [stdout]    |
[INFO] [stdout] 84 | ...                   narators_id = Some(id);
[INFO] [stdout]    |                       ^^^^^^^^^^^
[INFO] [stdout]    |
[INFO] [stdout]    = help: maybe it is overwritten before being read?
[INFO] [stdout]    = note: `#[warn(unused_assignments)]` on by default
[INFO] [stdout] 
[INFO] [stdout] 
[INFO] [stdout] warning: value assigned to `duration_id` is never read
[INFO] [stdout]   --> src/lib.rs:89:29
[INFO] [stdout]    |
[INFO] [stdout] 89 | ...                   duration_id = duration;
[INFO] [stdout]    |                       ^^^^^^^^^^^
[INFO] [stdout]    |
[INFO] [stdout]    = help: maybe it is overwritten before being read?
[INFO] [stdout] 
[INFO] [stdout] 
[INFO] [stdout] warning: unused variable: `pages`
[INFO] [stdout]   --> src/lib.rs:95:40
[INFO] [stdout]    |
[INFO] [stdout] 95 |                     BookType::Writen { pages, words } => {
[INFO] [stdout]    |                                        ^^^^^ help: try ignoring the field: `pages: _`
[INFO] [stdout] 
[INFO] [stdout] 
[INFO] [stdout] warning: unused variable: `words`
[INFO] [stdout]   --> src/lib.rs:95:47
[INFO] [stdout]    |
[INFO] [stdout] 95 |                     BookType::Writen { pages, words } => {
[INFO] [stdout]    |                                               ^^^^^ help: try ignoring the field: `words: _`
[INFO] [stdout] 
[INFO] [stdout] 
[INFO] [stdout] warning: variable does not need to be mutable
[INFO] [stdout]   --> src/file/mod.rs:52:33
[INFO] [stdout]    |
[INFO] [stdout] 52 |                     if let Some(mut dirs) = dir_containing_dir(&path) {
[INFO] [stdout]    |                                 ----^^^^
[INFO] [stdout]    |                                 |
[INFO] [stdout]    |                                 help: remove this `mut`
[INFO] [stdout]    |
[INFO] [stdout]    = note: `#[warn(unused_mut)]` on by default
[INFO] [stdout] 
[INFO] [stdout] 
[INFO] [stdout] warning: variable does not need to be mutable
[INFO] [stdout]   --> src/file/mod.rs:99:33
[INFO] [stdout]    |
[INFO] [stdout] 99 | ...                   let mut tag = mp4ameta::Tag::read_from_path(path).unwrap();
[INFO] [stdout]    |                           ----^^^
[INFO] [stdout]    |                           |
[INFO] [stdout]    |                           help: remove this `mut`
[INFO] [stdout] 
[INFO] [stdout] 
[INFO] [stdout] warning: variable does not need to be mutable
[INFO] [stdout]   --> src/lib.rs:51:36
[INFO] [stdout]    |
[INFO] [stdout] 51 |     pub fn add_book_nfo(&mut self, mut nfo: Nfo, path: &Path) {
[INFO] [stdout]    |                                    ----^^^
[INFO] [stdout]    |                                    |
[INFO] [stdout]    |                                    help: remove this `mut`
[INFO] [stdout] 
[INFO] [stdout] 
[INFO] [stdout] warning: associated function `find` is never used
[INFO] [stdout]   --> src/lib.rs:33:8
[INFO] [stdout]    |
[INFO] [stdout] 33 |     fn find<T>(container :&Container<T>, item: String) -> Option<&T>{
[INFO] [stdout]    |        ^^^^
[INFO] [stdout]    |
[INFO] [stdout]    = note: `#[warn(dead_code)]` on by default
[INFO] [stdout] 
[INFO] [stdout] 
[INFO] [stdout] warning: method `find_book` is never used
[INFO] [stdout]   --> src/lib.rs:37:8
[INFO] [stdout]    |
[INFO] [stdout] 37 |     fn find_book<S: ToString>(&self, item: S) -> Option<&Book>{
[INFO] [stdout]    |        ^^^^^^^^^
[INFO] [stdout] 
[INFO] [stdout] 
[INFO] [stdout] warning: associated function `find_mut` is never used
[INFO] [stdout]   --> src/lib.rs:43:8
[INFO] [stdout]    |
[INFO] [stdout] 43 |     fn find_mut<T>(container :&mut Container<T>, item: String) -> Option<&mut T>{
[INFO] [stdout]    |        ^^^^^^^^
[INFO] [stdout] 
[INFO] [stdout] 
[INFO] [stdout] warning: method `add_book_to_series` is never used
[INFO] [stdout]    --> src/lib.rs:187:8
[INFO] [stdout]     |
[INFO] [stdout] 187 |     fn add_book_to_series(&mut self, book: Id, series: Id){
[INFO] [stdout]     |        ^^^^^^^^^^^^^^^^^^
[INFO] [stdout] 
[INFO] [stdout] 
[INFO] [stdout] warning: associated function `new` is never used
[INFO] [stdout]    --> src/lib.rs:204:12
[INFO] [stdout]     |
[INFO] [stdout] 204 |     pub fn new() -> Self {
[INFO] [stdout]     |            ^^^
[INFO] [stdout] 
[INFO] [stdout] 
[INFO] [stdout] warning: method `get_by_key` is never used
[INFO] [stdout]    --> src/lib.rs:230:12
[INFO] [stdout]     |
[INFO] [stdout] 230 |     pub fn get_by_key<Str>(&self, key: Str) -> &D
[INFO] [stdout]     |            ^^^^^^^^^^
[INFO] [stdout] 
[INFO] [stdout] 
[INFO] [stdout] warning: method `get_by_key_mut` is never used
[INFO] [stdout]    --> src/lib.rs:238:12
[INFO] [stdout]     |
[INFO] [stdout] 238 |     pub fn get_by_key_mut<Str>(&mut self, key: Str) -> &mut D
[INFO] [stdout]     |            ^^^^^^^^^^^^^^
[INFO] [stdout] 
[INFO] [stdout] 
[INFO] [stdout] warning: method `find` is never used
[INFO] [stdout]    --> src/lib.rs:272:12
[INFO] [stdout]     |
[INFO] [stdout] 272 |     pub fn find<S: ToString>(&self, key: S) -> Option<&D>{
[INFO] [stdout]     |            ^^^^
[INFO] [stdout] 
[INFO] [stdout] 
[INFO] [stdout] warning: method `fimd_mut` is never used
[INFO] [stdout]    --> src/lib.rs:280:12
[INFO] [stdout]     |
[INFO] [stdout] 280 |     pub fn fimd_mut<S: ToString>(&mut self, key: S) -> Option<&mut D>{
[INFO] [stdout]     |            ^^^^^^^^
[INFO] [stdout] 
[INFO] [stdout] 
[INFO] [stdout] warning: variants `Writen` and `Graphic` are never constructed
[INFO] [stdout]   --> src/book.rs:22:5
[INFO] [stdout]    |
[INFO] [stdout] 17 | pub enum BookType {
[INFO] [stdout]    |          -------- variants in this enum
[INFO] [stdout] ...
[INFO] [stdout] 22 |     Writen {
[INFO] [stdout]    |     ^^^^^^
[INFO] [stdout] ...
[INFO] [stdout] 27 |     Graphic {},
[INFO] [stdout]    |     ^^^^^^^
[INFO] [stdout]    |
[INFO] [stdout]    = note: `BookType` has a derived impl for the trait `Debug`, but this is intentionally ignored during dead code analysis
[INFO] [stdout] 
[INFO] [stdout] 
[INFO] [stdout] warning: function `get_title` is never used
[INFO] [stdout]  --> src/file/cue.rs:4:8
[INFO] [stdout]   |
[INFO] [stdout] 4 | pub fn get_title<P: Into<PathBuf>>(path: P) -> Option<String>{
[INFO] [stdout]   |        ^^^^^^^^^
[INFO] [stdout] 
[INFO] [stdout] 
[INFO] [stdout] warning: 24 warnings emitted
[INFO] [stdout] 
[INFO] [stdout] 
[INFO] [stderr]     Finished dev [unoptimized + debuginfo] target(s) in 10.53s
[INFO] running `Command { std: "docker" "inspect" "710d3b43ce3c48ad5e2b563ab857a040b31be31357ebf3cf11b0fea50d71c2a5", kill_on_drop: false }`
[INFO] running `Command { std: "docker" "rm" "-f" "710d3b43ce3c48ad5e2b563ab857a040b31be31357ebf3cf11b0fea50d71c2a5", kill_on_drop: false }`
[INFO] [stdout] 710d3b43ce3c48ad5e2b563ab857a040b31be31357ebf3cf11b0fea50d71c2a5
[INFO] running `Command { std: "docker" "create" "-v" "/var/lib/crater-agent-workspace/builds/worker-3-tc1/target:/opt/rustwide/target:rw,Z" "-v" "/var/lib/crater-agent-workspace/builds/worker-3-tc1/source:/opt/rustwide/workdir:ro,Z" "-v" "/var/lib/crater-agent-workspace/cargo-home:/opt/rustwide/cargo-home:ro,Z" "-v" "/var/lib/crater-agent-workspace/rustup-home:/opt/rustwide/rustup-home:ro,Z" "-e" "SOURCE_DIR=/opt/rustwide/workdir" "-e" "CARGO_TARGET_DIR=/opt/rustwide/target" "-e" "CARGO_INCREMENTAL=0" "-e" "RUST_BACKTRACE=full" "-e" "RUSTFLAGS=--cap-lints=warn" "-e" "RUSTDOCFLAGS=--cap-lints=warn" "-e" "CARGO_HOME=/opt/rustwide/cargo-home" "-e" "RUSTUP_HOME=/opt/rustwide/rustup-home" "-w" "/opt/rustwide/workdir" "-m" "1610612736" "--user" "0:0" "--network" "none" "ghcr.io/rust-lang/crates-build-env/linux@sha256:5ff2268d62e97bff2cde7d5815dd6ed5b47097566f13b8d0ca110b04b60e07ed" "/opt/rustwide/cargo-home/bin/cargo" "+1.69.0" "test" "--frozen" "--no-run" "--message-format=json", kill_on_drop: false }`
[INFO] [stdout] ab69d475efe959f945c5229078135c359844b4f2e7ac5e9fb44ef06db91d6688
[INFO] running `Command { std: "docker" "start" "-a" "ab69d475efe959f945c5229078135c359844b4f2e7ac5e9fb44ef06db91d6688", kill_on_drop: false }`
[INFO] [stderr] warning: unused manifest key: target.cfg.rustflags
[INFO] [stdout] warning: unused import: `default`
[INFO] [stdout]  --> src/book.rs:1:11
[INFO] [stdout]   |
[INFO] [stdout] 1 | use std::{default, path::PathBuf};
[INFO] [stdout]   |           ^^^^^^^
[INFO] [stdout]   |
[INFO] [stdout]   = note: `#[warn(unused_imports)]` on by default
[INFO] [stdout] 
[INFO] [stdout] 
[INFO] [stdout] warning: unused import: `unicode_segmentation::UnicodeSegmentation`
[INFO] [stdout]  --> src/file/cue.rs:2:5
[INFO] [stdout]   |
[INFO] [stdout] 2 | use unicode_segmentation::UnicodeSegmentation;
[INFO] [stdout]   |     ^^^^^^^^^^^^^^^^^^^^^^^^^^^^^^^^^^^^^^^^^
[INFO] [stdout] 
[INFO] [stdout] 
[INFO] [stdout] warning: unused import: `PathBuf`
[INFO] [stdout]  --> src/lib.rs:8:58
[INFO] [stdout]   |
[INFO] [stdout] 8 | use std::{collections::{HashMap, hash_map::Keys}, path::{PathBuf, Path}};
[INFO] [stdout]   |                                                          ^^^^^^^
[INFO] [stdout] 
[INFO] [stdout] 
[INFO] [stdout] warning: unused variable: `path`
[INFO] [stdout]  --> src/file/cue.rs:5:9
[INFO] [stdout]   |
[INFO] [stdout] 5 |     let path = path.into();
[INFO] [stdout]   |         ^^^^ help: if this is intentional, prefix it with an underscore: `_path`
[INFO] [stdout]   |
[INFO] [stdout]   = note: `#[warn(unused_variables)]` on by default
[INFO] [stdout] 
[INFO] [stdout] 
[INFO] [stdout] warning: unused variable: `publised`
[INFO] [stdout]   --> src/lib.rs:57:17
[INFO] [stdout]    |
[INFO] [stdout] 57 |             let publised = nfo.general.copyright;
[INFO] [stdout]    |                 ^^^^^^^^ help: if this is intentional, prefix it with an underscore: `_publised`
[INFO] [stdout] 
[INFO] [stdout] 
[INFO] [stdout] warning: variable `duration_id` is assigned to, but never used
[INFO] [stdout]   --> src/lib.rs:80:70
[INFO] [stdout]    |
[INFO] [stdout] 80 |                     BookType::Audio { mut narators_id, duration: mut duration_id } => {
[INFO] [stdout]    |                                                                      ^^^^^^^^^^^
[INFO] [stdout]    |
[INFO] [stdout]    = note: consider using `_duration_id` instead
[INFO] [stdout] 
[INFO] [stdout] 
[INFO] [stdout] warning: value assigned to `narators_id` is never read
[INFO] [stdout]   --> src/lib.rs:84:33
[INFO] [stdout]    |
[INFO] [stdout] 84 | ...                   narators_id = Some(id);
[INFO] [stdout]    |                       ^^^^^^^^^^^
[INFO] [stdout]    |
[INFO] [stdout]    = help: maybe it is overwritten before being read?
[INFO] [stdout]    = note: `#[warn(unused_assignments)]` on by default
[INFO] [stdout] 
[INFO] [stdout] 
[INFO] [stdout] warning: value assigned to `duration_id` is never read
[INFO] [stdout]   --> src/lib.rs:89:29
[INFO] [stdout]    |
[INFO] [stdout] 89 | ...                   duration_id = duration;
[INFO] [stdout]    |                       ^^^^^^^^^^^
[INFO] [stdout]    |
[INFO] [stdout]    = help: maybe it is overwritten before being read?
[INFO] [stdout] 
[INFO] [stdout] 
[INFO] [stdout] warning: unused variable: `pages`
[INFO] [stdout]   --> src/lib.rs:95:40
[INFO] [stdout]    |
[INFO] [stdout] 95 |                     BookType::Writen { pages, words } => {
[INFO] [stdout]    |                                        ^^^^^ help: try ignoring the field: `pages: _`
[INFO] [stdout] 
[INFO] [stdout] 
[INFO] [stdout] warning: unused variable: `words`
[INFO] [stdout]   --> src/lib.rs:95:47
[INFO] [stdout]    |
[INFO] [stdout] 95 |                     BookType::Writen { pages, words } => {
[INFO] [stdout]    |                                               ^^^^^ help: try ignoring the field: `words: _`
[INFO] [stdout] 
[INFO] [stdout] 
[INFO] [stdout] warning: variable does not need to be mutable
[INFO] [stdout]   --> src/file/mod.rs:52:33
[INFO] [stdout]    |
[INFO] [stdout] 52 |                     if let Some(mut dirs) = dir_containing_dir(&path) {
[INFO] [stdout]    |                                 ----^^^^
[INFO] [stdout]    |                                 |
[INFO] [stdout]    |                                 help: remove this `mut`
[INFO] [stdout]    |
[INFO] [stdout]    = note: `#[warn(unused_mut)]` on by default
[INFO] [stdout] 
[INFO] [stdout] 
[INFO] [stdout] warning: variable does not need to be mutable
[INFO] [stdout]   --> src/file/mod.rs:99:33
[INFO] [stdout]    |
[INFO] [stdout] 99 | ...                   let mut tag = mp4ameta::Tag::read_from_path(path).unwrap();
[INFO] [stdout]    |                           ----^^^
[INFO] [stdout]    |                           |
[INFO] [stdout]    |                           help: remove this `mut`
[INFO] [stdout] 
[INFO] [stdout] 
[INFO] [stdout] warning: variable does not need to be mutable
[INFO] [stdout]   --> src/lib.rs:51:36
[INFO] [stdout]    |
[INFO] [stdout] 51 |     pub fn add_book_nfo(&mut self, mut nfo: Nfo, path: &Path) {
[INFO] [stdout]    |                                    ----^^^
[INFO] [stdout]    |                                    |
[INFO] [stdout]    |                                    help: remove this `mut`
[INFO] [stdout] 
[INFO] [stdout] 
[INFO] [stdout] warning: associated function `find` is never used
[INFO] [stdout]   --> src/lib.rs:33:8
[INFO] [stdout]    |
[INFO] [stdout] 33 |     fn find<T>(container :&Container<T>, item: String) -> Option<&T>{
[INFO] [stdout]    |        ^^^^
[INFO] [stdout]    |
[INFO] [stdout]    = note: `#[warn(dead_code)]` on by default
[INFO] [stdout] 
[INFO] [stdout] 
[INFO] [stdout] warning: method `find_book` is never used
[INFO] [stdout]   --> src/lib.rs:37:8
[INFO] [stdout]    |
[INFO] [stdout] 37 |     fn find_book<S: ToString>(&self, item: S) -> Option<&Book>{
[INFO] [stdout]    |        ^^^^^^^^^
[INFO] [stdout] 
[INFO] [stdout] 
[INFO] [stdout] warning: associated function `find_mut` is never used
[INFO] [stdout]   --> src/lib.rs:43:8
[INFO] [stdout]    |
[INFO] [stdout] 43 |     fn find_mut<T>(container :&mut Container<T>, item: String) -> Option<&mut T>{
[INFO] [stdout]    |        ^^^^^^^^
[INFO] [stdout] 
[INFO] [stdout] 
[INFO] [stdout] warning: method `add_book_to_series` is never used
[INFO] [stdout]    --> src/lib.rs:187:8
[INFO] [stdout]     |
[INFO] [stdout] 187 |     fn add_book_to_series(&mut self, book: Id, series: Id){
[INFO] [stdout]     |        ^^^^^^^^^^^^^^^^^^
[INFO] [stdout] 
[INFO] [stdout] 
[INFO] [stdout] warning: associated function `new` is never used
[INFO] [stdout]    --> src/lib.rs:204:12
[INFO] [stdout]     |
[INFO] [stdout] 204 |     pub fn new() -> Self {
[INFO] [stdout]     |            ^^^
[INFO] [stdout] 
[INFO] [stdout] 
[INFO] [stdout] warning: method `get_by_key` is never used
[INFO] [stdout]    --> src/lib.rs:230:12
[INFO] [stdout]     |
[INFO] [stdout] 230 |     pub fn get_by_key<Str>(&self, key: Str) -> &D
[INFO] [stdout]     |            ^^^^^^^^^^
[INFO] [stdout] 
[INFO] [stdout] 
[INFO] [stdout] warning: method `get_by_key_mut` is never used
[INFO] [stdout]    --> src/lib.rs:238:12
[INFO] [stdout]     |
[INFO] [stdout] 238 |     pub fn get_by_key_mut<Str>(&mut self, key: Str) -> &mut D
[INFO] [stdout]     |            ^^^^^^^^^^^^^^
[INFO] [stdout] 
[INFO] [stdout] 
[INFO] [stdout] warning: method `find` is never used
[INFO] [stdout]    --> src/lib.rs:272:12
[INFO] [stdout]     |
[INFO] [stdout] 272 |     pub fn find<S: ToString>(&self, key: S) -> Option<&D>{
[INFO] [stdout]     |            ^^^^
[INFO] [stdout] 
[INFO] [stdout] 
[INFO] [stdout] warning: method `fimd_mut` is never used
[INFO] [stdout]    --> src/lib.rs:280:12
[INFO] [stdout]     |
[INFO] [stdout] 280 |     pub fn fimd_mut<S: ToString>(&mut self, key: S) -> Option<&mut D>{
[INFO] [stdout]     |            ^^^^^^^^
[INFO] [stdout] 
[INFO] [stdout] 
[INFO] [stdout] warning: variants `Writen` and `Graphic` are never constructed
[INFO] [stdout]   --> src/book.rs:22:5
[INFO] [stdout]    |
[INFO] [stdout] 17 | pub enum BookType {
[INFO] [stdout]    |          -------- variants in this enum
[INFO] [stdout] ...
[INFO] [stdout] 22 |     Writen {
[INFO] [stdout]    |     ^^^^^^
[INFO] [stdout] ...
[INFO] [stdout] 27 |     Graphic {},
[INFO] [stdout]    |     ^^^^^^^
[INFO] [stdout]    |
[INFO] [stdout]    = note: `BookType` has a derived impl for the trait `Debug`, but this is intentionally ignored during dead code analysis
[INFO] [stdout] 
[INFO] [stdout] 
[INFO] [stdout] warning: function `get_title` is never used
[INFO] [stdout]  --> src/file/cue.rs:4:8
[INFO] [stdout]   |
[INFO] [stdout] 4 | pub fn get_title<P: Into<PathBuf>>(path: P) -> Option<String>{
[INFO] [stdout]   |        ^^^^^^^^^
[INFO] [stdout] 
[INFO] [stdout] 
[INFO] [stdout] warning: 24 warnings emitted
[INFO] [stdout] 
[INFO] [stdout] 
[INFO] [stderr]    Compiling book_shelf v0.1.0 (/opt/rustwide/workdir)
[INFO] [stdout] warning: unused import: `default`
[INFO] [stdout]  --> src/book.rs:1:11
[INFO] [stdout]   |
[INFO] [stdout] 1 | use std::{default, path::PathBuf};
[INFO] [stdout]   |           ^^^^^^^
[INFO] [stdout]   |
[INFO] [stdout]   = note: `#[warn(unused_imports)]` on by default
[INFO] [stdout] 
[INFO] [stdout] 
[INFO] [stdout] warning: unused import: `super::*`
[INFO] [stdout]   --> src/book.rs:35:9
[INFO] [stdout]    |
[INFO] [stdout] 35 |     use super::*;
[INFO] [stdout]    |         ^^^^^^^^
[INFO] [stdout] 
[INFO] [stdout] 
[INFO] [stdout] warning: unused import: `unicode_segmentation::UnicodeSegmentation`
[INFO] [stdout]  --> src/file/cue.rs:2:5
[INFO] [stdout]   |
[INFO] [stdout] 2 | use unicode_segmentation::UnicodeSegmentation;
[INFO] [stdout]   |     ^^^^^^^^^^^^^^^^^^^^^^^^^^^^^^^^^^^^^^^^^
[INFO] [stdout] 
[INFO] [stdout] 
[INFO] [stdout] warning: unused import: `super::*`
[INFO] [stdout]    --> src/file/mod.rs:244:9
[INFO] [stdout]     |
[INFO] [stdout] 244 |     use super::*;
[INFO] [stdout]     |         ^^^^^^^^
[INFO] [stdout] 
[INFO] [stdout] 
[INFO] [stdout] warning: unused import: `super::*`
[INFO] [stdout]  --> src/publisher.rs:9:9
[INFO] [stdout]   |
[INFO] [stdout] 9 |     use super::*;
[INFO] [stdout]   |         ^^^^^^^^
[INFO] [stdout] 
[INFO] [stdout] 
[INFO] [stdout] warning: unused import: `super::*`
[INFO] [stdout]  --> src/series.rs:8:9
[INFO] [stdout]   |
[INFO] [stdout] 8 |     use super::*;
[INFO] [stdout]   |         ^^^^^^^^
[INFO] [stdout] 
[INFO] [stdout] 
[INFO] [stdout] warning: unused import: `super::*`
[INFO] [stdout]   --> src/share.rs:10:9
[INFO] [stdout]    |
[INFO] [stdout] 10 |     use super::*;
[INFO] [stdout]    |         ^^^^^^^^
[INFO] [stdout] 
[INFO] [stdout] 
[INFO] [stdout] warning: unused import: `PathBuf`
[INFO] [stdout]  --> src/lib.rs:8:58
[INFO] [stdout]   |
[INFO] [stdout] 8 | use std::{collections::{HashMap, hash_map::Keys}, path::{PathBuf, Path}};
[INFO] [stdout]   |                                                          ^^^^^^^
[INFO] [stdout] 
[INFO] [stdout] 
[INFO] [stdout] warning: unused import: `super::*`
[INFO] [stdout]    --> src/lib.rs:290:9
[INFO] [stdout]     |
[INFO] [stdout] 290 |     use super::*;
[INFO] [stdout]     |         ^^^^^^^^
[INFO] [stdout] 
[INFO] [stdout] 
[INFO] [stdout] warning: unused variable: `path`
[INFO] [stdout]  --> src/file/cue.rs:5:9
[INFO] [stdout]   |
[INFO] [stdout] 5 |     let path = path.into();
[INFO] [stdout]   |         ^^^^ help: if this is intentional, prefix it with an underscore: `_path`
[INFO] [stdout]   |
[INFO] [stdout]   = note: `#[warn(unused_variables)]` on by default
[INFO] [stdout] 
[INFO] [stdout] 
[INFO] [stdout] warning: unused variable: `publised`
[INFO] [stdout]   --> src/lib.rs:57:17
[INFO] [stdout]    |
[INFO] [stdout] 57 |             let publised = nfo.general.copyright;
[INFO] [stdout]    |                 ^^^^^^^^ help: if this is intentional, prefix it with an underscore: `_publised`
[INFO] [stdout] 
[INFO] [stdout] 
[INFO] [stdout] warning: variable `duration_id` is assigned to, but never used
[INFO] [stdout]   --> src/lib.rs:80:70
[INFO] [stdout]    |
[INFO] [stdout] 80 |                     BookType::Audio { mut narators_id, duration: mut duration_id } => {
[INFO] [stdout]    |                                                                      ^^^^^^^^^^^
[INFO] [stdout]    |
[INFO] [stdout]    = note: consider using `_duration_id` instead
[INFO] [stdout] 
[INFO] [stdout] 
[INFO] [stdout] warning: value assigned to `narators_id` is never read
[INFO] [stdout]   --> src/lib.rs:84:33
[INFO] [stdout]    |
[INFO] [stdout] 84 | ...                   narators_id = Some(id);
[INFO] [stdout]    |                       ^^^^^^^^^^^
[INFO] [stdout]    |
[INFO] [stdout]    = help: maybe it is overwritten before being read?
[INFO] [stdout]    = note: `#[warn(unused_assignments)]` on by default
[INFO] [stdout] 
[INFO] [stdout] 
[INFO] [stdout] warning: value assigned to `duration_id` is never read
[INFO] [stdout]   --> src/lib.rs:89:29
[INFO] [stdout]    |
[INFO] [stdout] 89 | ...                   duration_id = duration;
[INFO] [stdout]    |                       ^^^^^^^^^^^
[INFO] [stdout]    |
[INFO] [stdout]    = help: maybe it is overwritten before being read?
[INFO] [stdout] 
[INFO] [stdout] 
[INFO] [stdout] warning: unused variable: `pages`
[INFO] [stdout]   --> src/lib.rs:95:40
[INFO] [stdout]    |
[INFO] [stdout] 95 |                     BookType::Writen { pages, words } => {
[INFO] [stdout]    |                                        ^^^^^ help: try ignoring the field: `pages: _`
[INFO] [stdout] 
[INFO] [stdout] 
[INFO] [stdout] warning: unused variable: `words`
[INFO] [stdout]   --> src/lib.rs:95:47
[INFO] [stdout]    |
[INFO] [stdout] 95 |                     BookType::Writen { pages, words } => {
[INFO] [stdout]    |                                               ^^^^^ help: try ignoring the field: `words: _`
[INFO] [stdout] 
[INFO] [stdout] 
[INFO] [stdout] warning: variable does not need to be mutable
[INFO] [stdout]   --> src/file/mod.rs:52:33
[INFO] [stdout]    |
[INFO] [stdout] 52 |                     if let Some(mut dirs) = dir_containing_dir(&path) {
[INFO] [stdout]    |                                 ----^^^^
[INFO] [stdout]    |                                 |
[INFO] [stdout]    |                                 help: remove this `mut`
[INFO] [stdout]    |
[INFO] [stdout]    = note: `#[warn(unused_mut)]` on by default
[INFO] [stdout] 
[INFO] [stdout] 
[INFO] [stdout] warning: variable does not need to be mutable
[INFO] [stdout]   --> src/file/mod.rs:99:33
[INFO] [stdout]    |
[INFO] [stdout] 99 | ...                   let mut tag = mp4ameta::Tag::read_from_path(path).unwrap();
[INFO] [stdout]    |                           ----^^^
[INFO] [stdout]    |                           |
[INFO] [stdout]    |                           help: remove this `mut`
[INFO] [stdout] 
[INFO] [stdout] 
[INFO] [stdout] warning: variable does not need to be mutable
[INFO] [stdout]   --> src/lib.rs:51:36
[INFO] [stdout]    |
[INFO] [stdout] 51 |     pub fn add_book_nfo(&mut self, mut nfo: Nfo, path: &Path) {
[INFO] [stdout]    |                                    ----^^^
[INFO] [stdout]    |                                    |
[INFO] [stdout]    |                                    help: remove this `mut`
[INFO] [stdout] 
[INFO] [stdout] 
[INFO] [stdout] warning: associated function `find` is never used
[INFO] [stdout]   --> src/lib.rs:33:8
[INFO] [stdout]    |
[INFO] [stdout] 33 |     fn find<T>(container :&Container<T>, item: String) -> Option<&T>{
[INFO] [stdout]    |        ^^^^
[INFO] [stdout]    |
[INFO] [stdout]    = note: `#[warn(dead_code)]` on by default
[INFO] [stdout] 
[INFO] [stdout] 
[INFO] [stdout] warning: method `find_book` is never used
[INFO] [stdout]   --> src/lib.rs:37:8
[INFO] [stdout]    |
[INFO] [stdout] 37 |     fn find_book<S: ToString>(&self, item: S) -> Option<&Book>{
[INFO] [stdout]    |        ^^^^^^^^^
[INFO] [stdout] 
[INFO] [stdout] 
[INFO] [stdout] warning: associated function `find_mut` is never used
[INFO] [stdout]   --> src/lib.rs:43:8
[INFO] [stdout]    |
[INFO] [stdout] 43 |     fn find_mut<T>(container :&mut Container<T>, item: String) -> Option<&mut T>{
[INFO] [stdout]    |        ^^^^^^^^
[INFO] [stdout] 
[INFO] [stdout] 
[INFO] [stdout] warning: method `add_book_to_series` is never used
[INFO] [stdout]    --> src/lib.rs:187:8
[INFO] [stdout]     |
[INFO] [stdout] 187 |     fn add_book_to_series(&mut self, book: Id, series: Id){
[INFO] [stdout]     |        ^^^^^^^^^^^^^^^^^^
[INFO] [stdout] 
[INFO] [stdout] 
[INFO] [stdout] warning: associated function `new` is never used
[INFO] [stdout]    --> src/lib.rs:204:12
[INFO] [stdout]     |
[INFO] [stdout] 204 |     pub fn new() -> Self {
[INFO] [stdout]     |            ^^^
[INFO] [stdout] 
[INFO] [stdout] 
[INFO] [stdout] warning: method `get_by_key` is never used
[INFO] [stdout]    --> src/lib.rs:230:12
[INFO] [stdout]     |
[INFO] [stdout] 230 |     pub fn get_by_key<Str>(&self, key: Str) -> &D
[INFO] [stdout]     |            ^^^^^^^^^^
[INFO] [stdout] 
[INFO] [stdout] 
[INFO] [stdout] warning: method `get_by_key_mut` is never used
[INFO] [stdout]    --> src/lib.rs:238:12
[INFO] [stdout]     |
[INFO] [stdout] 238 |     pub fn get_by_key_mut<Str>(&mut self, key: Str) -> &mut D
[INFO] [stdout]     |            ^^^^^^^^^^^^^^
[INFO] [stdout] 
[INFO] [stdout] 
[INFO] [stdout] warning: method `find` is never used
[INFO] [stdout]    --> src/lib.rs:272:12
[INFO] [stdout]     |
[INFO] [stdout] 272 |     pub fn find<S: ToString>(&self, key: S) -> Option<&D>{
[INFO] [stdout]     |            ^^^^
[INFO] [stdout] 
[INFO] [stdout] 
[INFO] [stdout] warning: method `fimd_mut` is never used
[INFO] [stdout]    --> src/lib.rs:280:12
[INFO] [stdout]     |
[INFO] [stdout] 280 |     pub fn fimd_mut<S: ToString>(&mut self, key: S) -> Option<&mut D>{
[INFO] [stdout]     |            ^^^^^^^^
[INFO] [stdout] 
[INFO] [stdout] 
[INFO] [stdout] warning: variants `Writen` and `Graphic` are never constructed
[INFO] [stdout]   --> src/book.rs:22:5
[INFO] [stdout]    |
[INFO] [stdout] 17 | pub enum BookType {
[INFO] [stdout]    |          -------- variants in this enum
[INFO] [stdout] ...
[INFO] [stdout] 22 |     Writen {
[INFO] [stdout]    |     ^^^^^^
[INFO] [stdout] ...
[INFO] [stdout] 27 |     Graphic {},
[INFO] [stdout]    |     ^^^^^^^
[INFO] [stdout]    |
[INFO] [stdout]    = note: `BookType` has a derived impl for the trait `Debug`, but this is intentionally ignored during dead code analysis
[INFO] [stdout] 
[INFO] [stdout] 
[INFO] [stdout] warning: function `get_title` is never used
[INFO] [stdout]  --> src/file/cue.rs:4:8
[INFO] [stdout]   |
[INFO] [stdout] 4 | pub fn get_title<P: Into<PathBuf>>(path: P) -> Option<String>{
[INFO] [stdout]   |        ^^^^^^^^^
[INFO] [stdout] 
[INFO] [stdout] 
[INFO] [stdout] warning: function `try_from_OsStr_Extention` should have a snake case name
[INFO] [stdout]    --> src/file/mod.rs:247:8
[INFO] [stdout]     |
[INFO] [stdout] 247 |     fn try_from_OsStr_Extention() {
[INFO] [stdout]     |        ^^^^^^^^^^^^^^^^^^^^^^^^ help: convert the identifier to snake case: `try_from_os_str_extention`
[INFO] [stdout]     |
[INFO] [stdout]     = note: `#[warn(non_snake_case)]` on by default
[INFO] [stdout] 
[INFO] [stdout] 
[INFO] [stdout] warning: 31 warnings emitted
[INFO] [stdout] 
[INFO] [stdout] 
[INFO] [stderr]     Finished test [unoptimized + debuginfo] target(s) in 0.36s
[INFO] running `Command { std: "docker" "inspect" "ab69d475efe959f945c5229078135c359844b4f2e7ac5e9fb44ef06db91d6688", kill_on_drop: false }`
[INFO] running `Command { std: "docker" "rm" "-f" "ab69d475efe959f945c5229078135c359844b4f2e7ac5e9fb44ef06db91d6688", kill_on_drop: false }`
[INFO] [stdout] ab69d475efe959f945c5229078135c359844b4f2e7ac5e9fb44ef06db91d6688
[INFO] running `Command { std: "docker" "create" "-v" "/var/lib/crater-agent-workspace/builds/worker-3-tc1/target:/opt/rustwide/target:rw,Z" "-v" "/var/lib/crater-agent-workspace/builds/worker-3-tc1/source:/opt/rustwide/workdir:ro,Z" "-v" "/var/lib/crater-agent-workspace/cargo-home:/opt/rustwide/cargo-home:ro,Z" "-v" "/var/lib/crater-agent-workspace/rustup-home:/opt/rustwide/rustup-home:ro,Z" "-e" "SOURCE_DIR=/opt/rustwide/workdir" "-e" "CARGO_TARGET_DIR=/opt/rustwide/target" "-e" "CARGO_INCREMENTAL=0" "-e" "RUST_BACKTRACE=full" "-e" "RUSTFLAGS=--cap-lints=warn" "-e" "RUSTDOCFLAGS=--cap-lints=warn" "-e" "CARGO_HOME=/opt/rustwide/cargo-home" "-e" "RUSTUP_HOME=/opt/rustwide/rustup-home" "-w" "/opt/rustwide/workdir" "-m" "1610612736" "--user" "0:0" "--network" "none" "ghcr.io/rust-lang/crates-build-env/linux@sha256:5ff2268d62e97bff2cde7d5815dd6ed5b47097566f13b8d0ca110b04b60e07ed" "/opt/rustwide/cargo-home/bin/cargo" "+1.69.0" "test" "--frozen", kill_on_drop: false }`
[INFO] [stdout] afb68631363fa6819e03bfddde1935bee5203da703199d20b4dae8c1879dc5c8
[INFO] running `Command { std: "docker" "start" "-a" "afb68631363fa6819e03bfddde1935bee5203da703199d20b4dae8c1879dc5c8", kill_on_drop: false }`
[INFO] [stderr] warning: unused manifest key: target.cfg.rustflags
[INFO] [stderr] warning: unused import: `default`
[INFO] [stderr]  --> src/book.rs:1:11
[INFO] [stderr]   |
[INFO] [stderr] 1 | use std::{default, path::PathBuf};
[INFO] [stderr]   |           ^^^^^^^
[INFO] [stderr]   |
[INFO] [stderr]   = note: `#[warn(unused_imports)]` on by default
[INFO] [stderr] 
[INFO] [stderr] warning: unused import: `unicode_segmentation::UnicodeSegmentation`
[INFO] [stderr]  --> src/file/cue.rs:2:5
[INFO] [stderr]   |
[INFO] [stderr] 2 | use unicode_segmentation::UnicodeSegmentation;
[INFO] [stderr]   |     ^^^^^^^^^^^^^^^^^^^^^^^^^^^^^^^^^^^^^^^^^
[INFO] [stderr] 
[INFO] [stderr] warning: unused import: `PathBuf`
[INFO] [stderr]  --> src/lib.rs:8:58
[INFO] [stderr]   |
[INFO] [stderr] 8 | use std::{collections::{HashMap, hash_map::Keys}, path::{PathBuf, Path}};
[INFO] [stderr]   |                                                          ^^^^^^^
[INFO] [stderr] 
[INFO] [stderr] warning: unused variable: `path`
[INFO] [stderr]  --> src/file/cue.rs:5:9
[INFO] [stderr]   |
[INFO] [stderr] 5 |     let path = path.into();
[INFO] [stderr]   |         ^^^^ help: if this is intentional, prefix it with an underscore: `_path`
[INFO] [stderr]   |
[INFO] [stderr]   = note: `#[warn(unused_variables)]` on by default
[INFO] [stderr] 
[INFO] [stderr] warning: unused variable: `publised`
[INFO] [stderr]   --> src/lib.rs:57:17
[INFO] [stderr]    |
[INFO] [stderr] 57 |             let publised = nfo.general.copyright;
[INFO] [stderr]    |                 ^^^^^^^^ help: if this is intentional, prefix it with an underscore: `_publised`
[INFO] [stderr] 
[INFO] [stderr] warning: variable `duration_id` is assigned to, but never used
[INFO] [stderr]   --> src/lib.rs:80:70
[INFO] [stderr]    |
[INFO] [stderr] 80 |                     BookType::Audio { mut narators_id, duration: mut duration_id } => {
[INFO] [stderr]    |                                                                      ^^^^^^^^^^^
[INFO] [stderr]    |
[INFO] [stderr]    = note: consider using `_duration_id` instead
[INFO] [stderr] 
[INFO] [stderr] warning: value assigned to `narators_id` is never read
[INFO] [stderr]   --> src/lib.rs:84:33
[INFO] [stderr]    |
[INFO] [stderr] 84 | ...                   narators_id = Some(id);
[INFO] [stderr]    |                       ^^^^^^^^^^^
[INFO] [stderr]    |
[INFO] [stderr]    = help: maybe it is overwritten before being read?
[INFO] [stderr]    = note: `#[warn(unused_assignments)]` on by default
[INFO] [stderr] 
[INFO] [stderr] warning: value assigned to `duration_id` is never read
[INFO] [stderr]   --> src/lib.rs:89:29
[INFO] [stderr]    |
[INFO] [stderr] 89 | ...                   duration_id = duration;
[INFO] [stderr]    |                       ^^^^^^^^^^^
[INFO] [stderr]    |
[INFO] [stderr]    = help: maybe it is overwritten before being read?
[INFO] [stderr] 
[INFO] [stderr] warning: unused variable: `pages`
[INFO] [stderr]   --> src/lib.rs:95:40
[INFO] [stderr]    |
[INFO] [stderr] 95 |                     BookType::Writen { pages, words } => {
[INFO] [stderr]    |                                        ^^^^^ help: try ignoring the field: `pages: _`
[INFO] [stderr] 
[INFO] [stderr] warning: unused variable: `words`
[INFO] [stderr]   --> src/lib.rs:95:47
[INFO] [stderr]    |
[INFO] [stderr] 95 |                     BookType::Writen { pages, words } => {
[INFO] [stderr]    |                                               ^^^^^ help: try ignoring the field: `words: _`
[INFO] [stderr] 
[INFO] [stderr] warning: variable does not need to be mutable
[INFO] [stderr]   --> src/file/mod.rs:52:33
[INFO] [stderr]    |
[INFO] [stderr] 52 |                     if let Some(mut dirs) = dir_containing_dir(&path) {
[INFO] [stderr]    |                                 ----^^^^
[INFO] [stderr]    |                                 |
[INFO] [stderr]    |                                 help: remove this `mut`
[INFO] [stderr]    |
[INFO] [stderr]    = note: `#[warn(unused_mut)]` on by default
[INFO] [stderr] 
[INFO] [stderr] warning: variable does not need to be mutable
[INFO] [stderr]   --> src/file/mod.rs:99:33
[INFO] [stderr]    |
[INFO] [stderr] 99 | ...                   let mut tag = mp4ameta::Tag::read_from_path(path).unwrap();
[INFO] [stderr]    |                           ----^^^
[INFO] [stderr]    |                           |
[INFO] [stderr]    |                           help: remove this `mut`
[INFO] [stderr] 
[INFO] [stderr] warning: variable does not need to be mutable
[INFO] [stderr]   --> src/lib.rs:51:36
[INFO] [stderr]    |
[INFO] [stderr] 51 |     pub fn add_book_nfo(&mut self, mut nfo: Nfo, path: &Path) {
[INFO] [stderr]    |                                    ----^^^
[INFO] [stderr]    |                                    |
[INFO] [stderr]    |                                    help: remove this `mut`
[INFO] [stderr] 
[INFO] [stderr] warning: associated function `find` is never used
[INFO] [stderr]   --> src/lib.rs:33:8
[INFO] [stderr]    |
[INFO] [stderr] 33 |     fn find<T>(container :&Container<T>, item: String) -> Option<&T>{
[INFO] [stderr]    |        ^^^^
[INFO] [stderr]    |
[INFO] [stderr]    = note: `#[warn(dead_code)]` on by default
[INFO] [stderr] 
[INFO] [stderr] warning: method `find_book` is never used
[INFO] [stderr]   --> src/lib.rs:37:8
[INFO] [stderr]    |
[INFO] [stderr] 37 |     fn find_book<S: ToString>(&self, item: S) -> Option<&Book>{
[INFO] [stderr]    |        ^^^^^^^^^
[INFO] [stderr] 
[INFO] [stderr] warning: associated function `find_mut` is never used
[INFO] [stderr]   --> src/lib.rs:43:8
[INFO] [stderr]    |
[INFO] [stderr] 43 |     fn find_mut<T>(container :&mut Container<T>, item: String) -> Option<&mut T>{
[INFO] [stderr]    |        ^^^^^^^^
[INFO] [stderr] 
[INFO] [stderr] warning: method `add_book_to_series` is never used
[INFO] [stderr]    --> src/lib.rs:187:8
[INFO] [stderr]     |
[INFO] [stderr] 187 |     fn add_book_to_series(&mut self, book: Id, series: Id){
[INFO] [stderr]     |        ^^^^^^^^^^^^^^^^^^
[INFO] [stderr] 
[INFO] [stderr] warning: associated function `new` is never used
[INFO] [stderr]    --> src/lib.rs:204:12
[INFO] [stderr]     |
[INFO] [stderr] 204 |     pub fn new() -> Self {
[INFO] [stderr]     |            ^^^
[INFO] [stderr] 
[INFO] [stderr] warning: method `get_by_key` is never used
[INFO] [stderr]    --> src/lib.rs:230:12
[INFO] [stderr]     |
[INFO] [stderr] 230 |     pub fn get_by_key<Str>(&self, key: Str) -> &D
[INFO] [stderr]     |            ^^^^^^^^^^
[INFO] [stderr] 
[INFO] [stderr] warning: method `get_by_key_mut` is never used
[INFO] [stderr]    --> src/lib.rs:238:12
[INFO] [stderr]     |
[INFO] [stderr] 238 |     pub fn get_by_key_mut<Str>(&mut self, key: Str) -> &mut D
[INFO] [stderr]     |            ^^^^^^^^^^^^^^
[INFO] [stderr] 
[INFO] [stderr] warning: method `find` is never used
[INFO] [stderr]    --> src/lib.rs:272:12
[INFO] [stderr]     |
[INFO] [stderr] 272 |     pub fn find<S: ToString>(&self, key: S) -> Option<&D>{
[INFO] [stderr]     |            ^^^^
[INFO] [stderr] 
[INFO] [stderr] warning: method `fimd_mut` is never used
[INFO] [stderr]    --> src/lib.rs:280:12
[INFO] [stderr]     |
[INFO] [stderr] 280 |     pub fn fimd_mut<S: ToString>(&mut self, key: S) -> Option<&mut D>{
[INFO] [stderr]     |            ^^^^^^^^
[INFO] [stderr] 
[INFO] [stderr] warning: variants `Writen` and `Graphic` are never constructed
[INFO] [stderr]   --> src/book.rs:22:5
[INFO] [stderr]    |
[INFO] [stderr] 17 | pub enum BookType {
[INFO] [stderr]    |          -------- variants in this enum
[INFO] [stderr] ...
[INFO] [stderr] 22 |     Writen {
[INFO] [stderr]    |     ^^^^^^
[INFO] [stderr] ...
[INFO] [stderr] 27 |     Graphic {},
[INFO] [stderr]    |     ^^^^^^^
[INFO] [stderr]    |
[INFO] [stderr]    = note: `BookType` has a derived impl for the trait `Debug`, but this is intentionally ignored during dead code analysis
[INFO] [stderr] 
[INFO] [stderr] warning: function `get_title` is never used
[INFO] [stderr]  --> src/file/cue.rs:4:8
[INFO] [stderr]   |
[INFO] [stderr] 4 | pub fn get_title<P: Into<PathBuf>>(path: P) -> Option<String>{
[INFO] [stderr]   |        ^^^^^^^^^
[INFO] [stderr] 
[INFO] [stderr] warning: unused import: `super::*`
[INFO] [stderr]   --> src/book.rs:35:9
[INFO] [stderr]    |
[INFO] [stderr] 35 |     use super::*;
[INFO] [stderr]    |         ^^^^^^^^
[INFO] [stderr] 
[INFO] [stderr] warning: unused import: `super::*`
[INFO] [stderr]    --> src/file/mod.rs:244:9
[INFO] [stderr]     |
[INFO] [stderr] 244 |     use super::*;
[INFO] [stderr]     |         ^^^^^^^^
[INFO] [stderr] 
[INFO] [stderr] warning: unused import: `super::*`
[INFO] [stderr]  --> src/publisher.rs:9:9
[INFO] [stderr]   |
[INFO] [stderr] 9 |     use super::*;
[INFO] [stderr]   |         ^^^^^^^^
[INFO] [stderr] 
[INFO] [stderr] warning: unused import: `super::*`
[INFO] [stderr]  --> src/series.rs:8:9
[INFO] [stderr]   |
[INFO] [stderr] 8 |     use super::*;
[INFO] [stderr]   |         ^^^^^^^^
[INFO] [stderr] 
[INFO] [stderr] warning: unused import: `super::*`
[INFO] [stderr]   --> src/share.rs:10:9
[INFO] [stderr]    |
[INFO] [stderr] 10 |     use super::*;
[INFO] [stderr]    |         ^^^^^^^^
[INFO] [stderr] 
[INFO] [stderr] warning: unused import: `super::*`
[INFO] [stderr]    --> src/lib.rs:290:9
[INFO] [stderr]     |
[INFO] [stderr] 290 |     use super::*;
[INFO] [stderr]     |         ^^^^^^^^
[INFO] [stderr] 
[INFO] [stderr] warning: function `try_from_OsStr_Extention` should have a snake case name
[INFO] [stderr]    --> src/file/mod.rs:247:8
[INFO] [stderr]     |
[INFO] [stderr] 247 |     fn try_from_OsStr_Extention() {
[INFO] [stderr]     |        ^^^^^^^^^^^^^^^^^^^^^^^^ help: convert the identifier to snake case: `try_from_os_str_extention`
[INFO] [stderr]     |
[INFO] [stderr]     = note: `#[warn(non_snake_case)]` on by default
[INFO] [stderr] 
[INFO] [stderr] warning: `book_shelf` (lib) generated 24 warnings (run `cargo fix --lib -p book_shelf` to apply 10 suggestions)
[INFO] [stderr] warning: `book_shelf` (lib test) generated 31 warnings (24 duplicates) (run `cargo fix --lib -p book_shelf --tests` to apply 6 suggestions)
[INFO] [stderr]     Finished test [unoptimized + debuginfo] target(s) in 0.03s
[INFO] [stderr]      Running unittests src/lib.rs (/opt/rustwide/target/debug/deps/book_shelf-0cfcbd1f3659ac81)
[INFO] [stdout] 
[INFO] [stdout] running 6 tests
[INFO] [stdout] test book::tests::basic ... ok
[INFO] [stdout] test publisher::tests::basic ... ok
[INFO] [stdout] test series::tests::basic ... ok
[INFO] [stdout] test share::tests::basic ... ok
[INFO] [stdout] test tests::basic ... ok
[INFO] [stdout] test file::tests::try_from_OsStr_Extention ... FAILED
[INFO] [stdout] 
[INFO] [stdout] failures:
[INFO] [stdout] 
[INFO] [stdout] ---- file::tests::try_from_OsStr_Extention stdout ----
[INFO] [stdout] thread 'file::tests::try_from_OsStr_Extention' panicked at 'not yet implemented', src/file/mod.rs:248:9
[INFO] [stdout] stack backtrace:
[INFO] [stdout]    0:     0x55d589e6a3aa - std::backtrace_rs::backtrace::libunwind::trace::ha9053a9a07ca49cb
[INFO] [stdout]                                at /rustc/84c898d65adf2f39a5a98507f1fe0ce10a2b8dbc/library/std/src/../../backtrace/src/backtrace/libunwind.rs:93:5
[INFO] [stdout]    1:     0x55d589e6a3aa - std::backtrace_rs::backtrace::trace_unsynchronized::h9c2852a457ad564e
[INFO] [stdout]                                at /rustc/84c898d65adf2f39a5a98507f1fe0ce10a2b8dbc/library/std/src/../../backtrace/src/backtrace/mod.rs:66:5
[INFO] [stdout]    2:     0x55d589e6a3aa - std::sys_common::backtrace::_print_fmt::h457936fbfaa0070f
[INFO] [stdout]                                at /rustc/84c898d65adf2f39a5a98507f1fe0ce10a2b8dbc/library/std/src/sys_common/backtrace.rs:65:5
[INFO] [stdout]    3:     0x55d589e6a3aa - <std::sys_common::backtrace::_print::DisplayBacktrace as core::fmt::Display>::fmt::h5779d7bf7f70cb0c
[INFO] [stdout]                                at /rustc/84c898d65adf2f39a5a98507f1fe0ce10a2b8dbc/library/std/src/sys_common/backtrace.rs:44:22
[INFO] [stdout]    4:     0x55d589e8da3e - core::fmt::write::h5a4baaff1bcd3eb5
[INFO] [stdout]                                at /rustc/84c898d65adf2f39a5a98507f1fe0ce10a2b8dbc/library/core/src/fmt/mod.rs:1232:17
[INFO] [stdout]    5:     0x55d589e67825 - std::io::Write::write_fmt::h478f79c628ef31d1
[INFO] [stdout]                                at /rustc/84c898d65adf2f39a5a98507f1fe0ce10a2b8dbc/library/std/src/io/mod.rs:1684:15
[INFO] [stdout]    6:     0x55d589e6a175 - std::sys_common::backtrace::_print::h5fcdc36060f177e8
[INFO] [stdout]                                at /rustc/84c898d65adf2f39a5a98507f1fe0ce10a2b8dbc/library/std/src/sys_common/backtrace.rs:47:5
[INFO] [stdout]    7:     0x55d589e6a175 - std::sys_common::backtrace::print::h54ca9458b876c8bf
[INFO] [stdout]                                at /rustc/84c898d65adf2f39a5a98507f1fe0ce10a2b8dbc/library/std/src/sys_common/backtrace.rs:34:9
[INFO] [stdout]    8:     0x55d589e6bf3f - std::panicking::default_hook::{{closure}}::hbe471161c7664ed6
[INFO] [stdout]                                at /rustc/84c898d65adf2f39a5a98507f1fe0ce10a2b8dbc/library/std/src/panicking.rs:271:22
[INFO] [stdout]    9:     0x55d589e6bbff - std::panicking::default_hook::ha3500da57aa4ac4f
[INFO] [stdout]                                at /rustc/84c898d65adf2f39a5a98507f1fe0ce10a2b8dbc/library/std/src/panicking.rs:287:9
[INFO] [stdout]   10:     0x55d589e3e917 - <alloc::boxed::Box<F,A> as core::ops::function::Fn<Args>>::call::hdf1b89dd137ece34
[INFO] [stdout]                                at /rustc/84c898d65adf2f39a5a98507f1fe0ce10a2b8dbc/library/alloc/src/boxed.rs:2001:9
[INFO] [stdout]   11:     0x55d589e3e917 - test::test_main::{{closure}}::h9081a79f20e75698
[INFO] [stdout]                                at /rustc/84c898d65adf2f39a5a98507f1fe0ce10a2b8dbc/library/test/src/lib.rs:135:21
[INFO] [stdout]   12:     0x55d589e6c66d - <alloc::boxed::Box<F,A> as core::ops::function::Fn<Args>>::call::h6507bddc3eebb4a5
[INFO] [stdout]                                at /rustc/84c898d65adf2f39a5a98507f1fe0ce10a2b8dbc/library/alloc/src/boxed.rs:2001:9
[INFO] [stdout]   13:     0x55d589e6c66d - std::panicking::rust_panic_with_hook::h50c09d000dc561d2
[INFO] [stdout]                                at /rustc/84c898d65adf2f39a5a98507f1fe0ce10a2b8dbc/library/std/src/panicking.rs:696:13
[INFO] [stdout]   14:     0x55d589e6c3a2 - std::panicking::begin_panic_handler::{{closure}}::h9e2b2176e00e0d9c
[INFO] [stdout]                                at /rustc/84c898d65adf2f39a5a98507f1fe0ce10a2b8dbc/library/std/src/panicking.rs:581:13
[INFO] [stdout]   15:     0x55d589e6a816 - std::sys_common::backtrace::__rust_end_short_backtrace::h5739b8e512c09d02
[INFO] [stdout]                                at /rustc/84c898d65adf2f39a5a98507f1fe0ce10a2b8dbc/library/std/src/sys_common/backtrace.rs:150:18
[INFO] [stdout]   16:     0x55d589e6c0f2 - rust_begin_unwind
[INFO] [stdout]                                at /rustc/84c898d65adf2f39a5a98507f1fe0ce10a2b8dbc/library/std/src/panicking.rs:579:5
[INFO] [stdout]   17:     0x55d589e0db73 - core::panicking::panic_fmt::hf33a1475b4dc5c3e
[INFO] [stdout]                                at /rustc/84c898d65adf2f39a5a98507f1fe0ce10a2b8dbc/library/core/src/panicking.rs:64:14
[INFO] [stdout]   18:     0x55d589e0dc0d - core::panicking::panic::h9533b2fee90b999e
[INFO] [stdout]                                at /rustc/84c898d65adf2f39a5a98507f1fe0ce10a2b8dbc/library/core/src/panicking.rs:114:5
[INFO] [stdout]   19:     0x55d589e0e4ed - book_shelf::file::tests::try_from_OsStr_Extention::hcdfd98e71faba1c3
[INFO] [stdout]                                at /opt/rustwide/workdir/src/file/mod.rs:248:9
[INFO] [stdout]   20:     0x55d589e0e4b7 - book_shelf::file::tests::try_from_OsStr_Extention::{{closure}}::h46766fbddd942333
[INFO] [stdout]                                at /opt/rustwide/workdir/src/file/mod.rs:247:35
[INFO] [stdout]   21:     0x55d589e0e3e5 - core::ops::function::FnOnce::call_once::hd29865de91ecf2da
[INFO] [stdout]                                at /rustc/84c898d65adf2f39a5a98507f1fe0ce10a2b8dbc/library/core/src/ops/function.rs:250:5
[INFO] [stdout]   22:     0x55d589e43cff - core::ops::function::FnOnce::call_once::h7d969581be7d0075
[INFO] [stdout]                                at /rustc/84c898d65adf2f39a5a98507f1fe0ce10a2b8dbc/library/core/src/ops/function.rs:250:5
[INFO] [stdout]   23:     0x55d589e43cff - test::__rust_begin_short_backtrace::hca25a52684e56655
[INFO] [stdout]                                at /rustc/84c898d65adf2f39a5a98507f1fe0ce10a2b8dbc/library/test/src/lib.rs:656:18
[INFO] [stdout]   24:     0x55d589e1531c - test::run_test::{{closure}}::ha8ac744c4af1a4bb
[INFO] [stdout]                                at /rustc/84c898d65adf2f39a5a98507f1fe0ce10a2b8dbc/library/test/src/lib.rs:647:30
[INFO] [stdout]   25:     0x55d589e1531c - core::ops::function::FnOnce::call_once{{vtable.shim}}::h7b411a9ed45bdecf
[INFO] [stdout]                                at /rustc/84c898d65adf2f39a5a98507f1fe0ce10a2b8dbc/library/core/src/ops/function.rs:250:5
[INFO] [stdout]   26:     0x55d589e42cc6 - <alloc::boxed::Box<F,A> as core::ops::function::FnOnce<Args>>::call_once::hd05328869a8ed200
[INFO] [stdout]                                at /rustc/84c898d65adf2f39a5a98507f1fe0ce10a2b8dbc/library/alloc/src/boxed.rs:1987:9
[INFO] [stdout]   27:     0x55d589e42cc6 - <core::panic::unwind_safe::AssertUnwindSafe<F> as core::ops::function::FnOnce<()>>::call_once::h0c601ce20bd5b2be
[INFO] [stdout]                                at /rustc/84c898d65adf2f39a5a98507f1fe0ce10a2b8dbc/library/core/src/panic/unwind_safe.rs:271:9
[INFO] [stdout]   28:     0x55d589e42cc6 - std::panicking::try::do_call::ha4be5c164fe30854
[INFO] [stdout]                                at /rustc/84c898d65adf2f39a5a98507f1fe0ce10a2b8dbc/library/std/src/panicking.rs:487:40
[INFO] [stdout]   29:     0x55d589e42cc6 - std::panicking::try::h604546f3609af05f
[INFO] [stdout]                                at /rustc/84c898d65adf2f39a5a98507f1fe0ce10a2b8dbc/library/std/src/panicking.rs:451:19
[INFO] [stdout]   30:     0x55d589e42cc6 - std::panic::catch_unwind::h5bfa8afe44c9c2f9
[INFO] [stdout]                                at /rustc/84c898d65adf2f39a5a98507f1fe0ce10a2b8dbc/library/std/src/panic.rs:140:14
[INFO] [stdout]   31:     0x55d589e42cc6 - test::run_test_in_process::hd50dee55dd63e6aa
[INFO] [stdout]                                at /rustc/84c898d65adf2f39a5a98507f1fe0ce10a2b8dbc/library/test/src/lib.rs:679:27
[INFO] [stdout]   32:     0x55d589e42cc6 - test::run_test::run_test_inner::{{closure}}::h4aa0f433aa85cea8
[INFO] [stdout]                                at /rustc/84c898d65adf2f39a5a98507f1fe0ce10a2b8dbc/library/test/src/lib.rs:573:39
[INFO] [stdout]   33:     0x55d589e0f991 - test::run_test::run_test_inner::{{closure}}::had56431adf24b4d6
[INFO] [stdout]                                at /rustc/84c898d65adf2f39a5a98507f1fe0ce10a2b8dbc/library/test/src/lib.rs:600:37
[INFO] [stdout]   34:     0x55d589e0f991 - std::sys_common::backtrace::__rust_begin_short_backtrace::ha8d9890e0c73bf13
[INFO] [stdout]                                at /rustc/84c898d65adf2f39a5a98507f1fe0ce10a2b8dbc/library/std/src/sys_common/backtrace.rs:134:18
[INFO] [stdout]   35:     0x55d589e153ab - std::thread::Builder::spawn_unchecked_::{{closure}}::{{closure}}::h251832bcb4a95327
[INFO] [stdout]                                at /rustc/84c898d65adf2f39a5a98507f1fe0ce10a2b8dbc/library/std/src/thread/mod.rs:560:17
[INFO] [stdout]   36:     0x55d589e153ab - <core::panic::unwind_safe::AssertUnwindSafe<F> as core::ops::function::FnOnce<()>>::call_once::h8fdff598fa414831
[INFO] [stdout]                                at /rustc/84c898d65adf2f39a5a98507f1fe0ce10a2b8dbc/library/core/src/panic/unwind_safe.rs:271:9
[INFO] [stdout]   37:     0x55d589e153ab - std::panicking::try::do_call::h455dd2f7764a950f
[INFO] [stdout]                                at /rustc/84c898d65adf2f39a5a98507f1fe0ce10a2b8dbc/library/std/src/panicking.rs:487:40
[INFO] [stdout]   38:     0x55d589e153ab - std::panicking::try::had6f23b7b73ae72a
[INFO] [stdout]                                at /rustc/84c898d65adf2f39a5a98507f1fe0ce10a2b8dbc/library/std/src/panicking.rs:451:19
[INFO] [stdout]   39:     0x55d589e153ab - std::panic::catch_unwind::ha6a5ca3915b4dad0
[INFO] [stdout]                                at /rustc/84c898d65adf2f39a5a98507f1fe0ce10a2b8dbc/library/std/src/panic.rs:140:14
[INFO] [stdout]   40:     0x55d589e153ab - std::thread::Builder::spawn_unchecked_::{{closure}}::h883b72ef75da6231
[INFO] [stdout]                                at /rustc/84c898d65adf2f39a5a98507f1fe0ce10a2b8dbc/library/std/src/thread/mod.rs:559:30
[INFO] [stdout]   41:     0x55d589e153ab - core::ops::function::FnOnce::call_once{{vtable.shim}}::hb7dff73dc8bd2ccb
[INFO] [stdout]                                at /rustc/84c898d65adf2f39a5a98507f1fe0ce10a2b8dbc/library/core/src/ops/function.rs:250:5
[INFO] [stdout]   42:     0x55d589e709d3 - <alloc::boxed::Box<F,A> as core::ops::function::FnOnce<Args>>::call_once::h39990b24eedef2ab
[INFO] [stdout]                                at /rustc/84c898d65adf2f39a5a98507f1fe0ce10a2b8dbc/library/alloc/src/boxed.rs:1987:9
[INFO] [stdout]   43:     0x55d589e709d3 - <alloc::boxed::Box<F,A> as core::ops::function::FnOnce<Args>>::call_once::h01a027258444143b
[INFO] [stdout]                                at /rustc/84c898d65adf2f39a5a98507f1fe0ce10a2b8dbc/library/alloc/src/boxed.rs:1987:9
[INFO] [stdout]   44:     0x55d589e709d3 - std::sys::unix::thread::Thread::new::thread_start::ha4f1cdd9c25884ba
[INFO] [stdout]                                at /rustc/84c898d65adf2f39a5a98507f1fe0ce10a2b8dbc/library/std/src/sys/unix/thread.rs:108:17
[INFO] [stdout]   45:     0x7f30f5b87b43 - <unknown>
[INFO] [stdout]   46:     0x7f30f5c18bb4 - __clone
[INFO] [stdout]   47:                0x0 - <unknown>
[INFO] [stdout] 
[INFO] [stdout] 
[INFO] [stdout] failures:
[INFO] [stdout]     file::tests::try_from_OsStr_Extention
[INFO] [stdout] 
[INFO] [stdout] test result: FAILED. 5 passed; 1 failed; 0 ignored; 0 measured; 0 filtered out; finished in 0.01s
[INFO] [stdout] 
[INFO] [stderr] error: test failed, to rerun pass `--lib`
[INFO] running `Command { std: "docker" "inspect" "afb68631363fa6819e03bfddde1935bee5203da703199d20b4dae8c1879dc5c8", kill_on_drop: false }`
[INFO] running `Command { std: "docker" "rm" "-f" "afb68631363fa6819e03bfddde1935bee5203da703199d20b4dae8c1879dc5c8", kill_on_drop: false }`
[INFO] [stdout] afb68631363fa6819e03bfddde1935bee5203da703199d20b4dae8c1879dc5c8
