[INFO] cloning repository https://github.com/Cantum2/xonyx-c
[INFO] running `Command { std: "git" "-c" "credential.helper=" "-c" "credential.helper=/workspace/cargo-home/bin/git-credential-null" "clone" "--bare" "https://github.com/Cantum2/xonyx-c" "/workspace/cache/git-repos/https%3A%2F%2Fgithub.com%2FCantum2%2Fxonyx-c", kill_on_drop: false }`
[INFO] [stderr] Cloning into bare repository '/workspace/cache/git-repos/https%3A%2F%2Fgithub.com%2FCantum2%2Fxonyx-c'...
[INFO] running `Command { std: "git" "rev-parse" "HEAD", kill_on_drop: false }`
[INFO] [stdout] fa7bcc174d3c0e0eb522042c9f9f9ab36133e5ba
[INFO] testing Cantum2/xonyx-c against 1.69.0 for beta-1.70-1
[INFO] running `Command { std: "git" "clone" "/workspace/cache/git-repos/https%3A%2F%2Fgithub.com%2FCantum2%2Fxonyx-c" "/workspace/builds/worker-5-tc1/source", kill_on_drop: false }`
[INFO] [stderr] Cloning into '/workspace/builds/worker-5-tc1/source'...
[INFO] [stderr] done.
[INFO] validating manifest of git repo https://github.com/Cantum2/xonyx-c on toolchain 1.69.0
[INFO] running `Command { std: CARGO_HOME="/workspace/cargo-home" RUSTUP_HOME="/workspace/rustup-home" "/workspace/cargo-home/bin/cargo" "+1.69.0" "metadata" "--manifest-path" "Cargo.toml" "--no-deps", kill_on_drop: false }`
[INFO] started tweaking git repo https://github.com/Cantum2/xonyx-c
[INFO] finished tweaking git repo https://github.com/Cantum2/xonyx-c
[INFO] tweaked toml for git repo https://github.com/Cantum2/xonyx-c written to /workspace/builds/worker-5-tc1/source/Cargo.toml
[INFO] crate git repo https://github.com/Cantum2/xonyx-c already has a lockfile, it will not be regenerated
[INFO] running `Command { std: CARGO_HOME="/workspace/cargo-home" RUSTUP_HOME="/workspace/rustup-home" "/workspace/cargo-home/bin/cargo" "+1.69.0" "fetch" "--manifest-path" "Cargo.toml", kill_on_drop: false }`
[INFO] running `Command { std: "docker" "create" "-v" "/var/lib/crater-agent-workspace/builds/worker-5-tc1/target:/opt/rustwide/target:rw,Z" "-v" "/var/lib/crater-agent-workspace/builds/worker-5-tc1/source:/opt/rustwide/workdir:ro,Z" "-v" "/var/lib/crater-agent-workspace/cargo-home:/opt/rustwide/cargo-home:ro,Z" "-v" "/var/lib/crater-agent-workspace/rustup-home:/opt/rustwide/rustup-home:ro,Z" "-e" "SOURCE_DIR=/opt/rustwide/workdir" "-e" "CARGO_TARGET_DIR=/opt/rustwide/target" "-e" "CARGO_HOME=/opt/rustwide/cargo-home" "-e" "RUSTUP_HOME=/opt/rustwide/rustup-home" "-w" "/opt/rustwide/workdir" "-m" "1610612736" "--user" "0:0" "--network" "none" "ghcr.io/rust-lang/crates-build-env/linux@sha256:5ff2268d62e97bff2cde7d5815dd6ed5b47097566f13b8d0ca110b04b60e07ed" "/opt/rustwide/cargo-home/bin/cargo" "+1.69.0" "metadata" "--no-deps" "--format-version=1", kill_on_drop: false }`
[INFO] [stdout] a0f8bc2029466e0a878350f8b5d1ac6d165d32d4593af2215251ecb929bb1eb3
[INFO] running `Command { std: "docker" "start" "-a" "a0f8bc2029466e0a878350f8b5d1ac6d165d32d4593af2215251ecb929bb1eb3", kill_on_drop: false }`
[INFO] running `Command { std: "docker" "inspect" "a0f8bc2029466e0a878350f8b5d1ac6d165d32d4593af2215251ecb929bb1eb3", kill_on_drop: false }`
[INFO] running `Command { std: "docker" "rm" "-f" "a0f8bc2029466e0a878350f8b5d1ac6d165d32d4593af2215251ecb929bb1eb3", kill_on_drop: false }`
[INFO] [stdout] a0f8bc2029466e0a878350f8b5d1ac6d165d32d4593af2215251ecb929bb1eb3
[INFO] running `Command { std: "docker" "create" "-v" "/var/lib/crater-agent-workspace/builds/worker-5-tc1/target:/opt/rustwide/target:rw,Z" "-v" "/var/lib/crater-agent-workspace/builds/worker-5-tc1/source:/opt/rustwide/workdir:ro,Z" "-v" "/var/lib/crater-agent-workspace/cargo-home:/opt/rustwide/cargo-home:ro,Z" "-v" "/var/lib/crater-agent-workspace/rustup-home:/opt/rustwide/rustup-home:ro,Z" "-e" "SOURCE_DIR=/opt/rustwide/workdir" "-e" "CARGO_TARGET_DIR=/opt/rustwide/target" "-e" "CARGO_INCREMENTAL=0" "-e" "RUST_BACKTRACE=full" "-e" "RUSTFLAGS=--cap-lints=warn" "-e" "RUSTDOCFLAGS=--cap-lints=warn" "-e" "CARGO_HOME=/opt/rustwide/cargo-home" "-e" "RUSTUP_HOME=/opt/rustwide/rustup-home" "-w" "/opt/rustwide/workdir" "-m" "1610612736" "--user" "0:0" "--network" "none" "ghcr.io/rust-lang/crates-build-env/linux@sha256:5ff2268d62e97bff2cde7d5815dd6ed5b47097566f13b8d0ca110b04b60e07ed" "/opt/rustwide/cargo-home/bin/cargo" "+1.69.0" "build" "--frozen" "--message-format=json", kill_on_drop: false }`
[INFO] [stdout] 2d64b9787134988b9c32ed8ca19981d718069d1caf3f66d3ed85cae329c9221d
[INFO] running `Command { std: "docker" "start" "-a" "2d64b9787134988b9c32ed8ca19981d718069d1caf3f66d3ed85cae329c9221d", kill_on_drop: false }`
[INFO] [stderr]    Compiling xonyx-c v0.1.0 (/opt/rustwide/workdir)
[INFO] [stdout] warning: unused variable: `value`
[INFO] [stdout]    --> src/parser.rs:101:41
[INFO] [stdout]     |
[INFO] [stdout] 101 |                         Lexeme::Keyword(value) => Some(vec!['w']),
[INFO] [stdout]     |                                         ^^^^^ help: if this is intentional, prefix it with an underscore: `_value`
[INFO] [stdout]     |
[INFO] [stdout]     = note: `#[warn(unused_variables)]` on by default
[INFO] [stdout] 
[INFO] [stdout] 
[INFO] [stdout] warning: unused variable: `value`
[INFO] [stdout]    --> src/parser.rs:185:44
[INFO] [stdout]     |
[INFO] [stdout] 185 |                         Lexeme::Identifier(value) => {}
[INFO] [stdout]     |                                            ^^^^^ help: if this is intentional, prefix it with an underscore: `_value`
[INFO] [stdout] 
[INFO] [stdout] 
[INFO] [stdout] warning: variants `Sqrt` and `TempLiteral` are never constructed
[INFO] [stdout]   --> src/lexer.rs:19:5
[INFO] [stdout]    |
[INFO] [stdout] 14 | pub enum Symbol {
[INFO] [stdout]    |          ------ variants in this enum
[INFO] [stdout] ...
[INFO] [stdout] 19 |     Sqrt,  // ^
[INFO] [stdout]    |     ^^^^
[INFO] [stdout] ...
[INFO] [stdout] 28 |     TempLiteral,
[INFO] [stdout]    |     ^^^^^^^^^^^
[INFO] [stdout]    |
[INFO] [stdout]    = note: `Symbol` has a derived impl for the trait `Debug`, but this is intentionally ignored during dead code analysis
[INFO] [stdout]    = note: `#[warn(dead_code)]` on by default
[INFO] [stdout] 
[INFO] [stdout] 
[INFO] [stdout] warning: variants `Boolean` and `Function` are never constructed
[INFO] [stdout]   --> src/lexer.rs:38:5
[INFO] [stdout]    |
[INFO] [stdout] 35 | pub enum Lexeme {
[INFO] [stdout]    |          ------ variants in this enum
[INFO] [stdout] ...
[INFO] [stdout] 38 |     Boolean(bool),
[INFO] [stdout]    |     ^^^^^^^
[INFO] [stdout] 39 |     Function,
[INFO] [stdout]    |     ^^^^^^^^
[INFO] [stdout]    |
[INFO] [stdout]    = note: `Lexeme` has a derived impl for the trait `Debug`, but this is intentionally ignored during dead code analysis
[INFO] [stdout] 
[INFO] [stdout] 
[INFO] [stdout] warning: variants `BlockBody`, `FunctionDec`, `Expression`, and `Ident` are never constructed
[INFO] [stdout]   --> src/parser.rs:10:5
[INFO] [stdout]    |
[INFO] [stdout] 7  | pub enum Production {
[INFO] [stdout]    |          ---------- variants in this enum
[INFO] [stdout] ...
[INFO] [stdout] 10 |     BlockBody,
[INFO] [stdout]    |     ^^^^^^^^^
[INFO] [stdout] ...
[INFO] [stdout] 13 |     FunctionDec,
[INFO] [stdout]    |     ^^^^^^^^^^^
[INFO] [stdout] 14 |     Expression,
[INFO] [stdout]    |     ^^^^^^^^^^
[INFO] [stdout] 15 |     Ident,
[INFO] [stdout]    |     ^^^^^
[INFO] [stdout]    |
[INFO] [stdout]    = note: `Production` has a derived impl for the trait `Debug`, but this is intentionally ignored during dead code analysis
[INFO] [stdout] 
[INFO] [stdout] 
[INFO] [stdout] warning: method `throw_error` is never used
[INFO] [stdout]    --> src/parser.rs:140:12
[INFO] [stdout]     |
[INFO] [stdout] 140 |     pub fn throw_error(&mut self) {}
[INFO] [stdout]     |            ^^^^^^^^^^^
[INFO] [stdout] 
[INFO] [stdout] 
[INFO] [stdout] warning: panic message contains an unused formatting placeholder
[INFO] [stdout]   --> src/parser.rs:55:66
[INFO] [stdout]    |
[INFO] [stdout] 55 |                         _ => panic!("Expected Variable dec found {:?}"),
[INFO] [stdout]    |                                                                  ^^^^
[INFO] [stdout]    |
[INFO] [stdout]    = note: this message is not used as a format string when given without arguments, but will be in Rust 2021
[INFO] [stdout]    = note: `#[warn(non_fmt_panics)]` on by default
[INFO] [stdout] help: add the missing argument
[INFO] [stdout]    |
[INFO] [stdout] 55 |                         _ => panic!("Expected Variable dec found {:?}", ...),
[INFO] [stdout]    |                                                                       +++++
[INFO] [stdout] help: or add a "{}" format string to use the message literally
[INFO] [stdout]    |
[INFO] [stdout] 55 |                         _ => panic!("{}", "Expected Variable dec found {:?}"),
[INFO] [stdout]    |                                     +++++
[INFO] [stdout] 
[INFO] [stdout] 
[INFO] [stdout] warning: 7 warnings emitted
[INFO] [stdout] 
[INFO] [stdout] 
[INFO] [stderr]     Finished dev [unoptimized + debuginfo] target(s) in 0.61s
[INFO] running `Command { std: "docker" "inspect" "2d64b9787134988b9c32ed8ca19981d718069d1caf3f66d3ed85cae329c9221d", kill_on_drop: false }`
[INFO] running `Command { std: "docker" "rm" "-f" "2d64b9787134988b9c32ed8ca19981d718069d1caf3f66d3ed85cae329c9221d", kill_on_drop: false }`
[INFO] [stdout] 2d64b9787134988b9c32ed8ca19981d718069d1caf3f66d3ed85cae329c9221d
[INFO] running `Command { std: "docker" "create" "-v" "/var/lib/crater-agent-workspace/builds/worker-5-tc1/target:/opt/rustwide/target:rw,Z" "-v" "/var/lib/crater-agent-workspace/builds/worker-5-tc1/source:/opt/rustwide/workdir:ro,Z" "-v" "/var/lib/crater-agent-workspace/cargo-home:/opt/rustwide/cargo-home:ro,Z" "-v" "/var/lib/crater-agent-workspace/rustup-home:/opt/rustwide/rustup-home:ro,Z" "-e" "SOURCE_DIR=/opt/rustwide/workdir" "-e" "CARGO_TARGET_DIR=/opt/rustwide/target" "-e" "CARGO_INCREMENTAL=0" "-e" "RUST_BACKTRACE=full" "-e" "RUSTFLAGS=--cap-lints=warn" "-e" "RUSTDOCFLAGS=--cap-lints=warn" "-e" "CARGO_HOME=/opt/rustwide/cargo-home" "-e" "RUSTUP_HOME=/opt/rustwide/rustup-home" "-w" "/opt/rustwide/workdir" "-m" "1610612736" "--user" "0:0" "--network" "none" "ghcr.io/rust-lang/crates-build-env/linux@sha256:5ff2268d62e97bff2cde7d5815dd6ed5b47097566f13b8d0ca110b04b60e07ed" "/opt/rustwide/cargo-home/bin/cargo" "+1.69.0" "test" "--frozen" "--no-run" "--message-format=json", kill_on_drop: false }`
[INFO] [stdout] 403d362ff3a2ad31a2d9ac2455aecccfab6d0f08a8bcd8baa21727ebaf73a39a
[INFO] running `Command { std: "docker" "start" "-a" "403d362ff3a2ad31a2d9ac2455aecccfab6d0f08a8bcd8baa21727ebaf73a39a", kill_on_drop: false }`
[INFO] [stderr]    Compiling xonyx-c v0.1.0 (/opt/rustwide/workdir)
[INFO] [stdout] warning: unused variable: `value`
[INFO] [stdout]    --> src/parser.rs:101:41
[INFO] [stdout]     |
[INFO] [stdout] 101 |                         Lexeme::Keyword(value) => Some(vec!['w']),
[INFO] [stdout]     |                                         ^^^^^ help: if this is intentional, prefix it with an underscore: `_value`
[INFO] [stdout]     |
[INFO] [stdout]     = note: `#[warn(unused_variables)]` on by default
[INFO] [stdout] 
[INFO] [stdout] 
[INFO] [stdout] warning: unused variable: `value`
[INFO] [stdout]    --> src/parser.rs:185:44
[INFO] [stdout]     |
[INFO] [stdout] 185 |                         Lexeme::Identifier(value) => {}
[INFO] [stdout]     |                                            ^^^^^ help: if this is intentional, prefix it with an underscore: `_value`
[INFO] [stdout] 
[INFO] [stdout] 
[INFO] [stdout] warning: variants `Sqrt` and `TempLiteral` are never constructed
[INFO] [stdout]   --> src/lexer.rs:19:5
[INFO] [stdout]    |
[INFO] [stdout] 14 | pub enum Symbol {
[INFO] [stdout]    |          ------ variants in this enum
[INFO] [stdout] ...
[INFO] [stdout] 19 |     Sqrt,  // ^
[INFO] [stdout]    |     ^^^^
[INFO] [stdout] ...
[INFO] [stdout] 28 |     TempLiteral,
[INFO] [stdout]    |     ^^^^^^^^^^^
[INFO] [stdout]    |
[INFO] [stdout]    = note: `Symbol` has a derived impl for the trait `Debug`, but this is intentionally ignored during dead code analysis
[INFO] [stdout]    = note: `#[warn(dead_code)]` on by default
[INFO] [stdout] 
[INFO] [stdout] 
[INFO] [stdout] warning: variants `Boolean` and `Function` are never constructed
[INFO] [stdout]   --> src/lexer.rs:38:5
[INFO] [stdout]    |
[INFO] [stdout] 35 | pub enum Lexeme {
[INFO] [stdout]    |          ------ variants in this enum
[INFO] [stdout] ...
[INFO] [stdout] 38 |     Boolean(bool),
[INFO] [stdout]    |     ^^^^^^^
[INFO] [stdout] 39 |     Function,
[INFO] [stdout]    |     ^^^^^^^^
[INFO] [stdout]    |
[INFO] [stdout]    = note: `Lexeme` has a derived impl for the trait `Debug`, but this is intentionally ignored during dead code analysis
[INFO] [stdout] 
[INFO] [stdout] 
[INFO] [stdout] warning: variants `BlockBody`, `FunctionDec`, `Expression`, and `Ident` are never constructed
[INFO] [stdout]   --> src/parser.rs:10:5
[INFO] [stdout]    |
[INFO] [stdout] 7  | pub enum Production {
[INFO] [stdout]    |          ---------- variants in this enum
[INFO] [stdout] ...
[INFO] [stdout] 10 |     BlockBody,
[INFO] [stdout]    |     ^^^^^^^^^
[INFO] [stdout] ...
[INFO] [stdout] 13 |     FunctionDec,
[INFO] [stdout]    |     ^^^^^^^^^^^
[INFO] [stdout] 14 |     Expression,
[INFO] [stdout]    |     ^^^^^^^^^^
[INFO] [stdout] 15 |     Ident,
[INFO] [stdout]    |     ^^^^^
[INFO] [stdout]    |
[INFO] [stdout]    = note: `Production` has a derived impl for the trait `Debug`, but this is intentionally ignored during dead code analysis
[INFO] [stdout] 
[INFO] [stdout] 
[INFO] [stdout] warning: method `throw_error` is never used
[INFO] [stdout]    --> src/parser.rs:140:12
[INFO] [stdout]     |
[INFO] [stdout] 140 |     pub fn throw_error(&mut self) {}
[INFO] [stdout]     |            ^^^^^^^^^^^
[INFO] [stdout] 
[INFO] [stdout] 
[INFO] [stdout] warning: panic message contains an unused formatting placeholder
[INFO] [stdout]   --> src/parser.rs:55:66
[INFO] [stdout]    |
[INFO] [stdout] 55 |                         _ => panic!("Expected Variable dec found {:?}"),
[INFO] [stdout]    |                                                                  ^^^^
[INFO] [stdout]    |
[INFO] [stdout]    = note: this message is not used as a format string when given without arguments, but will be in Rust 2021
[INFO] [stdout]    = note: `#[warn(non_fmt_panics)]` on by default
[INFO] [stdout] help: add the missing argument
[INFO] [stdout]    |
[INFO] [stdout] 55 |                         _ => panic!("Expected Variable dec found {:?}", ...),
[INFO] [stdout]    |                                                                       +++++
[INFO] [stdout] help: or add a "{}" format string to use the message literally
[INFO] [stdout]    |
[INFO] [stdout] 55 |                         _ => panic!("{}", "Expected Variable dec found {:?}"),
[INFO] [stdout]    |                                     +++++
[INFO] [stdout] 
[INFO] [stdout] 
[INFO] [stdout] warning: 7 warnings emitted
[INFO] [stdout] 
[INFO] [stdout] 
[INFO] [stderr]     Finished test [unoptimized + debuginfo] target(s) in 0.64s
[INFO] running `Command { std: "docker" "inspect" "403d362ff3a2ad31a2d9ac2455aecccfab6d0f08a8bcd8baa21727ebaf73a39a", kill_on_drop: false }`
[INFO] running `Command { std: "docker" "rm" "-f" "403d362ff3a2ad31a2d9ac2455aecccfab6d0f08a8bcd8baa21727ebaf73a39a", kill_on_drop: false }`
[INFO] [stdout] 403d362ff3a2ad31a2d9ac2455aecccfab6d0f08a8bcd8baa21727ebaf73a39a
[INFO] running `Command { std: "docker" "create" "-v" "/var/lib/crater-agent-workspace/builds/worker-5-tc1/target:/opt/rustwide/target:rw,Z" "-v" "/var/lib/crater-agent-workspace/builds/worker-5-tc1/source:/opt/rustwide/workdir:ro,Z" "-v" "/var/lib/crater-agent-workspace/cargo-home:/opt/rustwide/cargo-home:ro,Z" "-v" "/var/lib/crater-agent-workspace/rustup-home:/opt/rustwide/rustup-home:ro,Z" "-e" "SOURCE_DIR=/opt/rustwide/workdir" "-e" "CARGO_TARGET_DIR=/opt/rustwide/target" "-e" "CARGO_INCREMENTAL=0" "-e" "RUST_BACKTRACE=full" "-e" "RUSTFLAGS=--cap-lints=warn" "-e" "RUSTDOCFLAGS=--cap-lints=warn" "-e" "CARGO_HOME=/opt/rustwide/cargo-home" "-e" "RUSTUP_HOME=/opt/rustwide/rustup-home" "-w" "/opt/rustwide/workdir" "-m" "1610612736" "--user" "0:0" "--network" "none" "ghcr.io/rust-lang/crates-build-env/linux@sha256:5ff2268d62e97bff2cde7d5815dd6ed5b47097566f13b8d0ca110b04b60e07ed" "/opt/rustwide/cargo-home/bin/cargo" "+1.69.0" "test" "--frozen", kill_on_drop: false }`
[INFO] [stdout] 4bc1bbd26801046e988baeb2e20ca88323db33076dc6c7f2e01508a3f0a4314a
[INFO] running `Command { std: "docker" "start" "-a" "4bc1bbd26801046e988baeb2e20ca88323db33076dc6c7f2e01508a3f0a4314a", kill_on_drop: false }`
[INFO] [stderr] warning: unused variable: `value`
[INFO] [stderr]    --> src/parser.rs:101:41
[INFO] [stderr]     |
[INFO] [stderr] 101 |                         Lexeme::Keyword(value) => Some(vec!['w']),
[INFO] [stderr]     |                                         ^^^^^ help: if this is intentional, prefix it with an underscore: `_value`
[INFO] [stderr]     |
[INFO] [stderr]     = note: `#[warn(unused_variables)]` on by default
[INFO] [stderr] 
[INFO] [stderr] warning: unused variable: `value`
[INFO] [stderr]    --> src/parser.rs:185:44
[INFO] [stderr]     |
[INFO] [stderr] 185 |                         Lexeme::Identifier(value) => {}
[INFO] [stderr]     |                                            ^^^^^ help: if this is intentional, prefix it with an underscore: `_value`
[INFO] [stderr] 
[INFO] [stderr] warning: variants `Sqrt` and `TempLiteral` are never constructed
[INFO] [stderr]   --> src/lexer.rs:19:5
[INFO] [stderr]    |
[INFO] [stderr] 14 | pub enum Symbol {
[INFO] [stderr]    |          ------ variants in this enum
[INFO] [stderr] ...
[INFO] [stderr] 19 |     Sqrt,  // ^
[INFO] [stderr]    |     ^^^^
[INFO] [stderr] ...
[INFO] [stderr] 28 |     TempLiteral,
[INFO] [stderr]    |     ^^^^^^^^^^^
[INFO] [stderr]    |
[INFO] [stderr]    = note: `Symbol` has a derived impl for the trait `Debug`, but this is intentionally ignored during dead code analysis
[INFO] [stderr]    = note: `#[warn(dead_code)]` on by default
[INFO] [stderr] 
[INFO] [stderr] warning: variants `Boolean` and `Function` are never constructed
[INFO] [stderr]   --> src/lexer.rs:38:5
[INFO] [stderr]    |
[INFO] [stderr] 35 | pub enum Lexeme {
[INFO] [stderr]    |          ------ variants in this enum
[INFO] [stderr] ...
[INFO] [stderr] 38 |     Boolean(bool),
[INFO] [stderr]    |     ^^^^^^^
[INFO] [stderr] 39 |     Function,
[INFO] [stderr]    |     ^^^^^^^^
[INFO] [stderr]    |
[INFO] [stderr]    = note: `Lexeme` has a derived impl for the trait `Debug`, but this is intentionally ignored during dead code analysis
[INFO] [stderr] 
[INFO] [stderr] warning: variants `BlockBody`, `FunctionDec`, `Expression`, and `Ident` are never constructed
[INFO] [stderr]   --> src/parser.rs:10:5
[INFO] [stderr]    |
[INFO] [stderr] 7  | pub enum Production {
[INFO] [stderr]    |          ---------- variants in this enum
[INFO] [stderr] ...
[INFO] [stderr] 10 |     BlockBody,
[INFO] [stderr]    |     ^^^^^^^^^
[INFO] [stderr] ...
[INFO] [stderr] 13 |     FunctionDec,
[INFO] [stderr]    |     ^^^^^^^^^^^
[INFO] [stderr] 14 |     Expression,
[INFO] [stderr]    |     ^^^^^^^^^^
[INFO] [stderr] 15 |     Ident,
[INFO] [stderr]    |     ^^^^^
[INFO] [stderr]    |
[INFO] [stderr]    = note: `Production` has a derived impl for the trait `Debug`, but this is intentionally ignored during dead code analysis
[INFO] [stderr] 
[INFO] [stderr] warning: method `throw_error` is never used
[INFO] [stderr]    --> src/parser.rs:140:12
[INFO] [stderr]     |
[INFO] [stderr] 140 |     pub fn throw_error(&mut self) {}
[INFO] [stderr]     |            ^^^^^^^^^^^
[INFO] [stderr] 
[INFO] [stderr] warning: panic message contains an unused formatting placeholder
[INFO] [stderr]   --> src/parser.rs:55:66
[INFO] [stderr]    |
[INFO] [stderr] 55 |                         _ => panic!("Expected Variable dec found {:?}"),
[INFO] [stderr]    |                                                                  ^^^^
[INFO] [stderr]    |
[INFO] [stderr]    = note: this message is not used as a format string when given without arguments, but will be in Rust 2021
[INFO] [stderr]    = note: `#[warn(non_fmt_panics)]` on by default
[INFO] [stderr] help: add the missing argument
[INFO] [stderr]    |
[INFO] [stderr] 55 |                         _ => panic!("Expected Variable dec found {:?}", ...),
[INFO] [stderr]    |                                                                       +++++
[INFO] [stderr] help: or add a "{}" format string to use the message literally
[INFO] [stderr]    |
[INFO] [stderr] 55 |                         _ => panic!("{}", "Expected Variable dec found {:?}"),
[INFO] [stderr]    |                                     +++++
[INFO] [stderr] 
[INFO] [stderr] warning: `xonyx-c` (bin "xonyx-c" test) generated 7 warnings (run `cargo fix --bin "xonyx-c" --tests` to apply 3 suggestions)
[INFO] [stderr]     Finished test [unoptimized + debuginfo] target(s) in 0.00s
[INFO] [stderr]      Running unittests src/main.rs (/opt/rustwide/target/debug/deps/xonyx_c-305360b1239238b9)
[INFO] [stdout] 
[INFO] [stdout] running 2 tests
[INFO] [stdout] test lexer::tests::lex_keyword ... ok
[INFO] [stdout] test lexer::tests::lex_empty_string ... FAILED
[INFO] [stdout] 
[INFO] [stdout] failures:
[INFO] [stdout] 
[INFO] [stdout] ---- lexer::tests::lex_empty_string stdout ----
[INFO] [stdout] thread 'lexer::tests::lex_empty_string' panicked at 'panic', src/lexer.rs:69:59
[INFO] [stdout] stack backtrace:
[INFO] [stdout]    0:     0x56362df2670a - std::backtrace_rs::backtrace::libunwind::trace::ha9053a9a07ca49cb
[INFO] [stdout]                                at /rustc/84c898d65adf2f39a5a98507f1fe0ce10a2b8dbc/library/std/src/../../backtrace/src/backtrace/libunwind.rs:93:5
[INFO] [stdout]    1:     0x56362df2670a - std::backtrace_rs::backtrace::trace_unsynchronized::h9c2852a457ad564e
[INFO] [stdout]                                at /rustc/84c898d65adf2f39a5a98507f1fe0ce10a2b8dbc/library/std/src/../../backtrace/src/backtrace/mod.rs:66:5
[INFO] [stdout]    2:     0x56362df2670a - std::sys_common::backtrace::_print_fmt::h457936fbfaa0070f
[INFO] [stdout]                                at /rustc/84c898d65adf2f39a5a98507f1fe0ce10a2b8dbc/library/std/src/sys_common/backtrace.rs:65:5
[INFO] [stdout]    3:     0x56362df2670a - <std::sys_common::backtrace::_print::DisplayBacktrace as core::fmt::Display>::fmt::h5779d7bf7f70cb0c
[INFO] [stdout]                                at /rustc/84c898d65adf2f39a5a98507f1fe0ce10a2b8dbc/library/std/src/sys_common/backtrace.rs:44:22
[INFO] [stdout]    4:     0x56362df4a0ce - core::fmt::write::h5a4baaff1bcd3eb5
[INFO] [stdout]                                at /rustc/84c898d65adf2f39a5a98507f1fe0ce10a2b8dbc/library/core/src/fmt/mod.rs:1232:17
[INFO] [stdout]    5:     0x56362df23b85 - std::io::Write::write_fmt::h478f79c628ef31d1
[INFO] [stdout]                                at /rustc/84c898d65adf2f39a5a98507f1fe0ce10a2b8dbc/library/std/src/io/mod.rs:1684:15
[INFO] [stdout]    6:     0x56362df264d5 - std::sys_common::backtrace::_print::h5fcdc36060f177e8
[INFO] [stdout]                                at /rustc/84c898d65adf2f39a5a98507f1fe0ce10a2b8dbc/library/std/src/sys_common/backtrace.rs:47:5
[INFO] [stdout]    7:     0x56362df264d5 - std::sys_common::backtrace::print::h54ca9458b876c8bf
[INFO] [stdout]                                at /rustc/84c898d65adf2f39a5a98507f1fe0ce10a2b8dbc/library/std/src/sys_common/backtrace.rs:34:9
[INFO] [stdout]    8:     0x56362df2829f - std::panicking::default_hook::{{closure}}::hbe471161c7664ed6
[INFO] [stdout]                                at /rustc/84c898d65adf2f39a5a98507f1fe0ce10a2b8dbc/library/std/src/panicking.rs:271:22
[INFO] [stdout]    9:     0x56362df27f5f - std::panicking::default_hook::ha3500da57aa4ac4f
[INFO] [stdout]                                at /rustc/84c898d65adf2f39a5a98507f1fe0ce10a2b8dbc/library/std/src/panicking.rs:287:9
[INFO] [stdout]   10:     0x56362defac77 - <alloc::boxed::Box<F,A> as core::ops::function::Fn<Args>>::call::hdf1b89dd137ece34
[INFO] [stdout]                                at /rustc/84c898d65adf2f39a5a98507f1fe0ce10a2b8dbc/library/alloc/src/boxed.rs:2001:9
[INFO] [stdout]   11:     0x56362defac77 - test::test_main::{{closure}}::h9081a79f20e75698
[INFO] [stdout]                                at /rustc/84c898d65adf2f39a5a98507f1fe0ce10a2b8dbc/library/test/src/lib.rs:135:21
[INFO] [stdout]   12:     0x56362df289cd - <alloc::boxed::Box<F,A> as core::ops::function::Fn<Args>>::call::h6507bddc3eebb4a5
[INFO] [stdout]                                at /rustc/84c898d65adf2f39a5a98507f1fe0ce10a2b8dbc/library/alloc/src/boxed.rs:2001:9
[INFO] [stdout]   13:     0x56362df289cd - std::panicking::rust_panic_with_hook::h50c09d000dc561d2
[INFO] [stdout]                                at /rustc/84c898d65adf2f39a5a98507f1fe0ce10a2b8dbc/library/std/src/panicking.rs:696:13
[INFO] [stdout]   14:     0x56362dec2676 - std::panicking::begin_panic::{{closure}}::hfdb6ea8dad1ad9cd
[INFO] [stdout]                                at /rustc/84c898d65adf2f39a5a98507f1fe0ce10a2b8dbc/library/std/src/panicking.rs:612:9
[INFO] [stdout]   15:     0x56362decafb9 - std::sys_common::backtrace::__rust_end_short_backtrace::h38b89e4b7295095a
[INFO] [stdout]                                at /rustc/84c898d65adf2f39a5a98507f1fe0ce10a2b8dbc/library/std/src/sys_common/backtrace.rs:150:18
[INFO] [stdout]   16:     0x56362dec25bc - std::panicking::begin_panic::hacdb784d3ac3cc3e
[INFO] [stdout]                                at /rustc/84c898d65adf2f39a5a98507f1fe0ce10a2b8dbc/library/std/src/panicking.rs:611:12
[INFO] [stdout]   17:     0x56362dec4469 - xonyx_c::lexer::Lexer::new::{{closure}}::h74c54d369f8d8dbc
[INFO] [stdout]                                at /opt/rustwide/workdir/src/lexer.rs:69:59
[INFO] [stdout]   18:     0x56362dec20c0 - core::option::Option<T>::unwrap_or_else::hc819f3509ea0a704
[INFO] [stdout]                                at /rustc/84c898d65adf2f39a5a98507f1fe0ce10a2b8dbc/library/core/src/option.rs:992:21
[INFO] [stdout]   19:     0x56362dec43db - xonyx_c::lexer::Lexer::new::heb79207ffe1920a2
[INFO] [stdout]                                at /opt/rustwide/workdir/src/lexer.rs:69:28
[INFO] [stdout]   20:     0x56362dec9c62 - xonyx_c::lexer::tests::lex_empty_string::h151cf82c514b747b
[INFO] [stdout]                                at /opt/rustwide/workdir/src/lexer.rs:421:25
[INFO] [stdout]   21:     0x56362dec9ba7 - xonyx_c::lexer::tests::lex_empty_string::{{closure}}::h9e88c73a368a78ba
[INFO] [stdout]                                at /opt/rustwide/workdir/src/lexer.rs:418:27
[INFO] [stdout]   22:     0x56362dec17e5 - core::ops::function::FnOnce::call_once::h1591ae27c712569c
[INFO] [stdout]                                at /rustc/84c898d65adf2f39a5a98507f1fe0ce10a2b8dbc/library/core/src/ops/function.rs:250:5
[INFO] [stdout]   23:     0x56362df0005f - core::ops::function::FnOnce::call_once::h7d969581be7d0075
[INFO] [stdout]                                at /rustc/84c898d65adf2f39a5a98507f1fe0ce10a2b8dbc/library/core/src/ops/function.rs:250:5
[INFO] [stdout]   24:     0x56362df0005f - test::__rust_begin_short_backtrace::hca25a52684e56655
[INFO] [stdout]                                at /rustc/84c898d65adf2f39a5a98507f1fe0ce10a2b8dbc/library/test/src/lib.rs:656:18
[INFO] [stdout]   25:     0x56362ded167c - test::run_test::{{closure}}::ha8ac744c4af1a4bb
[INFO] [stdout]                                at /rustc/84c898d65adf2f39a5a98507f1fe0ce10a2b8dbc/library/test/src/lib.rs:647:30
[INFO] [stdout]   26:     0x56362ded167c - core::ops::function::FnOnce::call_once{{vtable.shim}}::h7b411a9ed45bdecf
[INFO] [stdout]                                at /rustc/84c898d65adf2f39a5a98507f1fe0ce10a2b8dbc/library/core/src/ops/function.rs:250:5
[INFO] [stdout]   27:     0x56362deff026 - <alloc::boxed::Box<F,A> as core::ops::function::FnOnce<Args>>::call_once::hd05328869a8ed200
[INFO] [stdout]                                at /rustc/84c898d65adf2f39a5a98507f1fe0ce10a2b8dbc/library/alloc/src/boxed.rs:1987:9
[INFO] [stdout]   28:     0x56362deff026 - <core::panic::unwind_safe::AssertUnwindSafe<F> as core::ops::function::FnOnce<()>>::call_once::h0c601ce20bd5b2be
[INFO] [stdout]                                at /rustc/84c898d65adf2f39a5a98507f1fe0ce10a2b8dbc/library/core/src/panic/unwind_safe.rs:271:9
[INFO] [stdout]   29:     0x56362deff026 - std::panicking::try::do_call::ha4be5c164fe30854
[INFO] [stdout]                                at /rustc/84c898d65adf2f39a5a98507f1fe0ce10a2b8dbc/library/std/src/panicking.rs:487:40
[INFO] [stdout]   30:     0x56362deff026 - std::panicking::try::h604546f3609af05f
[INFO] [stdout]                                at /rustc/84c898d65adf2f39a5a98507f1fe0ce10a2b8dbc/library/std/src/panicking.rs:451:19
[INFO] [stdout]   31:     0x56362deff026 - std::panic::catch_unwind::h5bfa8afe44c9c2f9
[INFO] [stdout]                                at /rustc/84c898d65adf2f39a5a98507f1fe0ce10a2b8dbc/library/std/src/panic.rs:140:14
[INFO] [stdout]   32:     0x56362deff026 - test::run_test_in_process::hd50dee55dd63e6aa
[INFO] [stdout]                                at /rustc/84c898d65adf2f39a5a98507f1fe0ce10a2b8dbc/library/test/src/lib.rs:679:27
[INFO] [stdout]   33:     0x56362deff026 - test::run_test::run_test_inner::{{closure}}::h4aa0f433aa85cea8
[INFO] [stdout]                                at /rustc/84c898d65adf2f39a5a98507f1fe0ce10a2b8dbc/library/test/src/lib.rs:573:39
[INFO] [stdout]   34:     0x56362decbcf1 - test::run_test::run_test_inner::{{closure}}::had56431adf24b4d6
[INFO] [stdout]                                at /rustc/84c898d65adf2f39a5a98507f1fe0ce10a2b8dbc/library/test/src/lib.rs:600:37
[INFO] [stdout]   35:     0x56362decbcf1 - std::sys_common::backtrace::__rust_begin_short_backtrace::ha8d9890e0c73bf13
[INFO] [stdout]                                at /rustc/84c898d65adf2f39a5a98507f1fe0ce10a2b8dbc/library/std/src/sys_common/backtrace.rs:134:18
[INFO] [stdout]   36:     0x56362ded170b - std::thread::Builder::spawn_unchecked_::{{closure}}::{{closure}}::h251832bcb4a95327
[INFO] [stdout]                                at /rustc/84c898d65adf2f39a5a98507f1fe0ce10a2b8dbc/library/std/src/thread/mod.rs:560:17
[INFO] [stdout]   37:     0x56362ded170b - <core::panic::unwind_safe::AssertUnwindSafe<F> as core::ops::function::FnOnce<()>>::call_once::h8fdff598fa414831
[INFO] [stdout]                                at /rustc/84c898d65adf2f39a5a98507f1fe0ce10a2b8dbc/library/core/src/panic/unwind_safe.rs:271:9
[INFO] [stdout]   38:     0x56362ded170b - std::panicking::try::do_call::h455dd2f7764a950f
[INFO] [stdout]                                at /rustc/84c898d65adf2f39a5a98507f1fe0ce10a2b8dbc/library/std/src/panicking.rs:487:40
[INFO] [stdout]   39:     0x56362ded170b - std::panicking::try::had6f23b7b73ae72a
[INFO] [stdout]                                at /rustc/84c898d65adf2f39a5a98507f1fe0ce10a2b8dbc/library/std/src/panicking.rs:451:19
[INFO] [stdout]   40:     0x56362ded170b - std::panic::catch_unwind::ha6a5ca3915b4dad0
[INFO] [stdout]                                at /rustc/84c898d65adf2f39a5a98507f1fe0ce10a2b8dbc/library/std/src/panic.rs:140:14
[INFO] [stdout]   41:     0x56362ded170b - std::thread::Builder::spawn_unchecked_::{{closure}}::h883b72ef75da6231
[INFO] [stdout]                                at /rustc/84c898d65adf2f39a5a98507f1fe0ce10a2b8dbc/library/std/src/thread/mod.rs:559:30
[INFO] [stdout]   42:     0x56362ded170b - core::ops::function::FnOnce::call_once{{vtable.shim}}::hb7dff73dc8bd2ccb
[INFO] [stdout]                                at /rustc/84c898d65adf2f39a5a98507f1fe0ce10a2b8dbc/library/core/src/ops/function.rs:250:5
[INFO] [stdout]   43:     0x56362df2cd33 - <alloc::boxed::Box<F,A> as core::ops::function::FnOnce<Args>>::call_once::h39990b24eedef2ab
[INFO] [stdout]                                at /rustc/84c898d65adf2f39a5a98507f1fe0ce10a2b8dbc/library/alloc/src/boxed.rs:1987:9
[INFO] [stdout]   44:     0x56362df2cd33 - <alloc::boxed::Box<F,A> as core::ops::function::FnOnce<Args>>::call_once::h01a027258444143b
[INFO] [stdout]                                at /rustc/84c898d65adf2f39a5a98507f1fe0ce10a2b8dbc/library/alloc/src/boxed.rs:1987:9
[INFO] [stdout]   45:     0x56362df2cd33 - std::sys::unix::thread::Thread::new::thread_start::ha4f1cdd9c25884ba
[INFO] [stdout]                                at /rustc/84c898d65adf2f39a5a98507f1fe0ce10a2b8dbc/library/std/src/sys/unix/thread.rs:108:17
[INFO] [stdout]   46:     0x7f7b17c5ab43 - <unknown>
[INFO] [stdout]   47:     0x7f7b17cebbb4 - __clone
[INFO] [stdout]   48:                0x0 - <unknown>
[INFO] [stdout] 
[INFO] [stdout] 
[INFO] [stdout] failures:
[INFO] [stdout]     lexer::tests::lex_empty_string
[INFO] [stdout] 
[INFO] [stdout] test result: FAILED. 1 passed; 1 failed; 0 ignored; 0 measured; 0 filtered out; finished in 0.01s
[INFO] [stdout] 
[INFO] [stderr] error: test failed, to rerun pass `--bin xonyx-c`
[INFO] running `Command { std: "docker" "inspect" "4bc1bbd26801046e988baeb2e20ca88323db33076dc6c7f2e01508a3f0a4314a", kill_on_drop: false }`
[INFO] running `Command { std: "docker" "rm" "-f" "4bc1bbd26801046e988baeb2e20ca88323db33076dc6c7f2e01508a3f0a4314a", kill_on_drop: false }`
[INFO] [stdout] 4bc1bbd26801046e988baeb2e20ca88323db33076dc6c7f2e01508a3f0a4314a
