[INFO] cloning repository https://github.com/BurntSushi/cargo-benchcmp
[INFO] running `Command { std: "git" "-c" "credential.helper=" "-c" "credential.helper=/workspace/cargo-home/bin/git-credential-null" "clone" "--bare" "https://github.com/BurntSushi/cargo-benchcmp" "/workspace/cache/git-repos/https%3A%2F%2Fgithub.com%2FBurntSushi%2Fcargo-benchcmp", kill_on_drop: false }`
[INFO] [stderr] Cloning into bare repository '/workspace/cache/git-repos/https%3A%2F%2Fgithub.com%2FBurntSushi%2Fcargo-benchcmp'...
[INFO] running `Command { std: "git" "rev-parse" "HEAD", kill_on_drop: false }`
[INFO] [stdout] cc7bd707027e75b7defb75ba1c29697525b177e4
[INFO] testing BurntSushi/cargo-benchcmp against beta-2023-04-20 for beta-1.70-1
[INFO] running `Command { std: "git" "clone" "/workspace/cache/git-repos/https%3A%2F%2Fgithub.com%2FBurntSushi%2Fcargo-benchcmp" "/workspace/builds/worker-7-tc2/source", kill_on_drop: false }`
[INFO] [stderr] Cloning into '/workspace/builds/worker-7-tc2/source'...
[INFO] [stderr] done.
[INFO] validating manifest of git repo https://github.com/BurntSushi/cargo-benchcmp on toolchain beta-2023-04-20
[INFO] running `Command { std: CARGO_HOME="/workspace/cargo-home" RUSTUP_HOME="/workspace/rustup-home" "/workspace/cargo-home/bin/cargo" "+beta-2023-04-20" "metadata" "--manifest-path" "Cargo.toml" "--no-deps", kill_on_drop: false }`
[INFO] started tweaking git repo https://github.com/BurntSushi/cargo-benchcmp
[INFO] finished tweaking git repo https://github.com/BurntSushi/cargo-benchcmp
[INFO] tweaked toml for git repo https://github.com/BurntSushi/cargo-benchcmp written to /workspace/builds/worker-7-tc2/source/Cargo.toml
[INFO] crate git repo https://github.com/BurntSushi/cargo-benchcmp already has a lockfile, it will not be regenerated
[INFO] running `Command { std: CARGO_HOME="/workspace/cargo-home" RUSTUP_HOME="/workspace/rustup-home" "/workspace/cargo-home/bin/cargo" "+beta-2023-04-20" "fetch" "--manifest-path" "Cargo.toml", kill_on_drop: false }`
[INFO] [stderr]  Downloading crates ...
[INFO] [stderr]   Downloaded docopt v1.1.1
[INFO] running `Command { std: "docker" "create" "-v" "/var/lib/crater-agent-workspace/builds/worker-7-tc2/target:/opt/rustwide/target:rw,Z" "-v" "/var/lib/crater-agent-workspace/builds/worker-7-tc2/source:/opt/rustwide/workdir:ro,Z" "-v" "/var/lib/crater-agent-workspace/cargo-home:/opt/rustwide/cargo-home:ro,Z" "-v" "/var/lib/crater-agent-workspace/rustup-home:/opt/rustwide/rustup-home:ro,Z" "-e" "SOURCE_DIR=/opt/rustwide/workdir" "-e" "CARGO_TARGET_DIR=/opt/rustwide/target" "-e" "CARGO_HOME=/opt/rustwide/cargo-home" "-e" "RUSTUP_HOME=/opt/rustwide/rustup-home" "-w" "/opt/rustwide/workdir" "-m" "1610612736" "--user" "0:0" "--network" "none" "ghcr.io/rust-lang/crates-build-env/linux@sha256:5ff2268d62e97bff2cde7d5815dd6ed5b47097566f13b8d0ca110b04b60e07ed" "/opt/rustwide/cargo-home/bin/cargo" "+beta-2023-04-20" "metadata" "--no-deps" "--format-version=1", kill_on_drop: false }`
[INFO] [stdout] 72a6cab548608ecc745f7f6e64cfb603459b697d14208d6d9dec8b045579a57d
[INFO] running `Command { std: "docker" "start" "-a" "72a6cab548608ecc745f7f6e64cfb603459b697d14208d6d9dec8b045579a57d", kill_on_drop: false }`
[INFO] running `Command { std: "docker" "inspect" "72a6cab548608ecc745f7f6e64cfb603459b697d14208d6d9dec8b045579a57d", kill_on_drop: false }`
[INFO] running `Command { std: "docker" "rm" "-f" "72a6cab548608ecc745f7f6e64cfb603459b697d14208d6d9dec8b045579a57d", kill_on_drop: false }`
[INFO] [stdout] 72a6cab548608ecc745f7f6e64cfb603459b697d14208d6d9dec8b045579a57d
[INFO] running `Command { std: "docker" "create" "-v" "/var/lib/crater-agent-workspace/builds/worker-7-tc2/target:/opt/rustwide/target:rw,Z" "-v" "/var/lib/crater-agent-workspace/builds/worker-7-tc2/source:/opt/rustwide/workdir:ro,Z" "-v" "/var/lib/crater-agent-workspace/cargo-home:/opt/rustwide/cargo-home:ro,Z" "-v" "/var/lib/crater-agent-workspace/rustup-home:/opt/rustwide/rustup-home:ro,Z" "-e" "SOURCE_DIR=/opt/rustwide/workdir" "-e" "CARGO_TARGET_DIR=/opt/rustwide/target" "-e" "CARGO_INCREMENTAL=0" "-e" "RUST_BACKTRACE=full" "-e" "RUSTFLAGS=--cap-lints=warn" "-e" "RUSTDOCFLAGS=--cap-lints=warn" "-e" "CARGO_HOME=/opt/rustwide/cargo-home" "-e" "RUSTUP_HOME=/opt/rustwide/rustup-home" "-w" "/opt/rustwide/workdir" "-m" "1610612736" "--user" "0:0" "--network" "none" "ghcr.io/rust-lang/crates-build-env/linux@sha256:5ff2268d62e97bff2cde7d5815dd6ed5b47097566f13b8d0ca110b04b60e07ed" "/opt/rustwide/cargo-home/bin/cargo" "+beta-2023-04-20" "build" "--frozen" "--message-format=json", kill_on_drop: false }`
[INFO] [stdout] 67ee26251a1793f671ea9377bfedd88a6c3883d239c800824bede8a58219a87b
[INFO] running `Command { std: "docker" "start" "-a" "67ee26251a1793f671ea9377bfedd88a6c3883d239c800824bede8a58219a87b", kill_on_drop: false }`
[INFO] [stderr]    Compiling libc v0.2.139
[INFO] [stderr]    Compiling proc-macro2 v1.0.51
[INFO] [stderr]    Compiling unicode-ident v1.0.6
[INFO] [stderr]    Compiling quote v1.0.23
[INFO] [stderr]    Compiling io-lifetimes v1.0.5
[INFO] [stderr]    Compiling syn v1.0.107
[INFO] [stderr]    Compiling memchr v2.5.0
[INFO] [stderr]    Compiling serde_derive v1.0.152
[INFO] [stderr]    Compiling rustix v0.36.8
[INFO] [stderr]    Compiling linux-raw-sys v0.1.4
[INFO] [stderr]    Compiling serde v1.0.152
[INFO] [stderr]    Compiling regex-syntax v0.6.28
[INFO] [stderr]    Compiling strsim v0.10.0
[INFO] [stderr]    Compiling unicode-width v0.1.10
[INFO] [stderr]    Compiling encode_unicode v1.0.0
[INFO] [stderr]    Compiling aho-corasick v0.7.20
[INFO] [stderr]    Compiling dirs-sys-next v0.1.2
[INFO] [stderr]    Compiling dirs-next v2.0.0
[INFO] [stderr]    Compiling term v0.7.0
[INFO] [stderr]    Compiling regex v1.7.1
[INFO] [stderr]    Compiling is-terminal v0.4.3
[INFO] [stderr]    Compiling prettytable-rs v0.10.0
[INFO] [stderr]    Compiling docopt v1.1.1
[INFO] [stderr]    Compiling cargo-benchcmp v0.4.4 (/opt/rustwide/workdir)
[INFO] [stdout] warning: use of deprecated macro `try`: use the `?` operator instead
[INFO] [stdout]    --> src/main.rs:102:23
[INFO] [stdout]     |
[INFO] [stdout] 102 |         let benches = try!(self.parse_benchmarks()).paired();
[INFO] [stdout]     |                       ^^^
[INFO] [stdout]     |
[INFO] [stdout]     = note: `#[warn(deprecated)]` on by default
[INFO] [stdout] 
[INFO] [stdout] 
[INFO] [stdout] warning: use of deprecated macro `try`: use the `?` operator instead
[INFO] [stdout]    --> src/main.rs:139:25
[INFO] [stdout]     |
[INFO] [stdout] 139 |                         try!(output.print(&mut io::stdout()));
[INFO] [stdout]     |                         ^^^
[INFO] [stdout] 
[INFO] [stdout] 
[INFO] [stdout] warning: use of deprecated macro `try`: use the `?` operator instead
[INFO] [stdout]    --> src/main.rs:142:25
[INFO] [stdout]     |
[INFO] [stdout] 142 |                         try!(output.print_tty(true));
[INFO] [stdout]     |                         ^^^
[INFO] [stdout] 
[INFO] [stdout] 
[INFO] [stdout] warning: use of deprecated macro `try`: use the `?` operator instead
[INFO] [stdout]    --> src/main.rs:211:31
[INFO] [stdout]     |
[INFO] [stdout] 211 |                 let benches = try!(Args::parse_buffer(stdin_lock));
[INFO] [stdout]     |                               ^^^
[INFO] [stdout] 
[INFO] [stdout] 
[INFO] [stdout] warning: use of deprecated macro `try`: use the `?` operator instead
[INFO] [stdout]    --> src/main.rs:224:21
[INFO] [stdout]     |
[INFO] [stdout] 224 |         let b_old = try!(Args::parse_buffer(io::BufReader::new(try!(open_file(&self.arg_old)))));
[INFO] [stdout]     |                     ^^^
[INFO] [stdout] 
[INFO] [stdout] 
[INFO] [stdout] warning: use of deprecated macro `try`: use the `?` operator instead
[INFO] [stdout]    --> src/main.rs:224:64
[INFO] [stdout]     |
[INFO] [stdout] 224 |         let b_old = try!(Args::parse_buffer(io::BufReader::new(try!(open_file(&self.arg_old)))));
[INFO] [stdout]     |                                                                ^^^
[INFO] [stdout] 
[INFO] [stdout] 
[INFO] [stdout] warning: use of deprecated macro `try`: use the `?` operator instead
[INFO] [stdout]    --> src/main.rs:225:21
[INFO] [stdout]     |
[INFO] [stdout] 225 |         let b_new = try!(Args::parse_buffer(io::BufReader::new(try!(open_file(&self.arg_new)))));
[INFO] [stdout]     |                     ^^^
[INFO] [stdout] 
[INFO] [stdout] 
[INFO] [stdout] warning: use of deprecated macro `try`: use the `?` operator instead
[INFO] [stdout]    --> src/main.rs:225:64
[INFO] [stdout]     |
[INFO] [stdout] 225 |         let b_new = try!(Args::parse_buffer(io::BufReader::new(try!(open_file(&self.arg_new)))));
[INFO] [stdout]     |                                                                ^^^
[INFO] [stdout] 
[INFO] [stdout] 
[INFO] [stdout] warning: use of deprecated macro `try`: use the `?` operator instead
[INFO] [stdout]    --> src/main.rs:235:23
[INFO] [stdout]     |
[INFO] [stdout] 235 |         let benches = try!(Args::parse_buffer(io::BufReader::new(try!(File::open(file)))));
[INFO] [stdout]     |                       ^^^
[INFO] [stdout] 
[INFO] [stdout] 
[INFO] [stdout] warning: use of deprecated macro `try`: use the `?` operator instead
[INFO] [stdout]    --> src/main.rs:235:66
[INFO] [stdout]     |
[INFO] [stdout] 235 |         let benches = try!(Args::parse_buffer(io::BufReader::new(try!(File::open(file)))));
[INFO] [stdout]     |                                                                  ^^^
[INFO] [stdout] 
[INFO] [stdout] 
[INFO] [stdout] warning: use of deprecated macro `try`: use the `?` operator instead
[INFO] [stdout]    --> src/main.rs:244:32
[INFO] [stdout]     |
[INFO] [stdout] 244 |             if let Ok(bench) = try!(result).parse() {
[INFO] [stdout]     |                                ^^^
[INFO] [stdout] 
[INFO] [stdout] 
[INFO] [stdout] warning: trait objects without an explicit `dyn` are deprecated
[INFO] [stdout]   --> src/error.rs:27:32
[INFO] [stdout]    |
[INFO] [stdout] 27 |     fn cause(&self) -> Option<&error::Error> {
[INFO] [stdout]    |                                ^^^^^^^^^^^^
[INFO] [stdout]    |
[INFO] [stdout]    = warning: this is accepted in the current edition (Rust 2015) but is a hard error in Rust 2021!
[INFO] [stdout]    = note: for more information, see <https://doc.rust-lang.org/nightly/edition-guide/rust-2021/warnings-promoted-to-error.html>
[INFO] [stdout]    = note: `#[warn(bare_trait_objects)]` on by default
[INFO] [stdout] help: use `dyn`
[INFO] [stdout]    |
[INFO] [stdout] 27 |     fn cause(&self) -> Option<&dyn error::Error> {
[INFO] [stdout]    |                                +++
[INFO] [stdout] 
[INFO] [stdout] 
[INFO] [stdout] warning: use of deprecated method `std::error::Error::description`: use the Display impl or to_string()
[INFO] [stdout]   --> src/error.rs:21:42
[INFO] [stdout]    |
[INFO] [stdout] 21 |             Error::Regex(ref err) => err.description(),
[INFO] [stdout]    |                                          ^^^^^^^^^^^
[INFO] [stdout] 
[INFO] [stdout] 
[INFO] [stdout] warning: use of deprecated method `std::error::Error::description`: use the Display impl or to_string()
[INFO] [stdout]   --> src/error.rs:22:39
[INFO] [stdout]    |
[INFO] [stdout] 22 |             Error::Io(ref err) => err.description(),
[INFO] [stdout]    |                                       ^^^^^^^^^^^
[INFO] [stdout] 
[INFO] [stdout] 
[INFO] [stdout] warning: use of deprecated method `std::error::Error::description`: use the Display impl or to_string()
[INFO] [stdout]   --> src/error.rs:23:52
[INFO] [stdout]    |
[INFO] [stdout] 23 |             Error::OpenFile { ref err, .. } => err.description(),
[INFO] [stdout]    |                                                    ^^^^^^^^^^^
[INFO] [stdout] 
[INFO] [stdout] 
[INFO] [stdout] warning: 15 warnings emitted
[INFO] [stdout] 
[INFO] [stdout] 
[INFO] [stderr]     Finished dev [unoptimized + debuginfo] target(s) in 18.99s
[INFO] running `Command { std: "docker" "inspect" "67ee26251a1793f671ea9377bfedd88a6c3883d239c800824bede8a58219a87b", kill_on_drop: false }`
[INFO] running `Command { std: "docker" "rm" "-f" "67ee26251a1793f671ea9377bfedd88a6c3883d239c800824bede8a58219a87b", kill_on_drop: false }`
[INFO] [stdout] 67ee26251a1793f671ea9377bfedd88a6c3883d239c800824bede8a58219a87b
[INFO] running `Command { std: "docker" "create" "-v" "/var/lib/crater-agent-workspace/builds/worker-7-tc2/target:/opt/rustwide/target:rw,Z" "-v" "/var/lib/crater-agent-workspace/builds/worker-7-tc2/source:/opt/rustwide/workdir:ro,Z" "-v" "/var/lib/crater-agent-workspace/cargo-home:/opt/rustwide/cargo-home:ro,Z" "-v" "/var/lib/crater-agent-workspace/rustup-home:/opt/rustwide/rustup-home:ro,Z" "-e" "SOURCE_DIR=/opt/rustwide/workdir" "-e" "CARGO_TARGET_DIR=/opt/rustwide/target" "-e" "CARGO_INCREMENTAL=0" "-e" "RUST_BACKTRACE=full" "-e" "RUSTFLAGS=--cap-lints=warn" "-e" "RUSTDOCFLAGS=--cap-lints=warn" "-e" "CARGO_HOME=/opt/rustwide/cargo-home" "-e" "RUSTUP_HOME=/opt/rustwide/rustup-home" "-w" "/opt/rustwide/workdir" "-m" "1610612736" "--user" "0:0" "--network" "none" "ghcr.io/rust-lang/crates-build-env/linux@sha256:5ff2268d62e97bff2cde7d5815dd6ed5b47097566f13b8d0ca110b04b60e07ed" "/opt/rustwide/cargo-home/bin/cargo" "+beta-2023-04-20" "test" "--frozen" "--no-run" "--message-format=json", kill_on_drop: false }`
[INFO] [stdout] 8932bedd1ddbd26d8dba4e72ec122bcd7450ef3f08523991f6288ce4eed5ac8f
[INFO] running `Command { std: "docker" "start" "-a" "8932bedd1ddbd26d8dba4e72ec122bcd7450ef3f08523991f6288ce4eed5ac8f", kill_on_drop: false }`
[INFO] [stderr]    Compiling getrandom v0.1.16
[INFO] [stderr]    Compiling log v0.4.17
[INFO] [stderr]    Compiling ppv-lite86 v0.2.17
[INFO] [stdout] warning: use of deprecated macro `try`: use the `?` operator instead
[INFO] [stdout]    --> src/main.rs:102:23
[INFO] [stdout]     |
[INFO] [stdout] 102 |         let benches = try!(self.parse_benchmarks()).paired();
[INFO] [stdout]     |                       ^^^
[INFO] [stdout]     |
[INFO] [stdout]     = note: `#[warn(deprecated)]` on by default
[INFO] [stdout] 
[INFO] [stdout] 
[INFO] [stdout] warning: use of deprecated macro `try`: use the `?` operator instead
[INFO] [stdout]    --> src/main.rs:139:25
[INFO] [stdout]     |
[INFO] [stdout] 139 |                         try!(output.print(&mut io::stdout()));
[INFO] [stdout]     |                         ^^^
[INFO] [stdout] 
[INFO] [stdout] 
[INFO] [stdout] warning: use of deprecated macro `try`: use the `?` operator instead
[INFO] [stdout]    --> src/main.rs:142:25
[INFO] [stdout]     |
[INFO] [stdout] 142 |                         try!(output.print_tty(true));
[INFO] [stdout]     |                         ^^^
[INFO] [stdout] 
[INFO] [stdout] 
[INFO] [stdout] warning: use of deprecated macro `try`: use the `?` operator instead
[INFO] [stdout]    --> src/main.rs:211:31
[INFO] [stdout]     |
[INFO] [stdout] 211 |                 let benches = try!(Args::parse_buffer(stdin_lock));
[INFO] [stdout]     |                               ^^^
[INFO] [stdout] 
[INFO] [stdout] 
[INFO] [stdout] warning: use of deprecated macro `try`: use the `?` operator instead
[INFO] [stdout]    --> src/main.rs:224:21
[INFO] [stdout]     |
[INFO] [stdout] 224 |         let b_old = try!(Args::parse_buffer(io::BufReader::new(try!(open_file(&self.arg_old)))));
[INFO] [stdout]     |                     ^^^
[INFO] [stdout] 
[INFO] [stdout] 
[INFO] [stdout] warning: use of deprecated macro `try`: use the `?` operator instead
[INFO] [stdout]    --> src/main.rs:224:64
[INFO] [stdout]     |
[INFO] [stdout] 224 |         let b_old = try!(Args::parse_buffer(io::BufReader::new(try!(open_file(&self.arg_old)))));
[INFO] [stdout]     |                                                                ^^^
[INFO] [stdout] 
[INFO] [stdout] 
[INFO] [stdout] warning: use of deprecated macro `try`: use the `?` operator instead
[INFO] [stdout]    --> src/main.rs:225:21
[INFO] [stdout]     |
[INFO] [stdout] 225 |         let b_new = try!(Args::parse_buffer(io::BufReader::new(try!(open_file(&self.arg_new)))));
[INFO] [stdout]     |                     ^^^
[INFO] [stdout] 
[INFO] [stdout] 
[INFO] [stdout] warning: use of deprecated macro `try`: use the `?` operator instead
[INFO] [stdout]    --> src/main.rs:225:64
[INFO] [stdout]     |
[INFO] [stdout] 225 |         let b_new = try!(Args::parse_buffer(io::BufReader::new(try!(open_file(&self.arg_new)))));
[INFO] [stdout]     |                                                                ^^^
[INFO] [stdout] 
[INFO] [stdout] 
[INFO] [stdout] warning: use of deprecated macro `try`: use the `?` operator instead
[INFO] [stdout]    --> src/main.rs:235:23
[INFO] [stdout]     |
[INFO] [stdout] 235 |         let benches = try!(Args::parse_buffer(io::BufReader::new(try!(File::open(file)))));
[INFO] [stdout]     |                       ^^^
[INFO] [stdout] 
[INFO] [stdout] 
[INFO] [stdout] warning: use of deprecated macro `try`: use the `?` operator instead
[INFO] [stdout]    --> src/main.rs:235:66
[INFO] [stdout]     |
[INFO] [stdout] 235 |         let benches = try!(Args::parse_buffer(io::BufReader::new(try!(File::open(file)))));
[INFO] [stdout]     |                                                                  ^^^
[INFO] [stdout] 
[INFO] [stdout] 
[INFO] [stdout] warning: use of deprecated macro `try`: use the `?` operator instead
[INFO] [stdout]    --> src/main.rs:244:32
[INFO] [stdout]     |
[INFO] [stdout] 244 |             if let Ok(bench) = try!(result).parse() {
[INFO] [stdout]     |                                ^^^
[INFO] [stdout] 
[INFO] [stdout] 
[INFO] [stdout] warning: trait objects without an explicit `dyn` are deprecated
[INFO] [stdout]   --> src/error.rs:27:32
[INFO] [stdout]    |
[INFO] [stdout] 27 |     fn cause(&self) -> Option<&error::Error> {
[INFO] [stdout]    |                                ^^^^^^^^^^^^
[INFO] [stdout]    |
[INFO] [stdout]    = warning: this is accepted in the current edition (Rust 2015) but is a hard error in Rust 2021!
[INFO] [stdout]    = note: for more information, see <https://doc.rust-lang.org/nightly/edition-guide/rust-2021/warnings-promoted-to-error.html>
[INFO] [stdout]    = note: `#[warn(bare_trait_objects)]` on by default
[INFO] [stdout] help: use `dyn`
[INFO] [stdout]    |
[INFO] [stdout] 27 |     fn cause(&self) -> Option<&dyn error::Error> {
[INFO] [stdout]    |                                +++
[INFO] [stdout] 
[INFO] [stdout] 
[INFO] [stdout] warning: use of deprecated method `std::error::Error::description`: use the Display impl or to_string()
[INFO] [stdout]   --> src/error.rs:21:42
[INFO] [stdout]    |
[INFO] [stdout] 21 |             Error::Regex(ref err) => err.description(),
[INFO] [stdout]    |                                          ^^^^^^^^^^^
[INFO] [stdout] 
[INFO] [stdout] 
[INFO] [stdout] warning: use of deprecated method `std::error::Error::description`: use the Display impl or to_string()
[INFO] [stdout]   --> src/error.rs:22:39
[INFO] [stdout]    |
[INFO] [stdout] 22 |             Error::Io(ref err) => err.description(),
[INFO] [stdout]    |                                       ^^^^^^^^^^^
[INFO] [stdout] 
[INFO] [stdout] 
[INFO] [stdout] warning: use of deprecated method `std::error::Error::description`: use the Display impl or to_string()
[INFO] [stdout]   --> src/error.rs:23:52
[INFO] [stdout]    |
[INFO] [stdout] 23 |             Error::OpenFile { ref err, .. } => err.description(),
[INFO] [stdout]    |                                                    ^^^^^^^^^^^
[INFO] [stdout] 
[INFO] [stdout] 
[INFO] [stdout] warning: 15 warnings emitted
[INFO] [stdout] 
[INFO] [stdout] 
[INFO] [stderr]    Compiling rand_core v0.5.1
[INFO] [stderr]    Compiling env_logger v0.7.1
[INFO] [stderr]    Compiling rand_chacha v0.2.2
[INFO] [stderr]    Compiling rand v0.7.3
[INFO] [stderr]    Compiling quickcheck v0.9.2
[INFO] [stderr]    Compiling cargo-benchcmp v0.4.4 (/opt/rustwide/workdir)
[INFO] [stdout] warning: use of deprecated macro `try`: use the `?` operator instead
[INFO] [stdout]    --> src/main.rs:102:23
[INFO] [stdout]     |
[INFO] [stdout] 102 |         let benches = try!(self.parse_benchmarks()).paired();
[INFO] [stdout]     |                       ^^^
[INFO] [stdout]     |
[INFO] [stdout]     = note: `#[warn(deprecated)]` on by default
[INFO] [stdout] 
[INFO] [stdout] 
[INFO] [stdout] warning: use of deprecated macro `try`: use the `?` operator instead
[INFO] [stdout]    --> src/main.rs:139:25
[INFO] [stdout]     |
[INFO] [stdout] 139 |                         try!(output.print(&mut io::stdout()));
[INFO] [stdout]     |                         ^^^
[INFO] [stdout] 
[INFO] [stdout] 
[INFO] [stdout] warning: use of deprecated macro `try`: use the `?` operator instead
[INFO] [stdout]    --> src/main.rs:142:25
[INFO] [stdout]     |
[INFO] [stdout] 142 |                         try!(output.print_tty(true));
[INFO] [stdout]     |                         ^^^
[INFO] [stdout] 
[INFO] [stdout] 
[INFO] [stdout] warning: use of deprecated macro `try`: use the `?` operator instead
[INFO] [stdout]    --> src/main.rs:211:31
[INFO] [stdout]     |
[INFO] [stdout] 211 |                 let benches = try!(Args::parse_buffer(stdin_lock));
[INFO] [stdout]     |                               ^^^
[INFO] [stdout] 
[INFO] [stdout] 
[INFO] [stdout] warning: use of deprecated macro `try`: use the `?` operator instead
[INFO] [stdout]    --> src/main.rs:224:21
[INFO] [stdout]     |
[INFO] [stdout] 224 |         let b_old = try!(Args::parse_buffer(io::BufReader::new(try!(open_file(&self.arg_old)))));
[INFO] [stdout]     |                     ^^^
[INFO] [stdout] 
[INFO] [stdout] 
[INFO] [stdout] warning: use of deprecated macro `try`: use the `?` operator instead
[INFO] [stdout]    --> src/main.rs:224:64
[INFO] [stdout]     |
[INFO] [stdout] 224 |         let b_old = try!(Args::parse_buffer(io::BufReader::new(try!(open_file(&self.arg_old)))));
[INFO] [stdout]     |                                                                ^^^
[INFO] [stdout] 
[INFO] [stdout] 
[INFO] [stdout] warning: use of deprecated macro `try`: use the `?` operator instead
[INFO] [stdout]    --> src/main.rs:225:21
[INFO] [stdout]     |
[INFO] [stdout] 225 |         let b_new = try!(Args::parse_buffer(io::BufReader::new(try!(open_file(&self.arg_new)))));
[INFO] [stdout]     |                     ^^^
[INFO] [stdout] 
[INFO] [stdout] 
[INFO] [stdout] warning: use of deprecated macro `try`: use the `?` operator instead
[INFO] [stdout]    --> src/main.rs:225:64
[INFO] [stdout]     |
[INFO] [stdout] 225 |         let b_new = try!(Args::parse_buffer(io::BufReader::new(try!(open_file(&self.arg_new)))));
[INFO] [stdout]     |                                                                ^^^
[INFO] [stdout] 
[INFO] [stdout] 
[INFO] [stdout] warning: use of deprecated macro `try`: use the `?` operator instead
[INFO] [stdout]    --> src/main.rs:235:23
[INFO] [stdout]     |
[INFO] [stdout] 235 |         let benches = try!(Args::parse_buffer(io::BufReader::new(try!(File::open(file)))));
[INFO] [stdout]     |                       ^^^
[INFO] [stdout] 
[INFO] [stdout] 
[INFO] [stdout] warning: use of deprecated macro `try`: use the `?` operator instead
[INFO] [stdout]    --> src/main.rs:235:66
[INFO] [stdout]     |
[INFO] [stdout] 235 |         let benches = try!(Args::parse_buffer(io::BufReader::new(try!(File::open(file)))));
[INFO] [stdout]     |                                                                  ^^^
[INFO] [stdout] 
[INFO] [stdout] 
[INFO] [stdout] warning: use of deprecated macro `try`: use the `?` operator instead
[INFO] [stdout]    --> src/main.rs:244:32
[INFO] [stdout]     |
[INFO] [stdout] 244 |             if let Ok(bench) = try!(result).parse() {
[INFO] [stdout]     |                                ^^^
[INFO] [stdout] 
[INFO] [stdout] 
[INFO] [stdout] warning: trait objects without an explicit `dyn` are deprecated
[INFO] [stdout]   --> src/error.rs:27:32
[INFO] [stdout]    |
[INFO] [stdout] 27 |     fn cause(&self) -> Option<&error::Error> {
[INFO] [stdout]    |                                ^^^^^^^^^^^^
[INFO] [stdout]    |
[INFO] [stdout]    = warning: this is accepted in the current edition (Rust 2015) but is a hard error in Rust 2021!
[INFO] [stdout]    = note: for more information, see <https://doc.rust-lang.org/nightly/edition-guide/rust-2021/warnings-promoted-to-error.html>
[INFO] [stdout]    = note: `#[warn(bare_trait_objects)]` on by default
[INFO] [stdout] help: use `dyn`
[INFO] [stdout]    |
[INFO] [stdout] 27 |     fn cause(&self) -> Option<&dyn error::Error> {
[INFO] [stdout]    |                                +++
[INFO] [stdout] 
[INFO] [stdout] 
[INFO] [stdout] warning: panic message is not a string literal
[INFO] [stdout]    --> tests/integration.rs:107:35
[INFO] [stdout]     |
[INFO] [stdout] 107 |           assert!(status.success(), format!(
[INFO] [stdout]     |  ___________________________________^
[INFO] [stdout] 108 | |             "expected command to succeed, but it failed.\nexit code: {}\nstdout: {}\nstderr:{}\n",
[INFO] [stdout] 109 | |             status.code().unwrap(),
[INFO] [stdout] 110 | |             self.stdout,
[INFO] [stdout] 111 | |             self.stderr,
[INFO] [stdout] 112 | |         ));
[INFO] [stdout]     | |_________^
[INFO] [stdout]     |
[INFO] [stdout]     = note: this usage of `assert!()` is deprecated; it will be a hard error in Rust 2021
[INFO] [stdout]     = note: for more information, see <https://doc.rust-lang.org/nightly/edition-guide/rust-2021/panic-macro-consistency.html>
[INFO] [stdout]     = note: the `assert!()` macro supports formatting, so there's no need for the `format!()` macro here
[INFO] [stdout]     = note: `#[warn(non_fmt_panics)]` on by default
[INFO] [stdout] help: remove the `format!(..)` macro call
[INFO] [stdout]     |
[INFO] [stdout] 107 ~         assert!(status.success(), 
[INFO] [stdout] 108 |             "expected command to succeed, but it failed.\nexit code: {}\nstdout: {}\nstderr:{}\n",
[INFO] [stdout]   ...
[INFO] [stdout] 111 |             self.stderr,
[INFO] [stdout] 112 ~         );
[INFO] [stdout]     |
[INFO] [stdout] 
[INFO] [stdout] 
[INFO] [stdout] warning: panic message is not a string literal
[INFO] [stdout]    --> tests/integration.rs:118:41
[INFO] [stdout]     |
[INFO] [stdout] 118 |         assert!(self.stdout.is_empty(), format!("expected no stdout, got {}", self.stdout));
[INFO] [stdout]     |                                         ^^^^^^^^^^^^^^^^^^^^^^^^^^^^^^^^^^^^^^^^^^^^^^^^^^
[INFO] [stdout]     |
[INFO] [stdout]     = note: this usage of `assert!()` is deprecated; it will be a hard error in Rust 2021
[INFO] [stdout]     = note: for more information, see <https://doc.rust-lang.org/nightly/edition-guide/rust-2021/panic-macro-consistency.html>
[INFO] [stdout]     = note: the `assert!()` macro supports formatting, so there's no need for the `format!()` macro here
[INFO] [stdout] help: remove the `format!(..)` macro call
[INFO] [stdout]     |
[INFO] [stdout] 118 -         assert!(self.stdout.is_empty(), format!("expected no stdout, got {}", self.stdout));
[INFO] [stdout] 118 +         assert!(self.stdout.is_empty(), "expected no stdout, got {}", self.stdout);
[INFO] [stdout]     |
[INFO] [stdout] 
[INFO] [stdout] 
[INFO] [stdout] warning: panic message is not a string literal
[INFO] [stdout]    --> tests/integration.rs:124:41
[INFO] [stdout]     |
[INFO] [stdout] 124 |         assert!(self.stderr.is_empty(), format!("expected no stderr, got {}", self.stderr));
[INFO] [stdout]     |                                         ^^^^^^^^^^^^^^^^^^^^^^^^^^^^^^^^^^^^^^^^^^^^^^^^^^
[INFO] [stdout]     |
[INFO] [stdout]     = note: this usage of `assert!()` is deprecated; it will be a hard error in Rust 2021
[INFO] [stdout]     = note: for more information, see <https://doc.rust-lang.org/nightly/edition-guide/rust-2021/panic-macro-consistency.html>
[INFO] [stdout]     = note: the `assert!()` macro supports formatting, so there's no need for the `format!()` macro here
[INFO] [stdout] help: remove the `format!(..)` macro call
[INFO] [stdout]     |
[INFO] [stdout] 124 -         assert!(self.stderr.is_empty(), format!("expected no stderr, got {}", self.stderr));
[INFO] [stdout] 124 +         assert!(self.stderr.is_empty(), "expected no stderr, got {}", self.stderr);
[INFO] [stdout]     |
[INFO] [stdout] 
[INFO] [stdout] 
[INFO] [stdout] warning: use of deprecated method `std::error::Error::description`: use the Display impl or to_string()
[INFO] [stdout]   --> src/error.rs:21:42
[INFO] [stdout]    |
[INFO] [stdout] 21 |             Error::Regex(ref err) => err.description(),
[INFO] [stdout]    |                                          ^^^^^^^^^^^
[INFO] [stdout] 
[INFO] [stdout] 
[INFO] [stdout] warning: use of deprecated method `std::error::Error::description`: use the Display impl or to_string()
[INFO] [stdout]   --> src/error.rs:22:39
[INFO] [stdout]    |
[INFO] [stdout] 22 |             Error::Io(ref err) => err.description(),
[INFO] [stdout]    |                                       ^^^^^^^^^^^
[INFO] [stdout] 
[INFO] [stdout] 
[INFO] [stdout] warning: use of deprecated method `std::error::Error::description`: use the Display impl or to_string()
[INFO] [stdout]   --> src/error.rs:23:52
[INFO] [stdout]    |
[INFO] [stdout] 23 |             Error::OpenFile { ref err, .. } => err.description(),
[INFO] [stdout]    |                                                    ^^^^^^^^^^^
[INFO] [stdout] 
[INFO] [stdout] 
[INFO] [stdout] warning: 3 warnings emitted
[INFO] [stdout] 
[INFO] [stdout] 
[INFO] [stdout] warning: 15 warnings emitted
[INFO] [stdout] 
[INFO] [stdout] 
[INFO] [stderr]     Finished test [unoptimized + debuginfo] target(s) in 5.64s
[INFO] running `Command { std: "docker" "inspect" "8932bedd1ddbd26d8dba4e72ec122bcd7450ef3f08523991f6288ce4eed5ac8f", kill_on_drop: false }`
[INFO] running `Command { std: "docker" "rm" "-f" "8932bedd1ddbd26d8dba4e72ec122bcd7450ef3f08523991f6288ce4eed5ac8f", kill_on_drop: false }`
[INFO] [stdout] 8932bedd1ddbd26d8dba4e72ec122bcd7450ef3f08523991f6288ce4eed5ac8f
[INFO] running `Command { std: "docker" "create" "-v" "/var/lib/crater-agent-workspace/builds/worker-7-tc2/target:/opt/rustwide/target:rw,Z" "-v" "/var/lib/crater-agent-workspace/builds/worker-7-tc2/source:/opt/rustwide/workdir:ro,Z" "-v" "/var/lib/crater-agent-workspace/cargo-home:/opt/rustwide/cargo-home:ro,Z" "-v" "/var/lib/crater-agent-workspace/rustup-home:/opt/rustwide/rustup-home:ro,Z" "-e" "SOURCE_DIR=/opt/rustwide/workdir" "-e" "CARGO_TARGET_DIR=/opt/rustwide/target" "-e" "CARGO_INCREMENTAL=0" "-e" "RUST_BACKTRACE=full" "-e" "RUSTFLAGS=--cap-lints=warn" "-e" "RUSTDOCFLAGS=--cap-lints=warn" "-e" "CARGO_HOME=/opt/rustwide/cargo-home" "-e" "RUSTUP_HOME=/opt/rustwide/rustup-home" "-w" "/opt/rustwide/workdir" "-m" "1610612736" "--user" "0:0" "--network" "none" "ghcr.io/rust-lang/crates-build-env/linux@sha256:5ff2268d62e97bff2cde7d5815dd6ed5b47097566f13b8d0ca110b04b60e07ed" "/opt/rustwide/cargo-home/bin/cargo" "+beta-2023-04-20" "test" "--frozen", kill_on_drop: false }`
[INFO] [stdout] 51579bef7a3a26a8952d99a7485036f9e9a22b414c185a2a15050ec5b5612e3d
[INFO] running `Command { std: "docker" "start" "-a" "51579bef7a3a26a8952d99a7485036f9e9a22b414c185a2a15050ec5b5612e3d", kill_on_drop: false }`
[INFO] [stderr]     Blocking waiting for file lock on package cache
[INFO] [stderr] warning: use of deprecated macro `try`: use the `?` operator instead
[INFO] [stderr]    --> src/main.rs:102:23
[INFO] [stderr]     |
[INFO] [stderr] 102 |         let benches = try!(self.parse_benchmarks()).paired();
[INFO] [stderr]     |                       ^^^
[INFO] [stderr]     |
[INFO] [stderr]     = note: `#[warn(deprecated)]` on by default
[INFO] [stderr] 
[INFO] [stderr] warning: use of deprecated macro `try`: use the `?` operator instead
[INFO] [stderr]    --> src/main.rs:139:25
[INFO] [stderr]     |
[INFO] [stderr] 139 |                         try!(output.print(&mut io::stdout()));
[INFO] [stderr]     |                         ^^^
[INFO] [stderr] 
[INFO] [stderr] warning: use of deprecated macro `try`: use the `?` operator instead
[INFO] [stderr]    --> src/main.rs:142:25
[INFO] [stderr]     |
[INFO] [stderr] 142 |                         try!(output.print_tty(true));
[INFO] [stderr]     |                         ^^^
[INFO] [stderr] 
[INFO] [stderr] warning: use of deprecated macro `try`: use the `?` operator instead
[INFO] [stderr]    --> src/main.rs:211:31
[INFO] [stderr]     |
[INFO] [stderr] 211 |                 let benches = try!(Args::parse_buffer(stdin_lock));
[INFO] [stderr]     |                               ^^^
[INFO] [stderr] 
[INFO] [stderr] warning: use of deprecated macro `try`: use the `?` operator instead
[INFO] [stderr]    --> src/main.rs:224:21
[INFO] [stderr]     |
[INFO] [stderr] 224 |         let b_old = try!(Args::parse_buffer(io::BufReader::new(try!(open_file(&self.arg_old)))));
[INFO] [stderr]     |                     ^^^
[INFO] [stderr] 
[INFO] [stderr] warning: use of deprecated macro `try`: use the `?` operator instead
[INFO] [stderr]    --> src/main.rs:224:64
[INFO] [stderr]     |
[INFO] [stderr] 224 |         let b_old = try!(Args::parse_buffer(io::BufReader::new(try!(open_file(&self.arg_old)))));
[INFO] [stderr]     |                                                                ^^^
[INFO] [stderr] 
[INFO] [stderr] warning: use of deprecated macro `try`: use the `?` operator instead
[INFO] [stderr]    --> src/main.rs:225:21
[INFO] [stderr]     |
[INFO] [stderr] 225 |         let b_new = try!(Args::parse_buffer(io::BufReader::new(try!(open_file(&self.arg_new)))));
[INFO] [stderr]     |                     ^^^
[INFO] [stderr] 
[INFO] [stderr] warning: use of deprecated macro `try`: use the `?` operator instead
[INFO] [stderr]    --> src/main.rs:225:64
[INFO] [stderr]     |
[INFO] [stderr] 225 |         let b_new = try!(Args::parse_buffer(io::BufReader::new(try!(open_file(&self.arg_new)))));
[INFO] [stderr]     |                                                                ^^^
[INFO] [stderr] 
[INFO] [stderr] warning: use of deprecated macro `try`: use the `?` operator instead
[INFO] [stderr]    --> src/main.rs:235:23
[INFO] [stderr]     |
[INFO] [stderr] 235 |         let benches = try!(Args::parse_buffer(io::BufReader::new(try!(File::open(file)))));
[INFO] [stderr]     |                       ^^^
[INFO] [stderr] 
[INFO] [stderr] warning: use of deprecated macro `try`: use the `?` operator instead
[INFO] [stderr]    --> src/main.rs:235:66
[INFO] [stderr]     |
[INFO] [stderr] 235 |         let benches = try!(Args::parse_buffer(io::BufReader::new(try!(File::open(file)))));
[INFO] [stderr]     |                                                                  ^^^
[INFO] [stderr] 
[INFO] [stderr] warning: use of deprecated macro `try`: use the `?` operator instead
[INFO] [stderr]    --> src/main.rs:244:32
[INFO] [stderr]     |
[INFO] [stderr] 244 |             if let Ok(bench) = try!(result).parse() {
[INFO] [stderr]     |                                ^^^
[INFO] [stderr] 
[INFO] [stderr] warning: trait objects without an explicit `dyn` are deprecated
[INFO] [stderr]   --> src/error.rs:27:32
[INFO] [stderr]    |
[INFO] [stderr] 27 |     fn cause(&self) -> Option<&error::Error> {
[INFO] [stderr]    |                                ^^^^^^^^^^^^
[INFO] [stderr]    |
[INFO] [stderr]    = warning: this is accepted in the current edition (Rust 2015) but is a hard error in Rust 2021!
[INFO] [stderr]    = note: for more information, see <https://doc.rust-lang.org/nightly/edition-guide/rust-2021/warnings-promoted-to-error.html>
[INFO] [stderr]    = note: `#[warn(bare_trait_objects)]` on by default
[INFO] [stderr] help: use `dyn`
[INFO] [stderr]    |
[INFO] [stderr] 27 |     fn cause(&self) -> Option<&dyn error::Error> {
[INFO] [stderr]    |                                +++
[INFO] [stderr] 
[INFO] [stderr] warning: use of deprecated method `std::error::Error::description`: use the Display impl or to_string()
[INFO] [stderr]   --> src/error.rs:21:42
[INFO] [stderr]    |
[INFO] [stderr] 21 |             Error::Regex(ref err) => err.description(),
[INFO] [stderr]    |                                          ^^^^^^^^^^^
[INFO] [stderr] 
[INFO] [stderr] warning: use of deprecated method `std::error::Error::description`: use the Display impl or to_string()
[INFO] [stderr]   --> src/error.rs:22:39
[INFO] [stderr]    |
[INFO] [stderr] 22 |             Error::Io(ref err) => err.description(),
[INFO] [stderr]    |                                       ^^^^^^^^^^^
[INFO] [stderr] 
[INFO] [stderr] warning: use of deprecated method `std::error::Error::description`: use the Display impl or to_string()
[INFO] [stderr]   --> src/error.rs:23:52
[INFO] [stderr]    |
[INFO] [stderr] 23 |             Error::OpenFile { ref err, .. } => err.description(),
[INFO] [stderr]    |                                                    ^^^^^^^^^^^
[INFO] [stderr] 
[INFO] [stderr] warning: panic message is not a string literal
[INFO] [stderr]    --> tests/integration.rs:107:35
[INFO] [stderr]     |
[INFO] [stderr] 107 |           assert!(status.success(), format!(
[INFO] [stderr]     |  ___________________________________^
[INFO] [stderr] 108 | |             "expected command to succeed, but it failed.\nexit code: {}\nstdout: {}\nstderr:{}\n",
[INFO] [stderr] 109 | |             status.code().unwrap(),
[INFO] [stderr] 110 | |             self.stdout,
[INFO] [stderr] 111 | |             self.stderr,
[INFO] [stderr] 112 | |         ));
[INFO] [stderr]     | |_________^
[INFO] [stderr]     |
[INFO] [stderr]     = note: this usage of `assert!()` is deprecated; it will be a hard error in Rust 2021
[INFO] [stderr]     = note: for more information, see <https://doc.rust-lang.org/nightly/edition-guide/rust-2021/panic-macro-consistency.html>
[INFO] [stderr]     = note: the `assert!()` macro supports formatting, so there's no need for the `format!()` macro here
[INFO] [stderr]     = note: `#[warn(non_fmt_panics)]` on by default
[INFO] [stderr] help: remove the `format!(..)` macro call
[INFO] [stderr]     |
[INFO] [stderr] 107 ~         assert!(status.success(), 
[INFO] [stderr] 108 |             "expected command to succeed, but it failed.\nexit code: {}\nstdout: {}\nstderr:{}\n",
[INFO] [stderr]   ...
[INFO] [stderr] 111 |             self.stderr,
[INFO] [stderr] 112 ~         );
[INFO] [stderr]     |
[INFO] [stderr] 
[INFO] [stderr] warning: panic message is not a string literal
[INFO] [stderr]    --> tests/integration.rs:118:41
[INFO] [stderr]     |
[INFO] [stderr] 118 |         assert!(self.stdout.is_empty(), format!("expected no stdout, got {}", self.stdout));
[INFO] [stderr]     |                                         ^^^^^^^^^^^^^^^^^^^^^^^^^^^^^^^^^^^^^^^^^^^^^^^^^^
[INFO] [stderr]     |
[INFO] [stderr]     = note: this usage of `assert!()` is deprecated; it will be a hard error in Rust 2021
[INFO] [stderr]     = note: for more information, see <https://doc.rust-lang.org/nightly/edition-guide/rust-2021/panic-macro-consistency.html>
[INFO] [stderr]     = note: the `assert!()` macro supports formatting, so there's no need for the `format!()` macro here
[INFO] [stderr] help: remove the `format!(..)` macro call
[INFO] [stderr]     |
[INFO] [stderr] 118 -         assert!(self.stdout.is_empty(), format!("expected no stdout, got {}", self.stdout));
[INFO] [stderr] 118 +         assert!(self.stdout.is_empty(), "expected no stdout, got {}", self.stdout);
[INFO] [stderr]     |
[INFO] [stderr] 
[INFO] [stderr] warning: panic message is not a string literal
[INFO] [stderr]    --> tests/integration.rs:124:41
[INFO] [stderr]     |
[INFO] [stderr] 124 |         assert!(self.stderr.is_empty(), format!("expected no stderr, got {}", self.stderr));
[INFO] [stderr]     |                                         ^^^^^^^^^^^^^^^^^^^^^^^^^^^^^^^^^^^^^^^^^^^^^^^^^^
[INFO] [stderr]     |
[INFO] [stderr]     = note: this usage of `assert!()` is deprecated; it will be a hard error in Rust 2021
[INFO] [stderr]     = note: for more information, see <https://doc.rust-lang.org/nightly/edition-guide/rust-2021/panic-macro-consistency.html>
[INFO] [stderr]     = note: the `assert!()` macro supports formatting, so there's no need for the `format!()` macro here
[INFO] [stderr] help: remove the `format!(..)` macro call
[INFO] [stderr]     |
[INFO] [stderr] 124 -         assert!(self.stderr.is_empty(), format!("expected no stderr, got {}", self.stderr));
[INFO] [stderr] 124 +         assert!(self.stderr.is_empty(), "expected no stderr, got {}", self.stderr);
[INFO] [stderr]     |
[INFO] [stderr] 
[INFO] [stderr] warning: `cargo-benchcmp` (bin "cargo-benchcmp") generated 15 warnings (run `cargo fix --bin "cargo-benchcmp"` to apply 1 suggestion)
[INFO] [stderr] warning: `cargo-benchcmp` (test "integration") generated 3 warnings (run `cargo fix --test "integration"` to apply 3 suggestions)
[INFO] [stderr] warning: `cargo-benchcmp` (bin "cargo-benchcmp" test) generated 15 warnings (15 duplicates)
[INFO] [stderr]     Finished test [unoptimized + debuginfo] target(s) in 0.25s
[INFO] [stderr]      Running unittests src/main.rs (/opt/rustwide/target/debug/deps/cargo_benchcmp-9a1553f7206358cc)
[INFO] [stdout] 
[INFO] [stdout] running 17 tests
[INFO] [stdout] test benchmark::tests::commafy::comma_every_three ... ok
[INFO] [stdout] test benchmark::tests::commafy::number_matches ... ok
[INFO] [stdout] test benchmark::tests::overlap::overlap_correct ... ok
[INFO] [stdout] test benchmark::tests::overlap::missing_correct ... ok
[INFO] [stdout] test tests::names::empty_gives_new ... ok
[INFO] [stdout] test tests::names::empty_gives_old ... ok
[INFO] [stdout] test benchmark::tests::overlap::result_from_vecs ... ok
[INFO] [stdout] test tests::names::non_path_gives_originals ... ok
[INFO] [stdout] test benchmark::tests::benchmark::reparse ... ok
[INFO] [stdout] test tests::split_benchmarks::dropped_non_prefix ... ok
[INFO] [stdout] test tests::names::shortest_difference ... ok
[INFO] [stdout] test tests::names::same_path_gives_originals ... ok
[INFO] [stdout] test tests::names::difference_preserving ... ok
[INFO] [stdout] test tests::names::symmetric_operation ... ok
[INFO] [stdout] test tests::split_benchmarks::non_overlapping ... ok
[INFO] [stdout] test tests::names::gives_suffixes ... ok
[INFO] [stdout] test tests::split_benchmarks::from_original ... ok
[INFO] [stdout] 
[INFO] [stdout] test result: ok. 17 passed; 0 failed; 0 ignored; 0 measured; 0 filtered out; finished in 0.31s
[INFO] [stdout] 
[INFO] [stderr]      Running tests/integration.rs (/opt/rustwide/target/debug/deps/integration-04f827e8baed855a)
[INFO] [stdout] 
[INFO] [stdout] running 17 tests
[INFO] [stdout] test invalid_arguments ... ok
[INFO] [stdout] test different_input ... ok
[INFO] [stdout] test non_overlapping_input ... ok
[INFO] [stdout] test stdin ... ok
[INFO] [stdout] test empty_results ... ok
[INFO] [stdout] test same_input ... ok
[INFO] [stdout] test different_input_selections ... ok
[INFO] [stdout] test within_threshold_1_comparing_4_5 ... ok
[INFO] [stdout] test within_threshold_4_comparing_6_7_regressions ... ok
[INFO] [stdout] test zero_improvements_threshold ... ok
[INFO] [stdout] test within_threshold_12_comparing_6_7 ... ok
[INFO] [stdout] test version ... ok
[INFO] [stdout] test different_input_colored ... FAILED
[INFO] [stdout] test within_threshold_3_comparing_6_7_improvements ... ok
[INFO] [stdout] test zero_improvements ... ok
[INFO] [stdout] test zero_regressions ... ok
[INFO] [stdout] test zero_regressions_threshold ... ok
[INFO] [stdout] 
[INFO] [stdout] failures:
[INFO] [stdout] 
[INFO] [stdout] ---- different_input_colored stdout ----
[INFO] [stdout] thread 'different_input_colored' panicked at 'assertion failed: `(left == right)`
[INFO] [stdout]   left: `" name                                bench_output_2.txt ns/iter  bench_output_3.txt ns/iter  diff ns/iter  diff %  speedup \n ac_one_byte                         349 (28653 MB/s)            354 (28248 MB/s)                       5   1.43%   x 0.99 \n ac_one_prefix_byte_every_match      112,957 (88 MB/s)           150,581 (66 MB/s)                 37,624  33.31%   x 0.75 \n ac_one_prefix_byte_no_match         350 (28571 MB/s)            354 (28248 MB/s)                       4   1.14%   x 0.99 \n ac_one_prefix_byte_random           16,096 (621 MB/s)           20,273 (493 MB/s)                  4,177  25.95%   x 0.79 \n ac_ten_bytes                        58,588 (170 MB/s)           108,092 (92 MB/s)                 49,504  84.50%   x 0.54 \n ac_ten_diff_prefix                  58,601 (170 MB/s)           108,082 (92 MB/s)                 49,481  84.44%   x 0.54 \n ac_ten_one_prefix_byte_every_match  112,920 (88 MB/s)           150,561 (66 MB/s)                 37,641  33.33%   x 0.75 \n ac_ten_one_prefix_byte_no_match     350 (28571 MB/s)            354 (28248 MB/s)                       4   1.14%   x 0.99 \n ac_ten_one_prefix_byte_random       19,181 (521 MB/s)           23,684 (422 MB/s)                  4,503  23.48%   x 0.81 \n ac_two_bytes                        3,125 (3200 MB/s)           3,138 (3186 MB/s)                     13   0.42%   x 1.00 \n ac_two_diff_prefix                  3,124 (3201 MB/s)           3,138 (3186 MB/s)                     14   0.45%   x 1.00 \n ac_two_one_prefix_byte_every_match  112,934 (88 MB/s)           150,571 (66 MB/s)                 37,637  33.33%   x 0.75 \n ac_two_one_prefix_byte_no_match     350 (28571 MB/s)            354 (28248 MB/s)                       4   1.14%   x 0.99 \n ac_two_one_prefix_byte_random       16,511 (605 MB/s)           21,009 (476 MB/s)                  4,498  27.24%   x 0.79 \n"`,
[INFO] [stdout]  right: `" \u{1b}[1mname                              \u{1b}(B\u{1b}[m  \u{1b}[1mbench_output_2.txt ns/iter\u{1b}(B\u{1b}[m  \u{1b}[1mbench_output_3.txt ns/iter\u{1b}(B\u{1b}[m  \u{1b}[1mdiff ns/iter\u{1b}(B\u{1b}[m  \u{1b}[1mdiff %\u{1b}(B\u{1b}[m  \u{1b}[1mspeedup\u{1b}(B\u{1b}[m \n \u{1b}[31mac_one_byte                       \u{1b}(B\u{1b}[m  \u{1b}[31m349 (28653 MB/s)          \u{1b}(B\u{1b}[m  \u{1b}[31m354 (28248 MB/s)          \u{1b}(B\u{1b}[m  \u{1b}[31m           5\u{1b}(B\u{1b}[m  \u{1b}[31m 1.43%\u{1b}(B\u{1b}[m  \u{1b}[31m x 0.99\u{1b}(B\u{1b}[m \n \u{1b}[31mac_one_prefix_byte_every_match    \u{1b}(B\u{1b}[m  \u{1b}[31m112,957 (88 MB/s)         \u{1b}(B\u{1b}[m  \u{1b}[31m150,581 (66 MB/s)         \u{1b}(B\u{1b}[m  \u{1b}[31m      37,624\u{1b}(B\u{1b}[m  \u{1b}[31m33.31%\u{1b}(B\u{1b}[m  \u{1b}[31m x 0.75\u{1b}(B\u{1b}[m \n \u{1b}[31mac_one_prefix_byte_no_match       \u{1b}(B\u{1b}[m  \u{1b}[31m350 (28571 MB/s)          \u{1b}(B\u{1b}[m  \u{1b}[31m354 (28248 MB/s)          \u{1b}(B\u{1b}[m  \u{1b}[31m           4\u{1b}(B\u{1b}[m  \u{1b}[31m 1.14%\u{1b}(B\u{1b}[m  \u{1b}[31m x 0.99\u{1b}(B\u{1b}[m \n \u{1b}[31mac_one_prefix_byte_random         \u{1b}(B\u{1b}[m  \u{1b}[31m16,096 (621 MB/s)         \u{1b}(B\u{1b}[m  \u{1b}[31m20,273 (493 MB/s)         \u{1b}(B\u{1b}[m  \u{1b}[31m       4,177\u{1b}(B\u{1b}[m  \u{1b}[31m25.95%\u{1b}(B\u{1b}[m  \u{1b}[31m x 0.79\u{1b}(B\u{1b}[m \n \u{1b}[31mac_ten_bytes                      \u{1b}(B\u{1b}[m  \u{1b}[31m58,588 (170 MB/s)         \u{1b}(B\u{1b}[m  \u{1b}[31m108,092 (92 MB/s)         \u{1b}(B\u{1b}[m  \u{1b}[31m      49,504\u{1b}(B\u{1b}[m  \u{1b}[31m84.50%\u{1b}(B\u{1b}[m  \u{1b}[31m x 0.54\u{1b}(B\u{1b}[m \n \u{1b}[31mac_ten_diff_prefix                \u{1b}(B\u{1b}[m  \u{1b}[31m58,601 (170 MB/s)         \u{1b}(B\u{1b}[m  \u{1b}[31m108,082 (92 MB/s)         \u{1b}(B\u{1b}[m  \u{1b}[31m      49,481\u{1b}(B\u{1b}[m  \u{1b}[31m84.44%\u{1b}(B\u{1b}[m  \u{1b}[31m x 0.54\u{1b}(B\u{1b}[m \n \u{1b}[31mac_ten_one_prefix_byte_every_match\u{1b}(B\u{1b}[m  \u{1b}[31m112,920 (88 MB/s)         \u{1b}(B\u{1b}[m  \u{1b}[31m150,561 (66 MB/s)         \u{1b}(B\u{1b}[m  \u{1b}[31m      37,641\u{1b}(B\u{1b}[m  \u{1b}[31m33.33%\u{1b}(B\u{1b}[m  \u{1b}[31m x 0.75\u{1b}(B\u{1b}[m \n \u{1b}[31mac_ten_one_prefix_byte_no_match   \u{1b}(B\u{1b}[m  \u{1b}[31m350 (28571 MB/s)          \u{1b}(B\u{1b}[m  \u{1b}[31m354 (28248 MB/s)          \u{1b}(B\u{1b}[m  \u{1b}[31m           4\u{1b}(B\u{1b}[m  \u{1b}[31m 1.14%\u{1b}(B\u{1b}[m  \u{1b}[31m x 0.99\u{1b}(B\u{1b}[m \n \u{1b}[31mac_ten_one_prefix_byte_random     \u{1b}(B\u{1b}[m  \u{1b}[31m19,181 (521 MB/s)         \u{1b}(B\u{1b}[m  \u{1b}[31m23,684 (422 MB/s)         \u{1b}(B\u{1b}[m  \u{1b}[31m       4,503\u{1b}(B\u{1b}[m  \u{1b}[31m23.48%\u{1b}(B\u{1b}[m  \u{1b}[31m x 0.81\u{1b}(B\u{1b}[m \n \u{1b}[31mac_two_bytes                      \u{1b}(B\u{1b}[m  \u{1b}[31m3,125 (3200 MB/s)         \u{1b}(B\u{1b}[m  \u{1b}[31m3,138 (3186 MB/s)         \u{1b}(B\u{1b}[m  \u{1b}[31m          13\u{1b}(B\u{1b}[m  \u{1b}[31m 0.42%\u{1b}(B\u{1b}[m  \u{1b}[31m x 1.00\u{1b}(B\u{1b}[m \n \u{1b}[31mac_two_diff_prefix                \u{1b}(B\u{1b}[m  \u{1b}[31m3,124 (3201 MB/s)         \u{1b}(B\u{1b}[m  \u{1b}[31m3,138 (3186 MB/s)         \u{1b}(B\u{1b}[m  \u{1b}[31m          14\u{1b}(B\u{1b}[m  \u{1b}[31m 0.45%\u{1b}(B\u{1b}[m  \u{1b}[31m x 1.00\u{1b}(B\u{1b}[m \n \u{1b}[31mac_two_one_prefix_byte_every_match\u{1b}(B\u{1b}[m  \u{1b}[31m112,934 (88 MB/s)         \u{1b}(B\u{1b}[m  \u{1b}[31m150,571 (66 MB/s)         \u{1b}(B\u{1b}[m  \u{1b}[31m      37,637\u{1b}(B\u{1b}[m  \u{1b}[31m33.33%\u{1b}(B\u{1b}[m  \u{1b}[31m x 0.75\u{1b}(B\u{1b}[m \n \u{1b}[31mac_two_one_prefix_byte_no_match   \u{1b}(B\u{1b}[m  \u{1b}[31m350 (28571 MB/s)          \u{1b}(B\u{1b}[m  \u{1b}[31m354 (28248 MB/s)          \u{1b}(B\u{1b}[m  \u{1b}[31m           4\u{1b}(B\u{1b}[m  \u{1b}[31m 1.14%\u{1b}(B\u{1b}[m  \u{1b}[31m x 0.99\u{1b}(B\u{1b}[m \n \u{1b}[31mac_two_one_prefix_byte_random     \u{1b}(B\u{1b}[m  \u{1b}[31m16,511 (605 MB/s)         \u{1b}(B\u{1b}[m  \u{1b}[31m21,009 (476 MB/s)         \u{1b}(B\u{1b}[m  \u{1b}[31m       4,498\u{1b}(B\u{1b}[m  \u{1b}[31m27.24%\u{1b}(B\u{1b}[m  \u{1b}[31m x 0.79\u{1b}(B\u{1b}[m \n"`: stdout does not match expected', tests/integration.rs:130:9
[INFO] [stdout] stack backtrace:
[INFO] [stdout]    0:     0x55e86d99b09a - std::backtrace_rs::backtrace::libunwind::trace::h2f05d0192276a8f6
[INFO] [stdout]                                at /rustc/1b7dd2252b99671ce5d1cb9664c5f8636329436d/library/std/src/../../backtrace/src/backtrace/libunwind.rs:93:5
[INFO] [stdout]    1:     0x55e86d99b09a - std::backtrace_rs::backtrace::trace_unsynchronized::hedc23dff7a1af150
[INFO] [stdout]                                at /rustc/1b7dd2252b99671ce5d1cb9664c5f8636329436d/library/std/src/../../backtrace/src/backtrace/mod.rs:66:5
[INFO] [stdout]    2:     0x55e86d99b09a - std::sys_common::backtrace::_print_fmt::h17541ef7592f3ce2
[INFO] [stdout]                                at /rustc/1b7dd2252b99671ce5d1cb9664c5f8636329436d/library/std/src/sys_common/backtrace.rs:65:5
[INFO] [stdout]    3:     0x55e86d99b09a - <std::sys_common::backtrace::_print::DisplayBacktrace as core::fmt::Display>::fmt::h20f75df5ab0c0792
[INFO] [stdout]                                at /rustc/1b7dd2252b99671ce5d1cb9664c5f8636329436d/library/std/src/sys_common/backtrace.rs:44:22
[INFO] [stdout]    4:     0x55e86d9bf01f - core::fmt::write::h78109e6f466b3af6
[INFO] [stdout]                                at /rustc/1b7dd2252b99671ce5d1cb9664c5f8636329436d/library/core/src/fmt/mod.rs:1254:17
[INFO] [stdout]    5:     0x55e86d997be5 - std::io::Write::write_fmt::hd24bfb68a1b35a25
[INFO] [stdout]                                at /rustc/1b7dd2252b99671ce5d1cb9664c5f8636329436d/library/std/src/io/mod.rs:1698:15
[INFO] [stdout]    6:     0x55e86d99ae65 - std::sys_common::backtrace::_print::h8dac57a9f8fbf9a5
[INFO] [stdout]                                at /rustc/1b7dd2252b99671ce5d1cb9664c5f8636329436d/library/std/src/sys_common/backtrace.rs:47:5
[INFO] [stdout]    7:     0x55e86d99ae65 - std::sys_common::backtrace::print::hf9ecbf41d1aa712f
[INFO] [stdout]                                at /rustc/1b7dd2252b99671ce5d1cb9664c5f8636329436d/library/std/src/sys_common/backtrace.rs:34:9
[INFO] [stdout]    8:     0x55e86d99cb1e - std::panicking::default_hook::{{closure}}::h04c07acfc84ca028
[INFO] [stdout]                                at /rustc/1b7dd2252b99671ce5d1cb9664c5f8636329436d/library/std/src/panicking.rs:269:22
[INFO] [stdout]    9:     0x55e86d99c851 - std::panicking::default_hook::h01f6bb23e1eceb2c
[INFO] [stdout]                                at /rustc/1b7dd2252b99671ce5d1cb9664c5f8636329436d/library/std/src/panicking.rs:285:9
[INFO] [stdout]   10:     0x55e86d96f76b - <alloc::boxed::Box<F,A> as core::ops::function::Fn<Args>>::call::h87fe9f7b2fd49e4c
[INFO] [stdout]                                at /rustc/1b7dd2252b99671ce5d1cb9664c5f8636329436d/library/alloc/src/boxed.rs:1987:9
[INFO] [stdout]   11:     0x55e86d96f76b - test::test_main::{{closure}}::he94d679243a7531b
[INFO] [stdout]                                at /rustc/1b7dd2252b99671ce5d1cb9664c5f8636329436d/library/test/src/lib.rs:134:21
[INFO] [stdout]   12:     0x55e86d99d204 - <alloc::boxed::Box<F,A> as core::ops::function::Fn<Args>>::call::h3f2d6d8b14c4769f
[INFO] [stdout]                                at /rustc/1b7dd2252b99671ce5d1cb9664c5f8636329436d/library/alloc/src/boxed.rs:1987:9
[INFO] [stdout]   13:     0x55e86d99d204 - std::panicking::rust_panic_with_hook::h2bb3722bbaf2f6df
[INFO] [stdout]                                at /rustc/1b7dd2252b99671ce5d1cb9664c5f8636329436d/library/std/src/panicking.rs:695:13
[INFO] [stdout]   14:     0x55e86d99cf79 - std::panicking::begin_panic_handler::{{closure}}::h91bc7f36a4be011b
[INFO] [stdout]                                at /rustc/1b7dd2252b99671ce5d1cb9664c5f8636329436d/library/std/src/panicking.rs:582:13
[INFO] [stdout]   15:     0x55e86d99b506 - std::sys_common::backtrace::__rust_end_short_backtrace::h8b3d3717114f9e59
[INFO] [stdout]                                at /rustc/1b7dd2252b99671ce5d1cb9664c5f8636329436d/library/std/src/sys_common/backtrace.rs:150:18
[INFO] [stdout]   16:     0x55e86d99ccd2 - rust_begin_unwind
[INFO] [stdout]                                at /rustc/1b7dd2252b99671ce5d1cb9664c5f8636329436d/library/std/src/panicking.rs:578:5
[INFO] [stdout]   17:     0x55e86d930b93 - core::panicking::panic_fmt::hfd368e3fbdabea26
[INFO] [stdout]                                at /rustc/1b7dd2252b99671ce5d1cb9664c5f8636329436d/library/core/src/panicking.rs:67:14
[INFO] [stdout]   18:     0x55e86d930f59 - core::panicking::assert_failed_inner::haef49168e1798a91
[INFO] [stdout]   19:     0x55e86d933d9a - core::panicking::assert_failed::h2ff2c4f8cefb437b
[INFO] [stdout]                                at /rustc/1b7dd2252b99671ce5d1cb9664c5f8636329436d/library/core/src/panicking.rs:228:5
[INFO] [stdout]   20:     0x55e86d93752b - integration::CommandUnderTest::stdout_is::h7ab5c9cab4224e18
[INFO] [stdout]                                at /opt/rustwide/workdir/tests/integration.rs:130:9
[INFO] [stdout]   21:     0x55e86d937cea - integration::different_input_colored::hf1149abf58faa242
[INFO] [stdout]                                at /opt/rustwide/workdir/tests/integration.rs:187:5
[INFO] [stdout]   22:     0x55e86d937c37 - integration::different_input_colored::{{closure}}::h46f9c77ef47f5f53
[INFO] [stdout]                                at /opt/rustwide/workdir/tests/integration.rs:186:30
[INFO] [stdout]   23:     0x55e86d93a9f5 - core::ops::function::FnOnce::call_once::hb6651eb091b7eea2
[INFO] [stdout]                                at /rustc/1b7dd2252b99671ce5d1cb9664c5f8636329436d/library/core/src/ops/function.rs:250:5
[INFO] [stdout]   24:     0x55e86d97463f - core::ops::function::FnOnce::call_once::ha6a70e79f7481a7e
[INFO] [stdout]                                at /rustc/1b7dd2252b99671ce5d1cb9664c5f8636329436d/library/core/src/ops/function.rs:250:5
[INFO] [stdout]   25:     0x55e86d97463f - test::__rust_begin_short_backtrace::hce33033019b61e69
[INFO] [stdout]                                at /rustc/1b7dd2252b99671ce5d1cb9664c5f8636329436d/library/test/src/lib.rs:655:18
[INFO] [stdout]   26:     0x55e86d941e2c - test::run_test::{{closure}}::h858d3528838ae3e5
[INFO] [stdout]                                at /rustc/1b7dd2252b99671ce5d1cb9664c5f8636329436d/library/test/src/lib.rs:646:30
[INFO] [stdout]   27:     0x55e86d941e2c - core::ops::function::FnOnce::call_once{{vtable.shim}}::he8ac2b00f01ae79e
[INFO] [stdout]                                at /rustc/1b7dd2252b99671ce5d1cb9664c5f8636329436d/library/core/src/ops/function.rs:250:5
[INFO] [stdout]   28:     0x55e86d973716 - <alloc::boxed::Box<F,A> as core::ops::function::FnOnce<Args>>::call_once::h8093d25b522725ef
[INFO] [stdout]                                at /rustc/1b7dd2252b99671ce5d1cb9664c5f8636329436d/library/alloc/src/boxed.rs:1973:9
[INFO] [stdout]   29:     0x55e86d973716 - <core::panic::unwind_safe::AssertUnwindSafe<F> as core::ops::function::FnOnce<()>>::call_once::h5c334c204e4a3913
[INFO] [stdout]                                at /rustc/1b7dd2252b99671ce5d1cb9664c5f8636329436d/library/core/src/panic/unwind_safe.rs:271:9
[INFO] [stdout]   30:     0x55e86d973716 - std::panicking::try::do_call::ha8b740c7b9478074
[INFO] [stdout]                                at /rustc/1b7dd2252b99671ce5d1cb9664c5f8636329436d/library/std/src/panicking.rs:485:40
[INFO] [stdout]   31:     0x55e86d973716 - std::panicking::try::h5d34f63d0e41b64e
[INFO] [stdout]                                at /rustc/1b7dd2252b99671ce5d1cb9664c5f8636329436d/library/std/src/panicking.rs:449:19
[INFO] [stdout]   32:     0x55e86d973716 - std::panic::catch_unwind::hcfbb511e1aa7fc67
[INFO] [stdout]                                at /rustc/1b7dd2252b99671ce5d1cb9664c5f8636329436d/library/std/src/panic.rs:140:14
[INFO] [stdout]   33:     0x55e86d973716 - test::run_test_in_process::h9abda90f802eaf21
[INFO] [stdout]                                at /rustc/1b7dd2252b99671ce5d1cb9664c5f8636329436d/library/test/src/lib.rs:678:27
[INFO] [stdout]   34:     0x55e86d973716 - test::run_test::run_test_inner::{{closure}}::h0f058de91f6c6edf
[INFO] [stdout]                                at /rustc/1b7dd2252b99671ce5d1cb9664c5f8636329436d/library/test/src/lib.rs:572:39
[INFO] [stdout]   35:     0x55e86d93c635 - test::run_test::run_test_inner::{{closure}}::h5ca48a4c59c6c1fb
[INFO] [stdout]                                at /rustc/1b7dd2252b99671ce5d1cb9664c5f8636329436d/library/test/src/lib.rs:599:37
[INFO] [stdout]   36:     0x55e86d93c635 - std::sys_common::backtrace::__rust_begin_short_backtrace::h32bd51e1495d4a33
[INFO] [stdout]                                at /rustc/1b7dd2252b99671ce5d1cb9664c5f8636329436d/library/std/src/sys_common/backtrace.rs:134:18
[INFO] [stdout]   37:     0x55e86d941b71 - std::thread::Builder::spawn_unchecked_::{{closure}}::{{closure}}::hc086fae9b128b2db
[INFO] [stdout]                                at /rustc/1b7dd2252b99671ce5d1cb9664c5f8636329436d/library/std/src/thread/mod.rs:526:17
[INFO] [stdout]   38:     0x55e86d941b71 - <core::panic::unwind_safe::AssertUnwindSafe<F> as core::ops::function::FnOnce<()>>::call_once::hb66571888d270d43
[INFO] [stdout]                                at /rustc/1b7dd2252b99671ce5d1cb9664c5f8636329436d/library/core/src/panic/unwind_safe.rs:271:9
[INFO] [stdout]   39:     0x55e86d941b71 - std::panicking::try::do_call::h4fa2ef4f6e51fecf
[INFO] [stdout]                                at /rustc/1b7dd2252b99671ce5d1cb9664c5f8636329436d/library/std/src/panicking.rs:485:40
[INFO] [stdout]   40:     0x55e86d941b71 - std::panicking::try::h1e9e22b8584489b5
[INFO] [stdout]                                at /rustc/1b7dd2252b99671ce5d1cb9664c5f8636329436d/library/std/src/panicking.rs:449:19
[INFO] [stdout]   41:     0x55e86d941b71 - std::panic::catch_unwind::h44698a3de0e0769e
[INFO] [stdout]                                at /rustc/1b7dd2252b99671ce5d1cb9664c5f8636329436d/library/std/src/panic.rs:140:14
[INFO] [stdout]   42:     0x55e86d941b71 - std::thread::Builder::spawn_unchecked_::{{closure}}::h50153abde3fe239e
[INFO] [stdout]                                at /rustc/1b7dd2252b99671ce5d1cb9664c5f8636329436d/library/std/src/thread/mod.rs:525:30
[INFO] [stdout]   43:     0x55e86d941b71 - core::ops::function::FnOnce::call_once{{vtable.shim}}::hbe5bbf6f38394364
[INFO] [stdout]                                at /rustc/1b7dd2252b99671ce5d1cb9664c5f8636329436d/library/core/src/ops/function.rs:250:5
[INFO] [stdout]   44:     0x55e86d9a1895 - <alloc::boxed::Box<F,A> as core::ops::function::FnOnce<Args>>::call_once::h0d83cb2920a49046
[INFO] [stdout]                                at /rustc/1b7dd2252b99671ce5d1cb9664c5f8636329436d/library/alloc/src/boxed.rs:1973:9
[INFO] [stdout]   45:     0x55e86d9a1895 - <alloc::boxed::Box<F,A> as core::ops::function::FnOnce<Args>>::call_once::hbe0a008aa7d9ef59
[INFO] [stdout]                                at /rustc/1b7dd2252b99671ce5d1cb9664c5f8636329436d/library/alloc/src/boxed.rs:1973:9
[INFO] [stdout]   46:     0x55e86d9a1895 - std::sys::unix::thread::Thread::new::thread_start::h3a466996bdf6b1f9
[INFO] [stdout]                                at /rustc/1b7dd2252b99671ce5d1cb9664c5f8636329436d/library/std/src/sys/unix/thread.rs:108:17
[INFO] [stdout]   47:     0x7f9b4c7d0b43 - <unknown>
[INFO] [stdout]   48:     0x7f9b4c861bb4 - __clone
[INFO] [stdout]   49:                0x0 - <unknown>
[INFO] [stdout] 
[INFO] [stdout] 
[INFO] [stdout] failures:
[INFO] [stdout]     different_input_colored
[INFO] [stdout] 
[INFO] [stdout] test result: FAILED. 16 passed; 1 failed; 0 ignored; 0 measured; 0 filtered out; finished in 0.11s
[INFO] [stdout] 
[INFO] [stderr] error: test failed, to rerun pass `--test integration`
[INFO] running `Command { std: "docker" "inspect" "51579bef7a3a26a8952d99a7485036f9e9a22b414c185a2a15050ec5b5612e3d", kill_on_drop: false }`
[INFO] running `Command { std: "docker" "rm" "-f" "51579bef7a3a26a8952d99a7485036f9e9a22b414c185a2a15050ec5b5612e3d", kill_on_drop: false }`
[INFO] [stdout] 51579bef7a3a26a8952d99a7485036f9e9a22b414c185a2a15050ec5b5612e3d
