[INFO] cloning repository https://github.com/Bram-Hub/aris
[INFO] running `Command { std: "git" "-c" "credential.helper=" "-c" "credential.helper=/workspace/cargo-home/bin/git-credential-null" "clone" "--bare" "https://github.com/Bram-Hub/aris" "/workspace/cache/git-repos/https%3A%2F%2Fgithub.com%2FBram-Hub%2Faris", kill_on_drop: false }`
[INFO] [stderr] Cloning into bare repository '/workspace/cache/git-repos/https%3A%2F%2Fgithub.com%2FBram-Hub%2Faris'...
[INFO] running `Command { std: "git" "rev-parse" "HEAD", kill_on_drop: false }`
[INFO] [stdout] 4a0c8df86bf1303cf450a730cbc6e39b5022d4ef
[INFO] testing Bram-Hub/aris against beta-2023-04-20 for beta-1.70-1
[INFO] running `Command { std: "git" "clone" "/workspace/cache/git-repos/https%3A%2F%2Fgithub.com%2FBram-Hub%2Faris" "/workspace/builds/worker-0-tc2/source", kill_on_drop: false }`
[INFO] [stderr] Cloning into '/workspace/builds/worker-0-tc2/source'...
[INFO] [stderr] done.
[INFO] validating manifest of git repo https://github.com/Bram-Hub/aris on toolchain beta-2023-04-20
[INFO] running `Command { std: CARGO_HOME="/workspace/cargo-home" RUSTUP_HOME="/workspace/rustup-home" "/workspace/cargo-home/bin/cargo" "+beta-2023-04-20" "metadata" "--manifest-path" "Cargo.toml" "--no-deps", kill_on_drop: false }`
[INFO] started tweaking git repo https://github.com/Bram-Hub/aris
[INFO] finished tweaking git repo https://github.com/Bram-Hub/aris
[INFO] tweaked toml for git repo https://github.com/Bram-Hub/aris written to /workspace/builds/worker-0-tc2/source/Cargo.toml
[INFO] crate git repo https://github.com/Bram-Hub/aris already has a lockfile, it will not be regenerated
[INFO] running `Command { std: CARGO_HOME="/workspace/cargo-home" RUSTUP_HOME="/workspace/rustup-home" "/workspace/cargo-home/bin/cargo" "+beta-2023-04-20" "fetch" "--manifest-path" "Cargo.toml", kill_on_drop: false }`
[INFO] [stderr]     Updating crates.io index
[INFO] [stderr]  Downloading crates ...
[INFO] [stderr]   Downloaded gloo-console v0.2.3
[INFO] [stderr]   Downloaded varisat-internal-macros v0.2.2
[INFO] [stderr]   Downloaded vec_mut_scan v0.3.0
[INFO] [stderr]   Downloaded gloo-storage v0.2.2
[INFO] [stderr]   Downloaded partial_ref_derive v0.3.3
[INFO] [stderr]   Downloaded prokio v0.1.0
[INFO] [stderr]   Downloaded serde-wasm-bindgen v0.5.0
[INFO] [stderr]   Downloaded gloo-file v0.2.3
[INFO] [stderr]   Downloaded scraper v0.14.0
[INFO] [stderr]   Downloaded varisat-formula v0.2.2
[INFO] [stderr]   Downloaded gloo-history v0.1.3
[INFO] [stderr]   Downloaded gloo-worker v0.2.1
[INFO] [stderr]   Downloaded pinned v0.1.0
[INFO] [stderr]   Downloaded frunk_core v0.4.1
[INFO] [stderr]   Downloaded varisat v0.2.2
[INFO] [stderr]   Downloaded partial_ref v0.3.3
[INFO] [stderr]   Downloaded varisat-checker v0.2.2
[INFO] [stderr]   Downloaded varisat-dimacs v0.2.2
[INFO] [stderr]   Downloaded varisat-internal-proof v0.2.2
[INFO] [stderr]   Downloaded yew-macro v0.20.0
[INFO] [stderr]   Downloaded yew v0.20.0
[INFO] [stderr]   Downloaded cbindgen v0.24.3
[INFO] [stderr]   Downloaded gloo v0.8.0
[INFO] [stderr]   Downloaded yew-octicons v0.4.0
[INFO] [stderr]   Downloaded jni v0.10.2
[INFO] running `Command { std: "docker" "create" "-v" "/var/lib/crater-agent-workspace/builds/worker-0-tc2/target:/opt/rustwide/target:rw,Z" "-v" "/var/lib/crater-agent-workspace/builds/worker-0-tc2/source:/opt/rustwide/workdir:ro,Z" "-v" "/var/lib/crater-agent-workspace/cargo-home:/opt/rustwide/cargo-home:ro,Z" "-v" "/var/lib/crater-agent-workspace/rustup-home:/opt/rustwide/rustup-home:ro,Z" "-e" "SOURCE_DIR=/opt/rustwide/workdir" "-e" "CARGO_TARGET_DIR=/opt/rustwide/target" "-e" "CARGO_HOME=/opt/rustwide/cargo-home" "-e" "RUSTUP_HOME=/opt/rustwide/rustup-home" "-w" "/opt/rustwide/workdir" "-m" "1610612736" "--user" "0:0" "--network" "none" "ghcr.io/rust-lang/crates-build-env/linux@sha256:5ff2268d62e97bff2cde7d5815dd6ed5b47097566f13b8d0ca110b04b60e07ed" "/opt/rustwide/cargo-home/bin/cargo" "+beta-2023-04-20" "metadata" "--no-deps" "--format-version=1", kill_on_drop: false }`
[INFO] [stdout] 2761f7e03073e363f21a81ee6ca28b77c642bdfc3e90a8db64e3a6439e9c7fdb
[INFO] running `Command { std: "docker" "start" "-a" "2761f7e03073e363f21a81ee6ca28b77c642bdfc3e90a8db64e3a6439e9c7fdb", kill_on_drop: false }`
[INFO] running `Command { std: "docker" "inspect" "2761f7e03073e363f21a81ee6ca28b77c642bdfc3e90a8db64e3a6439e9c7fdb", kill_on_drop: false }`
[INFO] running `Command { std: "docker" "rm" "-f" "2761f7e03073e363f21a81ee6ca28b77c642bdfc3e90a8db64e3a6439e9c7fdb", kill_on_drop: false }`
[INFO] [stdout] 2761f7e03073e363f21a81ee6ca28b77c642bdfc3e90a8db64e3a6439e9c7fdb
[INFO] running `Command { std: "docker" "create" "-v" "/var/lib/crater-agent-workspace/builds/worker-0-tc2/target:/opt/rustwide/target:rw,Z" "-v" "/var/lib/crater-agent-workspace/builds/worker-0-tc2/source:/opt/rustwide/workdir:ro,Z" "-v" "/var/lib/crater-agent-workspace/cargo-home:/opt/rustwide/cargo-home:ro,Z" "-v" "/var/lib/crater-agent-workspace/rustup-home:/opt/rustwide/rustup-home:ro,Z" "-e" "SOURCE_DIR=/opt/rustwide/workdir" "-e" "CARGO_TARGET_DIR=/opt/rustwide/target" "-e" "CARGO_INCREMENTAL=0" "-e" "RUST_BACKTRACE=full" "-e" "RUSTFLAGS=--cap-lints=warn" "-e" "RUSTDOCFLAGS=--cap-lints=warn" "-e" "CARGO_HOME=/opt/rustwide/cargo-home" "-e" "RUSTUP_HOME=/opt/rustwide/rustup-home" "-w" "/opt/rustwide/workdir" "-m" "1610612736" "--user" "0:0" "--network" "none" "ghcr.io/rust-lang/crates-build-env/linux@sha256:5ff2268d62e97bff2cde7d5815dd6ed5b47097566f13b8d0ca110b04b60e07ed" "/opt/rustwide/cargo-home/bin/cargo" "+beta-2023-04-20" "build" "--frozen" "--message-format=json", kill_on_drop: false }`
[INFO] [stdout] 0ecdd021ac911b977b8d439ba3bfb6e4e6142253023490ce8b5a6bf8828d8504
[INFO] running `Command { std: "docker" "start" "-a" "0ecdd021ac911b977b8d439ba3bfb6e4e6142253023490ce8b5a6bf8828d8504", kill_on_drop: false }`
[INFO] [stderr]    Compiling proc-macro2 v1.0.53
[INFO] [stderr]    Compiling quote v1.0.26
[INFO] [stderr]    Compiling unicode-ident v1.0.8
[INFO] [stderr]    Compiling cfg-if v1.0.0
[INFO] [stderr]    Compiling syn v1.0.109
[INFO] [stderr]    Compiling libc v0.2.140
[INFO] [stderr]    Compiling log v0.4.17
[INFO] [stderr]    Compiling serde_derive v1.0.160
[INFO] [stderr]    Compiling autocfg v1.1.0
[INFO] [stderr]    Compiling serde v1.0.160
[INFO] [stderr]    Compiling once_cell v1.17.1
[INFO] [stderr]    Compiling itoa v1.0.6
[INFO] [stderr]    Compiling serde_json v1.0.94
[INFO] [stderr]    Compiling ryu v1.0.13
[INFO] [stderr]    Compiling wasm-bindgen-shared v0.2.84
[INFO] [stderr]    Compiling bumpalo v3.12.0
[INFO] [stderr]    Compiling version_check v0.9.4
[INFO] [stderr]    Compiling memchr v2.5.0
[INFO] [stderr]    Compiling siphasher v0.3.10
[INFO] [stderr]    Compiling wasm-bindgen v0.2.84
[INFO] [stderr]    Compiling ppv-lite86 v0.2.17
[INFO] [stderr]    Compiling thiserror v1.0.40
[INFO] [stderr]    Compiling smallvec v1.10.0
[INFO] [stderr]    Compiling getrandom v0.1.16
[INFO] [stderr]    Compiling itoa v0.4.8
[INFO] [stderr]    Compiling indexmap v1.9.3
[INFO] [stderr]    Compiling hashbrown v0.12.3
[INFO] [stderr]    Compiling phf_shared v0.10.0
[INFO] [stderr]    Compiling anyhow v1.0.70
[INFO] [stderr]    Compiling phf_shared v0.8.0
[INFO] [stderr]    Compiling rustversion v1.0.12
[INFO] [stderr]    Compiling typenum v1.16.0
[INFO] [stderr]    Compiling heck v0.4.1
[INFO] [stderr]    Compiling futures-core v0.3.27
[INFO] [stderr]    Compiling generic-array v0.14.6
[INFO] [stderr]    Compiling lock_api v0.4.9
[INFO] [stderr]    Compiling proc-macro-hack v0.5.20+deprecated
[INFO] [stderr]    Compiling parking_lot_core v0.9.7
[INFO] [stderr]    Compiling futures-channel v0.3.27
[INFO] [stderr]    Compiling bitflags v1.3.2
[INFO] [stderr]    Compiling num-traits v0.2.15
[INFO] [stderr]    Compiling pin-project-lite v0.2.9
[INFO] [stderr]    Compiling new_debug_unreachable v1.0.4
[INFO] [stderr]    Compiling varisat-formula v0.2.2
[INFO] [stderr]    Compiling byteorder v1.4.3
[INFO] [stderr]    Compiling futures-sink v0.3.27
[INFO] [stderr]    Compiling scopeguard v1.1.0
[INFO] [stderr]    Compiling aho-corasick v0.7.20
[INFO] [stderr]    Compiling syn v2.0.10
[INFO] [stderr]    Compiling getrandom v0.2.8
[INFO] [stderr]    Compiling slab v0.4.8
[INFO] [stderr]    Compiling regex-syntax v0.6.28
[INFO] [stderr]    Compiling either v1.8.1
[INFO] [stderr]    Compiling rand_core v0.5.1
[INFO] [stderr]    Compiling rand_core v0.6.4
[INFO] [stderr]    Compiling unicode-xid v0.2.4
[INFO] [stderr]    Compiling futures-task v0.3.27
[INFO] [stderr]    Compiling precomputed-hash v0.1.1
[INFO] [stderr]    Compiling mac v0.1.1
[INFO] [stderr]    Compiling rand_chacha v0.2.2
[INFO] [stderr]    Compiling rand_pcg v0.2.1
[INFO] [stderr]    Compiling futf v0.1.5
[INFO] [stderr]    Compiling parking_lot v0.12.1
[INFO] [stderr]    Compiling rand_chacha v0.3.1
[INFO] [stderr]    Compiling varisat v0.2.2
[INFO] [stderr]    Compiling varisat-internal-proof v0.2.2
[INFO] [stderr]    Compiling dtoa v0.4.8
[INFO] [stderr]    Compiling rustc-hash v1.1.0
[INFO] [stderr]    Compiling utf-8 v0.7.6
[INFO] [stderr]    Compiling futures-util v0.3.27
[INFO] [stderr]    Compiling rand v0.7.3
[INFO] [stderr]    Compiling rand v0.8.5
[INFO] [stderr]    Compiling tendril v0.4.3
[INFO] [stderr]    Compiling dtoa-short v0.3.3
[INFO] [stderr]    Compiling phf v0.10.1
[INFO] [stderr]    Compiling proc-macro-error-attr v1.0.4
[INFO] [stderr]    Compiling tokio v1.26.0
[INFO] [stderr]    Compiling nodrop v0.1.14
[INFO] [stderr]    Compiling matches v0.1.10
[INFO] [stderr]    Compiling pin-utils v0.1.0
[INFO] [stderr]    Compiling vec_mut_scan v0.3.0
[INFO] [stderr]    Compiling futures-io v0.3.27
[INFO] [stderr]    Compiling convert_case v0.4.0
[INFO] [stderr]    Compiling minimal-lexical v0.2.1
[INFO] [stderr]    Compiling cpufeatures v0.2.5
[INFO] [stderr]    Compiling percent-encoding v2.2.0
[INFO] [stderr]    Compiling stable_deref_trait v1.2.0
[INFO] [stderr]    Compiling leb128 v0.2.5
[INFO] [stderr]    Compiling fixedbitset v0.4.2
[INFO] [stderr]    Compiling servo_arc v0.1.1
[INFO] [stderr]    Compiling itertools v0.10.5
[INFO] [stderr]    Compiling form_urlencoded v1.1.0
[INFO] [stderr]    Compiling fxhash v0.2.1
[INFO] [stderr]    Compiling proc-macro-error v1.0.4
[INFO] [stderr]    Compiling ordered-float v2.10.0
[INFO] [stderr]    Compiling petgraph v0.6.3
[INFO] [stderr]    Compiling nom v7.1.3
[INFO] [stderr]    Compiling strum v0.24.1
[INFO] [stderr]    Compiling phf_generator v0.8.0
[INFO] [stderr]    Compiling thin-slice v0.1.1
[INFO] [stderr]    Compiling unicode-width v0.1.10
[INFO] [stderr]    Compiling phf_generator v0.10.0
[INFO] [stderr]    Compiling crypto-common v0.1.6
[INFO] [stderr]    Compiling block-buffer v0.10.3
[INFO] [stderr]    Compiling cc v1.0.79
[INFO] [stderr]    Compiling prettyplease v0.1.25
[INFO] [stderr]    Compiling phf_codegen v0.8.0
[INFO] [stderr]    Compiling xml-rs v0.8.4
[INFO] [stderr]    Compiling string_cache_codegen v0.5.2
[INFO] [stderr]    Compiling phf_codegen v0.10.0
[INFO] [stderr]    Compiling digest v0.10.6
[INFO] [stderr]    Compiling frunk_core v0.4.1
[INFO] [stderr]    Compiling os_str_bytes v6.4.1
[INFO] [stderr]    Compiling base64 v0.21.0
[INFO] [stderr]    Compiling selectors v0.22.0
[INFO] [stderr]    Compiling maplit v1.0.2
[INFO] [stderr]    Compiling getopts v0.2.21
[INFO] [stderr]    Compiling sha2 v0.10.6
[INFO] [stderr]    Compiling clap_lex v0.2.4
[INFO] [stderr]    Compiling markup5ever v0.11.0
[INFO] [stderr]    Compiling regex v1.7.1
[INFO] [stderr]    Compiling atty v0.2.14
[INFO] [stderr]    Compiling fastrand v1.8.0
[INFO] [stderr]    Compiling adler v1.0.2
[INFO] [stderr]    Compiling textwrap v0.16.0
[INFO] [stderr]    Compiling termcolor v1.2.0
[INFO] [stderr]    Compiling ego-tree v0.6.2
[INFO] [stderr]    Compiling gimli v0.27.1
[INFO] [stderr]    Compiling strsim v0.10.0
[INFO] [stderr]    Compiling anymap2 v0.13.0
[INFO] [stderr]    Compiling same-file v1.0.6
[INFO] [stderr]    Compiling backtrace v0.3.67
[INFO] [stderr]    Compiling remove_dir_all v0.5.3
[INFO] [stderr]    Compiling cbindgen v0.24.3
[INFO] [stderr]    Compiling clap v3.2.23
[INFO] [stderr]    Compiling tempfile v3.3.0
[INFO] [stderr]    Compiling walkdir v2.3.2
[INFO] [stderr]    Compiling thiserror-impl v1.0.40
[INFO] [stderr]    Compiling miniz_oxide v0.6.2
[INFO] [stderr]    Compiling num_cpus v1.15.0
[INFO] [stderr]    Compiling object v0.30.3
[INFO] [stderr]    Compiling error-chain v0.12.4
[INFO] [stderr]    Compiling tracing-core v0.1.30
[INFO] [stderr]    Compiling void v1.0.2
[INFO] [stderr]    Compiling rustc-demangle v0.1.21
[INFO] [stderr]    Compiling boolinator v2.4.0
[INFO] [stderr]    Compiling unreachable v1.0.0
[INFO] [stderr]    Compiling jni v0.10.2
[INFO] [stderr]    Compiling implicit-clone v0.3.5
[INFO] [stderr]    Compiling ascii v0.9.3
[INFO] [stderr]    Compiling jni-sys v0.3.0
[INFO] [stderr]    Compiling tokio-stream v0.1.12
[INFO] [stderr]    Compiling cesu8 v1.1.0
[INFO] [stderr]    Compiling combine v3.8.1
[INFO] [stderr]    Compiling wasm-bindgen-backend v0.2.84
[INFO] [stderr]    Compiling synstructure v0.12.6
[INFO] [stderr]    Compiling varisat-dimacs v0.2.2
[INFO] [stderr]    Compiling wasm-bindgen-macro-support v0.2.84
[INFO] [stderr]    Compiling addr2line v0.19.0
[INFO] [stderr]    Compiling partial_ref_derive v0.3.3
[INFO] [stderr]    Compiling cssparser v0.27.2
[INFO] [stderr]    Compiling phf_macros v0.8.0
[INFO] [stderr]    Compiling html5ever v0.26.0
[INFO] [stderr]    Compiling cssparser-macros v0.6.0
[INFO] [stderr]    Compiling futures-macro v0.3.27
[INFO] [stderr]    Compiling pin-project-internal v1.0.12
[INFO] [stderr]    Compiling varisat-internal-macros v0.2.2
[INFO] [stderr]    Compiling strum_macros v0.24.3
[INFO] [stderr]    Compiling derive_more v0.99.17
[INFO] [stderr]    Compiling tracing-attributes v0.1.23
[INFO] [stderr]    Compiling yew-macro v0.20.0
[INFO] [stderr]    Compiling partial_ref v0.3.3
[INFO] [stderr]    Compiling wasm-bindgen-macro v0.2.84
[INFO] [stderr]    Compiling varisat-checker v0.2.2
[INFO] [stderr]    Compiling phf v0.8.0
[INFO] [stderr]    Compiling derivative v2.2.0
[INFO] [stderr]    Compiling pin-project v1.0.12
[INFO] [stderr]    Compiling tracing v0.1.37
[INFO] [stderr]    Compiling string_cache v0.8.7
[INFO] [stderr]    Compiling serde_urlencoded v0.7.1
[INFO] [stderr]    Compiling bincode v1.3.3
[INFO] [stderr]    Compiling toml v0.5.11
[INFO] [stderr]    Compiling futures v0.3.27
[INFO] [stderr]    Compiling pinned v0.1.0
[INFO] [stderr]    Compiling prokio v0.1.0
[INFO] [stderr]    Compiling js-sys v0.3.61
[INFO] [stderr]    Compiling console_error_panic_hook v0.1.7
[INFO] [stderr]    Compiling scraper v0.14.0
[INFO] [stderr]    Compiling yew-octicons v0.4.0
[INFO] [stderr]    Compiling web-sys v0.3.61
[INFO] [stderr]    Compiling wasm-bindgen-futures v0.4.34
[INFO] [stderr]    Compiling serde-wasm-bindgen v0.4.5
[INFO] [stderr]    Compiling gloo-timers v0.2.6
[INFO] [stderr]    Compiling serde-wasm-bindgen v0.5.0
[INFO] [stderr]    Compiling aris v0.1.0 (/opt/rustwide/workdir/aris)
[INFO] [stderr]    Compiling aris-c v0.1.0 (/opt/rustwide/workdir/bindings/c)
[INFO] [stderr]    Compiling aris-java v0.1.0 (/opt/rustwide/workdir/bindings/java)
[INFO] [stderr]    Compiling aris-auto-grader v0.1.0 (/opt/rustwide/workdir/auto-grader)
[INFO] [stderr]    Compiling aris-js v0.1.0 (/opt/rustwide/workdir/bindings/js)
[INFO] [stderr]    Compiling gloo-utils v0.1.6
[INFO] [stderr]    Compiling gloo-events v0.1.2
[INFO] [stderr]    Compiling gloo-dialogs v0.1.1
[INFO] [stderr]    Compiling gloo-render v0.1.1
[INFO] [stderr]    Compiling gloo-file v0.2.3
[INFO] [stderr]    Compiling gloo-console v0.2.3
[INFO] [stderr]    Compiling gloo-net v0.2.6
[INFO] [stderr]    Compiling gloo-storage v0.2.2
[INFO] [stderr]    Compiling gloo-history v0.1.3
[INFO] [stderr]    Compiling gloo-worker v0.2.1
[INFO] [stderr]    Compiling gloo v0.8.0
[INFO] [stderr]    Compiling yew v0.20.0
[INFO] [stderr]    Compiling aris-web-app v0.1.0 (/opt/rustwide/workdir/web-app)
[INFO] [stderr]     Finished dev [unoptimized + debuginfo] target(s) in 30.30s
[INFO] running `Command { std: "docker" "inspect" "0ecdd021ac911b977b8d439ba3bfb6e4e6142253023490ce8b5a6bf8828d8504", kill_on_drop: false }`
[INFO] running `Command { std: "docker" "rm" "-f" "0ecdd021ac911b977b8d439ba3bfb6e4e6142253023490ce8b5a6bf8828d8504", kill_on_drop: false }`
[INFO] [stdout] 0ecdd021ac911b977b8d439ba3bfb6e4e6142253023490ce8b5a6bf8828d8504
[INFO] running `Command { std: "docker" "create" "-v" "/var/lib/crater-agent-workspace/builds/worker-0-tc2/target:/opt/rustwide/target:rw,Z" "-v" "/var/lib/crater-agent-workspace/builds/worker-0-tc2/source:/opt/rustwide/workdir:ro,Z" "-v" "/var/lib/crater-agent-workspace/cargo-home:/opt/rustwide/cargo-home:ro,Z" "-v" "/var/lib/crater-agent-workspace/rustup-home:/opt/rustwide/rustup-home:ro,Z" "-e" "SOURCE_DIR=/opt/rustwide/workdir" "-e" "CARGO_TARGET_DIR=/opt/rustwide/target" "-e" "CARGO_INCREMENTAL=0" "-e" "RUST_BACKTRACE=full" "-e" "RUSTFLAGS=--cap-lints=warn" "-e" "RUSTDOCFLAGS=--cap-lints=warn" "-e" "CARGO_HOME=/opt/rustwide/cargo-home" "-e" "RUSTUP_HOME=/opt/rustwide/rustup-home" "-w" "/opt/rustwide/workdir" "-m" "1610612736" "--user" "0:0" "--network" "none" "ghcr.io/rust-lang/crates-build-env/linux@sha256:5ff2268d62e97bff2cde7d5815dd6ed5b47097566f13b8d0ca110b04b60e07ed" "/opt/rustwide/cargo-home/bin/cargo" "+beta-2023-04-20" "test" "--frozen" "--no-run" "--message-format=json", kill_on_drop: false }`
[INFO] [stdout] 0ef2d2bd9b56cc89f690425d70e69d2877ef6da7bd72f58470bad55bed3ac104
[INFO] running `Command { std: "docker" "start" "-a" "0ef2d2bd9b56cc89f690425d70e69d2877ef6da7bd72f58470bad55bed3ac104", kill_on_drop: false }`
[INFO] [stderr]     Blocking waiting for file lock on package cache
[INFO] [stderr]    Compiling aris-auto-grader v0.1.0 (/opt/rustwide/workdir/auto-grader)
[INFO] [stderr]    Compiling aris v0.1.0 (/opt/rustwide/workdir/aris)
[INFO] [stderr]    Compiling aris-js v0.1.0 (/opt/rustwide/workdir/bindings/js)
[INFO] [stderr]    Compiling aris-web-app v0.1.0 (/opt/rustwide/workdir/web-app)
[INFO] [stderr]    Compiling aris-java v0.1.0 (/opt/rustwide/workdir/bindings/java)
[INFO] [stderr]    Compiling aris-c v0.1.0 (/opt/rustwide/workdir/bindings/c)
[INFO] [stderr]     Finished test [unoptimized + debuginfo] target(s) in 5.18s
[INFO] running `Command { std: "docker" "inspect" "0ef2d2bd9b56cc89f690425d70e69d2877ef6da7bd72f58470bad55bed3ac104", kill_on_drop: false }`
[INFO] running `Command { std: "docker" "rm" "-f" "0ef2d2bd9b56cc89f690425d70e69d2877ef6da7bd72f58470bad55bed3ac104", kill_on_drop: false }`
[INFO] [stdout] 0ef2d2bd9b56cc89f690425d70e69d2877ef6da7bd72f58470bad55bed3ac104
[INFO] running `Command { std: "docker" "create" "-v" "/var/lib/crater-agent-workspace/builds/worker-0-tc2/target:/opt/rustwide/target:rw,Z" "-v" "/var/lib/crater-agent-workspace/builds/worker-0-tc2/source:/opt/rustwide/workdir:ro,Z" "-v" "/var/lib/crater-agent-workspace/cargo-home:/opt/rustwide/cargo-home:ro,Z" "-v" "/var/lib/crater-agent-workspace/rustup-home:/opt/rustwide/rustup-home:ro,Z" "-e" "SOURCE_DIR=/opt/rustwide/workdir" "-e" "CARGO_TARGET_DIR=/opt/rustwide/target" "-e" "CARGO_INCREMENTAL=0" "-e" "RUST_BACKTRACE=full" "-e" "RUSTFLAGS=--cap-lints=warn" "-e" "RUSTDOCFLAGS=--cap-lints=warn" "-e" "CARGO_HOME=/opt/rustwide/cargo-home" "-e" "RUSTUP_HOME=/opt/rustwide/rustup-home" "-w" "/opt/rustwide/workdir" "-m" "1610612736" "--user" "0:0" "--network" "none" "ghcr.io/rust-lang/crates-build-env/linux@sha256:5ff2268d62e97bff2cde7d5815dd6ed5b47097566f13b8d0ca110b04b60e07ed" "/opt/rustwide/cargo-home/bin/cargo" "+beta-2023-04-20" "test" "--frozen", kill_on_drop: false }`
[INFO] [stdout] e94907a05e6bc43b0e267e778f858f45f6990564a78f0a4cb66554e8d99011fc
[INFO] running `Command { std: "docker" "start" "-a" "e94907a05e6bc43b0e267e778f858f45f6990564a78f0a4cb66554e8d99011fc", kill_on_drop: false }`
[INFO] [stderr]     Finished test [unoptimized + debuginfo] target(s) in 0.11s
[INFO] [stderr]      Running unittests src/lib.rs (/opt/rustwide/target/debug/deps/aris-9db777858ff27dc9)
[INFO] [stdout] 
[INFO] [stdout] running 60 tests
[INFO] [stdout] test expr::tests::test_gen_var ... ok
[INFO] [stdout] test proofs::pooledproof::tests::test_pooledproof_mutating_lines ... ok
[INFO] [stdout] test proofs::pooledproof::tests::prettyprint_pool ... ok
[INFO] [stdout] test proofs::proof_tests::test_subproofful_rules_on_pooledproof::test_equivelim ... ok
[INFO] [stdout] test proofs::proof_tests::test_subproofful_rules_on_pooledproof::test_biconelim ... ok
[INFO] [stdout] test proofs::proof_tests::test_subproofful_rules_on_pooledproof::test_impintro ... ok
[INFO] [stdout] test proofs::proof_tests::test_subproofful_rules_on_pooledproof::test_notintro ... ok
[INFO] [stdout] test proofs::proof_tests::test_subproofful_rules_on_pooledproof::test_biconintro ... ok
[INFO] [stdout] test proofs::proof_tests::test_subproofful_rules_on_pooledproof::test_forallelim ... ok
[INFO] [stdout] test proofs::proof_tests::test_subproofful_rules_on_pooledproof::test_orelim ... ok
[INFO] [stdout] test proofs::proof_tests::test_subproofful_rules_on_pooledproof::test_equivintro ... ok
[INFO] [stdout] test expr::tests::test_combine_associative_ops ... ok
[INFO] [stdout] test proofs::proof_tests::test_subproofless_rules_on_pooledproof::test_andelim ... ok
[INFO] [stdout] test proofs::proof_tests::test_subproofless_rules_on_pooledproof::test_andintro ... ok
[INFO] [stdout] test proofs::proof_tests::test_subproofless_rules_on_pooledproof::test_constructive_dilemma ... ok
[INFO] [stdout] test proofs::proof_tests::test_subproofless_rules_on_pooledproof::test_contelim ... ok
[INFO] [stdout] test proofs::proof_tests::test_subproofless_rules_on_pooledproof::test_annihilation ... ok
[INFO] [stdout] test expr::tests::test_subst ... ok
[INFO] [stdout] test proofs::proof_tests::test_subproofless_rules_on_pooledproof::test_commutation ... ok
[INFO] [stdout] test expr::tests::test_unify ... ok
[INFO] [stdout] test proofs::proof_tests::test_subproofless_rules_on_pooledproof::test_contradictionintro ... ok
[INFO] [stdout] test proofs::proof_tests::test_subproofless_rules_on_pooledproof::test_association ... ok
[INFO] [stdout] test proofs::proof_tests::test_subproofless_rules_on_pooledproof::test_disjunctive_syllogism ... ok
[INFO] [stdout] test proofs::proof_tests::test_subproofless_rules_on_pooledproof::test_empty_rule ... ok
[INFO] [stdout] test proofs::proof_tests::test_subproofful_rules_on_pooledproof::test_existsintro ... ok
[INFO] [stdout] test proofs::proof_tests::test_subproofless_rules_on_pooledproof::test_absorption ... ok
[INFO] [stdout] test proofs::proof_tests::test_subproofless_rules_on_pooledproof::test_hypothetical_syllogism ... ok
[INFO] [stdout] test proofs::proof_tests::test_subproofless_rules_on_pooledproof::test_excluded_middle ... ok
[INFO] [stdout] test proofs::proof_tests::test_subproofless_rules_on_pooledproof::test_adjacency ... ok
[INFO] [stdout] test proofs::proof_tests::test_subproofless_rules_on_pooledproof::test_inverse ... ok
[INFO] [stdout] test proofs::proof_tests::test_subproofless_rules_on_pooledproof::test_impelim ... ok
[INFO] [stdout] test proofs::proof_tests::test_subproofless_rules_on_pooledproof::test_notelim ... ok
[INFO] [stdout] test proofs::proof_tests::test_subproofless_rules_on_pooledproof::test_idempotence ... ok
[INFO] [stdout] test proofs::proof_tests::test_subproofless_rules_on_pooledproof::test_modus_tollens ... ok
[INFO] [stdout] test proofs::proof_tests::test_subproofless_rules_on_pooledproof::test_orintro ... ok
[INFO] [stdout] test proofs::proof_tests::test_subproofless_rules_on_pooledproof::test_doublenegation ... ok
[INFO] [stdout] test proofs::proof_tests::test_subproofful_rules_on_pooledproof::test_forallintro ... ok
[INFO] [stdout] test proofs::proof_tests::test_subproofless_rules_on_pooledproof::test_reit ... ok
[INFO] [stdout] test proofs::proof_tests::test_subproofless_rules_on_pooledproof::test_complement ... ok
[INFO] [stdout] test proofs::proof_tests::test_subproofless_rules_on_pooledproof::test_resolution ... ok
[INFO] [stdout] test proofs::lined_proof::tests::test_from_proof ... ok
[INFO] [stdout] test rewrite_rules::tests::test_permute_ops ... ok
[INFO] [stdout] test proofs::xml_interop::tests::test_xml2 ... ok
[INFO] [stdout] test zipper_vec::test_zippervec_insert_relative ... ok
[INFO] [stdout] test rules::tests::test_either_order ... ok
[INFO] [stdout] test zipper_vec::test_zippervec_pop ... ok
[INFO] [stdout] test equivs::tests::bruteforce_equivalence_truthtables ... ok
[INFO] [stdout] test rewrite_rules::tests::test_reduce_pattern ... ok
[INFO] [stdout] test proofs::proof_tests::test_subproofless_rules_on_pooledproof::test_tautcon ... ok
[INFO] [stdout] test proofs::proof_tests::test_subproofless_rules_on_pooledproof::test_identity ... ok
[INFO] [stdout] test proofs::xml_interop::tests::test_xml ... ok
[INFO] [stdout] test proofs::proof_tests::test_subproofless_rules_on_pooledproof::test_demorgan ... ok
[INFO] [stdout] test proofs::xml_interop::tests::test_xml3 ... ok
[INFO] [stdout] test proofs::proof_tests::test_subproofful_rules_on_pooledproof::test_existselim ... ok
[INFO] [stdout] test proofs::proof_tests::test_subproofless_rules_on_pooledproof::test_weak_induction ... ok
[INFO] [stdout] test proofs::proof_tests::test_subproofless_rules_on_pooledproof::test_distribution ... ok
[INFO] [stdout] test proofs::proof_tests::test_subproofless_rules_on_pooledproof::test_strong_induction ... ok
[INFO] [stdout] test proofs::proof_tests::test_subproofless_rules_on_pooledproof::test_reduction ... ok
[INFO] [stdout] test parser::test_parser ... ok
[INFO] [stdout] test expr::tests::test_expressions_for_depth ... ok
[INFO] [stdout] 
[INFO] [stdout] test result: ok. 60 passed; 0 failed; 0 ignored; 0 measured; 0 filtered out; finished in 0.63s
[INFO] [stdout] 
[INFO] [stderr]      Running unittests src/main.rs (/opt/rustwide/target/debug/deps/aris_auto_grader-458d77aa4d534aa5)
[INFO] [stdout] 
[INFO] [stdout] running 0 tests
[INFO] [stdout] 
[INFO] [stdout] test result: ok. 0 passed; 0 failed; 0 ignored; 0 measured; 0 filtered out; finished in 0.00s
[INFO] [stdout] 
[INFO] [stderr]      Running unittests src/lib.rs (/opt/rustwide/target/debug/deps/aris_c-cca61a1489ce5701)
[INFO] [stdout] 
[INFO] [stdout] running 0 tests
[INFO] [stdout] 
[INFO] [stdout] test result: ok. 0 passed; 0 failed; 0 ignored; 0 measured; 0 filtered out; finished in 0.00s
[INFO] [stdout] 
[INFO] [stderr]      Running unittests src/lib.rs (/opt/rustwide/target/debug/deps/aris_java-1e847b8f7ea06bad)
[INFO] [stdout] 
[INFO] [stdout] running 0 tests
[INFO] [stdout] 
[INFO] [stdout] test result: ok. 0 passed; 0 failed; 0 ignored; 0 measured; 0 filtered out; finished in 0.00s
[INFO] [stdout] 
[INFO] [stderr]      Running unittests src/lib.rs (/opt/rustwide/target/debug/deps/aris_js-546e987799f5126b)
[INFO] [stdout] 
[INFO] [stdout] running 0 tests
[INFO] [stdout] 
[INFO] [stdout] test result: ok. 0 passed; 0 failed; 0 ignored; 0 measured; 0 filtered out; finished in 0.00s
[INFO] [stdout] 
[INFO] [stderr]      Running unittests src/lib.rs (/opt/rustwide/target/debug/deps/aris_web_app-990b03aed1e8716d)
[INFO] [stdout] 
[INFO] [stdout] running 0 tests
[INFO] [stdout] 
[INFO] [stdout] test result: ok. 0 passed; 0 failed; 0 ignored; 0 measured; 0 filtered out; finished in 0.00s
[INFO] [stdout] 
[INFO] [stderr]    Doc-tests aris
[INFO] [stdout] 
[INFO] [stdout] running 26 tests
[INFO] [stdout] test src/equivs.rs - equivs::define_rewrite_rule (line 7) ... ignored
[INFO] [stdout] test src/expr.rs - expr::Expr::into_nnf (line 1173) ... FAILED
[INFO] [stdout] test src/expr.rs - expr::CnfExpr::or (line 1419) ... FAILED
[INFO] [stdout] test src/expr.rs - expr::Expr::into_cnf (line 1152) ... FAILED
[INFO] [stdout] test src/expr.rs - expr::CnfExpr::and (line 1401) ... FAILED
[INFO] [stdout] test src/expr.rs - expr::NnfExpr::not (line 1321) ... FAILED
[INFO] [stdout] test src/expr.rs - expr::CnfExpr::var (line 1389) ... FAILED
[INFO] [stdout] test src/expr.rs - expr::NnfExpr::var (line 1265) ... FAILED
[INFO] [stdout] test src/expr.rs - expr::NnfExpr::taut (line 1220) ... FAILED
[INFO] [stdout] test src/expr.rs - expr::NnfExpr::into_cnf (line 1297) ... FAILED
[INFO] [stdout] test src/proofs.rs - proofs (line 118) - compile fail ... ok
[INFO] [stdout] test src/expr.rs - expr::CnfExpr::contra (line 1361) ... FAILED
[INFO] [stdout] test src/proofs.rs - proofs (line 88) ... FAILED
[INFO] [stdout] test src/proofs.rs - proofs (line 30) ... FAILED
[INFO] [stdout] test src/proofs.rs - proofs (line 57) ... FAILED
[INFO] [stdout] test src/expr.rs - expr::CnfExpr::taut (line 1347) ... FAILED
[INFO] [stdout] test src/expr.rs - expr (line 7) ... FAILED
[INFO] [stdout] test src/expr.rs - expr::NnfExpr::contra (line 1234) ... ok
[INFO] [stdout] test src/expr.rs - expr::CnfExpr (line 167) ... ok
[INFO] [stdout] test src/expr.rs - expr::CnfExpr::to_varisat (line 1445) ... ok
[INFO] [stdout] test src/macros.rs - macros::expand (line 9) ... ok
[INFO] [stdout] test src/expr.rs - expr::CnfExpr::literal (line 1376) ... ok
[INFO] [stdout] test src/expr.rs - expr (line 14) ... ok
[INFO] [stdout] test src/rules.rs - rules::EmptyRule (line 186) ... ok
[INFO] [stdout] test src/expr.rs - expr::NnfExpr::implies (line 1249) ... ok
[INFO] [stdout] test src/expr.rs - expr::NnfExpr::bicon (line 1279) ... ok
[INFO] [stdout] 
[INFO] [stdout] failures:
[INFO] [stdout] 
[INFO] [stdout] ---- src/expr.rs - expr::Expr::into_nnf (line 1173) stdout ----
[INFO] [stdout] Couldn't compile the test.
[INFO] [stdout] ---- src/expr.rs - expr::CnfExpr::or (line 1419) stdout ----
[INFO] [stdout] Couldn't compile the test.
[INFO] [stdout] ---- src/expr.rs - expr::Expr::into_cnf (line 1152) stdout ----
[INFO] [stdout] Couldn't compile the test.
[INFO] [stdout] ---- src/expr.rs - expr::CnfExpr::and (line 1401) stdout ----
[INFO] [stdout] Couldn't compile the test.
[INFO] [stdout] ---- src/expr.rs - expr::NnfExpr::not (line 1321) stdout ----
[INFO] [stdout] Couldn't compile the test.
[INFO] [stdout] ---- src/expr.rs - expr::CnfExpr::var (line 1389) stdout ----
[INFO] [stdout] error: linking with `cc` failed: exit status: 1
[INFO] [stdout]   |
[INFO] [stdout]   = note: LC_ALL="C" PATH="/opt/rustwide/rustup-home/toolchains/beta-2023-04-20-x86_64-unknown-linux-gnu/lib/rustlib/x86_64-unknown-linux-gnu/bin:/opt/rustwide/cargo-home/bin:/usr/local/sbin:/usr/local/bin:/usr/sbin:/usr/bin:/sbin:/bin" VSLANG="1033" "cc" "-m64" "/tmp/rustce81hiM/symbols.o" "/tmp/rustdoctestvRLcWm/rust_out.rust_out.c38b68ff-cgu.0.rcgu.o" "/tmp/rustdoctestvRLcWm/rust_out.38a7fyhsvjn6z0qy.rcgu.o" "-Wl,--as-needed" "-L" "/opt/rustwide/target/debug/deps" "-L" "/opt/rustwide/target/debug/deps" "-L" "/opt/rustwide/rustup-home/toolchains/beta-2023-04-20-x86_64-unknown-linux-gnu/lib/rustlib/x86_64-unknown-linux-gnu/lib" "-Wl,-Bstatic" "/opt/rustwide/target/debug/deps/libaris-7e0fa762814d3f45.rlib" "/opt/rustwide/target/debug/deps/libstrum-d654d2fb7e2b0e1c.rlib" "/opt/rustwide/target/debug/deps/libvarisat-f183301cb0c9ed01.rlib" "/opt/rustwide/target/debug/deps/libleb128-63a13916691adb95.rlib" "/opt/rustwide/target/debug/deps/libordered_float-43b9d796af7e9451.rlib" "/opt/rustwide/target/debug/deps/libnum_traits-2f4f83a22e20467e.rlib" "/opt/rustwide/target/debug/deps/libvec_mut_scan-61451831c66734c6.rlib" "/opt/rustwide/target/debug/deps/libvarisat_checker-af2b3adb19f94478.rlib" "/opt/rustwide/target/debug/deps/liblog-6f3e788ba8b980aa.rlib" "/opt/rustwide/target/debug/deps/libsmallvec-a078f506e4f080f1.rlib" "/opt/rustwide/target/debug/deps/librustc_hash-90b377b8548f0070.rlib" "/opt/rustwide/target/debug/deps/libvarisat_internal_proof-2169bd42a82a0f05.rlib" "/opt/rustwide/target/debug/deps/libvarisat_dimacs-9b59ecb4e3d031e9.rlib" "/opt/rustwide/target/debug/deps/libitoa-d0264c8ce1ce890b.rlib" "/opt/rustwide/target/debug/deps/libvarisat_formula-a24754ccf06c3f80.rlib" "/opt/rustwide/target/debug/deps/libthiserror-54a14495a4be363d.rlib" "/opt/rustwide/target/debug/deps/libanyhow-202c2399db1b5b37.rlib" "/opt/rustwide/target/debug/deps/libpartial_ref-b3895749e738387d.rlib" "/opt/rustwide/target/debug/deps/libpetgraph-63b1fed349b9123a.rlib" "/opt/rustwide/target/debug/deps/libindexmap-483d6a6f45855717.rlib" "/opt/rustwide/target/debug/deps/libhashbrown-14a936eea4e6bab4.rlib" "/opt/rustwide/target/debug/deps/libfixedbitset-2ef746e05260be58.rlib" "/opt/rustwide/target/debug/deps/libsha2-930ba0ebba5934b6.rlib" "/opt/rustwide/target/debug/deps/libcpufeatures-a834a1d164d66bf9.rlib" "/opt/rustwide/target/debug/deps/libcfg_if-97437e183f3ae6e4.rlib" "/opt/rustwide/target/debug/deps/libdigest-77e318a95ae99001.rlib" "/opt/rustwide/target/debug/deps/libblock_buffer-c41a58c81d79df11.rlib" "/opt/rustwide/target/debug/deps/libcrypto_common-4361c928b91c2715.rlib" "/opt/rustwide/target/debug/deps/libgeneric_array-7f439398e68508f6.rlib" "/opt/rustwide/target/debug/deps/libtypenum-ca960b6272e61653.rlib" "/opt/rustwide/target/debug/deps/libbase64-1d8778d69d34a396.rlib" "/opt/rustwide/target/debug/deps/libxml-2ca1670042266d63.rlib" "/opt/rustwide/target/debug/deps/libfrunk_core-38f8c7ddc17729ca.rlib" "/opt/rustwide/target/debug/deps/libnom-8bc6a1fad1e56349.rlib" "/opt/rustwide/target/debug/deps/libmemchr-8265cafec4e150f1.rlib" "/opt/rustwide/target/debug/deps/libserde-0cd5a831f68ab4ef.rlib" "/opt/rustwide/target/debug/deps/libmaplit-7b5b184081e8655b.rlib" "/opt/rustwide/target/debug/deps/libitertools-43d0f26167745a6a.rlib" "/opt/rustwide/target/debug/deps/libeither-5c25f04be8f4efce.rlib" "/opt/rustwide/target/debug/deps/liblazy_static-86422d76b8bd90ed.rlib" "/opt/rustwide/rustup-home/toolchains/beta-2023-04-20-x86_64-unknown-linux-gnu/lib/rustlib/x86_64-unknown-linux-gnu/lib/libstd-0e29cc23c5e02021.rlib" "/opt/rustwide/rustup-home/toolchains/beta-2023-04-20-x86_64-unknown-linux-gnu/lib/rustlib/x86_64-unknown-linux-gnu/lib/libpanic_unwind-d903621768a861d9.rlib" "/opt/rustwide/rustup-home/toolchains/beta-2023-04-20-x86_64-unknown-linux-gnu/lib/rustlib/x86_64-unknown-linux-gnu/lib/libobject-6d0225e655f31c13.rlib" "/opt/rustwide/rustup-home/toolchains/beta-2023-04-20-x86_64-unknown-linux-gnu/lib/rustlib/x86_64-unknown-linux-gnu/lib/libmemchr-9dbaf4eac7eaa079.rlib" "/opt/rustwide/rustup-home/toolchains/beta-2023-04-20-x86_64-unknown-linux-gnu/lib/rustlib/x86_64-unknown-linux-gnu/lib/libaddr2line-27f05b3d42a66dd0.rlib" "/opt/rustwide/rustup-home/toolchains/beta-2023-04-20-x86_64-unknown-linux-gnu/lib/rustlib/x86_64-unknown-linux-gnu/lib/libgimli-4d73f1030321c9a2.rlib" "/opt/rustwide/rustup-home/toolchains/beta-2023-04-20-x86_64-unknown-linux-gnu/lib/rustlib/x86_64-unknown-linux-gnu/lib/librustc_demangle-2846c9e58abd0acb.rlib" "/opt/rustwide/rustup-home/toolchains/beta-2023-04-20-x86_64-unknown-linux-gnu/lib/rustlib/x86_64-unknown-linux-gnu/lib/libstd_detect-a53d0f50415947be.rlib" "/opt/rustwide/rustup-home/toolchains/beta-2023-04-20-x86_64-unknown-linux-gnu/lib/rustlib/x86_64-unknown-linux-gnu/lib/libhashbrown-d48e4b6abc25b9dc.rlib" "/opt/rustwide/rustup-home/toolchains/beta-2023-04-20-x86_64-unknown-linux-gnu/lib/rustlib/x86_64-unknown-linux-gnu/lib/libminiz_oxide-2991859439ef1207.rlib" "/opt/rustwide/rustup-home/toolchains/beta-2023-04-20-x86_64-unknown-linux-gnu/lib/rustlib/x86_64-unknown-linux-gnu/lib/libadler-8a687517e4221bae.rlib" "/opt/rustwide/rustup-home/toolchains/beta-2023-04-20-x86_64-unknown-linux-gnu/lib/rustlib/x86_64-unknown-linux-gnu/lib/librustc_std_workspace_alloc-e07b554f6a67f5b3.rlib" "/opt/rustwide/rustup-home/toolchains/beta-2023-04-20-x86_64-unknown-linux-gnu/lib/rustlib/x86_64-unknown-linux-gnu/lib/libunwind-b68238b7c3c619dd.rlib" "/opt/rustwide/rustup-home/toolchains/beta-2023-04-20-x86_64-unknown-linux-gnu/lib/rustlib/x86_64-unknown-linux-gnu/lib/libcfg_if-d5e213e896c017e4.rlib" "/opt/rustwide/rustup-home/toolchains/beta-2023-04-20-x86_64-unknown-linux-gnu/lib/rustlib/x86_64-unknown-linux-gnu/lib/liblibc-0211a3b2e61d8689.rlib" "/opt/rustwide/rustup-home/toolchains/beta-2023-04-20-x86_64-unknown-linux-gnu/lib/rustlib/x86_64-unknown-linux-gnu/lib/liballoc-b371f055239ba51f.rlib" "/opt/rustwide/rustup-home/toolchains/beta-2023-04-20-x86_64-unknown-linux-gnu/lib/rustlib/x86_64-unknown-linux-gnu/lib/librustc_std_workspace_core-e60518d2760eb01e.rlib" "/opt/rustwide/rustup-home/toolchains/beta-2023-04-20-x86_64-unknown-linux-gnu/lib/rustlib/x86_64-unknown-linux-gnu/lib/libcore-1ad943f92a4b1081.rlib" "/opt/rustwide/rustup-home/toolchains/beta-2023-04-20-x86_64-unknown-linux-gnu/lib/rustlib/x86_64-unknown-linux-gnu/lib/libcompiler_builtins-f0d6e4d0fc1e80b4.rlib" "-Wl,-Bdynamic" "-lgcc_s" "-lutil" "-lrt" "-lpthread" "-lm" "-ldl" "-lc" "-Wl,--eh-frame-hdr" "-Wl,-z,noexecstack" "-L" "/opt/rustwide/rustup-home/toolchains/beta-2023-04-20-x86_64-unknown-linux-gnu/lib/rustlib/x86_64-unknown-linux-gnu/lib" "-o" "/tmp/rustdoctestvRLcWm/rust_out" "-Wl,--gc-sections" "-pie" "-Wl,-z,relro,-z,now" "-nodefaultlibs"
[INFO] [stdout]   = note: collect2: fatal error: ld terminated with signal 9 [Killed]
[INFO] [stdout]           compilation terminated.
[INFO] [stdout]           
[INFO] [stdout] 
[INFO] [stdout] error: aborting due to previous error
[INFO] [stdout] 
[INFO] [stdout] Couldn't compile the test.
[INFO] [stdout] ---- src/expr.rs - expr::NnfExpr::var (line 1265) stdout ----
[INFO] [stdout] Couldn't compile the test.
[INFO] [stdout] ---- src/expr.rs - expr::NnfExpr::taut (line 1220) stdout ----
[INFO] [stdout] Couldn't compile the test.
[INFO] [stdout] ---- src/expr.rs - expr::NnfExpr::into_cnf (line 1297) stdout ----
[INFO] [stdout] error: linking with `cc` failed: exit status: 1
[INFO] [stdout]   |
[INFO] [stdout]   = note: LC_ALL="C" PATH="/opt/rustwide/rustup-home/toolchains/beta-2023-04-20-x86_64-unknown-linux-gnu/lib/rustlib/x86_64-unknown-linux-gnu/bin:/opt/rustwide/cargo-home/bin:/usr/local/sbin:/usr/local/bin:/usr/sbin:/usr/bin:/sbin:/bin" VSLANG="1033" "cc" "-m64" "/tmp/rustcwhncqz/symbols.o" "/tmp/rustdoctestTOuhja/rust_out.rust_out.c38b68ff-cgu.0.rcgu.o" "/tmp/rustdoctestTOuhja/rust_out.38a7fyhsvjn6z0qy.rcgu.o" "-Wl,--as-needed" "-L" "/opt/rustwide/target/debug/deps" "-L" "/opt/rustwide/target/debug/deps" "-L" "/opt/rustwide/rustup-home/toolchains/beta-2023-04-20-x86_64-unknown-linux-gnu/lib/rustlib/x86_64-unknown-linux-gnu/lib" "-Wl,-Bstatic" "/opt/rustwide/target/debug/deps/libaris-7e0fa762814d3f45.rlib" "/opt/rustwide/target/debug/deps/libstrum-d654d2fb7e2b0e1c.rlib" "/opt/rustwide/target/debug/deps/libvarisat-f183301cb0c9ed01.rlib" "/opt/rustwide/target/debug/deps/libleb128-63a13916691adb95.rlib" "/opt/rustwide/target/debug/deps/libordered_float-43b9d796af7e9451.rlib" "/opt/rustwide/target/debug/deps/libnum_traits-2f4f83a22e20467e.rlib" "/opt/rustwide/target/debug/deps/libvec_mut_scan-61451831c66734c6.rlib" "/opt/rustwide/target/debug/deps/libvarisat_checker-af2b3adb19f94478.rlib" "/opt/rustwide/target/debug/deps/liblog-6f3e788ba8b980aa.rlib" "/opt/rustwide/target/debug/deps/libsmallvec-a078f506e4f080f1.rlib" "/opt/rustwide/target/debug/deps/librustc_hash-90b377b8548f0070.rlib" "/opt/rustwide/target/debug/deps/libvarisat_internal_proof-2169bd42a82a0f05.rlib" "/opt/rustwide/target/debug/deps/libvarisat_dimacs-9b59ecb4e3d031e9.rlib" "/opt/rustwide/target/debug/deps/libitoa-d0264c8ce1ce890b.rlib" "/opt/rustwide/target/debug/deps/libvarisat_formula-a24754ccf06c3f80.rlib" "/opt/rustwide/target/debug/deps/libthiserror-54a14495a4be363d.rlib" "/opt/rustwide/target/debug/deps/libanyhow-202c2399db1b5b37.rlib" "/opt/rustwide/target/debug/deps/libpartial_ref-b3895749e738387d.rlib" "/opt/rustwide/target/debug/deps/libpetgraph-63b1fed349b9123a.rlib" "/opt/rustwide/target/debug/deps/libindexmap-483d6a6f45855717.rlib" "/opt/rustwide/target/debug/deps/libhashbrown-14a936eea4e6bab4.rlib" "/opt/rustwide/target/debug/deps/libfixedbitset-2ef746e05260be58.rlib" "/opt/rustwide/target/debug/deps/libsha2-930ba0ebba5934b6.rlib" "/opt/rustwide/target/debug/deps/libcpufeatures-a834a1d164d66bf9.rlib" "/opt/rustwide/target/debug/deps/libcfg_if-97437e183f3ae6e4.rlib" "/opt/rustwide/target/debug/deps/libdigest-77e318a95ae99001.rlib" "/opt/rustwide/target/debug/deps/libblock_buffer-c41a58c81d79df11.rlib" "/opt/rustwide/target/debug/deps/libcrypto_common-4361c928b91c2715.rlib" "/opt/rustwide/target/debug/deps/libgeneric_array-7f439398e68508f6.rlib" "/opt/rustwide/target/debug/deps/libtypenum-ca960b6272e61653.rlib" "/opt/rustwide/target/debug/deps/libbase64-1d8778d69d34a396.rlib" "/opt/rustwide/target/debug/deps/libxml-2ca1670042266d63.rlib" "/opt/rustwide/target/debug/deps/libfrunk_core-38f8c7ddc17729ca.rlib" "/opt/rustwide/target/debug/deps/libnom-8bc6a1fad1e56349.rlib" "/opt/rustwide/target/debug/deps/libmemchr-8265cafec4e150f1.rlib" "/opt/rustwide/target/debug/deps/libserde-0cd5a831f68ab4ef.rlib" "/opt/rustwide/target/debug/deps/libmaplit-7b5b184081e8655b.rlib" "/opt/rustwide/target/debug/deps/libitertools-43d0f26167745a6a.rlib" "/opt/rustwide/target/debug/deps/libeither-5c25f04be8f4efce.rlib" "/opt/rustwide/target/debug/deps/liblazy_static-86422d76b8bd90ed.rlib" "/opt/rustwide/rustup-home/toolchains/beta-2023-04-20-x86_64-unknown-linux-gnu/lib/rustlib/x86_64-unknown-linux-gnu/lib/libstd-0e29cc23c5e02021.rlib" "/opt/rustwide/rustup-home/toolchains/beta-2023-04-20-x86_64-unknown-linux-gnu/lib/rustlib/x86_64-unknown-linux-gnu/lib/libpanic_unwind-d903621768a861d9.rlib" "/opt/rustwide/rustup-home/toolchains/beta-2023-04-20-x86_64-unknown-linux-gnu/lib/rustlib/x86_64-unknown-linux-gnu/lib/libobject-6d0225e655f31c13.rlib" "/opt/rustwide/rustup-home/toolchains/beta-2023-04-20-x86_64-unknown-linux-gnu/lib/rustlib/x86_64-unknown-linux-gnu/lib/libmemchr-9dbaf4eac7eaa079.rlib" "/opt/rustwide/rustup-home/toolchains/beta-2023-04-20-x86_64-unknown-linux-gnu/lib/rustlib/x86_64-unknown-linux-gnu/lib/libaddr2line-27f05b3d42a66dd0.rlib" "/opt/rustwide/rustup-home/toolchains/beta-2023-04-20-x86_64-unknown-linux-gnu/lib/rustlib/x86_64-unknown-linux-gnu/lib/libgimli-4d73f1030321c9a2.rlib" "/opt/rustwide/rustup-home/toolchains/beta-2023-04-20-x86_64-unknown-linux-gnu/lib/rustlib/x86_64-unknown-linux-gnu/lib/librustc_demangle-2846c9e58abd0acb.rlib" "/opt/rustwide/rustup-home/toolchains/beta-2023-04-20-x86_64-unknown-linux-gnu/lib/rustlib/x86_64-unknown-linux-gnu/lib/libstd_detect-a53d0f50415947be.rlib" "/opt/rustwide/rustup-home/toolchains/beta-2023-04-20-x86_64-unknown-linux-gnu/lib/rustlib/x86_64-unknown-linux-gnu/lib/libhashbrown-d48e4b6abc25b9dc.rlib" "/opt/rustwide/rustup-home/toolchains/beta-2023-04-20-x86_64-unknown-linux-gnu/lib/rustlib/x86_64-unknown-linux-gnu/lib/libminiz_oxide-2991859439ef1207.rlib" "/opt/rustwide/rustup-home/toolchains/beta-2023-04-20-x86_64-unknown-linux-gnu/lib/rustlib/x86_64-unknown-linux-gnu/lib/libadler-8a687517e4221bae.rlib" "/opt/rustwide/rustup-home/toolchains/beta-2023-04-20-x86_64-unknown-linux-gnu/lib/rustlib/x86_64-unknown-linux-gnu/lib/librustc_std_workspace_alloc-e07b554f6a67f5b3.rlib" "/opt/rustwide/rustup-home/toolchains/beta-2023-04-20-x86_64-unknown-linux-gnu/lib/rustlib/x86_64-unknown-linux-gnu/lib/libunwind-b68238b7c3c619dd.rlib" "/opt/rustwide/rustup-home/toolchains/beta-2023-04-20-x86_64-unknown-linux-gnu/lib/rustlib/x86_64-unknown-linux-gnu/lib/libcfg_if-d5e213e896c017e4.rlib" "/opt/rustwide/rustup-home/toolchains/beta-2023-04-20-x86_64-unknown-linux-gnu/lib/rustlib/x86_64-unknown-linux-gnu/lib/liblibc-0211a3b2e61d8689.rlib" "/opt/rustwide/rustup-home/toolchains/beta-2023-04-20-x86_64-unknown-linux-gnu/lib/rustlib/x86_64-unknown-linux-gnu/lib/liballoc-b371f055239ba51f.rlib" "/opt/rustwide/rustup-home/toolchains/beta-2023-04-20-x86_64-unknown-linux-gnu/lib/rustlib/x86_64-unknown-linux-gnu/lib/librustc_std_workspace_core-e60518d2760eb01e.rlib" "/opt/rustwide/rustup-home/toolchains/beta-2023-04-20-x86_64-unknown-linux-gnu/lib/rustlib/x86_64-unknown-linux-gnu/lib/libcore-1ad943f92a4b1081.rlib" "/opt/rustwide/rustup-home/toolchains/beta-2023-04-20-x86_64-unknown-linux-gnu/lib/rustlib/x86_64-unknown-linux-gnu/lib/libcompiler_builtins-f0d6e4d0fc1e80b4.rlib" "-Wl,-Bdynamic" "-lgcc_s" "-lutil" "-lrt" "-lpthread" "-lm" "-ldl" "-lc" "-Wl,--eh-frame-hdr" "-Wl,-z,noexecstack" "-L" "/opt/rustwide/rustup-home/toolchains/beta-2023-04-20-x86_64-unknown-linux-gnu/lib/rustlib/x86_64-unknown-linux-gnu/lib" "-o" "/tmp/rustdoctestTOuhja/rust_out" "-Wl,--gc-sections" "-pie" "-Wl,-z,relro,-z,now" "-nodefaultlibs"
[INFO] [stdout]   = note: collect2: fatal error: ld terminated with signal 9 [Killed]
[INFO] [stdout]           compilation terminated.
[INFO] [stdout]           
[INFO] [stdout] 
[INFO] [stdout] error: aborting due to previous error
[INFO] [stdout] 
[INFO] [stdout] Couldn't compile the test.
[INFO] [stdout] ---- src/expr.rs - expr::CnfExpr::contra (line 1361) stdout ----
[INFO] [stdout] error: linking with `cc` failed: exit status: 1
[INFO] [stdout]   |
[INFO] [stdout]   = note: LC_ALL="C" PATH="/opt/rustwide/rustup-home/toolchains/beta-2023-04-20-x86_64-unknown-linux-gnu/lib/rustlib/x86_64-unknown-linux-gnu/bin:/opt/rustwide/cargo-home/bin:/usr/local/sbin:/usr/local/bin:/usr/sbin:/usr/bin:/sbin:/bin" VSLANG="1033" "cc" "-m64" "/tmp/rustctjRojS/symbols.o" "/tmp/rustdoctestkXJO1g/rust_out.rust_out.c38b68ff-cgu.0.rcgu.o" "/tmp/rustdoctestkXJO1g/rust_out.38a7fyhsvjn6z0qy.rcgu.o" "-Wl,--as-needed" "-L" "/opt/rustwide/target/debug/deps" "-L" "/opt/rustwide/target/debug/deps" "-L" "/opt/rustwide/rustup-home/toolchains/beta-2023-04-20-x86_64-unknown-linux-gnu/lib/rustlib/x86_64-unknown-linux-gnu/lib" "-Wl,-Bstatic" "/opt/rustwide/target/debug/deps/libaris-7e0fa762814d3f45.rlib" "/opt/rustwide/target/debug/deps/libstrum-d654d2fb7e2b0e1c.rlib" "/opt/rustwide/target/debug/deps/libvarisat-f183301cb0c9ed01.rlib" "/opt/rustwide/target/debug/deps/libleb128-63a13916691adb95.rlib" "/opt/rustwide/target/debug/deps/libordered_float-43b9d796af7e9451.rlib" "/opt/rustwide/target/debug/deps/libnum_traits-2f4f83a22e20467e.rlib" "/opt/rustwide/target/debug/deps/libvec_mut_scan-61451831c66734c6.rlib" "/opt/rustwide/target/debug/deps/libvarisat_checker-af2b3adb19f94478.rlib" "/opt/rustwide/target/debug/deps/liblog-6f3e788ba8b980aa.rlib" "/opt/rustwide/target/debug/deps/libsmallvec-a078f506e4f080f1.rlib" "/opt/rustwide/target/debug/deps/librustc_hash-90b377b8548f0070.rlib" "/opt/rustwide/target/debug/deps/libvarisat_internal_proof-2169bd42a82a0f05.rlib" "/opt/rustwide/target/debug/deps/libvarisat_dimacs-9b59ecb4e3d031e9.rlib" "/opt/rustwide/target/debug/deps/libitoa-d0264c8ce1ce890b.rlib" "/opt/rustwide/target/debug/deps/libvarisat_formula-a24754ccf06c3f80.rlib" "/opt/rustwide/target/debug/deps/libthiserror-54a14495a4be363d.rlib" "/opt/rustwide/target/debug/deps/libanyhow-202c2399db1b5b37.rlib" "/opt/rustwide/target/debug/deps/libpartial_ref-b3895749e738387d.rlib" "/opt/rustwide/target/debug/deps/libpetgraph-63b1fed349b9123a.rlib" "/opt/rustwide/target/debug/deps/libindexmap-483d6a6f45855717.rlib" "/opt/rustwide/target/debug/deps/libhashbrown-14a936eea4e6bab4.rlib" "/opt/rustwide/target/debug/deps/libfixedbitset-2ef746e05260be58.rlib" "/opt/rustwide/target/debug/deps/libsha2-930ba0ebba5934b6.rlib" "/opt/rustwide/target/debug/deps/libcpufeatures-a834a1d164d66bf9.rlib" "/opt/rustwide/target/debug/deps/libcfg_if-97437e183f3ae6e4.rlib" "/opt/rustwide/target/debug/deps/libdigest-77e318a95ae99001.rlib" "/opt/rustwide/target/debug/deps/libblock_buffer-c41a58c81d79df11.rlib" "/opt/rustwide/target/debug/deps/libcrypto_common-4361c928b91c2715.rlib" "/opt/rustwide/target/debug/deps/libgeneric_array-7f439398e68508f6.rlib" "/opt/rustwide/target/debug/deps/libtypenum-ca960b6272e61653.rlib" "/opt/rustwide/target/debug/deps/libbase64-1d8778d69d34a396.rlib" "/opt/rustwide/target/debug/deps/libxml-2ca1670042266d63.rlib" "/opt/rustwide/target/debug/deps/libfrunk_core-38f8c7ddc17729ca.rlib" "/opt/rustwide/target/debug/deps/libnom-8bc6a1fad1e56349.rlib" "/opt/rustwide/target/debug/deps/libmemchr-8265cafec4e150f1.rlib" "/opt/rustwide/target/debug/deps/libserde-0cd5a831f68ab4ef.rlib" "/opt/rustwide/target/debug/deps/libmaplit-7b5b184081e8655b.rlib" "/opt/rustwide/target/debug/deps/libitertools-43d0f26167745a6a.rlib" "/opt/rustwide/target/debug/deps/libeither-5c25f04be8f4efce.rlib" "/opt/rustwide/target/debug/deps/liblazy_static-86422d76b8bd90ed.rlib" "/opt/rustwide/rustup-home/toolchains/beta-2023-04-20-x86_64-unknown-linux-gnu/lib/rustlib/x86_64-unknown-linux-gnu/lib/libstd-0e29cc23c5e02021.rlib" "/opt/rustwide/rustup-home/toolchains/beta-2023-04-20-x86_64-unknown-linux-gnu/lib/rustlib/x86_64-unknown-linux-gnu/lib/libpanic_unwind-d903621768a861d9.rlib" "/opt/rustwide/rustup-home/toolchains/beta-2023-04-20-x86_64-unknown-linux-gnu/lib/rustlib/x86_64-unknown-linux-gnu/lib/libobject-6d0225e655f31c13.rlib" "/opt/rustwide/rustup-home/toolchains/beta-2023-04-20-x86_64-unknown-linux-gnu/lib/rustlib/x86_64-unknown-linux-gnu/lib/libmemchr-9dbaf4eac7eaa079.rlib" "/opt/rustwide/rustup-home/toolchains/beta-2023-04-20-x86_64-unknown-linux-gnu/lib/rustlib/x86_64-unknown-linux-gnu/lib/libaddr2line-27f05b3d42a66dd0.rlib" "/opt/rustwide/rustup-home/toolchains/beta-2023-04-20-x86_64-unknown-linux-gnu/lib/rustlib/x86_64-unknown-linux-gnu/lib/libgimli-4d73f1030321c9a2.rlib" "/opt/rustwide/rustup-home/toolchains/beta-2023-04-20-x86_64-unknown-linux-gnu/lib/rustlib/x86_64-unknown-linux-gnu/lib/librustc_demangle-2846c9e58abd0acb.rlib" "/opt/rustwide/rustup-home/toolchains/beta-2023-04-20-x86_64-unknown-linux-gnu/lib/rustlib/x86_64-unknown-linux-gnu/lib/libstd_detect-a53d0f50415947be.rlib" "/opt/rustwide/rustup-home/toolchains/beta-2023-04-20-x86_64-unknown-linux-gnu/lib/rustlib/x86_64-unknown-linux-gnu/lib/libhashbrown-d48e4b6abc25b9dc.rlib" "/opt/rustwide/rustup-home/toolchains/beta-2023-04-20-x86_64-unknown-linux-gnu/lib/rustlib/x86_64-unknown-linux-gnu/lib/libminiz_oxide-2991859439ef1207.rlib" "/opt/rustwide/rustup-home/toolchains/beta-2023-04-20-x86_64-unknown-linux-gnu/lib/rustlib/x86_64-unknown-linux-gnu/lib/libadler-8a687517e4221bae.rlib" "/opt/rustwide/rustup-home/toolchains/beta-2023-04-20-x86_64-unknown-linux-gnu/lib/rustlib/x86_64-unknown-linux-gnu/lib/librustc_std_workspace_alloc-e07b554f6a67f5b3.rlib" "/opt/rustwide/rustup-home/toolchains/beta-2023-04-20-x86_64-unknown-linux-gnu/lib/rustlib/x86_64-unknown-linux-gnu/lib/libunwind-b68238b7c3c619dd.rlib" "/opt/rustwide/rustup-home/toolchains/beta-2023-04-20-x86_64-unknown-linux-gnu/lib/rustlib/x86_64-unknown-linux-gnu/lib/libcfg_if-d5e213e896c017e4.rlib" "/opt/rustwide/rustup-home/toolchains/beta-2023-04-20-x86_64-unknown-linux-gnu/lib/rustlib/x86_64-unknown-linux-gnu/lib/liblibc-0211a3b2e61d8689.rlib" "/opt/rustwide/rustup-home/toolchains/beta-2023-04-20-x86_64-unknown-linux-gnu/lib/rustlib/x86_64-unknown-linux-gnu/lib/liballoc-b371f055239ba51f.rlib" "/opt/rustwide/rustup-home/toolchains/beta-2023-04-20-x86_64-unknown-linux-gnu/lib/rustlib/x86_64-unknown-linux-gnu/lib/librustc_std_workspace_core-e60518d2760eb01e.rlib" "/opt/rustwide/rustup-home/toolchains/beta-2023-04-20-x86_64-unknown-linux-gnu/lib/rustlib/x86_64-unknown-linux-gnu/lib/libcore-1ad943f92a4b1081.rlib" "/opt/rustwide/rustup-home/toolchains/beta-2023-04-20-x86_64-unknown-linux-gnu/lib/rustlib/x86_64-unknown-linux-gnu/lib/libcompiler_builtins-f0d6e4d0fc1e80b4.rlib" "-Wl,-Bdynamic" "-lgcc_s" "-lutil" "-lrt" "-lpthread" "-lm" "-ldl" "-lc" "-Wl,--eh-frame-hdr" "-Wl,-z,noexecstack" "-L" "/opt/rustwide/rustup-home/toolchains/beta-2023-04-20-x86_64-unknown-linux-gnu/lib/rustlib/x86_64-unknown-linux-gnu/lib" "-o" "/tmp/rustdoctestkXJO1g/rust_out" "-Wl,--gc-sections" "-pie" "-Wl,-z,relro,-z,now" "-nodefaultlibs"
[INFO] [stdout]   = note: collect2: fatal error: ld terminated with signal 9 [Killed]
[INFO] [stdout]           compilation terminated.
[INFO] [stdout]           
[INFO] [stdout] 
[INFO] [stdout] error: aborting due to previous error
[INFO] [stdout] 
[INFO] [stdout] Couldn't compile the test.
[INFO] [stdout] ---- src/proofs.rs - proofs (line 88) stdout ----
[INFO] [stdout] Couldn't compile the test.
[INFO] [stdout] ---- src/proofs.rs - proofs (line 30) stdout ----
[INFO] [stdout] Couldn't compile the test.
[INFO] [stdout] ---- src/proofs.rs - proofs (line 57) stdout ----
[INFO] [stdout] Couldn't compile the test.
[INFO] [stdout] ---- src/expr.rs - expr::CnfExpr::taut (line 1347) stdout ----
[INFO] [stdout] error: linking with `cc` failed: exit status: 1
[INFO] [stdout]   |
[INFO] [stdout]   = note: LC_ALL="C" PATH="/opt/rustwide/rustup-home/toolchains/beta-2023-04-20-x86_64-unknown-linux-gnu/lib/rustlib/x86_64-unknown-linux-gnu/bin:/opt/rustwide/cargo-home/bin:/usr/local/sbin:/usr/local/bin:/usr/sbin:/usr/bin:/sbin:/bin" VSLANG="1033" "cc" "-m64" "/tmp/rustcFY3Ib7/symbols.o" "/tmp/rustdoctestJsseI4/rust_out.rust_out.c38b68ff-cgu.0.rcgu.o" "/tmp/rustdoctestJsseI4/rust_out.38a7fyhsvjn6z0qy.rcgu.o" "-Wl,--as-needed" "-L" "/opt/rustwide/target/debug/deps" "-L" "/opt/rustwide/target/debug/deps" "-L" "/opt/rustwide/rustup-home/toolchains/beta-2023-04-20-x86_64-unknown-linux-gnu/lib/rustlib/x86_64-unknown-linux-gnu/lib" "-Wl,-Bstatic" "/opt/rustwide/target/debug/deps/libaris-7e0fa762814d3f45.rlib" "/opt/rustwide/target/debug/deps/libstrum-d654d2fb7e2b0e1c.rlib" "/opt/rustwide/target/debug/deps/libvarisat-f183301cb0c9ed01.rlib" "/opt/rustwide/target/debug/deps/libleb128-63a13916691adb95.rlib" "/opt/rustwide/target/debug/deps/libordered_float-43b9d796af7e9451.rlib" "/opt/rustwide/target/debug/deps/libnum_traits-2f4f83a22e20467e.rlib" "/opt/rustwide/target/debug/deps/libvec_mut_scan-61451831c66734c6.rlib" "/opt/rustwide/target/debug/deps/libvarisat_checker-af2b3adb19f94478.rlib" "/opt/rustwide/target/debug/deps/liblog-6f3e788ba8b980aa.rlib" "/opt/rustwide/target/debug/deps/libsmallvec-a078f506e4f080f1.rlib" "/opt/rustwide/target/debug/deps/librustc_hash-90b377b8548f0070.rlib" "/opt/rustwide/target/debug/deps/libvarisat_internal_proof-2169bd42a82a0f05.rlib" "/opt/rustwide/target/debug/deps/libvarisat_dimacs-9b59ecb4e3d031e9.rlib" "/opt/rustwide/target/debug/deps/libitoa-d0264c8ce1ce890b.rlib" "/opt/rustwide/target/debug/deps/libvarisat_formula-a24754ccf06c3f80.rlib" "/opt/rustwide/target/debug/deps/libthiserror-54a14495a4be363d.rlib" "/opt/rustwide/target/debug/deps/libanyhow-202c2399db1b5b37.rlib" "/opt/rustwide/target/debug/deps/libpartial_ref-b3895749e738387d.rlib" "/opt/rustwide/target/debug/deps/libpetgraph-63b1fed349b9123a.rlib" "/opt/rustwide/target/debug/deps/libindexmap-483d6a6f45855717.rlib" "/opt/rustwide/target/debug/deps/libhashbrown-14a936eea4e6bab4.rlib" "/opt/rustwide/target/debug/deps/libfixedbitset-2ef746e05260be58.rlib" "/opt/rustwide/target/debug/deps/libsha2-930ba0ebba5934b6.rlib" "/opt/rustwide/target/debug/deps/libcpufeatures-a834a1d164d66bf9.rlib" "/opt/rustwide/target/debug/deps/libcfg_if-97437e183f3ae6e4.rlib" "/opt/rustwide/target/debug/deps/libdigest-77e318a95ae99001.rlib" "/opt/rustwide/target/debug/deps/libblock_buffer-c41a58c81d79df11.rlib" "/opt/rustwide/target/debug/deps/libcrypto_common-4361c928b91c2715.rlib" "/opt/rustwide/target/debug/deps/libgeneric_array-7f439398e68508f6.rlib" "/opt/rustwide/target/debug/deps/libtypenum-ca960b6272e61653.rlib" "/opt/rustwide/target/debug/deps/libbase64-1d8778d69d34a396.rlib" "/opt/rustwide/target/debug/deps/libxml-2ca1670042266d63.rlib" "/opt/rustwide/target/debug/deps/libfrunk_core-38f8c7ddc17729ca.rlib" "/opt/rustwide/target/debug/deps/libnom-8bc6a1fad1e56349.rlib" "/opt/rustwide/target/debug/deps/libmemchr-8265cafec4e150f1.rlib" "/opt/rustwide/target/debug/deps/libserde-0cd5a831f68ab4ef.rlib" "/opt/rustwide/target/debug/deps/libmaplit-7b5b184081e8655b.rlib" "/opt/rustwide/target/debug/deps/libitertools-43d0f26167745a6a.rlib" "/opt/rustwide/target/debug/deps/libeither-5c25f04be8f4efce.rlib" "/opt/rustwide/target/debug/deps/liblazy_static-86422d76b8bd90ed.rlib" "/opt/rustwide/rustup-home/toolchains/beta-2023-04-20-x86_64-unknown-linux-gnu/lib/rustlib/x86_64-unknown-linux-gnu/lib/libstd-0e29cc23c5e02021.rlib" "/opt/rustwide/rustup-home/toolchains/beta-2023-04-20-x86_64-unknown-linux-gnu/lib/rustlib/x86_64-unknown-linux-gnu/lib/libpanic_unwind-d903621768a861d9.rlib" "/opt/rustwide/rustup-home/toolchains/beta-2023-04-20-x86_64-unknown-linux-gnu/lib/rustlib/x86_64-unknown-linux-gnu/lib/libobject-6d0225e655f31c13.rlib" "/opt/rustwide/rustup-home/toolchains/beta-2023-04-20-x86_64-unknown-linux-gnu/lib/rustlib/x86_64-unknown-linux-gnu/lib/libmemchr-9dbaf4eac7eaa079.rlib" "/opt/rustwide/rustup-home/toolchains/beta-2023-04-20-x86_64-unknown-linux-gnu/lib/rustlib/x86_64-unknown-linux-gnu/lib/libaddr2line-27f05b3d42a66dd0.rlib" "/opt/rustwide/rustup-home/toolchains/beta-2023-04-20-x86_64-unknown-linux-gnu/lib/rustlib/x86_64-unknown-linux-gnu/lib/libgimli-4d73f1030321c9a2.rlib" "/opt/rustwide/rustup-home/toolchains/beta-2023-04-20-x86_64-unknown-linux-gnu/lib/rustlib/x86_64-unknown-linux-gnu/lib/librustc_demangle-2846c9e58abd0acb.rlib" "/opt/rustwide/rustup-home/toolchains/beta-2023-04-20-x86_64-unknown-linux-gnu/lib/rustlib/x86_64-unknown-linux-gnu/lib/libstd_detect-a53d0f50415947be.rlib" "/opt/rustwide/rustup-home/toolchains/beta-2023-04-20-x86_64-unknown-linux-gnu/lib/rustlib/x86_64-unknown-linux-gnu/lib/libhashbrown-d48e4b6abc25b9dc.rlib" "/opt/rustwide/rustup-home/toolchains/beta-2023-04-20-x86_64-unknown-linux-gnu/lib/rustlib/x86_64-unknown-linux-gnu/lib/libminiz_oxide-2991859439ef1207.rlib" "/opt/rustwide/rustup-home/toolchains/beta-2023-04-20-x86_64-unknown-linux-gnu/lib/rustlib/x86_64-unknown-linux-gnu/lib/libadler-8a687517e4221bae.rlib" "/opt/rustwide/rustup-home/toolchains/beta-2023-04-20-x86_64-unknown-linux-gnu/lib/rustlib/x86_64-unknown-linux-gnu/lib/librustc_std_workspace_alloc-e07b554f6a67f5b3.rlib" "/opt/rustwide/rustup-home/toolchains/beta-2023-04-20-x86_64-unknown-linux-gnu/lib/rustlib/x86_64-unknown-linux-gnu/lib/libunwind-b68238b7c3c619dd.rlib" "/opt/rustwide/rustup-home/toolchains/beta-2023-04-20-x86_64-unknown-linux-gnu/lib/rustlib/x86_64-unknown-linux-gnu/lib/libcfg_if-d5e213e896c017e4.rlib" "/opt/rustwide/rustup-home/toolchains/beta-2023-04-20-x86_64-unknown-linux-gnu/lib/rustlib/x86_64-unknown-linux-gnu/lib/liblibc-0211a3b2e61d8689.rlib" "/opt/rustwide/rustup-home/toolchains/beta-2023-04-20-x86_64-unknown-linux-gnu/lib/rustlib/x86_64-unknown-linux-gnu/lib/liballoc-b371f055239ba51f.rlib" "/opt/rustwide/rustup-home/toolchains/beta-2023-04-20-x86_64-unknown-linux-gnu/lib/rustlib/x86_64-unknown-linux-gnu/lib/librustc_std_workspace_core-e60518d2760eb01e.rlib" "/opt/rustwide/rustup-home/toolchains/beta-2023-04-20-x86_64-unknown-linux-gnu/lib/rustlib/x86_64-unknown-linux-gnu/lib/libcore-1ad943f92a4b1081.rlib" "/opt/rustwide/rustup-home/toolchains/beta-2023-04-20-x86_64-unknown-linux-gnu/lib/rustlib/x86_64-unknown-linux-gnu/lib/libcompiler_builtins-f0d6e4d0fc1e80b4.rlib" "-Wl,-Bdynamic" "-lgcc_s" "-lutil" "-lrt" "-lpthread" "-lm" "-ldl" "-lc" "-Wl,--eh-frame-hdr" "-Wl,-z,noexecstack" "-L" "/opt/rustwide/rustup-home/toolchains/beta-2023-04-20-x86_64-unknown-linux-gnu/lib/rustlib/x86_64-unknown-linux-gnu/lib" "-o" "/tmp/rustdoctestJsseI4/rust_out" "-Wl,--gc-sections" "-pie" "-Wl,-z,relro,-z,now" "-nodefaultlibs"
[INFO] [stdout]   = note: collect2: fatal error: ld terminated with signal 9 [Killed]
[INFO] [stdout]           compilation terminated.
[INFO] [stdout]           
[INFO] [stdout] 
[INFO] [stdout] error: aborting due to previous error
[INFO] [stdout] 
[INFO] [stdout] Couldn't compile the test.
[INFO] [stdout] ---- src/expr.rs - expr (line 7) stdout ----
[INFO] [stdout] error: linking with `cc` failed: exit status: 1
[INFO] [stdout]   |
[INFO] [stdout]   = note: LC_ALL="C" PATH="/opt/rustwide/rustup-home/toolchains/beta-2023-04-20-x86_64-unknown-linux-gnu/lib/rustlib/x86_64-unknown-linux-gnu/bin:/opt/rustwide/cargo-home/bin:/usr/local/sbin:/usr/local/bin:/usr/sbin:/usr/bin:/sbin:/bin" VSLANG="1033" "cc" "-m64" "/tmp/rustcm3X4G1/symbols.o" "/tmp/rustdoctestCDpQ5F/rust_out.rust_out.c38b68ff-cgu.0.rcgu.o" "/tmp/rustdoctestCDpQ5F/rust_out.38a7fyhsvjn6z0qy.rcgu.o" "-Wl,--as-needed" "-L" "/opt/rustwide/target/debug/deps" "-L" "/opt/rustwide/target/debug/deps" "-L" "/opt/rustwide/rustup-home/toolchains/beta-2023-04-20-x86_64-unknown-linux-gnu/lib/rustlib/x86_64-unknown-linux-gnu/lib" "-Wl,-Bstatic" "/opt/rustwide/target/debug/deps/libaris-7e0fa762814d3f45.rlib" "/opt/rustwide/target/debug/deps/libstrum-d654d2fb7e2b0e1c.rlib" "/opt/rustwide/target/debug/deps/libvarisat-f183301cb0c9ed01.rlib" "/opt/rustwide/target/debug/deps/libleb128-63a13916691adb95.rlib" "/opt/rustwide/target/debug/deps/libordered_float-43b9d796af7e9451.rlib" "/opt/rustwide/target/debug/deps/libnum_traits-2f4f83a22e20467e.rlib" "/opt/rustwide/target/debug/deps/libvec_mut_scan-61451831c66734c6.rlib" "/opt/rustwide/target/debug/deps/libvarisat_checker-af2b3adb19f94478.rlib" "/opt/rustwide/target/debug/deps/liblog-6f3e788ba8b980aa.rlib" "/opt/rustwide/target/debug/deps/libsmallvec-a078f506e4f080f1.rlib" "/opt/rustwide/target/debug/deps/librustc_hash-90b377b8548f0070.rlib" "/opt/rustwide/target/debug/deps/libvarisat_internal_proof-2169bd42a82a0f05.rlib" "/opt/rustwide/target/debug/deps/libvarisat_dimacs-9b59ecb4e3d031e9.rlib" "/opt/rustwide/target/debug/deps/libitoa-d0264c8ce1ce890b.rlib" "/opt/rustwide/target/debug/deps/libvarisat_formula-a24754ccf06c3f80.rlib" "/opt/rustwide/target/debug/deps/libthiserror-54a14495a4be363d.rlib" "/opt/rustwide/target/debug/deps/libanyhow-202c2399db1b5b37.rlib" "/opt/rustwide/target/debug/deps/libpartial_ref-b3895749e738387d.rlib" "/opt/rustwide/target/debug/deps/libpetgraph-63b1fed349b9123a.rlib" "/opt/rustwide/target/debug/deps/libindexmap-483d6a6f45855717.rlib" "/opt/rustwide/target/debug/deps/libhashbrown-14a936eea4e6bab4.rlib" "/opt/rustwide/target/debug/deps/libfixedbitset-2ef746e05260be58.rlib" "/opt/rustwide/target/debug/deps/libsha2-930ba0ebba5934b6.rlib" "/opt/rustwide/target/debug/deps/libcpufeatures-a834a1d164d66bf9.rlib" "/opt/rustwide/target/debug/deps/libcfg_if-97437e183f3ae6e4.rlib" "/opt/rustwide/target/debug/deps/libdigest-77e318a95ae99001.rlib" "/opt/rustwide/target/debug/deps/libblock_buffer-c41a58c81d79df11.rlib" "/opt/rustwide/target/debug/deps/libcrypto_common-4361c928b91c2715.rlib" "/opt/rustwide/target/debug/deps/libgeneric_array-7f439398e68508f6.rlib" "/opt/rustwide/target/debug/deps/libtypenum-ca960b6272e61653.rlib" "/opt/rustwide/target/debug/deps/libbase64-1d8778d69d34a396.rlib" "/opt/rustwide/target/debug/deps/libxml-2ca1670042266d63.rlib" "/opt/rustwide/target/debug/deps/libfrunk_core-38f8c7ddc17729ca.rlib" "/opt/rustwide/target/debug/deps/libnom-8bc6a1fad1e56349.rlib" "/opt/rustwide/target/debug/deps/libmemchr-8265cafec4e150f1.rlib" "/opt/rustwide/target/debug/deps/libserde-0cd5a831f68ab4ef.rlib" "/opt/rustwide/target/debug/deps/libmaplit-7b5b184081e8655b.rlib" "/opt/rustwide/target/debug/deps/libitertools-43d0f26167745a6a.rlib" "/opt/rustwide/target/debug/deps/libeither-5c25f04be8f4efce.rlib" "/opt/rustwide/target/debug/deps/liblazy_static-86422d76b8bd90ed.rlib" "/opt/rustwide/rustup-home/toolchains/beta-2023-04-20-x86_64-unknown-linux-gnu/lib/rustlib/x86_64-unknown-linux-gnu/lib/libstd-0e29cc23c5e02021.rlib" "/opt/rustwide/rustup-home/toolchains/beta-2023-04-20-x86_64-unknown-linux-gnu/lib/rustlib/x86_64-unknown-linux-gnu/lib/libpanic_unwind-d903621768a861d9.rlib" "/opt/rustwide/rustup-home/toolchains/beta-2023-04-20-x86_64-unknown-linux-gnu/lib/rustlib/x86_64-unknown-linux-gnu/lib/libobject-6d0225e655f31c13.rlib" "/opt/rustwide/rustup-home/toolchains/beta-2023-04-20-x86_64-unknown-linux-gnu/lib/rustlib/x86_64-unknown-linux-gnu/lib/libmemchr-9dbaf4eac7eaa079.rlib" "/opt/rustwide/rustup-home/toolchains/beta-2023-04-20-x86_64-unknown-linux-gnu/lib/rustlib/x86_64-unknown-linux-gnu/lib/libaddr2line-27f05b3d42a66dd0.rlib" "/opt/rustwide/rustup-home/toolchains/beta-2023-04-20-x86_64-unknown-linux-gnu/lib/rustlib/x86_64-unknown-linux-gnu/lib/libgimli-4d73f1030321c9a2.rlib" "/opt/rustwide/rustup-home/toolchains/beta-2023-04-20-x86_64-unknown-linux-gnu/lib/rustlib/x86_64-unknown-linux-gnu/lib/librustc_demangle-2846c9e58abd0acb.rlib" "/opt/rustwide/rustup-home/toolchains/beta-2023-04-20-x86_64-unknown-linux-gnu/lib/rustlib/x86_64-unknown-linux-gnu/lib/libstd_detect-a53d0f50415947be.rlib" "/opt/rustwide/rustup-home/toolchains/beta-2023-04-20-x86_64-unknown-linux-gnu/lib/rustlib/x86_64-unknown-linux-gnu/lib/libhashbrown-d48e4b6abc25b9dc.rlib" "/opt/rustwide/rustup-home/toolchains/beta-2023-04-20-x86_64-unknown-linux-gnu/lib/rustlib/x86_64-unknown-linux-gnu/lib/libminiz_oxide-2991859439ef1207.rlib" "/opt/rustwide/rustup-home/toolchains/beta-2023-04-20-x86_64-unknown-linux-gnu/lib/rustlib/x86_64-unknown-linux-gnu/lib/libadler-8a687517e4221bae.rlib" "/opt/rustwide/rustup-home/toolchains/beta-2023-04-20-x86_64-unknown-linux-gnu/lib/rustlib/x86_64-unknown-linux-gnu/lib/librustc_std_workspace_alloc-e07b554f6a67f5b3.rlib" "/opt/rustwide/rustup-home/toolchains/beta-2023-04-20-x86_64-unknown-linux-gnu/lib/rustlib/x86_64-unknown-linux-gnu/lib/libunwind-b68238b7c3c619dd.rlib" "/opt/rustwide/rustup-home/toolchains/beta-2023-04-20-x86_64-unknown-linux-gnu/lib/rustlib/x86_64-unknown-linux-gnu/lib/libcfg_if-d5e213e896c017e4.rlib" "/opt/rustwide/rustup-home/toolchains/beta-2023-04-20-x86_64-unknown-linux-gnu/lib/rustlib/x86_64-unknown-linux-gnu/lib/liblibc-0211a3b2e61d8689.rlib" "/opt/rustwide/rustup-home/toolchains/beta-2023-04-20-x86_64-unknown-linux-gnu/lib/rustlib/x86_64-unknown-linux-gnu/lib/liballoc-b371f055239ba51f.rlib" "/opt/rustwide/rustup-home/toolchains/beta-2023-04-20-x86_64-unknown-linux-gnu/lib/rustlib/x86_64-unknown-linux-gnu/lib/librustc_std_workspace_core-e60518d2760eb01e.rlib" "/opt/rustwide/rustup-home/toolchains/beta-2023-04-20-x86_64-unknown-linux-gnu/lib/rustlib/x86_64-unknown-linux-gnu/lib/libcore-1ad943f92a4b1081.rlib" "/opt/rustwide/rustup-home/toolchains/beta-2023-04-20-x86_64-unknown-linux-gnu/lib/rustlib/x86_64-unknown-linux-gnu/lib/libcompiler_builtins-f0d6e4d0fc1e80b4.rlib" "-Wl,-Bdynamic" "-lgcc_s" "-lutil" "-lrt" "-lpthread" "-lm" "-ldl" "-lc" "-Wl,--eh-frame-hdr" "-Wl,-z,noexecstack" "-L" "/opt/rustwide/rustup-home/toolchains/beta-2023-04-20-x86_64-unknown-linux-gnu/lib/rustlib/x86_64-unknown-linux-gnu/lib" "-o" "/tmp/rustdoctestCDpQ5F/rust_out" "-Wl,--gc-sections" "-pie" "-Wl,-z,relro,-z,now" "-nodefaultlibs"
[INFO] [stdout]   = note: collect2: fatal error: ld terminated with signal 9 [Killed]
[INFO] [stdout]           compilation terminated.
[INFO] [stdout]           
[INFO] [stdout] 
[INFO] [stdout] error: aborting due to previous error
[INFO] [stdout] 
[INFO] [stdout] Couldn't compile the test.
[INFO] [stdout] 
[INFO] [stdout] failures:
[INFO] [stdout]     src/expr.rs - expr (line 7)
[INFO] [stdout]     src/expr.rs - expr::CnfExpr::and (line 1401)
[INFO] [stdout]     src/expr.rs - expr::CnfExpr::contra (line 1361)
[INFO] [stdout]     src/expr.rs - expr::CnfExpr::or (line 1419)
[INFO] [stdout]     src/expr.rs - expr::CnfExpr::taut (line 1347)
[INFO] [stdout]     src/expr.rs - expr::CnfExpr::var (line 1389)
[INFO] [stdout]     src/expr.rs - expr::Expr::into_cnf (line 1152)
[INFO] [stdout]     src/expr.rs - expr::Expr::into_nnf (line 1173)
[INFO] [stdout]     src/expr.rs - expr::NnfExpr::into_cnf (line 1297)
[INFO] [stdout]     src/expr.rs - expr::NnfExpr::not (line 1321)
[INFO] [stdout]     src/expr.rs - expr::NnfExpr::taut (line 1220)
[INFO] [stdout]     src/expr.rs - expr::NnfExpr::var (line 1265)
[INFO] [stdout]     src/proofs.rs - proofs (line 30)
[INFO] [stdout]     src/proofs.rs - proofs (line 57)
[INFO] [stdout]     src/proofs.rs - proofs (line 88)
[INFO] [stdout] 
[INFO] [stdout] test result: FAILED. 10 passed; 15 failed; 1 ignored; 0 measured; 0 filtered out; finished in 4.82s
[INFO] [stdout] 
[INFO] [stderr] error: doctest failed, to rerun pass `-p aris --doc`
[INFO] running `Command { std: "docker" "inspect" "e94907a05e6bc43b0e267e778f858f45f6990564a78f0a4cb66554e8d99011fc", kill_on_drop: false }`
[INFO] running `Command { std: "docker" "rm" "-f" "e94907a05e6bc43b0e267e778f858f45f6990564a78f0a4cb66554e8d99011fc", kill_on_drop: false }`
[INFO] [stdout] e94907a05e6bc43b0e267e778f858f45f6990564a78f0a4cb66554e8d99011fc
