[INFO] cloning repository https://github.com/Axmouth/postgrustql
[INFO] running `Command { std: "git" "-c" "credential.helper=" "-c" "credential.helper=/workspace/cargo-home/bin/git-credential-null" "clone" "--bare" "https://github.com/Axmouth/postgrustql" "/workspace/cache/git-repos/https%3A%2F%2Fgithub.com%2FAxmouth%2Fpostgrustql", kill_on_drop: false }`
[INFO] [stderr] Cloning into bare repository '/workspace/cache/git-repos/https%3A%2F%2Fgithub.com%2FAxmouth%2Fpostgrustql'...
[INFO] running `Command { std: "git" "rev-parse" "HEAD", kill_on_drop: false }`
[INFO] [stdout] b7b5b79e3a50057fca0d7eb4f9cf1f360b1100fb
[INFO] testing Axmouth/postgrustql against 1.69.0 for beta-1.70-1
[INFO] running `Command { std: "git" "clone" "/workspace/cache/git-repos/https%3A%2F%2Fgithub.com%2FAxmouth%2Fpostgrustql" "/workspace/builds/worker-1-tc1/source", kill_on_drop: false }`
[INFO] [stderr] Cloning into '/workspace/builds/worker-1-tc1/source'...
[INFO] [stderr] done.
[INFO] validating manifest of git repo https://github.com/Axmouth/postgrustql on toolchain 1.69.0
[INFO] running `Command { std: CARGO_HOME="/workspace/cargo-home" RUSTUP_HOME="/workspace/rustup-home" "/workspace/cargo-home/bin/cargo" "+1.69.0" "metadata" "--manifest-path" "Cargo.toml" "--no-deps", kill_on_drop: false }`
[INFO] started tweaking git repo https://github.com/Axmouth/postgrustql
[INFO] finished tweaking git repo https://github.com/Axmouth/postgrustql
[INFO] tweaked toml for git repo https://github.com/Axmouth/postgrustql written to /workspace/builds/worker-1-tc1/source/Cargo.toml
[INFO] crate git repo https://github.com/Axmouth/postgrustql already has a lockfile, it will not be regenerated
[INFO] running `Command { std: CARGO_HOME="/workspace/cargo-home" RUSTUP_HOME="/workspace/rustup-home" "/workspace/cargo-home/bin/cargo" "+1.69.0" "fetch" "--manifest-path" "Cargo.toml", kill_on_drop: false }`
[INFO] [stderr]  Downloading crates ...
[INFO] [stderr]   Downloaded yew-macro v0.19.3
[INFO] [stderr]   Downloaded gloo-render v0.1.0
[INFO] [stderr]   Downloaded gloo-file v0.2.1
[INFO] [stderr]   Downloaded gloo-storage v0.2.0
[INFO] [stderr]   Downloaded scoped-tls-hkt v0.1.2
[INFO] [stderr]   Downloaded yew-router-macro v0.16.0
[INFO] [stderr]   Downloaded gloo-console v0.2.1
[INFO] [stderr]   Downloaded gloo-events v0.1.1
[INFO] [stderr]   Downloaded gloo-dialogs v0.1.0
[INFO] [stderr]   Downloaded wasm-logger v0.2.0
[INFO] [stderr]   Downloaded clipboard-win v4.4.1
[INFO] [stderr]   Downloaded gloo-utils v0.1.2
[INFO] [stderr]   Downloaded fd-lock v3.0.3
[INFO] [stderr]   Downloaded alloc_counter v0.0.4
[INFO] [stderr]   Downloaded yew-router v0.16.0
[INFO] [stderr]   Downloaded io-lifetimes v0.4.4
[INFO] [stderr]   Downloaded alloc_counter_macro v0.0.2
[INFO] [stderr]   Downloaded pretty_assertions v1.0.0
[INFO] [stderr]   Downloaded yew v0.19.3
[INFO] [stderr]   Downloaded sysinfo v0.23.0
[INFO] [stderr]   Downloaded rustix v0.32.1
[INFO] [stderr]   Downloaded gloo v0.4.2
[INFO] [stderr]   Downloaded windows_x86_64_msvc v0.30.0
[INFO] [stderr]   Downloaded windows_aarch64_msvc v0.30.0
[INFO] [stderr]   Downloaded windows_i686_gnu v0.30.0
[INFO] [stderr]   Downloaded windows_i686_msvc v0.30.0
[INFO] [stderr]   Downloaded windows_x86_64_gnu v0.30.0
[INFO] [stderr]   Downloaded windows-sys v0.30.0
[INFO] [stderr]   Downloaded linux-raw-sys v0.0.37
[INFO] running `Command { std: "docker" "create" "-v" "/var/lib/crater-agent-workspace/builds/worker-1-tc1/target:/opt/rustwide/target:rw,Z" "-v" "/var/lib/crater-agent-workspace/builds/worker-1-tc1/source:/opt/rustwide/workdir:ro,Z" "-v" "/var/lib/crater-agent-workspace/cargo-home:/opt/rustwide/cargo-home:ro,Z" "-v" "/var/lib/crater-agent-workspace/rustup-home:/opt/rustwide/rustup-home:ro,Z" "-e" "SOURCE_DIR=/opt/rustwide/workdir" "-e" "CARGO_TARGET_DIR=/opt/rustwide/target" "-e" "CARGO_HOME=/opt/rustwide/cargo-home" "-e" "RUSTUP_HOME=/opt/rustwide/rustup-home" "-w" "/opt/rustwide/workdir" "-m" "1610612736" "--user" "0:0" "--network" "none" "ghcr.io/rust-lang/crates-build-env/linux@sha256:97d61d7686bf65f8ecb15491ab51835e82dc9176a96a831f143a431b191fc501" "/opt/rustwide/cargo-home/bin/cargo" "+1.69.0" "metadata" "--no-deps" "--format-version=1", kill_on_drop: false }`
[INFO] [stdout] 30d0c87a72b156d7d1194f6c8f62f42c81f2c94f1eb99814f4c0cc5d9d31442d
[INFO] running `Command { std: "docker" "start" "-a" "30d0c87a72b156d7d1194f6c8f62f42c81f2c94f1eb99814f4c0cc5d9d31442d", kill_on_drop: false }`
[INFO] running `Command { std: "docker" "inspect" "30d0c87a72b156d7d1194f6c8f62f42c81f2c94f1eb99814f4c0cc5d9d31442d", kill_on_drop: false }`
[INFO] running `Command { std: "docker" "rm" "-f" "30d0c87a72b156d7d1194f6c8f62f42c81f2c94f1eb99814f4c0cc5d9d31442d", kill_on_drop: false }`
[INFO] [stdout] 30d0c87a72b156d7d1194f6c8f62f42c81f2c94f1eb99814f4c0cc5d9d31442d
[INFO] running `Command { std: "docker" "create" "-v" "/var/lib/crater-agent-workspace/builds/worker-1-tc1/target:/opt/rustwide/target:rw,Z" "-v" "/var/lib/crater-agent-workspace/builds/worker-1-tc1/source:/opt/rustwide/workdir:ro,Z" "-v" "/var/lib/crater-agent-workspace/cargo-home:/opt/rustwide/cargo-home:ro,Z" "-v" "/var/lib/crater-agent-workspace/rustup-home:/opt/rustwide/rustup-home:ro,Z" "-e" "SOURCE_DIR=/opt/rustwide/workdir" "-e" "CARGO_TARGET_DIR=/opt/rustwide/target" "-e" "CARGO_INCREMENTAL=0" "-e" "RUST_BACKTRACE=full" "-e" "RUSTFLAGS=--cap-lints=warn" "-e" "RUSTDOCFLAGS=--cap-lints=warn" "-e" "CARGO_HOME=/opt/rustwide/cargo-home" "-e" "RUSTUP_HOME=/opt/rustwide/rustup-home" "-w" "/opt/rustwide/workdir" "-m" "1610612736" "--user" "0:0" "--network" "none" "ghcr.io/rust-lang/crates-build-env/linux@sha256:97d61d7686bf65f8ecb15491ab51835e82dc9176a96a831f143a431b191fc501" "/opt/rustwide/cargo-home/bin/cargo" "+1.69.0" "build" "--frozen" "--message-format=json", kill_on_drop: false }`
[INFO] [stdout] 2ef451eebbd3abb8193a8f292c1ecab69dffdecfec7e0df0634d08f7823ccc64
[INFO] running `Command { std: "docker" "start" "-a" "2ef451eebbd3abb8193a8f292c1ecab69dffdecfec7e0df0634d08f7823ccc64", kill_on_drop: false }`
[INFO] [stderr]     Blocking waiting for file lock on package cache
[INFO] [stderr]    Compiling syn v1.0.86
[INFO] [stderr]    Compiling serde_derive v1.0.136
[INFO] [stderr]    Compiling serde v1.0.136
[INFO] [stderr]    Compiling serde_json v1.0.78
[INFO] [stderr]    Compiling wasm-bindgen-shared v0.2.79
[INFO] [stderr]    Compiling libc v0.2.116
[INFO] [stderr]    Compiling bumpalo v3.9.1
[INFO] [stderr]    Compiling wasm-bindgen v0.2.79
[INFO] [stderr]    Compiling crossbeam-utils v0.8.6
[INFO] [stderr]    Compiling crossbeam-epoch v0.9.6
[INFO] [stderr]    Compiling semver v1.0.4
[INFO] [stderr]    Compiling scopeguard v1.1.0
[INFO] [stderr]    Compiling ansi_term v0.12.1
[INFO] [stderr]    Compiling diff v0.1.12
[INFO] [stderr]    Compiling futures-core v0.3.19
[INFO] [stderr]    Compiling regex-automata v0.1.10
[INFO] [stderr]    Compiling pretty_assertions v1.0.0
[INFO] [stderr]    Compiling csv-core v0.1.10
[INFO] [stderr]    Compiling num-traits v0.2.14
[INFO] [stderr]    Compiling instant v0.1.12
[INFO] [stderr]    Compiling rustc_version v0.4.0
[INFO] [stderr]    Compiling crossbeam-channel v0.5.2
[INFO] [stderr]    Compiling futures-channel v0.3.19
[INFO] [stderr]    Compiling crossbeam-deque v0.8.1
[INFO] [stderr]    Compiling cast v0.2.7
[INFO] [stderr]    Compiling plotters-backend v0.3.2
[INFO] [stderr]    Compiling sysinfo v0.23.0
[INFO] [stderr]    Compiling textwrap v0.11.0
[INFO] [stderr]    Compiling plotters-svg v0.3.1
[INFO] [stderr]    Compiling io-lifetimes v0.4.4
[INFO] [stderr]    Compiling half v1.8.2
[INFO] [stderr]    Compiling semver-parser v0.7.0
[INFO] [stderr]    Compiling atty v0.2.14
[INFO] [stderr]    Compiling num_cpus v1.13.1
[INFO] [stderr]    Compiling semver v0.9.0
[INFO] [stderr]    Compiling plotters v0.3.1
[INFO] [stderr]    Compiling clap v2.34.0
[INFO] [stderr]    Compiling rayon-core v1.9.1
[INFO] [stderr]    Compiling criterion-plot v0.4.4
[INFO] [stderr]    Compiling indexmap v1.8.0
[INFO] [stderr]    Compiling oorandom v11.1.3
[INFO] [stderr]    Compiling rustix v0.32.1
[INFO] [stderr]    Compiling rustc_version v0.2.3
[INFO] [stderr]    Compiling rayon v1.5.1
[INFO] [stderr]    Compiling smallvec v1.8.0
[INFO] [stderr]    Compiling linux-raw-sys v0.0.37
[INFO] [stderr]    Compiling boolinator v2.4.0
[INFO] [stderr]    Compiling nibble_vec v0.1.0
[INFO] [stderr]    Compiling rustc_version_runtime v0.2.1
[INFO] [stderr]    Compiling dirs v1.0.5
[INFO] [stderr]    Compiling dirs-sys-next v0.1.2
[INFO] [stderr]    Compiling scoped-tls-hkt v0.1.2
[INFO] [stderr]    Compiling endian-type v0.1.2
[INFO] [stderr]    Compiling dirs-next v2.0.0
[INFO] [stderr]    Compiling radix_trie v0.2.1
[INFO] [stderr]    Compiling term v0.5.2
[INFO] [stderr]    Compiling nix v0.23.1
[INFO] [stderr]    Compiling encode_unicode v0.3.6
[INFO] [stderr]    Compiling utf8parse v0.2.0
[INFO] [stderr]    Compiling route-recognizer v0.3.1
[INFO] [stderr]    Compiling wasm-bindgen-backend v0.2.79
[INFO] [stderr]    Compiling proc-macro-error v1.0.4
[INFO] [stderr]    Compiling env_logger v0.9.0
[INFO] [stderr]    Compiling sqlo2_wire-protocol v0.1.0 (/opt/rustwide/workdir/wire-protocol)
[INFO] [stderr]    Compiling wasm-bindgen-macro-support v0.2.79
[INFO] [stderr]    Compiling fd-lock v3.0.3
[INFO] [stderr]    Compiling test-macros v0.1.0 (/opt/rustwide/workdir/test-macros)
[INFO] [stderr]    Compiling dotenv v0.15.0
[INFO] [stderr]    Compiling tests v0.1.0 (/opt/rustwide/workdir/tests)
[INFO] [stderr]    Compiling test_test v0.1.0 (/opt/rustwide/workdir/test-test)
[INFO] [stderr]    Compiling wasm-bindgen-macro v0.2.79
[INFO] [stderr]    Compiling thiserror-impl v1.0.30
[INFO] [stderr]    Compiling alloc_counter_macro v0.0.2
[INFO] [stderr]    Compiling yew-macro v0.19.3
[INFO] [stderr]    Compiling yew-router-macro v0.16.0
[INFO] [stderr]    Compiling rustyline v9.1.2
[INFO] [stderr]    Compiling alloc_counter v0.0.4
[INFO] [stderr]    Compiling thiserror v1.0.30
[INFO] [stderr]    Compiling toml v0.5.8
[INFO] [stderr]    Compiling bstr v0.2.17
[INFO] [stderr]    Compiling serde_cbor v0.11.2
[INFO] [stderr]    Compiling serde_urlencoded v0.7.1
[INFO] [stderr]    Compiling serde_qs v0.8.5
[INFO] [stderr]    Compiling csv v1.1.6
[INFO] [stderr]    Compiling tinytemplate v1.2.1
[INFO] [stderr]    Compiling prettytable-rs v0.8.0
[INFO] [stderr]    Compiling test-util v0.1.0 (/opt/rustwide/workdir/test-util)
[INFO] [stderr]    Compiling sqlo2 v0.1.0 (/opt/rustwide/workdir/engine)
[INFO] [stderr]    Compiling criterion v0.3.5
[INFO] [stdout] warning: unnecessary parentheses around match arm expression
[INFO] [stdout]    --> engine/src/parser/mod.rs:215:45
[INFO] [stdout]     |
[INFO] [stdout] 215 | ...                   Err(err) => (Err(err)),
[INFO] [stdout]     |                                   ^        ^
[INFO] [stdout]     |
[INFO] [stdout]     = note: `#[warn(unused_parens)]` on by default
[INFO] [stdout] help: remove these parentheses
[INFO] [stdout]     |
[INFO] [stdout] 215 -                                 Err(err) => (Err(err)),
[INFO] [stdout] 215 +                                 Err(err) => Err(err),
[INFO] [stdout]     |
[INFO] [stdout] 
[INFO] [stdout] 
[INFO] [stdout] warning: unnecessary parentheses around match arm expression
[INFO] [stdout]    --> engine/src/parser/mod.rs:229:49
[INFO] [stdout]     |
[INFO] [stdout] 229 | ...                   Err(err) => (Err(err)),
[INFO] [stdout]     |                                   ^        ^
[INFO] [stdout]     |
[INFO] [stdout] help: remove these parentheses
[INFO] [stdout]     |
[INFO] [stdout] 229 -                                     Err(err) => (Err(err)),
[INFO] [stdout] 229 +                                     Err(err) => Err(err),
[INFO] [stdout]     |
[INFO] [stdout] 
[INFO] [stdout] 
[INFO] [stdout] warning: unnecessary parentheses around match arm expression
[INFO] [stdout]    --> engine/src/parser/mod.rs:249:45
[INFO] [stdout]     |
[INFO] [stdout] 249 | ...                   Err(err) => (Err(err)),
[INFO] [stdout]     |                                   ^        ^
[INFO] [stdout]     |
[INFO] [stdout] help: remove these parentheses
[INFO] [stdout]     |
[INFO] [stdout] 249 -                                 Err(err) => (Err(err)),
[INFO] [stdout] 249 +                                 Err(err) => Err(err),
[INFO] [stdout]     |
[INFO] [stdout] 
[INFO] [stdout] 
[INFO] [stdout] warning: unnecessary parentheses around match arm expression
[INFO] [stdout]    --> engine/src/parser/mod.rs:262:33
[INFO] [stdout]     |
[INFO] [stdout] 262 |                     Err(err) => (Err(err)),
[INFO] [stdout]     |                                 ^        ^
[INFO] [stdout]     |
[INFO] [stdout] help: remove these parentheses
[INFO] [stdout]     |
[INFO] [stdout] 262 -                     Err(err) => (Err(err)),
[INFO] [stdout] 262 +                     Err(err) => Err(err),
[INFO] [stdout]     |
[INFO] [stdout] 
[INFO] [stdout] 
[INFO] [stderr]    Compiling js-sys v0.3.56
[INFO] [stderr]    Compiling console_error_panic_hook v0.1.7
[INFO] [stdout] warning: 4 warnings emitted
[INFO] [stdout] 
[INFO] [stdout] 
[INFO] [stderr]    Compiling sqlo2_repl v0.1.0 (/opt/rustwide/workdir/repl)
[INFO] [stderr]    Compiling sqlo2_server v0.1.0 (/opt/rustwide/workdir/server)
[INFO] [stderr]    Compiling sqlo2_benchmarks v0.1.0 (/opt/rustwide/workdir/benchmarks)
[INFO] [stderr]    Compiling web-sys v0.3.56
[INFO] [stderr]    Compiling gloo-timers v0.2.3
[INFO] [stderr]    Compiling wasm-bindgen-futures v0.4.29
[INFO] [stderr]    Compiling serde-wasm-bindgen v0.3.1
[INFO] [stderr]    Compiling gloo-events v0.1.1
[INFO] [stderr]    Compiling gloo-utils v0.1.2
[INFO] [stderr]    Compiling gloo-dialogs v0.1.0
[INFO] [stderr]    Compiling gloo-render v0.1.0
[INFO] [stderr]    Compiling gloo-console v0.2.1
[INFO] [stderr]    Compiling wasm-logger v0.2.0
[INFO] [stderr]    Compiling gloo-file v0.2.1
[INFO] [stderr]    Compiling gloo-storage v0.2.0
[INFO] [stderr]    Compiling gloo v0.4.2
[INFO] [stderr]    Compiling yew v0.19.3
[INFO] [stderr]    Compiling yew-router v0.16.0
[INFO] [stderr]    Compiling sqlo2_wasm-repl v0.1.0 (/opt/rustwide/workdir/wasm-repl)
[INFO] [stderr]     Finished dev [unoptimized + debuginfo] target(s) in 1m 26s
[INFO] [stderr] warning: the following packages contain code that will be rejected by a future version of Rust: criterion v0.3.5
[INFO] [stderr] note: to see what the problems were, use the option `--future-incompat-report`, or run `cargo report future-incompatibilities --id 3`
[INFO] running `Command { std: "docker" "inspect" "2ef451eebbd3abb8193a8f292c1ecab69dffdecfec7e0df0634d08f7823ccc64", kill_on_drop: false }`
[INFO] running `Command { std: "docker" "rm" "-f" "2ef451eebbd3abb8193a8f292c1ecab69dffdecfec7e0df0634d08f7823ccc64", kill_on_drop: false }`
[INFO] [stdout] 2ef451eebbd3abb8193a8f292c1ecab69dffdecfec7e0df0634d08f7823ccc64
[INFO] running `Command { std: "docker" "create" "-v" "/var/lib/crater-agent-workspace/builds/worker-1-tc1/target:/opt/rustwide/target:rw,Z" "-v" "/var/lib/crater-agent-workspace/builds/worker-1-tc1/source:/opt/rustwide/workdir:ro,Z" "-v" "/var/lib/crater-agent-workspace/cargo-home:/opt/rustwide/cargo-home:ro,Z" "-v" "/var/lib/crater-agent-workspace/rustup-home:/opt/rustwide/rustup-home:ro,Z" "-e" "SOURCE_DIR=/opt/rustwide/workdir" "-e" "CARGO_TARGET_DIR=/opt/rustwide/target" "-e" "CARGO_INCREMENTAL=0" "-e" "RUST_BACKTRACE=full" "-e" "RUSTFLAGS=--cap-lints=warn" "-e" "RUSTDOCFLAGS=--cap-lints=warn" "-e" "CARGO_HOME=/opt/rustwide/cargo-home" "-e" "RUSTUP_HOME=/opt/rustwide/rustup-home" "-w" "/opt/rustwide/workdir" "-m" "1610612736" "--user" "0:0" "--network" "none" "ghcr.io/rust-lang/crates-build-env/linux@sha256:97d61d7686bf65f8ecb15491ab51835e82dc9176a96a831f143a431b191fc501" "/opt/rustwide/cargo-home/bin/cargo" "+1.69.0" "test" "--frozen" "--no-run" "--message-format=json", kill_on_drop: false }`
[INFO] [stdout] 9f1210535da8c23613ce39b62c5f55cfe761eab0395791bf251e733069f0e14f
[INFO] running `Command { std: "docker" "start" "-a" "9f1210535da8c23613ce39b62c5f55cfe761eab0395791bf251e733069f0e14f", kill_on_drop: false }`
[INFO] [stdout] warning: unnecessary parentheses around match arm expression
[INFO] [stdout]    --> engine/src/parser/mod.rs:215:45
[INFO] [stdout]     |
[INFO] [stdout] 215 | ...                   Err(err) => (Err(err)),
[INFO] [stdout]     |                                   ^        ^
[INFO] [stdout]     |
[INFO] [stdout]     = note: `#[warn(unused_parens)]` on by default
[INFO] [stdout] help: remove these parentheses
[INFO] [stdout]     |
[INFO] [stdout] 215 -                                 Err(err) => (Err(err)),
[INFO] [stdout] 215 +                                 Err(err) => Err(err),
[INFO] [stdout]     |
[INFO] [stdout] 
[INFO] [stdout] 
[INFO] [stdout] warning: unnecessary parentheses around match arm expression
[INFO] [stdout]    --> engine/src/parser/mod.rs:229:49
[INFO] [stdout]     |
[INFO] [stdout] 229 | ...                   Err(err) => (Err(err)),
[INFO] [stdout]     |                                   ^        ^
[INFO] [stdout]     |
[INFO] [stdout] help: remove these parentheses
[INFO] [stdout]     |
[INFO] [stdout] 229 -                                     Err(err) => (Err(err)),
[INFO] [stdout] 229 +                                     Err(err) => Err(err),
[INFO] [stdout]     |
[INFO] [stdout] 
[INFO] [stdout] 
[INFO] [stdout] warning: unnecessary parentheses around match arm expression
[INFO] [stdout]    --> engine/src/parser/mod.rs:249:45
[INFO] [stdout]     |
[INFO] [stdout] 249 | ...                   Err(err) => (Err(err)),
[INFO] [stdout]     |                                   ^        ^
[INFO] [stdout]     |
[INFO] [stdout] help: remove these parentheses
[INFO] [stdout]     |
[INFO] [stdout] 249 -                                 Err(err) => (Err(err)),
[INFO] [stdout] 249 +                                 Err(err) => Err(err),
[INFO] [stdout]     |
[INFO] [stdout] 
[INFO] [stdout] 
[INFO] [stdout] warning: unnecessary parentheses around match arm expression
[INFO] [stdout]    --> engine/src/parser/mod.rs:262:33
[INFO] [stdout]     |
[INFO] [stdout] 262 |                     Err(err) => (Err(err)),
[INFO] [stdout]     |                                 ^        ^
[INFO] [stdout]     |
[INFO] [stdout] help: remove these parentheses
[INFO] [stdout]     |
[INFO] [stdout] 262 -                     Err(err) => (Err(err)),
[INFO] [stdout] 262 +                     Err(err) => Err(err),
[INFO] [stdout]     |
[INFO] [stdout] 
[INFO] [stdout] 
[INFO] [stdout] warning: 4 warnings emitted
[INFO] [stdout] 
[INFO] [stdout] 
[INFO] [stderr]    Compiling test-macros v0.1.0 (/opt/rustwide/workdir/test-macros)
[INFO] [stderr]    Compiling sqlo2_wasm-repl v0.1.0 (/opt/rustwide/workdir/wasm-repl)
[INFO] [stderr]    Compiling sqlo2_benchmarks v0.1.0 (/opt/rustwide/workdir/benchmarks)
[INFO] [stderr]    Compiling sqlo2_repl v0.1.0 (/opt/rustwide/workdir/repl)
[INFO] [stderr]    Compiling sqlo2_server v0.1.0 (/opt/rustwide/workdir/server)
[INFO] [stderr]    Compiling test-util v0.1.0 (/opt/rustwide/workdir/test-util)
[INFO] [stderr]    Compiling sqlo2_wire-protocol v0.1.0 (/opt/rustwide/workdir/wire-protocol)
[INFO] [stderr]    Compiling test_test v0.1.0 (/opt/rustwide/workdir/test-test)
[INFO] [stderr]    Compiling sqlo2 v0.1.0 (/opt/rustwide/workdir/engine)
[INFO] [stderr]    Compiling tests v0.1.0 (/opt/rustwide/workdir/tests)
[INFO] [stdout] warning: unnecessary parentheses around match arm expression
[INFO] [stdout]    --> engine/src/parser/mod.rs:215:45
[INFO] [stdout]     |
[INFO] [stdout] 215 | ...                   Err(err) => (Err(err)),
[INFO] [stdout]     |                                   ^        ^
[INFO] [stdout]     |
[INFO] [stdout]     = note: `#[warn(unused_parens)]` on by default
[INFO] [stdout] help: remove these parentheses
[INFO] [stdout]     |
[INFO] [stdout] 215 -                                 Err(err) => (Err(err)),
[INFO] [stdout] 215 +                                 Err(err) => Err(err),
[INFO] [stdout]     |
[INFO] [stdout] 
[INFO] [stdout] 
[INFO] [stdout] warning: unnecessary parentheses around match arm expression
[INFO] [stdout]    --> engine/src/parser/mod.rs:229:49
[INFO] [stdout]     |
[INFO] [stdout] 229 | ...                   Err(err) => (Err(err)),
[INFO] [stdout]     |                                   ^        ^
[INFO] [stdout]     |
[INFO] [stdout] help: remove these parentheses
[INFO] [stdout]     |
[INFO] [stdout] 229 -                                     Err(err) => (Err(err)),
[INFO] [stdout] 229 +                                     Err(err) => Err(err),
[INFO] [stdout]     |
[INFO] [stdout] 
[INFO] [stdout] 
[INFO] [stdout] warning: unnecessary parentheses around match arm expression
[INFO] [stdout]    --> engine/src/parser/mod.rs:249:45
[INFO] [stdout]     |
[INFO] [stdout] 249 | ...                   Err(err) => (Err(err)),
[INFO] [stdout]     |                                   ^        ^
[INFO] [stdout]     |
[INFO] [stdout] help: remove these parentheses
[INFO] [stdout]     |
[INFO] [stdout] 249 -                                 Err(err) => (Err(err)),
[INFO] [stdout] 249 +                                 Err(err) => Err(err),
[INFO] [stdout]     |
[INFO] [stdout] 
[INFO] [stdout] 
[INFO] [stdout] warning: unnecessary parentheses around match arm expression
[INFO] [stdout]    --> engine/src/parser/mod.rs:262:33
[INFO] [stdout]     |
[INFO] [stdout] 262 |                     Err(err) => (Err(err)),
[INFO] [stdout]     |                                 ^        ^
[INFO] [stdout]     |
[INFO] [stdout] help: remove these parentheses
[INFO] [stdout]     |
[INFO] [stdout] 262 -                     Err(err) => (Err(err)),
[INFO] [stdout] 262 +                     Err(err) => Err(err),
[INFO] [stdout]     |
[INFO] [stdout] 
[INFO] [stdout] 
[INFO] [stdout] warning: 4 warnings emitted
[INFO] [stdout] 
[INFO] [stdout] 
[INFO] [stderr]     Finished test [unoptimized + debuginfo] target(s) in 9.76s
[INFO] [stderr] warning: the following packages contain code that will be rejected by a future version of Rust: criterion v0.3.5
[INFO] [stderr] note: to see what the problems were, use the option `--future-incompat-report`, or run `cargo report future-incompatibilities --id 3`
[INFO] running `Command { std: "docker" "inspect" "9f1210535da8c23613ce39b62c5f55cfe761eab0395791bf251e733069f0e14f", kill_on_drop: false }`
[INFO] running `Command { std: "docker" "rm" "-f" "9f1210535da8c23613ce39b62c5f55cfe761eab0395791bf251e733069f0e14f", kill_on_drop: false }`
[INFO] [stdout] 9f1210535da8c23613ce39b62c5f55cfe761eab0395791bf251e733069f0e14f
[INFO] running `Command { std: "docker" "create" "-v" "/var/lib/crater-agent-workspace/builds/worker-1-tc1/target:/opt/rustwide/target:rw,Z" "-v" "/var/lib/crater-agent-workspace/builds/worker-1-tc1/source:/opt/rustwide/workdir:ro,Z" "-v" "/var/lib/crater-agent-workspace/cargo-home:/opt/rustwide/cargo-home:ro,Z" "-v" "/var/lib/crater-agent-workspace/rustup-home:/opt/rustwide/rustup-home:ro,Z" "-e" "SOURCE_DIR=/opt/rustwide/workdir" "-e" "CARGO_TARGET_DIR=/opt/rustwide/target" "-e" "CARGO_INCREMENTAL=0" "-e" "RUST_BACKTRACE=full" "-e" "RUSTFLAGS=--cap-lints=warn" "-e" "RUSTDOCFLAGS=--cap-lints=warn" "-e" "CARGO_HOME=/opt/rustwide/cargo-home" "-e" "RUSTUP_HOME=/opt/rustwide/rustup-home" "-w" "/opt/rustwide/workdir" "-m" "1610612736" "--user" "0:0" "--network" "none" "ghcr.io/rust-lang/crates-build-env/linux@sha256:97d61d7686bf65f8ecb15491ab51835e82dc9176a96a831f143a431b191fc501" "/opt/rustwide/cargo-home/bin/cargo" "+1.69.0" "test" "--frozen", kill_on_drop: false }`
[INFO] [stdout] 712b3ae0d9e234963eab716b02156ad6a4b3a4b34c9ffc43fa8f1233c6ae21f0
[INFO] running `Command { std: "docker" "start" "-a" "712b3ae0d9e234963eab716b02156ad6a4b3a4b34c9ffc43fa8f1233c6ae21f0", kill_on_drop: false }`
[INFO] [stderr] warning: unnecessary parentheses around match arm expression
[INFO] [stderr]    --> engine/src/parser/mod.rs:215:45
[INFO] [stderr]     |
[INFO] [stderr] 215 | ...                   Err(err) => (Err(err)),
[INFO] [stderr]     |                                   ^        ^
[INFO] [stderr]     |
[INFO] [stderr]     = note: `#[warn(unused_parens)]` on by default
[INFO] [stderr] help: remove these parentheses
[INFO] [stderr]     |
[INFO] [stderr] 215 -                                 Err(err) => (Err(err)),
[INFO] [stderr] 215 +                                 Err(err) => Err(err),
[INFO] [stderr]     |
[INFO] [stderr] 
[INFO] [stderr] warning: unnecessary parentheses around match arm expression
[INFO] [stderr]    --> engine/src/parser/mod.rs:229:49
[INFO] [stderr]     |
[INFO] [stderr] 229 | ...                   Err(err) => (Err(err)),
[INFO] [stderr]     |                                   ^        ^
[INFO] [stderr]     |
[INFO] [stderr] help: remove these parentheses
[INFO] [stderr]     |
[INFO] [stderr] 229 -                                     Err(err) => (Err(err)),
[INFO] [stderr] 229 +                                     Err(err) => Err(err),
[INFO] [stderr]     |
[INFO] [stderr] 
[INFO] [stderr] warning: unnecessary parentheses around match arm expression
[INFO] [stderr]    --> engine/src/parser/mod.rs:249:45
[INFO] [stderr]     |
[INFO] [stderr] 249 | ...                   Err(err) => (Err(err)),
[INFO] [stderr]     |                                   ^        ^
[INFO] [stderr]     |
[INFO] [stderr] help: remove these parentheses
[INFO] [stderr]     |
[INFO] [stderr] 249 -                                 Err(err) => (Err(err)),
[INFO] [stderr] 249 +                                 Err(err) => Err(err),
[INFO] [stderr]     |
[INFO] [stderr] 
[INFO] [stderr] warning: unnecessary parentheses around match arm expression
[INFO] [stderr]    --> engine/src/parser/mod.rs:262:33
[INFO] [stderr]     |
[INFO] [stderr] 262 |                     Err(err) => (Err(err)),
[INFO] [stderr]     |                                 ^        ^
[INFO] [stderr]     |
[INFO] [stderr] help: remove these parentheses
[INFO] [stderr]     |
[INFO] [stderr] 262 -                     Err(err) => (Err(err)),
[INFO] [stderr] 262 +                     Err(err) => Err(err),
[INFO] [stderr]     |
[INFO] [stderr] 
[INFO] [stderr] warning: `sqlo2` (lib) generated 4 warnings (run `cargo fix --lib -p sqlo2` to apply 4 suggestions)
[INFO] [stderr] warning: `sqlo2` (lib test) generated 4 warnings (4 duplicates)
[INFO] [stderr]     Finished test [unoptimized + debuginfo] target(s) in 0.20s
[INFO] [stderr] warning: the following packages contain code that will be rejected by a future version of Rust: criterion v0.3.5
[INFO] [stderr] note: to see what the problems were, use the option `--future-incompat-report`, or run `cargo report future-incompatibilities --id 3`
[INFO] [stderr]      Running unittests src/lib.rs (/opt/rustwide/target/debug/deps/sqlo2-e35e715062ecd62a)
[INFO] [stdout] 
[INFO] [stdout] running 63 tests
[INFO] [stdout] test backend_memory::tests::eval_query::eval_query_test_1 ... ok
[INFO] [stdout] test lexer::tests::lex_keyword_tests::lexer_keyword_test_1 ... ok
[INFO] [stdout] test backend_memory::tests::eval_query::eval_queries_test_2 ... ok
[INFO] [stdout] test lexer::tests::lex_keyword_tests::lexer_keyword_test_2 ... ok
[INFO] [stdout] test backend_memory::tests::eval_query::eval_queries_test_1 ... ok
[INFO] [stdout] test lexer::tests::lex_numeric_tests::lexer_num_test_1 ... ok
[INFO] [stdout] test lexer::tests::lex_numeric_tests::lexer_num_test_10 ... ok
[INFO] [stdout] test lexer::tests::lex_keyword_tests::lexer_keyword_test_5 ... ok
[INFO] [stdout] test lexer::tests::lex_keyword_tests::lexer_keyword_test_3 ... ok
[INFO] [stdout] test lexer::tests::lex_numeric_tests::lexer_num_test_12 ... ok
[INFO] [stdout] test lexer::tests::lex_numeric_tests::lexer_num_test_11 ... ok
[INFO] [stdout] test lexer::tests::lex_keyword_tests::lexer_keyword_test_4 ... ok
[INFO] [stdout] test ast::ast_tests::test_ast ... ok
[INFO] [stdout] test lexer::tests::lex_keyword_tests::lexer_keyword_test_6 ... ok
[INFO] [stdout] test lexer::tests::lex_keyword_tests::lexer_keyword_test_7 ... ok
[INFO] [stdout] test lexer::tests::lex_numeric_tests::lexer_num_test_2 ... ok
[INFO] [stdout] test lexer::tests::lex_numeric_tests::lexer_num_test_13 ... ok
[INFO] [stdout] test lexer::tests::lex_numeric_tests::lexer_num_test_14 ... ok
[INFO] [stdout] test lexer::tests::lex_numeric_tests::lexer_num_test_4 ... ok
[INFO] [stdout] test lexer::tests::lex_numeric_tests::lexer_num_test_15 ... ok
[INFO] [stdout] test lexer::tests::lex_numeric_tests::lexer_num_test_16 ... ok
[INFO] [stdout] test lexer::tests::lex_numeric_tests::lexer_num_test_3 ... ok
[INFO] [stdout] test lexer::tests::lex_numeric_tests::lexer_num_test_5 ... ok
[INFO] [stdout] test lexer::tests::lex_numeric_tests::lexer_num_test_6 ... ok
[INFO] [stdout] test lexer::tests::lex_numeric_tests::lexer_num_test_8 ... ok
[INFO] [stdout] test lexer::tests::lex_numeric_tests::lexer_num_test_9 ... ok
[INFO] [stdout] test lexer::tests::lex_symbol_string::lexer_string_test_10 ... ok
[INFO] [stdout] test lexer::tests::lex_symbol_string::lexer_string_test_1 ... ok
[INFO] [stdout] test lexer::tests::lex_numeric_tests::lexer_num_test_7 ... ok
[INFO] [stdout] test lexer::tests::lex_symbol_string::lexer_string_test_2 ... ok
[INFO] [stdout] test lexer::tests::lex_symbol_string::lexer_string_test_3 ... ok
[INFO] [stdout] test lexer::tests::lex_symbol_string::lexer_string_test_7 ... ok
[INFO] [stdout] test lexer::tests::lex_symbol_string::lexer_string_test_8 ... ok
[INFO] [stdout] test lexer::tests::lex_symbol_tests::lexer_identifier_test_1 ... ok
[INFO] [stdout] test lexer::tests::lex_symbol_tests::lexer_identifier_test_10 ... ok
[INFO] [stdout] test lexer::tests::lex_symbol_string::lexer_string_test_9 ... ok
[INFO] [stdout] test lexer::tests::lex_symbol_tests::lexer_identifier_test_11 ... ok
[INFO] [stdout] test lexer::tests::lex_symbol_string::lexer_string_test_5 ... ok
[INFO] [stdout] test lexer::tests::lex_symbol_string::lexer_string_test_4 ... ok
[INFO] [stdout] test lexer::tests::lex_symbol_tests::lexer_identifier_test_2 ... ok
[INFO] [stdout] test lexer::tests::lex_symbol_tests::lexer_identifier_test_3 ... ok
[INFO] [stdout] test lexer::tests::lex_symbol_tests::lexer_identifier_test_12 ... ok
[INFO] [stdout] test lexer::tests::lex_symbol_tests::lexer_identifier_test_13 ... ok
[INFO] [stdout] test lexer::tests::lex_symbol_tests::lexer_identifier_test_6 ... ok
[INFO] [stdout] test lexer::tests::lex_symbol_tests::lexer_identifier_test_7 ... ok
[INFO] [stdout] test lexer::tests::lex_symbol_tests::lexer_identifier_test_8 ... ok
[INFO] [stdout] test lexer::tests::lex_symbol_tests::lexer_identifier_test_9 ... ok
[INFO] [stdout] test lexer::tests::lex_symbol_tests::lexer_symbol_test_2 ... ok
[INFO] [stdout] test lexer::tests::lex_symbol_tests::lexer_symbol_test_3 ... ok
[INFO] [stdout] test lexer::tests::lexer_tests::lexer_whole_test_1 ... ok
[INFO] [stdout] test lexer::tests::lex_symbol_tests::lexer_symbol_test_1 ... ok
[INFO] [stdout] test lexer::tests::lexer_tests::lexer_whole_test_2 ... ok
[INFO] [stdout] test lexer::tests::lexer_tests::lexer_whole_test_3 ... ok
[INFO] [stdout] test lexer::tests::lex_symbol_tests::lexer_symbol_test_4 ... ok
[INFO] [stdout] test lexer::tests::lexer_tests::lexer_whole_test_4 ... ok
[INFO] [stdout] test lexer::tests::lexer_tests::lexer_whole_test_5 ... ok
[INFO] [stdout] test lexer::tests::lex_symbol_string::lexer_string_test_6 ... ok
[INFO] [stdout] test lexer::tests::lexer_tests::lexer_whole_test_6 ... ok
[INFO] [stdout] test lexer::tests::lex_symbol_tests::lexer_identifier_test_4 ... ok
[INFO] [stdout] test lexer::tests::lex_symbol_tests::lexer_identifier_test_5 ... ok
[INFO] [stdout] test lexer::tests::lexer_tests::lexer_whole_test_7 ... ok
[INFO] [stdout] test lexer::tests::lexer_tests::lexer_whole_test_8 ... ok
[INFO] [stdout] test parser::parser_tests::test_parser ... ok
[INFO] [stdout] 
[INFO] [stdout] test result: ok. 63 passed; 0 failed; 0 ignored; 0 measured; 0 filtered out; finished in 0.07s
[INFO] [stdout] 
[INFO] [stderr]      Running unittests src/lib.rs (/opt/rustwide/target/debug/deps/sqlo2_benchmarks-7394908a29b0b924)
[INFO] [stdout] 
[INFO] [stdout] running 1 test
[INFO] [stdout] test tests::count_alloc_works ... ok
[INFO] [stdout] 
[INFO] [stdout] test result: ok. 1 passed; 0 failed; 0 ignored; 0 measured; 0 filtered out; finished in 0.01s
[INFO] [stdout] 
[INFO] [stderr]      Running unittests src/bin/inserts.rs (/opt/rustwide/target/debug/deps/inserts-476d46899d4f5acc)
[INFO] [stdout] 
[INFO] [stdout] running 0 tests
[INFO] [stdout] 
[INFO] [stdout] test result: ok. 0 passed; 0 failed; 0 ignored; 0 measured; 0 filtered out; finished in 0.00s
[INFO] [stdout] 
[INFO] [stderr]      Running unittests src/bin/lex.rs (/opt/rustwide/target/debug/deps/lex-0dae23dbcaec760a)
[INFO] [stdout] 
[INFO] [stdout] running 0 tests
[INFO] [stdout] 
[INFO] [stdout] test result: ok. 0 passed; 0 failed; 0 ignored; 0 measured; 0 filtered out; finished in 0.00s
[INFO] [stdout] 
[INFO] [stderr]      Running unittests src/bin/select.rs (/opt/rustwide/target/debug/deps/select-0a6a2a34b3dd395e)
[INFO] [stdout] 
[INFO] [stderr]      Running unittests src/main.rs (/opt/rustwide/target/debug/deps/sqlo2_repl-59b0fad4c5ec9a2f)
[INFO] [stdout] running 0 tests
[INFO] [stdout] 
[INFO] [stdout] test result: ok. 0 passed; 0 failed; 0 ignored; 0 measured; 0 filtered out; finished in 0.00s
[INFO] [stdout] 
[INFO] [stdout] 
[INFO] [stdout] running 0 tests
[INFO] [stdout] 
[INFO] [stdout] test result: ok. 0 passed; 0 failed; 0 ignored; 0 measured; 0 filtered out; finished in 0.00s
[INFO] [stdout] 
[INFO] [stderr]      Running unittests src/main.rs (/opt/rustwide/target/debug/deps/sqlo2_server-e0222ac88478affc)
[INFO] [stdout] 
[INFO] [stdout] running 0 tests
[INFO] [stdout] 
[INFO] [stdout] test result: ok. 0 passed; 0 failed; 0 ignored; 0 measured; 0 filtered out; finished in 0.00s
[INFO] [stdout] 
[INFO] [stderr]      Running unittests src/main.rs (/opt/rustwide/target/debug/deps/sqlo2_wasm_repl-85f549abf4d770e5)
[INFO] [stdout] 
[INFO] [stdout] running 0 tests
[INFO] [stdout] 
[INFO] [stdout] test result: ok. 0 passed; 0 failed; 0 ignored; 0 measured; 0 filtered out; finished in 0.00s
[INFO] [stdout] 
[INFO] [stderr]      Running unittests src/lib.rs (/opt/rustwide/target/debug/deps/sqlo2_wire_protocol-55b9e9d06bec0552)
[INFO] [stdout] 
[INFO] [stdout] running 0 tests
[INFO] [stdout] 
[INFO] [stdout] test result: ok. 0 passed; 0 failed; 0 ignored; 0 measured; 0 filtered out; finished in 0.00s
[INFO] [stdout] 
[INFO] [stderr]      Running unittests src/lib.rs (/opt/rustwide/target/debug/deps/test_macros-3fc7fabf1347759d)
[INFO] [stdout] 
[INFO] [stdout] running 0 tests
[INFO] [stderr]      Running unittests src/lib.rs (/opt/rustwide/target/debug/deps/test_util-388c2f397dfe17c3)
[INFO] [stdout] 
[INFO] [stdout] test result: ok. 0 passed; 0 failed; 0 ignored; 0 measured; 0 filtered out; finished in 0.00s
[INFO] [stdout] 
[INFO] [stdout] 
[INFO] [stdout] running 1 test
[INFO] [stdout] test tests::read_toml ... ok
[INFO] [stdout] 
[INFO] [stdout] test result: ok. 1 passed; 0 failed; 0 ignored; 0 measured; 0 filtered out; finished in 0.00s
[INFO] [stdout] 
[INFO] [stderr]      Running unittests src/main.rs (/opt/rustwide/target/debug/deps/test_test-35f7e920faa8aec0)
[INFO] [stdout] 
[INFO] [stdout] running 6 tests
[INFO] [stdout] test test_tests::not_equal_1 ... ok
[INFO] [stdout] test test_tests::eqs_2 ... ok
[INFO] [stdout] test test_tests::not_equal_2 ... ok
[INFO] [stdout] test test_tests::eqs_3 ... ok
[INFO] [stdout] test test_tests::eqs_4 ... ok
[INFO] [stdout] test test_tests::eqs_1 ... ok
[INFO] [stderr]      Running unittests src/lib.rs (/opt/rustwide/target/debug/deps/tests-7fe96b5098e4aea5)
[INFO] [stdout] 
[INFO] [stdout] test result: ok. 6 passed; 0 failed; 0 ignored; 0 measured; 0 filtered out; finished in 0.01s
[INFO] [stdout] 
[INFO] [stdout] 
[INFO] [stdout] running 2 tests
[INFO] [stdout] test parser_tests::parser_1 ... ok
[INFO] [stderr] error: test failed, to rerun pass `-p tests --lib`
[INFO] [stdout] test parser_tests::memory_backend_1 ... FAILED
[INFO] [stdout] 
[INFO] [stdout] failures:
[INFO] [stdout] 
[INFO] [stdout] ---- parser_tests::memory_backend_1 stdout ----
[INFO] [stdout] Test step 0
[INFO] [stdout] Test step 1
[INFO] [stdout] Didn't get expected output, writing to ../tests/acceptance/memory1/query3.test_diff
[INFO] [stdout] thread 'parser_tests::memory_backend_1' panicked at 'Unable to write file: Os { code: 30, kind: ReadOnlyFilesystem, message: "Read-only file system" }', /opt/rustwide/workdir/test-util/src/lib.rs:82:55
[INFO] [stdout] stack backtrace:
[INFO] [stdout]    0:     0x564d6aaf2d2a - std::backtrace_rs::backtrace::libunwind::trace::ha9053a9a07ca49cb
[INFO] [stdout]                                at /rustc/84c898d65adf2f39a5a98507f1fe0ce10a2b8dbc/library/std/src/../../backtrace/src/backtrace/libunwind.rs:93:5
[INFO] [stdout]    1:     0x564d6aaf2d2a - std::backtrace_rs::backtrace::trace_unsynchronized::h9c2852a457ad564e
[INFO] [stdout]                                at /rustc/84c898d65adf2f39a5a98507f1fe0ce10a2b8dbc/library/std/src/../../backtrace/src/backtrace/mod.rs:66:5
[INFO] [stdout]    2:     0x564d6aaf2d2a - std::sys_common::backtrace::_print_fmt::h457936fbfaa0070f
[INFO] [stdout]                                at /rustc/84c898d65adf2f39a5a98507f1fe0ce10a2b8dbc/library/std/src/sys_common/backtrace.rs:65:5
[INFO] [stdout]    3:     0x564d6aaf2d2a - <std::sys_common::backtrace::_print::DisplayBacktrace as core::fmt::Display>::fmt::h5779d7bf7f70cb0c
[INFO] [stdout]                                at /rustc/84c898d65adf2f39a5a98507f1fe0ce10a2b8dbc/library/std/src/sys_common/backtrace.rs:44:22
[INFO] [stdout]    4:     0x564d6ab183de - core::fmt::write::h5a4baaff1bcd3eb5
[INFO] [stdout]                                at /rustc/84c898d65adf2f39a5a98507f1fe0ce10a2b8dbc/library/core/src/fmt/mod.rs:1232:17
[INFO] [stdout]    5:     0x564d6aaf01a5 - std::io::Write::write_fmt::h478f79c628ef31d1
[INFO] [stdout]                                at /rustc/84c898d65adf2f39a5a98507f1fe0ce10a2b8dbc/library/std/src/io/mod.rs:1684:15
[INFO] [stdout]    6:     0x564d6aaf2af5 - std::sys_common::backtrace::_print::h5fcdc36060f177e8
[INFO] [stdout]                                at /rustc/84c898d65adf2f39a5a98507f1fe0ce10a2b8dbc/library/std/src/sys_common/backtrace.rs:47:5
[INFO] [stdout]    7:     0x564d6aaf2af5 - std::sys_common::backtrace::print::h54ca9458b876c8bf
[INFO] [stdout]                                at /rustc/84c898d65adf2f39a5a98507f1fe0ce10a2b8dbc/library/std/src/sys_common/backtrace.rs:34:9
[INFO] [stdout]    8:     0x564d6aaf48bf - std::panicking::default_hook::{{closure}}::hbe471161c7664ed6
[INFO] [stdout]                                at /rustc/84c898d65adf2f39a5a98507f1fe0ce10a2b8dbc/library/std/src/panicking.rs:271:22
[INFO] [stdout]    9:     0x564d6aaf457f - std::panicking::default_hook::ha3500da57aa4ac4f
[INFO] [stdout]                                at /rustc/84c898d65adf2f39a5a98507f1fe0ce10a2b8dbc/library/std/src/panicking.rs:287:9
[INFO] [stdout]   10:     0x564d6a9fcba7 - <alloc::boxed::Box<F,A> as core::ops::function::Fn<Args>>::call::hdf1b89dd137ece34
[INFO] [stdout]                                at /rustc/84c898d65adf2f39a5a98507f1fe0ce10a2b8dbc/library/alloc/src/boxed.rs:2001:9
[INFO] [stdout]   11:     0x564d6a9fcba7 - test::test_main::{{closure}}::h9081a79f20e75698
[INFO] [stdout]                                at /rustc/84c898d65adf2f39a5a98507f1fe0ce10a2b8dbc/library/test/src/lib.rs:135:21
[INFO] [stdout]   12:     0x564d6aaf4fed - <alloc::boxed::Box<F,A> as core::ops::function::Fn<Args>>::call::h6507bddc3eebb4a5
[INFO] [stdout]                                at /rustc/84c898d65adf2f39a5a98507f1fe0ce10a2b8dbc/library/alloc/src/boxed.rs:2001:9
[INFO] [stdout]   13:     0x564d6aaf4fed - std::panicking::rust_panic_with_hook::h50c09d000dc561d2
[INFO] [stdout]                                at /rustc/84c898d65adf2f39a5a98507f1fe0ce10a2b8dbc/library/std/src/panicking.rs:696:13
[INFO] [stdout]   14:     0x564d6aaf4d69 - std::panicking::begin_panic_handler::{{closure}}::h9e2b2176e00e0d9c
[INFO] [stdout]                                at /rustc/84c898d65adf2f39a5a98507f1fe0ce10a2b8dbc/library/std/src/panicking.rs:583:13
[INFO] [stdout]   15:     0x564d6aaf3196 - std::sys_common::backtrace::__rust_end_short_backtrace::h5739b8e512c09d02
[INFO] [stdout]                                at /rustc/84c898d65adf2f39a5a98507f1fe0ce10a2b8dbc/library/std/src/sys_common/backtrace.rs:150:18
[INFO] [stdout]   16:     0x564d6aaf4a72 - rust_begin_unwind
[INFO] [stdout]                                at /rustc/84c898d65adf2f39a5a98507f1fe0ce10a2b8dbc/library/std/src/panicking.rs:579:5
[INFO] [stdout]   17:     0x564d6a990c03 - core::panicking::panic_fmt::hf33a1475b4dc5c3e
[INFO] [stdout]                                at /rustc/84c898d65adf2f39a5a98507f1fe0ce10a2b8dbc/library/core/src/panicking.rs:64:14
[INFO] [stdout]   18:     0x564d6a9910b3 - core::result::unwrap_failed::hdff5465d74574b44
[INFO] [stdout]                                at /rustc/84c898d65adf2f39a5a98507f1fe0ce10a2b8dbc/library/core/src/result.rs:1750:5
[INFO] [stdout]   19:     0x564d6a9c723f - core::result::Result<T,E>::expect::hd3b0f9de0e21cd3a
[INFO] [stdout]                                at /rustc/84c898d65adf2f39a5a98507f1fe0ce10a2b8dbc/library/core/src/result.rs:1047:23
[INFO] [stdout]   20:     0x564d6a9bce6a - test_util::compare_output::h322c9d93259d7625
[INFO] [stdout]                                at /opt/rustwide/workdir/test-util/src/lib.rs:82:9
[INFO] [stdout]   21:     0x564d6a9be277 - test_util::run_test::h4ffc7a7703bdb8dc
[INFO] [stdout]                                at /opt/rustwide/workdir/test-util/src/lib.rs:113:27
[INFO] [stdout]   22:     0x564d6a9b3b27 - tests::parser_tests::memory_backend::ha008bfd1b599beed
[INFO] [stdout]                                at /opt/rustwide/workdir/tests/src/lib.rs:35:5
[INFO] [stdout]   23:     0x564d6a9b3b72 - tests::parser_tests::memory_backend_1::h6ca9809db0547ff2
[INFO] [stdout]                                at /opt/rustwide/workdir/tests/src/lib.rs:35:5
[INFO] [stdout]   24:     0x564d6a9b3b47 - tests::parser_tests::memory_backend_1::{{closure}}::h3d2537c3f2425a89
[INFO] [stdout]                                at /opt/rustwide/workdir/tests/src/lib.rs:35:5
[INFO] [stdout]   25:     0x564d6a9b2275 - core::ops::function::FnOnce::call_once::h80ea7a4468d5cfba
[INFO] [stdout]                                at /rustc/84c898d65adf2f39a5a98507f1fe0ce10a2b8dbc/library/core/src/ops/function.rs:250:5
[INFO] [stdout]   26:     0x564d6aa01f8f - core::ops::function::FnOnce::call_once::h7d969581be7d0075
[INFO] [stdout]                                at /rustc/84c898d65adf2f39a5a98507f1fe0ce10a2b8dbc/library/core/src/ops/function.rs:250:5
[INFO] [stdout]   27:     0x564d6aa01f8f - test::__rust_begin_short_backtrace::hca25a52684e56655
[INFO] [stdout]                                at /rustc/84c898d65adf2f39a5a98507f1fe0ce10a2b8dbc/library/test/src/lib.rs:656:18
[INFO] [stdout]   28:     0x564d6a9d35ac - test::run_test::{{closure}}::ha8ac744c4af1a4bb
[INFO] [stdout]                                at /rustc/84c898d65adf2f39a5a98507f1fe0ce10a2b8dbc/library/test/src/lib.rs:647:30
[INFO] [stdout]   29:     0x564d6a9d35ac - core::ops::function::FnOnce::call_once{{vtable.shim}}::h7b411a9ed45bdecf
[INFO] [stdout]                                at /rustc/84c898d65adf2f39a5a98507f1fe0ce10a2b8dbc/library/core/src/ops/function.rs:250:5
[INFO] [stdout]   30:     0x564d6aa00f56 - <alloc::boxed::Box<F,A> as core::ops::function::FnOnce<Args>>::call_once::hd05328869a8ed200
[INFO] [stdout]                                at /rustc/84c898d65adf2f39a5a98507f1fe0ce10a2b8dbc/library/alloc/src/boxed.rs:1987:9
[INFO] [stdout]   31:     0x564d6aa00f56 - <core::panic::unwind_safe::AssertUnwindSafe<F> as core::ops::function::FnOnce<()>>::call_once::h0c601ce20bd5b2be
[INFO] [stdout]                                at /rustc/84c898d65adf2f39a5a98507f1fe0ce10a2b8dbc/library/core/src/panic/unwind_safe.rs:271:9
[INFO] [stdout]   32:     0x564d6aa00f56 - std::panicking::try::do_call::ha4be5c164fe30854
[INFO] [stdout]                                at /rustc/84c898d65adf2f39a5a98507f1fe0ce10a2b8dbc/library/std/src/panicking.rs:487:40
[INFO] [stdout]   33:     0x564d6aa00f56 - std::panicking::try::h604546f3609af05f
[INFO] [stdout]                                at /rustc/84c898d65adf2f39a5a98507f1fe0ce10a2b8dbc/library/std/src/panicking.rs:451:19
[INFO] [stdout]   34:     0x564d6aa00f56 - std::panic::catch_unwind::h5bfa8afe44c9c2f9
[INFO] [stdout]                                at /rustc/84c898d65adf2f39a5a98507f1fe0ce10a2b8dbc/library/std/src/panic.rs:140:14
[INFO] [stdout]   35:     0x564d6aa00f56 - test::run_test_in_process::hd50dee55dd63e6aa
[INFO] [stdout]                                at /rustc/84c898d65adf2f39a5a98507f1fe0ce10a2b8dbc/library/test/src/lib.rs:679:27
[INFO] [stdout]   36:     0x564d6aa00f56 - test::run_test::run_test_inner::{{closure}}::h4aa0f433aa85cea8
[INFO] [stdout]                                at /rustc/84c898d65adf2f39a5a98507f1fe0ce10a2b8dbc/library/test/src/lib.rs:573:39
[INFO] [stdout]   37:     0x564d6a9cdc21 - test::run_test::run_test_inner::{{closure}}::had56431adf24b4d6
[INFO] [stdout]                                at /rustc/84c898d65adf2f39a5a98507f1fe0ce10a2b8dbc/library/test/src/lib.rs:600:37
[INFO] [stdout]   38:     0x564d6a9cdc21 - std::sys_common::backtrace::__rust_begin_short_backtrace::ha8d9890e0c73bf13
[INFO] [stdout]                                at /rustc/84c898d65adf2f39a5a98507f1fe0ce10a2b8dbc/library/std/src/sys_common/backtrace.rs:134:18
[INFO] [stdout]   39:     0x564d6a9d363b - std::thread::Builder::spawn_unchecked_::{{closure}}::{{closure}}::h251832bcb4a95327
[INFO] [stdout]                                at /rustc/84c898d65adf2f39a5a98507f1fe0ce10a2b8dbc/library/std/src/thread/mod.rs:560:17
[INFO] [stdout]   40:     0x564d6a9d363b - <core::panic::unwind_safe::AssertUnwindSafe<F> as core::ops::function::FnOnce<()>>::call_once::h8fdff598fa414831
[INFO] [stdout]                                at /rustc/84c898d65adf2f39a5a98507f1fe0ce10a2b8dbc/library/core/src/panic/unwind_safe.rs:271:9
[INFO] [stdout]   41:     0x564d6a9d363b - std::panicking::try::do_call::h455dd2f7764a950f
[INFO] [stdout]                                at /rustc/84c898d65adf2f39a5a98507f1fe0ce10a2b8dbc/library/std/src/panicking.rs:487:40
[INFO] [stdout]   42:     0x564d6a9d363b - std::panicking::try::had6f23b7b73ae72a
[INFO] [stdout]                                at /rustc/84c898d65adf2f39a5a98507f1fe0ce10a2b8dbc/library/std/src/panicking.rs:451:19
[INFO] [stdout]   43:     0x564d6a9d363b - std::panic::catch_unwind::ha6a5ca3915b4dad0
[INFO] [stdout]                                at /rustc/84c898d65adf2f39a5a98507f1fe0ce10a2b8dbc/library/std/src/panic.rs:140:14
[INFO] [stdout]   44:     0x564d6a9d363b - std::thread::Builder::spawn_unchecked_::{{closure}}::h883b72ef75da6231
[INFO] [stdout]                                at /rustc/84c898d65adf2f39a5a98507f1fe0ce10a2b8dbc/library/std/src/thread/mod.rs:559:30
[INFO] [stdout]   45:     0x564d6a9d363b - core::ops::function::FnOnce::call_once{{vtable.shim}}::hb7dff73dc8bd2ccb
[INFO] [stdout]                                at /rustc/84c898d65adf2f39a5a98507f1fe0ce10a2b8dbc/library/core/src/ops/function.rs:250:5
[INFO] [stdout]   46:     0x564d6aaf9353 - <alloc::boxed::Box<F,A> as core::ops::function::FnOnce<Args>>::call_once::h39990b24eedef2ab
[INFO] [stdout]                                at /rustc/84c898d65adf2f39a5a98507f1fe0ce10a2b8dbc/library/alloc/src/boxed.rs:1987:9
[INFO] [stdout]   47:     0x564d6aaf9353 - <alloc::boxed::Box<F,A> as core::ops::function::FnOnce<Args>>::call_once::h01a027258444143b
[INFO] [stdout]                                at /rustc/84c898d65adf2f39a5a98507f1fe0ce10a2b8dbc/library/alloc/src/boxed.rs:1987:9
[INFO] [stdout]   48:     0x564d6aaf9353 - std::sys::unix::thread::Thread::new::thread_start::ha4f1cdd9c25884ba
[INFO] [stdout]                                at /rustc/84c898d65adf2f39a5a98507f1fe0ce10a2b8dbc/library/std/src/sys/unix/thread.rs:108:17
[INFO] [stdout]   49:     0x7f365592db43 - <unknown>
[INFO] [stdout]   50:     0x7f36559bebb4 - __clone
[INFO] [stdout]   51:                0x0 - <unknown>
[INFO] [stdout] 
[INFO] [stdout] 
[INFO] [stdout] failures:
[INFO] [stdout]     parser_tests::memory_backend_1
[INFO] [stdout] 
[INFO] [stdout] test result: FAILED. 1 passed; 1 failed; 0 ignored; 0 measured; 0 filtered out; finished in 0.08s
[INFO] [stdout] 
[INFO] running `Command { std: "docker" "inspect" "712b3ae0d9e234963eab716b02156ad6a4b3a4b34c9ffc43fa8f1233c6ae21f0", kill_on_drop: false }`
[INFO] running `Command { std: "docker" "rm" "-f" "712b3ae0d9e234963eab716b02156ad6a4b3a4b34c9ffc43fa8f1233c6ae21f0", kill_on_drop: false }`
[INFO] [stdout] 712b3ae0d9e234963eab716b02156ad6a4b3a4b34c9ffc43fa8f1233c6ae21f0
