[INFO] cloning repository https://github.com/Aaronepower/tokei
[INFO] running `Command { std: "git" "-c" "credential.helper=" "-c" "credential.helper=/workspace/cargo-home/bin/git-credential-null" "clone" "--bare" "https://github.com/Aaronepower/tokei" "/workspace/cache/git-repos/https%3A%2F%2Fgithub.com%2FAaronepower%2Ftokei", kill_on_drop: false }`
[INFO] [stderr] Cloning into bare repository '/workspace/cache/git-repos/https%3A%2F%2Fgithub.com%2FAaronepower%2Ftokei'...
[INFO] running `Command { std: "git" "rev-parse" "HEAD", kill_on_drop: false }`
[INFO] [stdout] d6cb435152e9907af2bd62acd7134406353c6a85
[INFO] testing Aaronepower/tokei against 1.69.0 for beta-1.70-1
[INFO] running `Command { std: "git" "clone" "/workspace/cache/git-repos/https%3A%2F%2Fgithub.com%2FAaronepower%2Ftokei" "/workspace/builds/worker-4-tc1/source", kill_on_drop: false }`
[INFO] [stderr] Cloning into '/workspace/builds/worker-4-tc1/source'...
[INFO] [stderr] done.
[INFO] validating manifest of git repo https://github.com/Aaronepower/tokei on toolchain 1.69.0
[INFO] running `Command { std: CARGO_HOME="/workspace/cargo-home" RUSTUP_HOME="/workspace/rustup-home" "/workspace/cargo-home/bin/cargo" "+1.69.0" "metadata" "--manifest-path" "Cargo.toml" "--no-deps", kill_on_drop: false }`
[INFO] started tweaking git repo https://github.com/Aaronepower/tokei
[INFO] finished tweaking git repo https://github.com/Aaronepower/tokei
[INFO] tweaked toml for git repo https://github.com/Aaronepower/tokei written to /workspace/builds/worker-4-tc1/source/Cargo.toml
[INFO] crate git repo https://github.com/Aaronepower/tokei already has a lockfile, it will not be regenerated
[INFO] running `Command { std: CARGO_HOME="/workspace/cargo-home" RUSTUP_HOME="/workspace/rustup-home" "/workspace/cargo-home/bin/cargo" "+1.69.0" "fetch" "--manifest-path" "Cargo.toml", kill_on_drop: false }`
[INFO] [stderr]  Downloading crates ...
[INFO] [stderr]   Downloaded etcetera v0.8.0
[INFO] running `Command { std: "docker" "create" "-v" "/var/lib/crater-agent-workspace/builds/worker-4-tc1/target:/opt/rustwide/target:rw,Z" "-v" "/var/lib/crater-agent-workspace/builds/worker-4-tc1/source:/opt/rustwide/workdir:ro,Z" "-v" "/var/lib/crater-agent-workspace/cargo-home:/opt/rustwide/cargo-home:ro,Z" "-v" "/var/lib/crater-agent-workspace/rustup-home:/opt/rustwide/rustup-home:ro,Z" "-e" "SOURCE_DIR=/opt/rustwide/workdir" "-e" "CARGO_TARGET_DIR=/opt/rustwide/target" "-e" "CARGO_HOME=/opt/rustwide/cargo-home" "-e" "RUSTUP_HOME=/opt/rustwide/rustup-home" "-w" "/opt/rustwide/workdir" "-m" "1610612736" "--user" "0:0" "--network" "none" "ghcr.io/rust-lang/crates-build-env/linux@sha256:5ff2268d62e97bff2cde7d5815dd6ed5b47097566f13b8d0ca110b04b60e07ed" "/opt/rustwide/cargo-home/bin/cargo" "+1.69.0" "metadata" "--no-deps" "--format-version=1", kill_on_drop: false }`
[INFO] [stdout] cd585d4311a121e83192e867b069877d383775d59151d7a089c8d641a80b6818
[INFO] running `Command { std: "docker" "start" "-a" "cd585d4311a121e83192e867b069877d383775d59151d7a089c8d641a80b6818", kill_on_drop: false }`
[INFO] running `Command { std: "docker" "inspect" "cd585d4311a121e83192e867b069877d383775d59151d7a089c8d641a80b6818", kill_on_drop: false }`
[INFO] running `Command { std: "docker" "rm" "-f" "cd585d4311a121e83192e867b069877d383775d59151d7a089c8d641a80b6818", kill_on_drop: false }`
[INFO] [stdout] cd585d4311a121e83192e867b069877d383775d59151d7a089c8d641a80b6818
[INFO] running `Command { std: "docker" "create" "-v" "/var/lib/crater-agent-workspace/builds/worker-4-tc1/target:/opt/rustwide/target:rw,Z" "-v" "/var/lib/crater-agent-workspace/builds/worker-4-tc1/source:/opt/rustwide/workdir:ro,Z" "-v" "/var/lib/crater-agent-workspace/cargo-home:/opt/rustwide/cargo-home:ro,Z" "-v" "/var/lib/crater-agent-workspace/rustup-home:/opt/rustwide/rustup-home:ro,Z" "-e" "SOURCE_DIR=/opt/rustwide/workdir" "-e" "CARGO_TARGET_DIR=/opt/rustwide/target" "-e" "CARGO_INCREMENTAL=0" "-e" "RUST_BACKTRACE=full" "-e" "RUSTFLAGS=--cap-lints=warn" "-e" "RUSTDOCFLAGS=--cap-lints=warn" "-e" "CARGO_HOME=/opt/rustwide/cargo-home" "-e" "RUSTUP_HOME=/opt/rustwide/rustup-home" "-w" "/opt/rustwide/workdir" "-m" "1610612736" "--user" "0:0" "--network" "none" "ghcr.io/rust-lang/crates-build-env/linux@sha256:5ff2268d62e97bff2cde7d5815dd6ed5b47097566f13b8d0ca110b04b60e07ed" "/opt/rustwide/cargo-home/bin/cargo" "+1.69.0" "build" "--frozen" "--message-format=json", kill_on_drop: false }`
[INFO] [stdout] 04baf2665df753cd959bdcfc052fafb3d25193c57a134d022fa8266c85d55d3a
[INFO] running `Command { std: "docker" "start" "-a" "04baf2665df753cd959bdcfc052fafb3d25193c57a134d022fa8266c85d55d3a", kill_on_drop: false }`
[INFO] [stderr]    Compiling libc v0.2.131
[INFO] [stderr]    Compiling proc-macro2 v1.0.43
[INFO] [stderr]    Compiling unicode-ident v1.0.3
[INFO] [stderr]    Compiling syn v1.0.99
[INFO] [stderr]    Compiling once_cell v1.13.0
[INFO] [stderr]    Compiling uncased v0.9.7
[INFO] [stderr]    Compiling regex-syntax v0.6.27
[INFO] [stderr]    Compiling aho-corasick v0.7.18
[INFO] [stderr]    Compiling crossbeam-utils v0.8.11
[INFO] [stderr]    Compiling siphasher v0.3.10
[INFO] [stderr]    Compiling ppv-lite86 v0.2.16
[INFO] [stderr]    Compiling serde_derive v1.0.143
[INFO] [stderr]    Compiling phf_shared v0.11.1
[INFO] [stderr]    Compiling quote v1.0.21
[INFO] [stderr]    Compiling log v0.4.17
[INFO] [stderr]    Compiling getrandom v0.2.7
[INFO] [stderr]    Compiling serde v1.0.143
[INFO] [stderr]    Compiling num-traits v0.2.15
[INFO] [stderr]    Compiling ucd-trie v0.1.4
[INFO] [stderr]    Compiling rand_core v0.6.3
[INFO] [stderr]    Compiling phf v0.11.1
[INFO] [stderr]    Compiling rand_chacha v0.3.1
[INFO] [stderr]    Compiling bstr v0.2.17
[INFO] [stderr]    Compiling num-integer v0.1.45
[INFO] [stderr]    Compiling unic-char-range v0.9.0
[INFO] [stderr]    Compiling unic-common v0.9.0
[INFO] [stderr]    Compiling regex v1.6.0
[INFO] [stderr]    Compiling rand v0.8.5
[INFO] [stderr]    Compiling fnv v1.0.7
[INFO] [stderr]    Compiling walkdir v2.3.2
[INFO] [stderr]    Compiling unic-ucd-version v0.9.0
[INFO] [stderr]    Compiling unic-char-property v0.9.0
[INFO] [stderr]    Compiling thread_local v1.1.4
[INFO] [stderr]    Compiling crossbeam-epoch v0.9.10
[INFO] [stderr]    Compiling iana-time-zone v0.1.44
[INFO] [stderr]    Compiling serde_json v1.0.83
[INFO] [stderr]    Compiling phf_generator v0.11.1
[INFO] [stderr]    Compiling parse-zoneinfo v0.3.0
[INFO] [stderr]    Compiling phf_codegen v0.11.1
[INFO] [stderr]    Compiling globset v0.4.9
[INFO] [stderr]    Compiling unic-ucd-segment v0.9.0
[INFO] [stderr]    Compiling lock_api v0.4.7
[INFO] [stderr]    Compiling chrono-tz-build v0.0.3
[INFO] [stderr]    Compiling chrono v0.4.22
[INFO] [stderr]    Compiling ignore v0.4.18
[INFO] [stderr]    Compiling parking_lot_core v0.9.3
[INFO] [stderr]    Compiling deunicode v0.4.3
[INFO] [stderr]    Compiling itoa v1.0.3
[INFO] [stderr]    Compiling ryu v1.0.11
[INFO] [stderr]    Compiling encoding_rs v0.8.31
[INFO] [stderr]    Compiling rayon-core v1.9.3
[INFO] [stderr]    Compiling globwalk v0.8.1
[INFO] [stderr]    Compiling slug v0.1.4
[INFO] [stderr]    Compiling unic-segment v0.9.0
[INFO] [stderr]    Compiling atty v0.2.14
[INFO] [stderr]    Compiling indexmap v1.9.1
[INFO] [stderr]    Compiling humansize v1.1.1
[INFO] [stderr]    Compiling hashbrown v0.12.3
[INFO] [stderr]    Compiling arrayvec v0.4.12
[INFO] [stderr]    Compiling smallvec v1.9.0
[INFO] [stderr]    Compiling percent-encoding v2.1.0
[INFO] [stderr]    Compiling crossbeam-deque v0.8.2
[INFO] [stderr]    Compiling terminal_size v0.1.17
[INFO] [stderr]    Compiling num_cpus v1.13.1
[INFO] [stderr]    Compiling crossbeam-channel v0.5.6
[INFO] [stderr]    Compiling rayon v1.5.3
[INFO] [stderr]    Compiling nodrop v0.1.14
[INFO] [stderr]    Compiling os_str_bytes v6.3.0
[INFO] [stderr]    Compiling clap_lex v0.2.4
[INFO] [stderr]    Compiling textwrap v0.15.0
[INFO] [stderr]    Compiling chrono-tz v0.6.3
[INFO] [stderr]    Compiling memmap2 v0.5.6
[INFO] [stderr]    Compiling grep-matcher v0.1.5
[INFO] [stderr]    Compiling itoa v0.4.8
[INFO] [stderr]    Compiling humantime v2.1.0
[INFO] [stderr]    Compiling bytecount v0.6.3
[INFO] [stderr]    Compiling either v1.7.0
[INFO] [stderr]    Compiling home v0.5.4
[INFO] [stderr]    Compiling encoding_rs_io v0.1.7
[INFO] [stderr]    Compiling etcetera v0.8.0
[INFO] [stderr]    Compiling env_logger v0.9.0
[INFO] [stderr]    Compiling thiserror-impl v1.0.32
[INFO] [stderr]    Compiling derive_arbitrary v1.1.3
[INFO] [stderr]    Compiling grep-searcher v0.1.10
[INFO] [stderr]    Compiling clap v3.2.17
[INFO] [stderr]    Compiling num-format v0.4.0
[INFO] [stderr]    Compiling arbitrary v1.1.3
[INFO] [stderr]    Compiling parking_lot v0.12.1
[INFO] [stderr]    Compiling thiserror v1.0.32
[INFO] [stderr]    Compiling colored v2.0.0
[INFO] [stderr]    Compiling pest v2.2.1
[INFO] [stderr]    Compiling term_size v0.3.2
[INFO] [stderr]    Compiling pest_meta v2.2.1
[INFO] [stderr]    Compiling pest_generator v2.2.1
[INFO] [stderr]    Compiling pest_derive v2.2.1
[INFO] [stderr]    Compiling json5 v0.4.1
[INFO] [stderr]    Compiling toml v0.5.9
[INFO] [stderr]    Compiling dashmap v5.3.4
[INFO] [stderr]    Compiling tera v1.17.0
[INFO] [stderr]    Compiling tokei v13.0.0-alpha.0 (/opt/rustwide/workdir)
[INFO] [stderr]     Finished dev [unoptimized + debuginfo] target(s) in 49.43s
[INFO] running `Command { std: "docker" "inspect" "04baf2665df753cd959bdcfc052fafb3d25193c57a134d022fa8266c85d55d3a", kill_on_drop: false }`
[INFO] running `Command { std: "docker" "rm" "-f" "04baf2665df753cd959bdcfc052fafb3d25193c57a134d022fa8266c85d55d3a", kill_on_drop: false }`
[INFO] [stdout] 04baf2665df753cd959bdcfc052fafb3d25193c57a134d022fa8266c85d55d3a
[INFO] running `Command { std: "docker" "create" "-v" "/var/lib/crater-agent-workspace/builds/worker-4-tc1/target:/opt/rustwide/target:rw,Z" "-v" "/var/lib/crater-agent-workspace/builds/worker-4-tc1/source:/opt/rustwide/workdir:ro,Z" "-v" "/var/lib/crater-agent-workspace/cargo-home:/opt/rustwide/cargo-home:ro,Z" "-v" "/var/lib/crater-agent-workspace/rustup-home:/opt/rustwide/rustup-home:ro,Z" "-e" "SOURCE_DIR=/opt/rustwide/workdir" "-e" "CARGO_TARGET_DIR=/opt/rustwide/target" "-e" "CARGO_INCREMENTAL=0" "-e" "RUST_BACKTRACE=full" "-e" "RUSTFLAGS=--cap-lints=warn" "-e" "RUSTDOCFLAGS=--cap-lints=warn" "-e" "CARGO_HOME=/opt/rustwide/cargo-home" "-e" "RUSTUP_HOME=/opt/rustwide/rustup-home" "-w" "/opt/rustwide/workdir" "-m" "1610612736" "--user" "0:0" "--network" "none" "ghcr.io/rust-lang/crates-build-env/linux@sha256:5ff2268d62e97bff2cde7d5815dd6ed5b47097566f13b8d0ca110b04b60e07ed" "/opt/rustwide/cargo-home/bin/cargo" "+1.69.0" "test" "--frozen" "--no-run" "--message-format=json", kill_on_drop: false }`
[INFO] [stdout] b66c94ec2704b1de95f2acd149ba2a94f6d98b39c4229d248c617b36c34f7f08
[INFO] running `Command { std: "docker" "start" "-a" "b66c94ec2704b1de95f2acd149ba2a94f6d98b39c4229d248c617b36c34f7f08", kill_on_drop: false }`
[INFO] [stderr]    Compiling getrandom v0.2.7
[INFO] [stderr]    Compiling ppv-lite86 v0.2.16
[INFO] [stderr]    Compiling num-traits v0.2.15
[INFO] [stderr]    Compiling jobserver v0.1.24
[INFO] [stderr]    Compiling percent-encoding v2.1.0
[INFO] [stderr]    Compiling pkg-config v0.3.25
[INFO] [stderr]    Compiling tinyvec_macros v0.1.0
[INFO] [stderr]    Compiling matches v0.1.9
[INFO] [stderr]    Compiling fastrand v1.8.0
[INFO] [stderr]    Compiling tinyvec v1.6.0
[INFO] [stderr]    Compiling rand_core v0.6.3
[INFO] [stderr]    Compiling cc v1.0.73
[INFO] [stderr]    Compiling rustversion v1.0.9
[INFO] [stderr]    Compiling rand_chacha v0.3.1
[INFO] [stderr]    Compiling remove_dir_all v0.5.3
[INFO] [stderr]    Compiling unicode-bidi v0.3.8
[INFO] [stderr]    Compiling tempfile v3.3.0
[INFO] [stderr]    Compiling form_urlencoded v1.0.1
[INFO] [stderr]    Compiling rand v0.8.5
[INFO] [stderr]    Compiling wait-timeout v0.2.0
[INFO] [stderr]    Compiling unicode-normalization v0.1.21
[INFO] [stderr]    Compiling quick-error v1.2.3
[INFO] [stderr]    Compiling bit-vec v0.6.3
[INFO] [stderr]    Compiling rusty-fork v0.3.0
[INFO] [stderr]    Compiling rand_xorshift v0.3.0
[INFO] [stderr]    Compiling num-integer v0.1.45
[INFO] [stderr]    Compiling libz-sys v1.1.8
[INFO] [stderr]    Compiling libgit2-sys v0.14.0+1.5.0
[INFO] [stderr]    Compiling idna v0.2.3
[INFO] [stderr]    Compiling phf_generator v0.11.1
[INFO] [stderr]    Compiling phf_codegen v0.11.1
[INFO] [stderr]    Compiling bit-set v0.5.3
[INFO] [stderr]    Compiling chrono v0.4.22
[INFO] [stderr]    Compiling chrono-tz-build v0.0.3
[INFO] [stderr]    Compiling heck v0.4.0
[INFO] [stderr]    Compiling byteorder v1.4.3
[INFO] [stderr]    Compiling url v2.2.2
[INFO] [stderr]    Compiling quick-error v2.0.1
[INFO] [stderr]    Compiling strum v0.24.1
[INFO] [stderr]    Compiling strum_macros v0.24.3
[INFO] [stderr]    Compiling proptest v1.0.0
[INFO] [stderr]    Compiling chrono-tz v0.6.3
[INFO] [stderr]    Compiling tera v1.17.0
[INFO] [stderr]    Compiling git2 v0.15.0
[INFO] [stderr]    Compiling tokei v13.0.0-alpha.0 (/opt/rustwide/workdir)
[INFO] [stderr]     Finished test [unoptimized + debuginfo] target(s) in 32.30s
[INFO] running `Command { std: "docker" "inspect" "b66c94ec2704b1de95f2acd149ba2a94f6d98b39c4229d248c617b36c34f7f08", kill_on_drop: false }`
[INFO] running `Command { std: "docker" "rm" "-f" "b66c94ec2704b1de95f2acd149ba2a94f6d98b39c4229d248c617b36c34f7f08", kill_on_drop: false }`
[INFO] [stdout] b66c94ec2704b1de95f2acd149ba2a94f6d98b39c4229d248c617b36c34f7f08
[INFO] running `Command { std: "docker" "create" "-v" "/var/lib/crater-agent-workspace/builds/worker-4-tc1/target:/opt/rustwide/target:rw,Z" "-v" "/var/lib/crater-agent-workspace/builds/worker-4-tc1/source:/opt/rustwide/workdir:ro,Z" "-v" "/var/lib/crater-agent-workspace/cargo-home:/opt/rustwide/cargo-home:ro,Z" "-v" "/var/lib/crater-agent-workspace/rustup-home:/opt/rustwide/rustup-home:ro,Z" "-e" "SOURCE_DIR=/opt/rustwide/workdir" "-e" "CARGO_TARGET_DIR=/opt/rustwide/target" "-e" "CARGO_INCREMENTAL=0" "-e" "RUST_BACKTRACE=full" "-e" "RUSTFLAGS=--cap-lints=warn" "-e" "RUSTDOCFLAGS=--cap-lints=warn" "-e" "CARGO_HOME=/opt/rustwide/cargo-home" "-e" "RUSTUP_HOME=/opt/rustwide/rustup-home" "-w" "/opt/rustwide/workdir" "-m" "1610612736" "--user" "0:0" "--network" "none" "ghcr.io/rust-lang/crates-build-env/linux@sha256:5ff2268d62e97bff2cde7d5815dd6ed5b47097566f13b8d0ca110b04b60e07ed" "/opt/rustwide/cargo-home/bin/cargo" "+1.69.0" "test" "--frozen", kill_on_drop: false }`
[INFO] [stdout] fc0f1f2280a4dabd27d5c340b20967c8e046b7577e30c4bc02f1b7d39d78c2d4
[INFO] running `Command { std: "docker" "start" "-a" "fc0f1f2280a4dabd27d5c340b20967c8e046b7577e30c4bc02f1b7d39d78c2d4", kill_on_drop: false }`
[INFO] [stderr]     Blocking waiting for file lock on package cache
[INFO] [stderr]     Finished test [unoptimized + debuginfo] target(s) in 0.37s
[INFO] [stderr]      Running unittests src/lib.rs (/opt/rustwide/target/debug/deps/tokei-946f1f473e9e33f6)
[INFO] [stdout] 
[INFO] [stdout] running 19 tests
[INFO] [stdout] test utils::ext::tests::contains ... ok
[INFO] [stdout] test language::language_type::tests::rust_allows_nested ... ok
[INFO] [stdout] test utils::ext::tests::is_whitespace ... ok
[INFO] [stdout] test utils::ext::tests::trim ... ok
[INFO] [stdout] test utils::ext::tests::trim_first_and_last_line_of_whitespace_edge_cases ... ok
[INFO] [stdout] test utils::fs::tests::ignore_directory_with_extension ... ok
[INFO] [stdout] test utils::fs::tests::hidden ... ok
[INFO] [stdout] test utils::fs::tests::no_ignore_dot_includes_custom_ignore ... ok
[INFO] [stdout] test utils::fs::tests::no_ignore_dot ... ok
[INFO] [stdout] test language::language_type::tests::jupyter_notebook_has_correct_totals ... ok
[INFO] [stdout] test utils::ext::tests::trim_first_and_last_line_of_whitespace_doesnt_panic ... ok
[INFO] [stdout] test utils::fs::tests::no_ignore_implies_dot ... ok
[INFO] [stdout] test utils::fs::tests::no_ignore_dot_still_vcs_gitignore ... ok
[INFO] [stdout] test utils::fs::tests::no_ignore_vcs_gitignore_still_dot ... ok
[INFO] [stdout] test utils::fs::tests::no_ignore_parent ... ok
[INFO] [stdout] test utils::fs::tests::no_ignore_vcs_gitexclude ... ok
[INFO] [stdout] test utils::fs::tests::no_ignore_implies_vcs_gitignore ... ok
[INFO] [stdout] test utils::fs::tests::custom_ignore ... ok
[INFO] [stdout] test utils::fs::tests::no_ignore_vcs_gitignore ... ok
[INFO] [stdout] 
[INFO] [stdout] test result: ok. 19 passed; 0 failed; 0 ignored; 0 measured; 0 filtered out; finished in 0.02s
[INFO] [stdout] 
[INFO] [stderr]      Running unittests src/main.rs (/opt/rustwide/target/debug/deps/tokei-db39c1797bb0532a)
[INFO] [stdout] 
[INFO] [stdout] running 1 test
[INFO] [stdout] test input::tests::formatting_print_matches_parse ... ok
[INFO] [stdout] 
[INFO] [stdout] test result: ok. 1 passed; 0 failed; 0 ignored; 0 measured; 0 filtered out; finished in 0.02s
[INFO] [stdout] 
[INFO] [stderr]      Running tests/accuracy.rs (/opt/rustwide/target/debug/deps/accuracy-57807fb32aaf4b7d)
[INFO] [stdout] 
[INFO] [stdout] running 147 tests
[INFO] [stdout] test arduino ... ok
[INFO] [stdout] test awk ... ok
[INFO] [stdout] test asciidoc ... ok
[INFO] [stdout] test alloy ... ok
[INFO] [stdout] test ats ... ok
[INFO] [stdout] test bean ... ok
[INFO] [stdout] test abnf ... ok
[INFO] [stdout] test asn1 ... ok
[INFO] [stdout] test c ... ok
[INFO] [stdout] test clojure ... ok
[INFO] [stdout] test brightscript ... ok
[INFO] [stdout] test clojurescript ... ok
[INFO] [stdout] test bitbake ... ok
[INFO] [stdout] test codeql ... ok
[INFO] [stdout] test cogent ... ok
[INFO] [stdout] test cmake ... ok
[INFO] [stdout] test clojurec ... ok
[INFO] [stdout] test csharp ... ok
[INFO] [stdout] test crystal ... ok
[INFO] [stdout] test config::treating_comments_as_code ... ok
[INFO] [stdout] test d ... ok
[INFO] [stdout] test daml ... ok
[INFO] [stdout] test cuda ... ok
[INFO] [stdout] test dhall ... ok
[INFO] [stdout] test cpp ... ok
[INFO] [stdout] test ebuild ... ok
[INFO] [stdout] test edn ... ok
[INFO] [stdout] test elvish ... ok
[INFO] [stdout] test cython ... ok
[INFO] [stdout] test dockerfile ... ok
[INFO] [stdout] test emacs_lisp ... ok
[INFO] [stdout] test dust ... ok
[INFO] [stdout] test emacs_dev_env ... ok
[INFO] [stdout] test factor ... ok
[INFO] [stdout] test emojicode ... ok
[INFO] [stdout] test example ... ok
[INFO] [stdout] test dreammaker ... ok
[INFO] [stdout] test embedding::file_triggeringprincipal_frame_1 ... ok
[INFO] [stdout] test fennel ... ok
[INFO] [stdout] test ftl ... ok
[INFO] [stdout] test gdb ... ok
[INFO] [stdout] test gherkin ... ok
[INFO] [stdout] test gas ... ok
[INFO] [stdout] test flatbuffers ... ok
[INFO] [stdout] test fstar ... ok
[INFO] [stdout] test futhark ... ok
[INFO] [stdout] test forgecfg ... ok
[INFO] [stdout] test fsharp ... ok
[INFO] [stdout] test go ... ok
[INFO] [stdout] test haml ... ok
[INFO] [stdout] test hicad ... ok
[INFO] [stdout] test gohtml ... ok
[INFO] [stdout] test gml ... ok
[INFO] [stdout] test hpp ... ok
[INFO] [stdout] test javascript ... ok
[INFO] [stdout] test headache ... ok
[INFO] [stdout] test java ... ok
[INFO] [stdout] test hcl ... ok
[INFO] [stdout] test k ... ok
[INFO] [stdout] test jq ... ok
[INFO] [stdout] test html ... ok
[INFO] [stdout] test kakoune_script ... ok
[INFO] [stdout] test jsonnet ... ok
[INFO] [stdout] test ksh ... ok
[INFO] [stdout] test graphql ... ok
[INFO] [stdout] test gwion ... ok
[INFO] [stdout] test kvlanguage ... ok
[INFO] [stdout] test gleam ... ok
[INFO] [stdout] test liquid ... ok
[INFO] [stdout] test livescript ... ok
[INFO] [stdout] test jinja2 ... ok
[INFO] [stdout] test meson ... ok
[INFO] [stdout] test lolcode ... ok
[INFO] [stdout] test metal ... ok
[INFO] [stdout] test logtalk ... ok
[INFO] [stdout] test m4 ... ok
[INFO] [stdout] test odin ... ok
[INFO] [stdout] test mlatu ... ok
[INFO] [stdout] test nextflow ... ok
[INFO] [stdout] test llvm ... ok
[INFO] [stdout] test makefile ... ok
[INFO] [stdout] test moduledef ... ok
[INFO] [stdout] test msbuild ... ok
[INFO] [stdout] test nqp ... ok
[INFO] [stdout] test org_mode ... ok
[INFO] [stdout] test pcss ... ok
[INFO] [stdout] test pan ... ok
[INFO] [stdout] test postcss ... ok
[INFO] [stdout] test pest ... ok
[INFO] [stdout] test puppet ... ok
[INFO] [stdout] test python ... ok
[INFO] [stdout] test opentype ... ok
[INFO] [stdout] test q ... ok
[INFO] [stdout] test qml ... ok
[INFO] [stdout] test powershell ... ok
[INFO] [stdout] test pug ... ok
[INFO] [stdout] test open_policy_agent ... ok
[INFO] [stdout] test racket ... ok
[INFO] [stdout] test rpmspec ... ok
[INFO] [stdout] test ron ... ok
[INFO] [stdout] test rakefile ... ok
[INFO] [stdout] test ruby ... ok
[INFO] [stdout] test scheme ... ok
[INFO] [stdout] test raku ... ok
[INFO] [stdout] test poke ... ok
[INFO] [stdout] test pony ... ok
[INFO] [stdout] test rust ... ok
[INFO] [stdout] test sconstruct ... ok
[INFO] [stdout] test shaderlab ... ok
[INFO] [stdout] test sql ... ok
[INFO] [stdout] test ruby_html ... ok
[INFO] [stdout] test stan ... ok
[INFO] [stdout] test stratego ... ok
[INFO] [stdout] test stylus ... ok
[INFO] [stdout] test renpy ... ok
[INFO] [stdout] test swift ... ok
[INFO] [stdout] test svelte ... ok
[INFO] [stdout] test ruby_env ... ok
[INFO] [stdout] test srecode ... ok
[INFO] [stdout] test thrift ... ok
[INFO] [stdout] test tsx ... ok
[INFO] [stdout] test solidity ... ok
[INFO] [stdout] test swig ... ok
[INFO] [stdout] test urweb ... ok
[INFO] [stdout] test unison ... ok
[INFO] [stdout] test tera ... ok
[INFO] [stdout] test urweb_urp ... ok
[INFO] [stdout] test typescript ... ok
[INFO] [stdout] test ttcn ... ok
[INFO] [stdout] test vb6_frm ... ok
[INFO] [stdout] test vb6_bas ... ok
[INFO] [stdout] test vb6_cls ... ok
[INFO] [stdout] test vhdl ... ok
[INFO] [stdout] test urweb_urs ... ok
[INFO] [stdout] test twig ... ok
[INFO] [stdout] test webassembly ... ok
[INFO] [stdout] test wgsl ... ok
[INFO] [stdout] test vbscript ... ok
[INFO] [stdout] test vue ... ok
[INFO] [stdout] test visualbasic ... ok
[INFO] [stdout] test velocity ... ok
[INFO] [stdout] test yaml ... ok
[INFO] [stdout] test xtend ... ok
[INFO] [stdout] test zencode ... ok
[INFO] [stdout] test wenyan ... ok
[INFO] [stdout] test xsl ... ok
[INFO] [stdout] test zig ... ok
[INFO] [stdout] 
[INFO] [stdout] test result: ok. 147 passed; 0 failed; 0 ignored; 0 measured; 0 filtered out; finished in 0.07s
[INFO] [stdout] 
[INFO] [stderr]    Doc-tests tokei
[INFO] [stdout] 
[INFO] [stdout] running 21 tests
[INFO] [stdout] test /opt/rustwide/target/debug/build/tokei-ea1bd91b520832a8/out/language_type.rs - language::language_type::LanguageType::from_file_extension (line 5385) - compile ... ok
[INFO] [stdout] test /opt/rustwide/target/debug/build/tokei-ea1bd91b520832a8/out/language_type.rs - language::language_type::LanguageType::from_path (line 5352) - compile ... ok
[INFO] [stdout] test /opt/rustwide/target/debug/build/tokei-ea1bd91b520832a8/out/language_type.rs - language::language_type::LanguageType::from_shebang (line 5693) - compile ... ok
[INFO] [stdout] test /opt/rustwide/target/debug/build/tokei-ea1bd91b520832a8/out/language_type.rs - language::language_type::LanguageType::from_mime (line 5666) - compile ... ok
[INFO] [stdout] test /opt/rustwide/target/debug/build/tokei-ea1bd91b520832a8/out/language_type.rs - language::language_type::LanguageType::nested_comments (line 2726) ... FAILED
[INFO] [stdout] test /opt/rustwide/target/debug/build/tokei-ea1bd91b520832a8/out/language_type.rs - language::language_type::LanguageType::quotes (line 3002) ... FAILED
[INFO] [stdout] test /opt/rustwide/target/debug/build/tokei-ea1bd91b520832a8/out/language_type.rs - language::language_type::LanguageType::allows_nested (line 2450) ... ok
[INFO] [stdout] test /opt/rustwide/target/debug/build/tokei-ea1bd91b520832a8/out/language_type.rs - language::language_type::LanguageType::line_comments (line 1898) ... FAILED
[INFO] [stdout] test src/language/languages.rs - language::languages::Languages::get_statistics (line 71) - compile ... ok
[INFO] [stdout] test /opt/rustwide/target/debug/build/tokei-ea1bd91b520832a8/out/language_type.rs - language::language_type::LanguageType::name (line 282) ... ok
[INFO] [stdout] test /opt/rustwide/target/debug/build/tokei-ea1bd91b520832a8/out/language_type.rs - language::language_type::LanguageType::multi_line_comments (line 2173) ... ok
[INFO] [stdout] test src/language/mod.rs - language::Language::sort_by (line 136) - compile ... ok
[INFO] [stdout] test src/language/mod.rs - language::Language::total (line 89) - compile ... ok
[INFO] [stdout] test /opt/rustwide/target/debug/build/tokei-ea1bd91b520832a8/out/language_type.rs - language::language_type::LanguageType::doc_quotes (line 3552) ... ok
[INFO] [stdout] test src/lib.rs - (line 15) - compile ... ok
[INFO] [stdout] test /opt/rustwide/target/debug/build/tokei-ea1bd91b520832a8/out/language_type.rs - language::language_type::LanguageType::shebangs (line 4090) ... ok
[INFO] [stdout] test /opt/rustwide/target/debug/build/tokei-ea1bd91b520832a8/out/language_type.rs - language::language_type::LanguageType::verbatim_quotes (line 3277) ... ok
[INFO] [stdout] test src/config.rs - config::Config (line 12) ... ok
[INFO] [stdout] test src/language/mod.rs - language::Language::is_empty (line 122) ... ok
[INFO] [stdout] test src/language/mod.rs - language::Language::new (line 32) ... ok
[INFO] [stdout] test src/language/languages.rs - language::languages::Languages::new (line 92) ... ok
[INFO] [stdout] 
[INFO] [stdout] failures:
[INFO] [stdout] 
[INFO] [stdout] ---- /opt/rustwide/target/debug/build/tokei-ea1bd91b520832a8/out/language_type.rs - language::language_type::LanguageType::nested_comments (line 2726) stdout ----
[INFO] [stdout] error: linking with `cc` failed: exit status: 1
[INFO] [stdout]   |
[INFO] [stdout]   = note: LC_ALL="C" PATH="/opt/rustwide/rustup-home/toolchains/1.69.0-x86_64-unknown-linux-gnu/lib/rustlib/x86_64-unknown-linux-gnu/bin:/opt/rustwide/cargo-home/bin:/usr/local/sbin:/usr/local/bin:/usr/sbin:/usr/bin:/sbin:/bin" VSLANG="1033" "cc" "-m64" "/tmp/rustcqqL3NS/symbols.o" "/tmp/rustdoctestmvgUMx/rust_out.rust_out.5bfee551-cgu.0.rcgu.o" "/tmp/rustdoctestmvgUMx/rust_out.j00p4ncf7xg64kg.rcgu.o" "-Wl,--as-needed" "-L" "/opt/rustwide/target/debug/deps" "-L" "/opt/rustwide/target/debug/deps" "-L" "/opt/rustwide/target/debug/build/libgit2-sys-ba1e8d6e7df8b11d/out/build" "-L" "/opt/rustwide/rustup-home/toolchains/1.69.0-x86_64-unknown-linux-gnu/lib/rustlib/x86_64-unknown-linux-gnu/lib" "-Wl,-Bstatic" "/opt/rustwide/target/debug/deps/libtokei-84f8d9bcfd4e69bf.rlib" "/opt/rustwide/target/debug/deps/libserde_json-aebd7821935c3dd1.rlib" "/opt/rustwide/target/debug/deps/libryu-88ed33e27302889f.rlib" "/opt/rustwide/target/debug/deps/libitoa-d3fb77795e408776.rlib" "/opt/rustwide/target/debug/deps/libtoml-8d0a2cbe795137f8.rlib" "/opt/rustwide/target/debug/deps/libparking_lot-ca53843b13b4f00e.rlib" "/opt/rustwide/target/debug/deps/libarbitrary-abc3c262f2dc476c.rlib" "/opt/rustwide/target/debug/deps/libdashmap-72470134c04a59e7.rlib" "/opt/rustwide/target/debug/deps/liblock_api-e5ad3b2927a46886.rlib" "/opt/rustwide/target/debug/deps/libparking_lot_core-ae91293ae9b4f2cf.rlib" "/opt/rustwide/target/debug/deps/libsmallvec-5f75839ee3e2a151.rlib" "/opt/rustwide/target/debug/deps/libhashbrown-f669da50cece7aa5.rlib" "/opt/rustwide/target/debug/deps/libgrep_searcher-9a0c195f00f1a0a8.rlib" "/opt/rustwide/target/debug/deps/libmemmap2-769c82f5e946ef6d.rlib" "/opt/rustwide/target/debug/deps/libgrep_matcher-82a1d3b42e986e1f.rlib" "/opt/rustwide/target/debug/deps/libbytecount-dd17df321499760e.rlib" "/opt/rustwide/target/debug/deps/libencoding_rs_io-6623ccc684fb96b9.rlib" "/opt/rustwide/target/debug/deps/libencoding_rs-445b6023340cc421.rlib" "/opt/rustwide/target/debug/deps/libetcetera-34a2bbe94812667e.rlib" "/opt/rustwide/target/debug/deps/libhome-28a42582f58b9678.rlib" "/opt/rustwide/target/debug/deps/librayon-29f00da19b742bdb.rlib" "/opt/rustwide/target/debug/deps/librayon_core-d5bb2f8a58fe8cf3.rlib" "/opt/rustwide/target/debug/deps/libnum_cpus-4f548f0232752589.rlib" "/opt/rustwide/target/debug/deps/liblibc-9f1da8af3ea59e17.rlib" "/opt/rustwide/target/debug/deps/libcrossbeam_deque-47db6f7fb773dcd5.rlib" "/opt/rustwide/target/debug/deps/libcrossbeam_epoch-0fa0204b92d99aeb.rlib" "/opt/rustwide/target/debug/deps/libmemoffset-0f776f28e9231e55.rlib" "/opt/rustwide/target/debug/deps/libscopeguard-f471875f675163b5.rlib" "/opt/rustwide/target/debug/deps/libcrossbeam_channel-5e2f10b4f0369b92.rlib" "/opt/rustwide/target/debug/deps/libeither-88fce22f57d70138.rlib" "/opt/rustwide/target/debug/deps/libignore-e21617e363b32a8e.rlib" "/opt/rustwide/target/debug/deps/libcrossbeam_utils-27c446d430ff52d6.rlib" "/opt/rustwide/target/debug/deps/liblazy_static-a15e1ed0a3c31761.rlib" "/opt/rustwide/target/debug/deps/libwalkdir-b48bc91a5fc3dc05.rlib" "/opt/rustwide/target/debug/deps/libsame_file-fab28c3c81b2d2fa.rlib" "/opt/rustwide/target/debug/deps/libthread_local-fdf3298eb223ec99.rlib" "/opt/rustwide/target/debug/deps/libonce_cell-d1197491957c0c17.rlib" "/opt/rustwide/target/debug/deps/libglobset-dc71063ea0224d0c.rlib" "/opt/rustwide/target/debug/deps/libfnv-41a559218f992797.rlib" "/opt/rustwide/target/debug/deps/libregex-cd54e1f618628eec.rlib" "/opt/rustwide/target/debug/deps/libregex_syntax-4fe5184ebc0b68f9.rlib" "/opt/rustwide/target/debug/deps/libbstr-84f5e19b567020f1.rlib" "/opt/rustwide/target/debug/deps/libaho_corasick-70403096eb3b3026.rlib" "/opt/rustwide/target/debug/deps/libmemchr-b18e4aa3c7a38625.rlib" "/opt/rustwide/target/debug/deps/libserde-c13a8fc8e69adfca.rlib" "/opt/rustwide/target/debug/deps/liblog-e4acea3c8ca43b70.rlib" "/opt/rustwide/target/debug/deps/libcfg_if-e5e118dd7d121aaa.rlib" "/opt/rustwide/rustup-home/toolchains/1.69.0-x86_64-unknown-linux-gnu/lib/rustlib/x86_64-unknown-linux-gnu/lib/libstd-89bc084783fdc439.rlib" "/opt/rustwide/rustup-home/toolchains/1.69.0-x86_64-unknown-linux-gnu/lib/rustlib/x86_64-unknown-linux-gnu/lib/libpanic_unwind-8bee4b287d4367c1.rlib" "/opt/rustwide/rustup-home/toolchains/1.69.0-x86_64-unknown-linux-gnu/lib/rustlib/x86_64-unknown-linux-gnu/lib/libobject-d61707aed80694c0.rlib" "/opt/rustwide/rustup-home/toolchains/1.69.0-x86_64-unknown-linux-gnu/lib/rustlib/x86_64-unknown-linux-gnu/lib/libmemchr-d85366256f22345b.rlib" "/opt/rustwide/rustup-home/toolchains/1.69.0-x86_64-unknown-linux-gnu/lib/rustlib/x86_64-unknown-linux-gnu/lib/libaddr2line-96069b86b8a8cae9.rlib" "/opt/rustwide/rustup-home/toolchains/1.69.0-x86_64-unknown-linux-gnu/lib/rustlib/x86_64-unknown-linux-gnu/lib/libgimli-d19d53abf68dfa6c.rlib" "/opt/rustwide/rustup-home/toolchains/1.69.0-x86_64-unknown-linux-gnu/lib/rustlib/x86_64-unknown-linux-gnu/lib/librustc_demangle-787cbccd19d64ac6.rlib" "/opt/rustwide/rustup-home/toolchains/1.69.0-x86_64-unknown-linux-gnu/lib/rustlib/x86_64-unknown-linux-gnu/lib/libstd_detect-b3837a36b830e0d0.rlib" "/opt/rustwide/rustup-home/toolchains/1.69.0-x86_64-unknown-linux-gnu/lib/rustlib/x86_64-unknown-linux-gnu/lib/libhashbrown-e3deb0e7e3f04966.rlib" "/opt/rustwide/rustup-home/toolchains/1.69.0-x86_64-unknown-linux-gnu/lib/rustlib/x86_64-unknown-linux-gnu/lib/libminiz_oxide-dabbb79c9815def4.rlib" "/opt/rustwide/rustup-home/toolchains/1.69.0-x86_64-unknown-linux-gnu/lib/rustlib/x86_64-unknown-linux-gnu/lib/libadler-305b01f34c9409f2.rlib" "/opt/rustwide/rustup-home/toolchains/1.69.0-x86_64-unknown-linux-gnu/lib/rustlib/x86_64-unknown-linux-gnu/lib/librustc_std_workspace_alloc-f833521df6074e73.rlib" "/opt/rustwide/rustup-home/toolchains/1.69.0-x86_64-unknown-linux-gnu/lib/rustlib/x86_64-unknown-linux-gnu/lib/libunwind-9ac333113350d171.rlib" "/opt/rustwide/rustup-home/toolchains/1.69.0-x86_64-unknown-linux-gnu/lib/rustlib/x86_64-unknown-linux-gnu/lib/libcfg_if-1c126114322d0eee.rlib" "/opt/rustwide/rustup-home/toolchains/1.69.0-x86_64-unknown-linux-gnu/lib/rustlib/x86_64-unknown-linux-gnu/lib/liblibc-bad9164fdeeecf92.rlib" "/opt/rustwide/rustup-home/toolchains/1.69.0-x86_64-unknown-linux-gnu/lib/rustlib/x86_64-unknown-linux-gnu/lib/liballoc-f9374b1e480fa681.rlib" "/opt/rustwide/rustup-home/toolchains/1.69.0-x86_64-unknown-linux-gnu/lib/rustlib/x86_64-unknown-linux-gnu/lib/librustc_std_workspace_core-207f06e41d9603af.rlib" "/opt/rustwide/rustup-home/toolchains/1.69.0-x86_64-unknown-linux-gnu/lib/rustlib/x86_64-unknown-linux-gnu/lib/libcore-7e2768e66e984e85.rlib" "/opt/rustwide/rustup-home/toolchains/1.69.0-x86_64-unknown-linux-gnu/lib/rustlib/x86_64-unknown-linux-gnu/lib/libcompiler_builtins-957b4aff41f8cd46.rlib" "-Wl,-Bdynamic" "-lgcc_s" "-lutil" "-lrt" "-lpthread" "-lm" "-ldl" "-lc" "-Wl,--eh-frame-hdr" "-Wl,-z,noexecstack" "-L" "/opt/rustwide/rustup-home/toolchains/1.69.0-x86_64-unknown-linux-gnu/lib/rustlib/x86_64-unknown-linux-gnu/lib" "-o" "/tmp/rustdoctestmvgUMx/rust_out" "-Wl,--gc-sections" "-pie" "-Wl,-z,relro,-z,now" "-nodefaultlibs"
[INFO] [stdout]   = note: collect2: fatal error: ld terminated with signal 9 [Killed]
[INFO] [stdout]           compilation terminated.
[INFO] [stdout]           
[INFO] [stdout] 
[INFO] [stdout] error: aborting due to previous error
[INFO] [stdout] 
[INFO] [stdout] Couldn't compile the test.
[INFO] [stdout] ---- /opt/rustwide/target/debug/build/tokei-ea1bd91b520832a8/out/language_type.rs - language::language_type::LanguageType::quotes (line 3002) stdout ----
[INFO] [stdout] error: linking with `cc` failed: exit status: 1
[INFO] [stdout]   |
[INFO] [stdout]   = note: LC_ALL="C" PATH="/opt/rustwide/rustup-home/toolchains/1.69.0-x86_64-unknown-linux-gnu/lib/rustlib/x86_64-unknown-linux-gnu/bin:/opt/rustwide/cargo-home/bin:/usr/local/sbin:/usr/local/bin:/usr/sbin:/usr/bin:/sbin:/bin" VSLANG="1033" "cc" "-m64" "/tmp/rustc3LCTOi/symbols.o" "/tmp/rustdoctest3lgIRy/rust_out.rust_out.5bfee551-cgu.0.rcgu.o" "/tmp/rustdoctest3lgIRy/rust_out.j00p4ncf7xg64kg.rcgu.o" "-Wl,--as-needed" "-L" "/opt/rustwide/target/debug/deps" "-L" "/opt/rustwide/target/debug/deps" "-L" "/opt/rustwide/target/debug/build/libgit2-sys-ba1e8d6e7df8b11d/out/build" "-L" "/opt/rustwide/rustup-home/toolchains/1.69.0-x86_64-unknown-linux-gnu/lib/rustlib/x86_64-unknown-linux-gnu/lib" "-Wl,-Bstatic" "/opt/rustwide/target/debug/deps/libtokei-84f8d9bcfd4e69bf.rlib" "/opt/rustwide/target/debug/deps/libserde_json-aebd7821935c3dd1.rlib" "/opt/rustwide/target/debug/deps/libryu-88ed33e27302889f.rlib" "/opt/rustwide/target/debug/deps/libitoa-d3fb77795e408776.rlib" "/opt/rustwide/target/debug/deps/libtoml-8d0a2cbe795137f8.rlib" "/opt/rustwide/target/debug/deps/libparking_lot-ca53843b13b4f00e.rlib" "/opt/rustwide/target/debug/deps/libarbitrary-abc3c262f2dc476c.rlib" "/opt/rustwide/target/debug/deps/libdashmap-72470134c04a59e7.rlib" "/opt/rustwide/target/debug/deps/liblock_api-e5ad3b2927a46886.rlib" "/opt/rustwide/target/debug/deps/libparking_lot_core-ae91293ae9b4f2cf.rlib" "/opt/rustwide/target/debug/deps/libsmallvec-5f75839ee3e2a151.rlib" "/opt/rustwide/target/debug/deps/libhashbrown-f669da50cece7aa5.rlib" "/opt/rustwide/target/debug/deps/libgrep_searcher-9a0c195f00f1a0a8.rlib" "/opt/rustwide/target/debug/deps/libmemmap2-769c82f5e946ef6d.rlib" "/opt/rustwide/target/debug/deps/libgrep_matcher-82a1d3b42e986e1f.rlib" "/opt/rustwide/target/debug/deps/libbytecount-dd17df321499760e.rlib" "/opt/rustwide/target/debug/deps/libencoding_rs_io-6623ccc684fb96b9.rlib" "/opt/rustwide/target/debug/deps/libencoding_rs-445b6023340cc421.rlib" "/opt/rustwide/target/debug/deps/libetcetera-34a2bbe94812667e.rlib" "/opt/rustwide/target/debug/deps/libhome-28a42582f58b9678.rlib" "/opt/rustwide/target/debug/deps/librayon-29f00da19b742bdb.rlib" "/opt/rustwide/target/debug/deps/librayon_core-d5bb2f8a58fe8cf3.rlib" "/opt/rustwide/target/debug/deps/libnum_cpus-4f548f0232752589.rlib" "/opt/rustwide/target/debug/deps/liblibc-9f1da8af3ea59e17.rlib" "/opt/rustwide/target/debug/deps/libcrossbeam_deque-47db6f7fb773dcd5.rlib" "/opt/rustwide/target/debug/deps/libcrossbeam_epoch-0fa0204b92d99aeb.rlib" "/opt/rustwide/target/debug/deps/libmemoffset-0f776f28e9231e55.rlib" "/opt/rustwide/target/debug/deps/libscopeguard-f471875f675163b5.rlib" "/opt/rustwide/target/debug/deps/libcrossbeam_channel-5e2f10b4f0369b92.rlib" "/opt/rustwide/target/debug/deps/libeither-88fce22f57d70138.rlib" "/opt/rustwide/target/debug/deps/libignore-e21617e363b32a8e.rlib" "/opt/rustwide/target/debug/deps/libcrossbeam_utils-27c446d430ff52d6.rlib" "/opt/rustwide/target/debug/deps/liblazy_static-a15e1ed0a3c31761.rlib" "/opt/rustwide/target/debug/deps/libwalkdir-b48bc91a5fc3dc05.rlib" "/opt/rustwide/target/debug/deps/libsame_file-fab28c3c81b2d2fa.rlib" "/opt/rustwide/target/debug/deps/libthread_local-fdf3298eb223ec99.rlib" "/opt/rustwide/target/debug/deps/libonce_cell-d1197491957c0c17.rlib" "/opt/rustwide/target/debug/deps/libglobset-dc71063ea0224d0c.rlib" "/opt/rustwide/target/debug/deps/libfnv-41a559218f992797.rlib" "/opt/rustwide/target/debug/deps/libregex-cd54e1f618628eec.rlib" "/opt/rustwide/target/debug/deps/libregex_syntax-4fe5184ebc0b68f9.rlib" "/opt/rustwide/target/debug/deps/libbstr-84f5e19b567020f1.rlib" "/opt/rustwide/target/debug/deps/libaho_corasick-70403096eb3b3026.rlib" "/opt/rustwide/target/debug/deps/libmemchr-b18e4aa3c7a38625.rlib" "/opt/rustwide/target/debug/deps/libserde-c13a8fc8e69adfca.rlib" "/opt/rustwide/target/debug/deps/liblog-e4acea3c8ca43b70.rlib" "/opt/rustwide/target/debug/deps/libcfg_if-e5e118dd7d121aaa.rlib" "/opt/rustwide/rustup-home/toolchains/1.69.0-x86_64-unknown-linux-gnu/lib/rustlib/x86_64-unknown-linux-gnu/lib/libstd-89bc084783fdc439.rlib" "/opt/rustwide/rustup-home/toolchains/1.69.0-x86_64-unknown-linux-gnu/lib/rustlib/x86_64-unknown-linux-gnu/lib/libpanic_unwind-8bee4b287d4367c1.rlib" "/opt/rustwide/rustup-home/toolchains/1.69.0-x86_64-unknown-linux-gnu/lib/rustlib/x86_64-unknown-linux-gnu/lib/libobject-d61707aed80694c0.rlib" "/opt/rustwide/rustup-home/toolchains/1.69.0-x86_64-unknown-linux-gnu/lib/rustlib/x86_64-unknown-linux-gnu/lib/libmemchr-d85366256f22345b.rlib" "/opt/rustwide/rustup-home/toolchains/1.69.0-x86_64-unknown-linux-gnu/lib/rustlib/x86_64-unknown-linux-gnu/lib/libaddr2line-96069b86b8a8cae9.rlib" "/opt/rustwide/rustup-home/toolchains/1.69.0-x86_64-unknown-linux-gnu/lib/rustlib/x86_64-unknown-linux-gnu/lib/libgimli-d19d53abf68dfa6c.rlib" "/opt/rustwide/rustup-home/toolchains/1.69.0-x86_64-unknown-linux-gnu/lib/rustlib/x86_64-unknown-linux-gnu/lib/librustc_demangle-787cbccd19d64ac6.rlib" "/opt/rustwide/rustup-home/toolchains/1.69.0-x86_64-unknown-linux-gnu/lib/rustlib/x86_64-unknown-linux-gnu/lib/libstd_detect-b3837a36b830e0d0.rlib" "/opt/rustwide/rustup-home/toolchains/1.69.0-x86_64-unknown-linux-gnu/lib/rustlib/x86_64-unknown-linux-gnu/lib/libhashbrown-e3deb0e7e3f04966.rlib" "/opt/rustwide/rustup-home/toolchains/1.69.0-x86_64-unknown-linux-gnu/lib/rustlib/x86_64-unknown-linux-gnu/lib/libminiz_oxide-dabbb79c9815def4.rlib" "/opt/rustwide/rustup-home/toolchains/1.69.0-x86_64-unknown-linux-gnu/lib/rustlib/x86_64-unknown-linux-gnu/lib/libadler-305b01f34c9409f2.rlib" "/opt/rustwide/rustup-home/toolchains/1.69.0-x86_64-unknown-linux-gnu/lib/rustlib/x86_64-unknown-linux-gnu/lib/librustc_std_workspace_alloc-f833521df6074e73.rlib" "/opt/rustwide/rustup-home/toolchains/1.69.0-x86_64-unknown-linux-gnu/lib/rustlib/x86_64-unknown-linux-gnu/lib/libunwind-9ac333113350d171.rlib" "/opt/rustwide/rustup-home/toolchains/1.69.0-x86_64-unknown-linux-gnu/lib/rustlib/x86_64-unknown-linux-gnu/lib/libcfg_if-1c126114322d0eee.rlib" "/opt/rustwide/rustup-home/toolchains/1.69.0-x86_64-unknown-linux-gnu/lib/rustlib/x86_64-unknown-linux-gnu/lib/liblibc-bad9164fdeeecf92.rlib" "/opt/rustwide/rustup-home/toolchains/1.69.0-x86_64-unknown-linux-gnu/lib/rustlib/x86_64-unknown-linux-gnu/lib/liballoc-f9374b1e480fa681.rlib" "/opt/rustwide/rustup-home/toolchains/1.69.0-x86_64-unknown-linux-gnu/lib/rustlib/x86_64-unknown-linux-gnu/lib/librustc_std_workspace_core-207f06e41d9603af.rlib" "/opt/rustwide/rustup-home/toolchains/1.69.0-x86_64-unknown-linux-gnu/lib/rustlib/x86_64-unknown-linux-gnu/lib/libcore-7e2768e66e984e85.rlib" "/opt/rustwide/rustup-home/toolchains/1.69.0-x86_64-unknown-linux-gnu/lib/rustlib/x86_64-unknown-linux-gnu/lib/libcompiler_builtins-957b4aff41f8cd46.rlib" "-Wl,-Bdynamic" "-lgcc_s" "-lutil" "-lrt" "-lpthread" "-lm" "-ldl" "-lc" "-Wl,--eh-frame-hdr" "-Wl,-z,noexecstack" "-L" "/opt/rustwide/rustup-home/toolchains/1.69.0-x86_64-unknown-linux-gnu/lib/rustlib/x86_64-unknown-linux-gnu/lib" "-o" "/tmp/rustdoctest3lgIRy/rust_out" "-Wl,--gc-sections" "-pie" "-Wl,-z,relro,-z,now" "-nodefaultlibs"
[INFO] [stdout]   = note: collect2: fatal error: ld terminated with signal 9 [Killed]
[INFO] [stdout]           compilation terminated.
[INFO] [stdout]           
[INFO] [stdout] 
[INFO] [stdout] error: aborting due to previous error
[INFO] [stdout] 
[INFO] [stdout] Couldn't compile the test.
[INFO] [stdout] ---- /opt/rustwide/target/debug/build/tokei-ea1bd91b520832a8/out/language_type.rs - language::language_type::LanguageType::line_comments (line 1898) stdout ----
[INFO] [stdout] error: linking with `cc` failed: exit status: 1
[INFO] [stdout]   |
[INFO] [stdout]   = note: LC_ALL="C" PATH="/opt/rustwide/rustup-home/toolchains/1.69.0-x86_64-unknown-linux-gnu/lib/rustlib/x86_64-unknown-linux-gnu/bin:/opt/rustwide/cargo-home/bin:/usr/local/sbin:/usr/local/bin:/usr/sbin:/usr/bin:/sbin:/bin" VSLANG="1033" "cc" "-m64" "/tmp/rustcQr0Ihy/symbols.o" "/tmp/rustdoctestN1QGuL/rust_out.rust_out.5bfee551-cgu.0.rcgu.o" "/tmp/rustdoctestN1QGuL/rust_out.j00p4ncf7xg64kg.rcgu.o" "-Wl,--as-needed" "-L" "/opt/rustwide/target/debug/deps" "-L" "/opt/rustwide/target/debug/deps" "-L" "/opt/rustwide/target/debug/build/libgit2-sys-ba1e8d6e7df8b11d/out/build" "-L" "/opt/rustwide/rustup-home/toolchains/1.69.0-x86_64-unknown-linux-gnu/lib/rustlib/x86_64-unknown-linux-gnu/lib" "-Wl,-Bstatic" "/opt/rustwide/target/debug/deps/libtokei-84f8d9bcfd4e69bf.rlib" "/opt/rustwide/target/debug/deps/libserde_json-aebd7821935c3dd1.rlib" "/opt/rustwide/target/debug/deps/libryu-88ed33e27302889f.rlib" "/opt/rustwide/target/debug/deps/libitoa-d3fb77795e408776.rlib" "/opt/rustwide/target/debug/deps/libtoml-8d0a2cbe795137f8.rlib" "/opt/rustwide/target/debug/deps/libparking_lot-ca53843b13b4f00e.rlib" "/opt/rustwide/target/debug/deps/libarbitrary-abc3c262f2dc476c.rlib" "/opt/rustwide/target/debug/deps/libdashmap-72470134c04a59e7.rlib" "/opt/rustwide/target/debug/deps/liblock_api-e5ad3b2927a46886.rlib" "/opt/rustwide/target/debug/deps/libparking_lot_core-ae91293ae9b4f2cf.rlib" "/opt/rustwide/target/debug/deps/libsmallvec-5f75839ee3e2a151.rlib" "/opt/rustwide/target/debug/deps/libhashbrown-f669da50cece7aa5.rlib" "/opt/rustwide/target/debug/deps/libgrep_searcher-9a0c195f00f1a0a8.rlib" "/opt/rustwide/target/debug/deps/libmemmap2-769c82f5e946ef6d.rlib" "/opt/rustwide/target/debug/deps/libgrep_matcher-82a1d3b42e986e1f.rlib" "/opt/rustwide/target/debug/deps/libbytecount-dd17df321499760e.rlib" "/opt/rustwide/target/debug/deps/libencoding_rs_io-6623ccc684fb96b9.rlib" "/opt/rustwide/target/debug/deps/libencoding_rs-445b6023340cc421.rlib" "/opt/rustwide/target/debug/deps/libetcetera-34a2bbe94812667e.rlib" "/opt/rustwide/target/debug/deps/libhome-28a42582f58b9678.rlib" "/opt/rustwide/target/debug/deps/librayon-29f00da19b742bdb.rlib" "/opt/rustwide/target/debug/deps/librayon_core-d5bb2f8a58fe8cf3.rlib" "/opt/rustwide/target/debug/deps/libnum_cpus-4f548f0232752589.rlib" "/opt/rustwide/target/debug/deps/liblibc-9f1da8af3ea59e17.rlib" "/opt/rustwide/target/debug/deps/libcrossbeam_deque-47db6f7fb773dcd5.rlib" "/opt/rustwide/target/debug/deps/libcrossbeam_epoch-0fa0204b92d99aeb.rlib" "/opt/rustwide/target/debug/deps/libmemoffset-0f776f28e9231e55.rlib" "/opt/rustwide/target/debug/deps/libscopeguard-f471875f675163b5.rlib" "/opt/rustwide/target/debug/deps/libcrossbeam_channel-5e2f10b4f0369b92.rlib" "/opt/rustwide/target/debug/deps/libeither-88fce22f57d70138.rlib" "/opt/rustwide/target/debug/deps/libignore-e21617e363b32a8e.rlib" "/opt/rustwide/target/debug/deps/libcrossbeam_utils-27c446d430ff52d6.rlib" "/opt/rustwide/target/debug/deps/liblazy_static-a15e1ed0a3c31761.rlib" "/opt/rustwide/target/debug/deps/libwalkdir-b48bc91a5fc3dc05.rlib" "/opt/rustwide/target/debug/deps/libsame_file-fab28c3c81b2d2fa.rlib" "/opt/rustwide/target/debug/deps/libthread_local-fdf3298eb223ec99.rlib" "/opt/rustwide/target/debug/deps/libonce_cell-d1197491957c0c17.rlib" "/opt/rustwide/target/debug/deps/libglobset-dc71063ea0224d0c.rlib" "/opt/rustwide/target/debug/deps/libfnv-41a559218f992797.rlib" "/opt/rustwide/target/debug/deps/libregex-cd54e1f618628eec.rlib" "/opt/rustwide/target/debug/deps/libregex_syntax-4fe5184ebc0b68f9.rlib" "/opt/rustwide/target/debug/deps/libbstr-84f5e19b567020f1.rlib" "/opt/rustwide/target/debug/deps/libaho_corasick-70403096eb3b3026.rlib" "/opt/rustwide/target/debug/deps/libmemchr-b18e4aa3c7a38625.rlib" "/opt/rustwide/target/debug/deps/libserde-c13a8fc8e69adfca.rlib" "/opt/rustwide/target/debug/deps/liblog-e4acea3c8ca43b70.rlib" "/opt/rustwide/target/debug/deps/libcfg_if-e5e118dd7d121aaa.rlib" "/opt/rustwide/rustup-home/toolchains/1.69.0-x86_64-unknown-linux-gnu/lib/rustlib/x86_64-unknown-linux-gnu/lib/libstd-89bc084783fdc439.rlib" "/opt/rustwide/rustup-home/toolchains/1.69.0-x86_64-unknown-linux-gnu/lib/rustlib/x86_64-unknown-linux-gnu/lib/libpanic_unwind-8bee4b287d4367c1.rlib" "/opt/rustwide/rustup-home/toolchains/1.69.0-x86_64-unknown-linux-gnu/lib/rustlib/x86_64-unknown-linux-gnu/lib/libobject-d61707aed80694c0.rlib" "/opt/rustwide/rustup-home/toolchains/1.69.0-x86_64-unknown-linux-gnu/lib/rustlib/x86_64-unknown-linux-gnu/lib/libmemchr-d85366256f22345b.rlib" "/opt/rustwide/rustup-home/toolchains/1.69.0-x86_64-unknown-linux-gnu/lib/rustlib/x86_64-unknown-linux-gnu/lib/libaddr2line-96069b86b8a8cae9.rlib" "/opt/rustwide/rustup-home/toolchains/1.69.0-x86_64-unknown-linux-gnu/lib/rustlib/x86_64-unknown-linux-gnu/lib/libgimli-d19d53abf68dfa6c.rlib" "/opt/rustwide/rustup-home/toolchains/1.69.0-x86_64-unknown-linux-gnu/lib/rustlib/x86_64-unknown-linux-gnu/lib/librustc_demangle-787cbccd19d64ac6.rlib" "/opt/rustwide/rustup-home/toolchains/1.69.0-x86_64-unknown-linux-gnu/lib/rustlib/x86_64-unknown-linux-gnu/lib/libstd_detect-b3837a36b830e0d0.rlib" "/opt/rustwide/rustup-home/toolchains/1.69.0-x86_64-unknown-linux-gnu/lib/rustlib/x86_64-unknown-linux-gnu/lib/libhashbrown-e3deb0e7e3f04966.rlib" "/opt/rustwide/rustup-home/toolchains/1.69.0-x86_64-unknown-linux-gnu/lib/rustlib/x86_64-unknown-linux-gnu/lib/libminiz_oxide-dabbb79c9815def4.rlib" "/opt/rustwide/rustup-home/toolchains/1.69.0-x86_64-unknown-linux-gnu/lib/rustlib/x86_64-unknown-linux-gnu/lib/libadler-305b01f34c9409f2.rlib" "/opt/rustwide/rustup-home/toolchains/1.69.0-x86_64-unknown-linux-gnu/lib/rustlib/x86_64-unknown-linux-gnu/lib/librustc_std_workspace_alloc-f833521df6074e73.rlib" "/opt/rustwide/rustup-home/toolchains/1.69.0-x86_64-unknown-linux-gnu/lib/rustlib/x86_64-unknown-linux-gnu/lib/libunwind-9ac333113350d171.rlib" "/opt/rustwide/rustup-home/toolchains/1.69.0-x86_64-unknown-linux-gnu/lib/rustlib/x86_64-unknown-linux-gnu/lib/libcfg_if-1c126114322d0eee.rlib" "/opt/rustwide/rustup-home/toolchains/1.69.0-x86_64-unknown-linux-gnu/lib/rustlib/x86_64-unknown-linux-gnu/lib/liblibc-bad9164fdeeecf92.rlib" "/opt/rustwide/rustup-home/toolchains/1.69.0-x86_64-unknown-linux-gnu/lib/rustlib/x86_64-unknown-linux-gnu/lib/liballoc-f9374b1e480fa681.rlib" "/opt/rustwide/rustup-home/toolchains/1.69.0-x86_64-unknown-linux-gnu/lib/rustlib/x86_64-unknown-linux-gnu/lib/librustc_std_workspace_core-207f06e41d9603af.rlib" "/opt/rustwide/rustup-home/toolchains/1.69.0-x86_64-unknown-linux-gnu/lib/rustlib/x86_64-unknown-linux-gnu/lib/libcore-7e2768e66e984e85.rlib" "/opt/rustwide/rustup-home/toolchains/1.69.0-x86_64-unknown-linux-gnu/lib/rustlib/x86_64-unknown-linux-gnu/lib/libcompiler_builtins-957b4aff41f8cd46.rlib" "-Wl,-Bdynamic" "-lgcc_s" "-lutil" "-lrt" "-lpthread" "-lm" "-ldl" "-lc" "-Wl,--eh-frame-hdr" "-Wl,-z,noexecstack" "-L" "/opt/rustwide/rustup-home/toolchains/1.69.0-x86_64-unknown-linux-gnu/lib/rustlib/x86_64-unknown-linux-gnu/lib" "-o" "/tmp/rustdoctestN1QGuL/rust_out" "-Wl,--gc-sections" "-pie" "-Wl,-z,relro,-z,now" "-nodefaultlibs"
[INFO] [stdout]   = note: collect2: fatal error: ld terminated with signal 9 [Killed]
[INFO] [stdout]           compilation terminated.
[INFO] [stdout]           
[INFO] [stdout] 
[INFO] [stdout] error: aborting due to previous error
[INFO] [stdout] 
[INFO] [stdout] Couldn't compile the test.
[INFO] [stdout] 
[INFO] [stdout] failures:
[INFO] [stdout]     /opt/rustwide/target/debug/build/tokei-ea1bd91b520832a8/out/language_type.rs - language::language_type::LanguageType::line_comments (line 1898)
[INFO] [stdout]     /opt/rustwide/target/debug/build/tokei-ea1bd91b520832a8/out/language_type.rs - language::language_type::LanguageType::nested_comments (line 2726)
[INFO] [stdout]     /opt/rustwide/target/debug/build/tokei-ea1bd91b520832a8/out/language_type.rs - language::language_type::LanguageType::quotes (line 3002)
[INFO] [stdout] 
[INFO] [stdout] test result: FAILED. 18 passed; 3 failed; 0 ignored; 0 measured; 0 filtered out; finished in 5.24s
[INFO] [stdout] 
[INFO] [stderr] error: doctest failed, to rerun pass `--doc`
[INFO] running `Command { std: "docker" "inspect" "fc0f1f2280a4dabd27d5c340b20967c8e046b7577e30c4bc02f1b7d39d78c2d4", kill_on_drop: false }`
[INFO] running `Command { std: "docker" "rm" "-f" "fc0f1f2280a4dabd27d5c340b20967c8e046b7577e30c4bc02f1b7d39d78c2d4", kill_on_drop: false }`
[INFO] [stdout] fc0f1f2280a4dabd27d5c340b20967c8e046b7577e30c4bc02f1b7d39d78c2d4
