[INFO] cloning repository https://github.com/2xsaiko/binserde
[INFO] running `Command { std: "git" "-c" "credential.helper=" "-c" "credential.helper=/workspace/cargo-home/bin/git-credential-null" "clone" "--bare" "https://github.com/2xsaiko/binserde" "/workspace/cache/git-repos/https%3A%2F%2Fgithub.com%2F2xsaiko%2Fbinserde", kill_on_drop: false }`
[INFO] [stderr] Cloning into bare repository '/workspace/cache/git-repos/https%3A%2F%2Fgithub.com%2F2xsaiko%2Fbinserde'...
[INFO] running `Command { std: "git" "rev-parse" "HEAD", kill_on_drop: false }`
[INFO] [stdout] 6936edae682f63d88e95b17bf81d79a7ccf57029
[INFO] testing 2xsaiko/binserde against beta-2023-04-20 for beta-1.70-1
[INFO] running `Command { std: "git" "clone" "/workspace/cache/git-repos/https%3A%2F%2Fgithub.com%2F2xsaiko%2Fbinserde" "/workspace/builds/worker-7-tc2/source", kill_on_drop: false }`
[INFO] [stderr] Cloning into '/workspace/builds/worker-7-tc2/source'...
[INFO] [stderr] done.
[INFO] validating manifest of git repo https://github.com/2xsaiko/binserde on toolchain beta-2023-04-20
[INFO] running `Command { std: CARGO_HOME="/workspace/cargo-home" RUSTUP_HOME="/workspace/rustup-home" "/workspace/cargo-home/bin/cargo" "+beta-2023-04-20" "metadata" "--manifest-path" "Cargo.toml" "--no-deps", kill_on_drop: false }`
[INFO] started tweaking git repo https://github.com/2xsaiko/binserde
[INFO] finished tweaking git repo https://github.com/2xsaiko/binserde
[INFO] tweaked toml for git repo https://github.com/2xsaiko/binserde written to /workspace/builds/worker-7-tc2/source/Cargo.toml
[INFO] crate git repo https://github.com/2xsaiko/binserde already has a lockfile, it will not be regenerated
[INFO] running `Command { std: CARGO_HOME="/workspace/cargo-home" RUSTUP_HOME="/workspace/rustup-home" "/workspace/cargo-home/bin/cargo" "+beta-2023-04-20" "fetch" "--manifest-path" "Cargo.toml", kill_on_drop: false }`
[INFO] running `Command { std: "docker" "create" "-v" "/var/lib/crater-agent-workspace/builds/worker-7-tc2/target:/opt/rustwide/target:rw,Z" "-v" "/var/lib/crater-agent-workspace/builds/worker-7-tc2/source:/opt/rustwide/workdir:ro,Z" "-v" "/var/lib/crater-agent-workspace/cargo-home:/opt/rustwide/cargo-home:ro,Z" "-v" "/var/lib/crater-agent-workspace/rustup-home:/opt/rustwide/rustup-home:ro,Z" "-e" "SOURCE_DIR=/opt/rustwide/workdir" "-e" "CARGO_TARGET_DIR=/opt/rustwide/target" "-e" "CARGO_HOME=/opt/rustwide/cargo-home" "-e" "RUSTUP_HOME=/opt/rustwide/rustup-home" "-w" "/opt/rustwide/workdir" "-m" "1610612736" "--user" "0:0" "--network" "none" "ghcr.io/rust-lang/crates-build-env/linux@sha256:5ff2268d62e97bff2cde7d5815dd6ed5b47097566f13b8d0ca110b04b60e07ed" "/opt/rustwide/cargo-home/bin/cargo" "+beta-2023-04-20" "metadata" "--no-deps" "--format-version=1", kill_on_drop: false }`
[INFO] [stdout] 5f56daa7c1631fef38d2ad73a59ffed78ff3ebcfaffb4b8763429e1deb7dfc34
[INFO] running `Command { std: "docker" "start" "-a" "5f56daa7c1631fef38d2ad73a59ffed78ff3ebcfaffb4b8763429e1deb7dfc34", kill_on_drop: false }`
[INFO] running `Command { std: "docker" "inspect" "5f56daa7c1631fef38d2ad73a59ffed78ff3ebcfaffb4b8763429e1deb7dfc34", kill_on_drop: false }`
[INFO] running `Command { std: "docker" "rm" "-f" "5f56daa7c1631fef38d2ad73a59ffed78ff3ebcfaffb4b8763429e1deb7dfc34", kill_on_drop: false }`
[INFO] [stdout] 5f56daa7c1631fef38d2ad73a59ffed78ff3ebcfaffb4b8763429e1deb7dfc34
[INFO] running `Command { std: "docker" "create" "-v" "/var/lib/crater-agent-workspace/builds/worker-7-tc2/target:/opt/rustwide/target:rw,Z" "-v" "/var/lib/crater-agent-workspace/builds/worker-7-tc2/source:/opt/rustwide/workdir:ro,Z" "-v" "/var/lib/crater-agent-workspace/cargo-home:/opt/rustwide/cargo-home:ro,Z" "-v" "/var/lib/crater-agent-workspace/rustup-home:/opt/rustwide/rustup-home:ro,Z" "-e" "SOURCE_DIR=/opt/rustwide/workdir" "-e" "CARGO_TARGET_DIR=/opt/rustwide/target" "-e" "CARGO_INCREMENTAL=0" "-e" "RUST_BACKTRACE=full" "-e" "RUSTFLAGS=--cap-lints=warn" "-e" "RUSTDOCFLAGS=--cap-lints=warn" "-e" "CARGO_HOME=/opt/rustwide/cargo-home" "-e" "RUSTUP_HOME=/opt/rustwide/rustup-home" "-w" "/opt/rustwide/workdir" "-m" "1610612736" "--user" "0:0" "--network" "none" "ghcr.io/rust-lang/crates-build-env/linux@sha256:5ff2268d62e97bff2cde7d5815dd6ed5b47097566f13b8d0ca110b04b60e07ed" "/opt/rustwide/cargo-home/bin/cargo" "+beta-2023-04-20" "build" "--frozen" "--message-format=json", kill_on_drop: false }`
[INFO] [stdout] 57b080b15fd9c5da80ced23fe9f006b0451bd1c63db74a9530139da304c452ea
[INFO] running `Command { std: "docker" "start" "-a" "57b080b15fd9c5da80ced23fe9f006b0451bd1c63db74a9530139da304c452ea", kill_on_drop: false }`
[INFO] [stderr]    Compiling proc-macro2 v1.0.27
[INFO] [stderr]    Compiling syn v1.0.72
[INFO] [stderr]    Compiling ident_case v1.0.1
[INFO] [stderr]    Compiling strsim v0.9.3
[INFO] [stderr]    Compiling fnv v1.0.7
[INFO] [stderr]    Compiling byteorder v1.4.3
[INFO] [stderr]    Compiling quote v1.0.9
[INFO] [stderr]    Compiling darling_core v0.10.2
[INFO] [stderr]    Compiling thiserror-impl v1.0.25
[INFO] [stderr]    Compiling darling_macro v0.10.2
[INFO] [stderr]    Compiling thiserror v1.0.25
[INFO] [stderr]    Compiling darling v0.10.2
[INFO] [stderr]    Compiling binserde_derive v0.1.4 (/opt/rustwide/workdir/binserde_derive)
[INFO] [stdout] warning: function `move_sort` is never used
[INFO] [stdout]    --> binserde_derive/src/common.rs:122:4
[INFO] [stdout]     |
[INFO] [stdout] 122 | fn move_sort<T, F>(slice: &mut [T], op: F)
[INFO] [stdout]     |    ^^^^^^^^^
[INFO] [stdout]     |
[INFO] [stdout]     = note: `#[warn(dead_code)]` on by default
[INFO] [stdout] 
[INFO] [stdout] 
[INFO] [stdout] warning: function `swap_at` is never used
[INFO] [stdout]    --> binserde_derive/src/common.rs:142:4
[INFO] [stdout]     |
[INFO] [stdout] 142 | fn swap_at<T>(slice: &mut [T], idx: usize) {
[INFO] [stdout]     |    ^^^^^^^
[INFO] [stdout] 
[INFO] [stdout] 
[INFO] [stdout] warning: function `swap_outer` is never used
[INFO] [stdout]    --> binserde_derive/src/common.rs:162:4
[INFO] [stdout]     |
[INFO] [stdout] 162 | fn swap_outer<T>(slice: &mut [T], count: usize) {
[INFO] [stdout]     |    ^^^^^^^^^^
[INFO] [stdout] 
[INFO] [stdout] 
[INFO] [stdout] warning: 3 warnings emitted
[INFO] [stdout] 
[INFO] [stdout] 
[INFO] [stderr]    Compiling binserde v0.1.7 (/opt/rustwide/workdir)
[INFO] [stdout] warning: variable does not need to be mutable
[INFO] [stdout]   --> src/util.rs:54:29
[INFO] [stdout]    |
[INFO] [stdout] 54 | pub fn serialize_iter<I, S>(mut iter: I, mut serializer: S) -> Result<()>
[INFO] [stdout]    |                             ----^^^^
[INFO] [stdout]    |                             |
[INFO] [stdout]    |                             help: remove this `mut`
[INFO] [stdout]    |
[INFO] [stdout]    = note: `#[warn(unused_mut)]` on by default
[INFO] [stdout] 
[INFO] [stdout] 
[INFO] [stdout] warning: 1 warning emitted
[INFO] [stdout] 
[INFO] [stdout] 
[INFO] [stderr]     Finished dev [unoptimized + debuginfo] target(s) in 10.07s
[INFO] running `Command { std: "docker" "inspect" "57b080b15fd9c5da80ced23fe9f006b0451bd1c63db74a9530139da304c452ea", kill_on_drop: false }`
[INFO] running `Command { std: "docker" "rm" "-f" "57b080b15fd9c5da80ced23fe9f006b0451bd1c63db74a9530139da304c452ea", kill_on_drop: false }`
[INFO] [stdout] 57b080b15fd9c5da80ced23fe9f006b0451bd1c63db74a9530139da304c452ea
[INFO] running `Command { std: "docker" "create" "-v" "/var/lib/crater-agent-workspace/builds/worker-7-tc2/target:/opt/rustwide/target:rw,Z" "-v" "/var/lib/crater-agent-workspace/builds/worker-7-tc2/source:/opt/rustwide/workdir:ro,Z" "-v" "/var/lib/crater-agent-workspace/cargo-home:/opt/rustwide/cargo-home:ro,Z" "-v" "/var/lib/crater-agent-workspace/rustup-home:/opt/rustwide/rustup-home:ro,Z" "-e" "SOURCE_DIR=/opt/rustwide/workdir" "-e" "CARGO_TARGET_DIR=/opt/rustwide/target" "-e" "CARGO_INCREMENTAL=0" "-e" "RUST_BACKTRACE=full" "-e" "RUSTFLAGS=--cap-lints=warn" "-e" "RUSTDOCFLAGS=--cap-lints=warn" "-e" "CARGO_HOME=/opt/rustwide/cargo-home" "-e" "RUSTUP_HOME=/opt/rustwide/rustup-home" "-w" "/opt/rustwide/workdir" "-m" "1610612736" "--user" "0:0" "--network" "none" "ghcr.io/rust-lang/crates-build-env/linux@sha256:5ff2268d62e97bff2cde7d5815dd6ed5b47097566f13b8d0ca110b04b60e07ed" "/opt/rustwide/cargo-home/bin/cargo" "+beta-2023-04-20" "test" "--frozen" "--no-run" "--message-format=json", kill_on_drop: false }`
[INFO] [stdout] 9b9e54315db985c3c3abc4e1e9199ae10469068efade7f284d42f70d89ac50cf
[INFO] running `Command { std: "docker" "start" "-a" "9b9e54315db985c3c3abc4e1e9199ae10469068efade7f284d42f70d89ac50cf", kill_on_drop: false }`
[INFO] [stderr]     Blocking waiting for file lock on package cache
[INFO] [stdout] warning: function `move_sort` is never used
[INFO] [stdout]    --> binserde_derive/src/common.rs:122:4
[INFO] [stdout]     |
[INFO] [stdout] 122 | fn move_sort<T, F>(slice: &mut [T], op: F)
[INFO] [stdout]     |    ^^^^^^^^^
[INFO] [stdout]     |
[INFO] [stdout]     = note: `#[warn(dead_code)]` on by default
[INFO] [stdout] 
[INFO] [stdout] 
[INFO] [stdout] warning: function `swap_at` is never used
[INFO] [stdout]    --> binserde_derive/src/common.rs:142:4
[INFO] [stdout]     |
[INFO] [stdout] 142 | fn swap_at<T>(slice: &mut [T], idx: usize) {
[INFO] [stdout]     |    ^^^^^^^
[INFO] [stdout] 
[INFO] [stdout] 
[INFO] [stdout] warning: function `swap_outer` is never used
[INFO] [stdout]    --> binserde_derive/src/common.rs:162:4
[INFO] [stdout]     |
[INFO] [stdout] 162 | fn swap_outer<T>(slice: &mut [T], count: usize) {
[INFO] [stdout]     |    ^^^^^^^^^^
[INFO] [stdout] 
[INFO] [stdout] 
[INFO] [stdout] warning: 3 warnings emitted
[INFO] [stdout] 
[INFO] [stdout] 
[INFO] [stdout] warning: variable does not need to be mutable
[INFO] [stdout]   --> src/util.rs:54:29
[INFO] [stdout]    |
[INFO] [stdout] 54 | pub fn serialize_iter<I, S>(mut iter: I, mut serializer: S) -> Result<()>
[INFO] [stdout]    |                             ----^^^^
[INFO] [stdout]    |                             |
[INFO] [stdout]    |                             help: remove this `mut`
[INFO] [stdout]    |
[INFO] [stdout]    = note: `#[warn(unused_mut)]` on by default
[INFO] [stdout] 
[INFO] [stdout] 
[INFO] [stdout] warning: 1 warning emitted
[INFO] [stdout] 
[INFO] [stdout] 
[INFO] [stderr]    Compiling binserde v0.1.7 (/opt/rustwide/workdir)
[INFO] [stdout] warning: variable does not need to be mutable
[INFO] [stdout]   --> src/util.rs:54:29
[INFO] [stdout]    |
[INFO] [stdout] 54 | pub fn serialize_iter<I, S>(mut iter: I, mut serializer: S) -> Result<()>
[INFO] [stdout]    |                             ----^^^^
[INFO] [stdout]    |                             |
[INFO] [stdout]    |                             help: remove this `mut`
[INFO] [stdout]    |
[INFO] [stdout]    = note: `#[warn(unused_mut)]` on by default
[INFO] [stdout] 
[INFO] [stdout] 
[INFO] [stdout] warning: 1 warning emitted
[INFO] [stdout] 
[INFO] [stdout] 
[INFO] [stderr]     Finished test [unoptimized + debuginfo] target(s) in 2.13s
[INFO] running `Command { std: "docker" "inspect" "9b9e54315db985c3c3abc4e1e9199ae10469068efade7f284d42f70d89ac50cf", kill_on_drop: false }`
[INFO] running `Command { std: "docker" "rm" "-f" "9b9e54315db985c3c3abc4e1e9199ae10469068efade7f284d42f70d89ac50cf", kill_on_drop: false }`
[INFO] [stdout] 9b9e54315db985c3c3abc4e1e9199ae10469068efade7f284d42f70d89ac50cf
[INFO] running `Command { std: "docker" "create" "-v" "/var/lib/crater-agent-workspace/builds/worker-7-tc2/target:/opt/rustwide/target:rw,Z" "-v" "/var/lib/crater-agent-workspace/builds/worker-7-tc2/source:/opt/rustwide/workdir:ro,Z" "-v" "/var/lib/crater-agent-workspace/cargo-home:/opt/rustwide/cargo-home:ro,Z" "-v" "/var/lib/crater-agent-workspace/rustup-home:/opt/rustwide/rustup-home:ro,Z" "-e" "SOURCE_DIR=/opt/rustwide/workdir" "-e" "CARGO_TARGET_DIR=/opt/rustwide/target" "-e" "CARGO_INCREMENTAL=0" "-e" "RUST_BACKTRACE=full" "-e" "RUSTFLAGS=--cap-lints=warn" "-e" "RUSTDOCFLAGS=--cap-lints=warn" "-e" "CARGO_HOME=/opt/rustwide/cargo-home" "-e" "RUSTUP_HOME=/opt/rustwide/rustup-home" "-w" "/opt/rustwide/workdir" "-m" "1610612736" "--user" "0:0" "--network" "none" "ghcr.io/rust-lang/crates-build-env/linux@sha256:5ff2268d62e97bff2cde7d5815dd6ed5b47097566f13b8d0ca110b04b60e07ed" "/opt/rustwide/cargo-home/bin/cargo" "+beta-2023-04-20" "test" "--frozen", kill_on_drop: false }`
[INFO] [stdout] 371dc56d8abace5d0fc33e38777a7e34aef925960f9b3c1ed0014f0eea99fe1a
[INFO] running `Command { std: "docker" "start" "-a" "371dc56d8abace5d0fc33e38777a7e34aef925960f9b3c1ed0014f0eea99fe1a", kill_on_drop: false }`
[INFO] [stderr]     Blocking waiting for file lock on package cache
[INFO] [stderr] warning: function `move_sort` is never used
[INFO] [stderr]    --> binserde_derive/src/common.rs:122:4
[INFO] [stderr]     |
[INFO] [stderr] 122 | fn move_sort<T, F>(slice: &mut [T], op: F)
[INFO] [stderr]     |    ^^^^^^^^^
[INFO] [stderr]     |
[INFO] [stderr]     = note: `#[warn(dead_code)]` on by default
[INFO] [stderr] 
[INFO] [stderr] warning: function `swap_at` is never used
[INFO] [stderr]    --> binserde_derive/src/common.rs:142:4
[INFO] [stderr]     |
[INFO] [stderr] 142 | fn swap_at<T>(slice: &mut [T], idx: usize) {
[INFO] [stderr]     |    ^^^^^^^
[INFO] [stderr] 
[INFO] [stderr] warning: function `swap_outer` is never used
[INFO] [stderr]    --> binserde_derive/src/common.rs:162:4
[INFO] [stderr]     |
[INFO] [stderr] 162 | fn swap_outer<T>(slice: &mut [T], count: usize) {
[INFO] [stderr]     |    ^^^^^^^^^^
[INFO] [stderr] 
[INFO] [stderr] warning: `binserde_derive` (lib) generated 3 warnings
[INFO] [stderr] warning: variable does not need to be mutable
[INFO] [stderr]   --> src/util.rs:54:29
[INFO] [stderr]    |
[INFO] [stderr] 54 | pub fn serialize_iter<I, S>(mut iter: I, mut serializer: S) -> Result<()>
[INFO] [stderr]    |                             ----^^^^
[INFO] [stderr]    |                             |
[INFO] [stderr]    |                             help: remove this `mut`
[INFO] [stderr]    |
[INFO] [stderr]    = note: `#[warn(unused_mut)]` on by default
[INFO] [stderr] 
[INFO] [stderr] warning: `binserde` (lib) generated 1 warning (run `cargo fix --lib -p binserde` to apply 1 suggestion)
[INFO] [stderr] warning: `binserde` (lib test) generated 1 warning (1 duplicate)
[INFO] [stderr]     Finished test [unoptimized + debuginfo] target(s) in 0.11s
[INFO] [stderr]      Running unittests src/lib.rs (/opt/rustwide/target/debug/deps/binserde-8da63179fe1dd1db)
[INFO] [stdout] 
[INFO] [stdout] running 4 tests
[INFO] [stdout] test test::serialize_constant_output ... ok
[INFO] [stderr]    Doc-tests binserde
[INFO] [stdout] test test::serialize_inline_test ... ok
[INFO] [stdout] test varint::test::test_encode_min ... ok
[INFO] [stdout] test varint::test::test_varint ... ok
[INFO] [stdout] 
[INFO] [stdout] test result: ok. 4 passed; 0 failed; 0 ignored; 0 measured; 0 filtered out; finished in 0.01s
[INFO] [stdout] 
[INFO] [stdout] 
[INFO] [stdout] running 5 tests
[INFO] [stdout] test src/lib.rs - (line 131) ... ok
[INFO] [stdout] test src/lib.rs - (line 96) ... ok
[INFO] [stdout] test src/lib.rs - (line 120) ... ok
[INFO] [stdout] test src/lib.rs - (line 71) ... FAILED
[INFO] [stdout] test src/lib.rs - (line 17) ... ok
[INFO] [stderr] error: doctest failed, to rerun pass `--doc`
[INFO] [stdout] 
[INFO] [stdout] failures:
[INFO] [stdout] 
[INFO] [stdout] ---- src/lib.rs - (line 71) stdout ----
[INFO] [stdout] Test executable failed (exit status: 101).
[INFO] [stdout] 
[INFO] [stdout] stderr:
[INFO] [stdout] thread 'main' panicked at 'assertion failed: `(left == right)`
[INFO] [stdout]   left: `[2, 3, 0, 1]`,
[INFO] [stdout]  right: `[0, 1, 2, 3]`', src/lib.rs:17:1
[INFO] [stdout] stack backtrace:
[INFO] [stdout]    0:     0x560f776f5a8a - std::backtrace_rs::backtrace::libunwind::trace::h2f05d0192276a8f6
[INFO] [stdout]                                at /rustc/1b7dd2252b99671ce5d1cb9664c5f8636329436d/library/std/src/../../backtrace/src/backtrace/libunwind.rs:93:5
[INFO] [stdout]    1:     0x560f776f5a8a - std::backtrace_rs::backtrace::trace_unsynchronized::hedc23dff7a1af150
[INFO] [stdout]                                at /rustc/1b7dd2252b99671ce5d1cb9664c5f8636329436d/library/std/src/../../backtrace/src/backtrace/mod.rs:66:5
[INFO] [stdout]    2:     0x560f776f5a8a - std::sys_common::backtrace::_print_fmt::h17541ef7592f3ce2
[INFO] [stdout]                                at /rustc/1b7dd2252b99671ce5d1cb9664c5f8636329436d/library/std/src/sys_common/backtrace.rs:65:5
[INFO] [stdout]    3:     0x560f776f5a8a - <std::sys_common::backtrace::_print::DisplayBacktrace as core::fmt::Display>::fmt::h20f75df5ab0c0792
[INFO] [stdout]                                at /rustc/1b7dd2252b99671ce5d1cb9664c5f8636329436d/library/std/src/sys_common/backtrace.rs:44:22
[INFO] [stdout]    4:     0x560f7770fd7f - core::fmt::write::h78109e6f466b3af6
[INFO] [stdout]                                at /rustc/1b7dd2252b99671ce5d1cb9664c5f8636329436d/library/core/src/fmt/mod.rs:1254:17
[INFO] [stdout]    5:     0x560f776f38e5 - std::io::Write::write_fmt::hc59e1b02dd273c8a
[INFO] [stdout]                                at /rustc/1b7dd2252b99671ce5d1cb9664c5f8636329436d/library/std/src/io/mod.rs:1698:15
[INFO] [stdout]    6:     0x560f776f5855 - std::sys_common::backtrace::_print::h8dac57a9f8fbf9a5
[INFO] [stdout]                                at /rustc/1b7dd2252b99671ce5d1cb9664c5f8636329436d/library/std/src/sys_common/backtrace.rs:47:5
[INFO] [stdout]    7:     0x560f776f5855 - std::sys_common::backtrace::print::hf9ecbf41d1aa712f
[INFO] [stdout]                                at /rustc/1b7dd2252b99671ce5d1cb9664c5f8636329436d/library/std/src/sys_common/backtrace.rs:34:9
[INFO] [stdout]    8:     0x560f776f6dde - std::panicking::default_hook::{{closure}}::h04c07acfc84ca028
[INFO] [stdout]                                at /rustc/1b7dd2252b99671ce5d1cb9664c5f8636329436d/library/std/src/panicking.rs:269:22
[INFO] [stdout]    9:     0x560f776f6b85 - std::panicking::default_hook::h01f6bb23e1eceb2c
[INFO] [stdout]                                at /rustc/1b7dd2252b99671ce5d1cb9664c5f8636329436d/library/std/src/panicking.rs:288:9
[INFO] [stdout]   10:     0x560f776f733e - std::panicking::rust_panic_with_hook::h2bb3722bbaf2f6df
[INFO] [stdout]                                at /rustc/1b7dd2252b99671ce5d1cb9664c5f8636329436d/library/std/src/panicking.rs:691:13
[INFO] [stdout]   11:     0x560f776f7239 - std::panicking::begin_panic_handler::{{closure}}::h91bc7f36a4be011b
[INFO] [stdout]                                at /rustc/1b7dd2252b99671ce5d1cb9664c5f8636329436d/library/std/src/panicking.rs:582:13
[INFO] [stdout]   12:     0x560f776f5ef6 - std::sys_common::backtrace::__rust_end_short_backtrace::h8b3d3717114f9e59
[INFO] [stdout]                                at /rustc/1b7dd2252b99671ce5d1cb9664c5f8636329436d/library/std/src/sys_common/backtrace.rs:150:18
[INFO] [stdout]   13:     0x560f776f6f92 - rust_begin_unwind
[INFO] [stdout]                                at /rustc/1b7dd2252b99671ce5d1cb9664c5f8636329436d/library/std/src/panicking.rs:578:5
[INFO] [stdout]   14:     0x560f776ccfb3 - core::panicking::panic_fmt::hfd368e3fbdabea26
[INFO] [stdout]                                at /rustc/1b7dd2252b99671ce5d1cb9664c5f8636329436d/library/core/src/panicking.rs:67:14
[INFO] [stdout]   15:     0x560f776cd22f - core::panicking::assert_failed_inner::haef49168e1798a91
[INFO] [stdout]   16:     0x560f776d3caa - core::panicking::assert_failed::h550b0e4513c17df6
[INFO] [stdout]   17:     0x560f776dab9c - rust_out::main::_doctest_main_src_lib_rs_71_0::h92faadee8f864bae
[INFO] [stdout]   18:     0x560f776daa66 - rust_out::main::h2731449a68dfa004
[INFO] [stdout]   19:     0x560f776cfa53 - core::ops::function::FnOnce::call_once::hd1715aa1b26fc35c
[INFO] [stdout]   20:     0x560f776ce6d6 - std::sys_common::backtrace::__rust_begin_short_backtrace::h8d2b4d09ce515535
[INFO] [stdout]   21:     0x560f776cf469 - std::rt::lang_start::{{closure}}::hc9a918c63b0dc835
[INFO] [stdout]   22:     0x560f776f1bee - core::ops::function::impls::<impl core::ops::function::FnOnce<A> for &F>::call_once::h2eb19b8ce4148df4
[INFO] [stdout]                                at /rustc/1b7dd2252b99671ce5d1cb9664c5f8636329436d/library/core/src/ops/function.rs:287:13
[INFO] [stdout]   23:     0x560f776f1bee - std::panicking::try::do_call::h2e900feff5d504c5
[INFO] [stdout]                                at /rustc/1b7dd2252b99671ce5d1cb9664c5f8636329436d/library/std/src/panicking.rs:485:40
[INFO] [stdout]   24:     0x560f776f1bee - std::panicking::try::h8854836cb85aa9f2
[INFO] [stdout]                                at /rustc/1b7dd2252b99671ce5d1cb9664c5f8636329436d/library/std/src/panicking.rs:449:19
[INFO] [stdout]   25:     0x560f776f1bee - std::panic::catch_unwind::h706025dd4c48f64b
[INFO] [stdout]                                at /rustc/1b7dd2252b99671ce5d1cb9664c5f8636329436d/library/std/src/panic.rs:140:14
[INFO] [stdout]   26:     0x560f776f1bee - std::rt::lang_start_internal::{{closure}}::h7be5b97f4a07a91a
[INFO] [stdout]                                at /rustc/1b7dd2252b99671ce5d1cb9664c5f8636329436d/library/std/src/rt.rs:148:48
[INFO] [stdout]   27:     0x560f776f1bee - std::panicking::try::do_call::h59847e9d0a176965
[INFO] [stdout]                                at /rustc/1b7dd2252b99671ce5d1cb9664c5f8636329436d/library/std/src/panicking.rs:485:40
[INFO] [stdout]   28:     0x560f776f1bee - std::panicking::try::h399a918ba8522823
[INFO] [stdout]                                at /rustc/1b7dd2252b99671ce5d1cb9664c5f8636329436d/library/std/src/panicking.rs:449:19
[INFO] [stdout]   29:     0x560f776f1bee - std::panic::catch_unwind::hca7ca6c55b2a2e26
[INFO] [stdout]                                at /rustc/1b7dd2252b99671ce5d1cb9664c5f8636329436d/library/std/src/panic.rs:140:14
[INFO] [stdout]   30:     0x560f776f1bee - std::rt::lang_start_internal::h2c807a81560459eb
[INFO] [stdout]                                at /rustc/1b7dd2252b99671ce5d1cb9664c5f8636329436d/library/std/src/rt.rs:148:20
[INFO] [stdout]   31:     0x560f776cf447 - std::rt::lang_start::hc4bd3329ce767e23
[INFO] [stdout]   32:     0x560f776db135 - main
[INFO] [stdout]   33:     0x7f9273b03d90 - <unknown>
[INFO] [stdout]   34:     0x7f9273b03e40 - __libc_start_main
[INFO] [stdout]   35:     0x560f776cd535 - _start
[INFO] [stdout]   36:                0x0 - <unknown>
[INFO] [stdout] 
[INFO] [stdout] 
[INFO] [stdout] 
[INFO] [stdout] failures:
[INFO] [stdout]     src/lib.rs - (line 71)
[INFO] [stdout] 
[INFO] [stdout] test result: FAILED. 4 passed; 1 failed; 0 ignored; 0 measured; 0 filtered out; finished in 1.10s
[INFO] [stdout] 
[INFO] running `Command { std: "docker" "inspect" "371dc56d8abace5d0fc33e38777a7e34aef925960f9b3c1ed0014f0eea99fe1a", kill_on_drop: false }`
[INFO] running `Command { std: "docker" "rm" "-f" "371dc56d8abace5d0fc33e38777a7e34aef925960f9b3c1ed0014f0eea99fe1a", kill_on_drop: false }`
[INFO] [stdout] 371dc56d8abace5d0fc33e38777a7e34aef925960f9b3c1ed0014f0eea99fe1a
