[INFO] cloning repository https://github.com/19wintersp/Rust-ReplitDB
[INFO] running `Command { std: "git" "-c" "credential.helper=" "-c" "credential.helper=/workspace/cargo-home/bin/git-credential-null" "clone" "--bare" "https://github.com/19wintersp/Rust-ReplitDB" "/workspace/cache/git-repos/https%3A%2F%2Fgithub.com%2F19wintersp%2FRust-ReplitDB", kill_on_drop: false }`
[INFO] [stderr] Cloning into bare repository '/workspace/cache/git-repos/https%3A%2F%2Fgithub.com%2F19wintersp%2FRust-ReplitDB'...
[INFO] running `Command { std: "git" "rev-parse" "HEAD", kill_on_drop: false }`
[INFO] [stdout] 9be49da915fb586bb41ef6ac025956e0da3d5663
[INFO] testing 19wintersp/Rust-ReplitDB against 1.69.0 for beta-1.70-1
[INFO] running `Command { std: "git" "clone" "/workspace/cache/git-repos/https%3A%2F%2Fgithub.com%2F19wintersp%2FRust-ReplitDB" "/workspace/builds/worker-6-tc1/source", kill_on_drop: false }`
[INFO] [stderr] Cloning into '/workspace/builds/worker-6-tc1/source'...
[INFO] [stderr] done.
[INFO] validating manifest of git repo https://github.com/19wintersp/Rust-ReplitDB on toolchain 1.69.0
[INFO] running `Command { std: CARGO_HOME="/workspace/cargo-home" RUSTUP_HOME="/workspace/rustup-home" "/workspace/cargo-home/bin/cargo" "+1.69.0" "metadata" "--manifest-path" "Cargo.toml" "--no-deps", kill_on_drop: false }`
[INFO] started tweaking git repo https://github.com/19wintersp/Rust-ReplitDB
[INFO] finished tweaking git repo https://github.com/19wintersp/Rust-ReplitDB
[INFO] tweaked toml for git repo https://github.com/19wintersp/Rust-ReplitDB written to /workspace/builds/worker-6-tc1/source/Cargo.toml
[INFO] crate git repo https://github.com/19wintersp/Rust-ReplitDB already has a lockfile, it will not be regenerated
[INFO] running `Command { std: CARGO_HOME="/workspace/cargo-home" RUSTUP_HOME="/workspace/rustup-home" "/workspace/cargo-home/bin/cargo" "+1.69.0" "fetch" "--manifest-path" "Cargo.toml", kill_on_drop: false }`
[INFO] [stderr]  Downloading crates ...
[INFO] [stderr]   Downloaded urlencoding v2.1.0
[INFO] [stderr]   Downloaded wasm-bindgen-futures v0.4.26
[INFO] [stderr]   Downloaded hyper v0.14.12
[INFO] [stderr]   Downloaded h2 v0.3.4
[INFO] [stderr]   Downloaded tracing-core v0.1.19
[INFO] running `Command { std: "docker" "create" "-v" "/var/lib/crater-agent-workspace/builds/worker-6-tc1/target:/opt/rustwide/target:rw,Z" "-v" "/var/lib/crater-agent-workspace/builds/worker-6-tc1/source:/opt/rustwide/workdir:ro,Z" "-v" "/var/lib/crater-agent-workspace/cargo-home:/opt/rustwide/cargo-home:ro,Z" "-v" "/var/lib/crater-agent-workspace/rustup-home:/opt/rustwide/rustup-home:ro,Z" "-e" "SOURCE_DIR=/opt/rustwide/workdir" "-e" "CARGO_TARGET_DIR=/opt/rustwide/target" "-e" "CARGO_HOME=/opt/rustwide/cargo-home" "-e" "RUSTUP_HOME=/opt/rustwide/rustup-home" "-w" "/opt/rustwide/workdir" "-m" "1610612736" "--user" "0:0" "--network" "none" "ghcr.io/rust-lang/crates-build-env/linux@sha256:97d61d7686bf65f8ecb15491ab51835e82dc9176a96a831f143a431b191fc501" "/opt/rustwide/cargo-home/bin/cargo" "+1.69.0" "metadata" "--no-deps" "--format-version=1", kill_on_drop: false }`
[INFO] [stdout] 223959adf8d2ac592dcf2e79f3c431872465c88825ddcf66fe18025b4ea6d091
[INFO] running `Command { std: "docker" "start" "-a" "223959adf8d2ac592dcf2e79f3c431872465c88825ddcf66fe18025b4ea6d091", kill_on_drop: false }`
[INFO] running `Command { std: "docker" "inspect" "223959adf8d2ac592dcf2e79f3c431872465c88825ddcf66fe18025b4ea6d091", kill_on_drop: false }`
[INFO] running `Command { std: "docker" "rm" "-f" "223959adf8d2ac592dcf2e79f3c431872465c88825ddcf66fe18025b4ea6d091", kill_on_drop: false }`
[INFO] [stdout] 223959adf8d2ac592dcf2e79f3c431872465c88825ddcf66fe18025b4ea6d091
[INFO] running `Command { std: "docker" "create" "-v" "/var/lib/crater-agent-workspace/builds/worker-6-tc1/target:/opt/rustwide/target:rw,Z" "-v" "/var/lib/crater-agent-workspace/builds/worker-6-tc1/source:/opt/rustwide/workdir:ro,Z" "-v" "/var/lib/crater-agent-workspace/cargo-home:/opt/rustwide/cargo-home:ro,Z" "-v" "/var/lib/crater-agent-workspace/rustup-home:/opt/rustwide/rustup-home:ro,Z" "-e" "SOURCE_DIR=/opt/rustwide/workdir" "-e" "CARGO_TARGET_DIR=/opt/rustwide/target" "-e" "CARGO_INCREMENTAL=0" "-e" "RUST_BACKTRACE=full" "-e" "RUSTFLAGS=--cap-lints=warn" "-e" "RUSTDOCFLAGS=--cap-lints=warn" "-e" "CARGO_HOME=/opt/rustwide/cargo-home" "-e" "RUSTUP_HOME=/opt/rustwide/rustup-home" "-w" "/opt/rustwide/workdir" "-m" "1610612736" "--user" "0:0" "--network" "none" "ghcr.io/rust-lang/crates-build-env/linux@sha256:97d61d7686bf65f8ecb15491ab51835e82dc9176a96a831f143a431b191fc501" "/opt/rustwide/cargo-home/bin/cargo" "+1.69.0" "build" "--frozen" "--message-format=json", kill_on_drop: false }`
[INFO] [stdout] 64974b83bdd0a47477428f71a5325f4e9cc65fd270926f13b6092c3781106902
[INFO] running `Command { std: "docker" "start" "-a" "64974b83bdd0a47477428f71a5325f4e9cc65fd270926f13b6092c3781106902", kill_on_drop: false }`
[INFO] [stderr]    Compiling libc v0.2.101
[INFO] [stderr]    Compiling log v0.4.14
[INFO] [stderr]    Compiling cc v1.0.70
[INFO] [stderr]    Compiling memchr v2.4.1
[INFO] [stderr]    Compiling pin-project-lite v0.2.7
[INFO] [stderr]    Compiling pkg-config v0.3.19
[INFO] [stderr]    Compiling bytes v1.1.0
[INFO] [stderr]    Compiling futures-core v0.3.17
[INFO] [stderr]    Compiling tokio v1.11.0
[INFO] [stderr]    Compiling itoa v0.4.8
[INFO] [stderr]    Compiling futures-task v0.3.17
[INFO] [stderr]    Compiling version_check v0.9.3
[INFO] [stderr]    Compiling indexmap v1.7.0
[INFO] [stderr]    Compiling futures-util v0.3.17
[INFO] [stderr]    Compiling fnv v1.0.7
[INFO] [stderr]    Compiling openssl v0.10.36
[INFO] [stderr]    Compiling foreign-types-shared v0.1.1
[INFO] [stderr]    Compiling tracing-core v0.1.19
[INFO] [stderr]    Compiling foreign-types v0.3.2
[INFO] [stderr]    Compiling once_cell v1.8.0
[INFO] [stderr]    Compiling slab v0.4.4
[INFO] [stderr]    Compiling matches v0.1.9
[INFO] [stderr]    Compiling httparse v1.5.1
[INFO] [stderr]    Compiling hashbrown v0.11.2
[INFO] [stderr]    Compiling futures-sink v0.3.17
[INFO] [stderr]    Compiling native-tls v0.2.8
[INFO] [stderr]    Compiling futures-channel v0.3.17
[INFO] [stderr]    Compiling http v0.2.4
[INFO] [stderr]    Compiling futures-io v0.3.17
[INFO] [stderr]    Compiling tinyvec_macros v0.1.0
[INFO] [stderr]    Compiling unicase v2.6.0
[INFO] [stderr]    Compiling pin-utils v0.1.0
[INFO] [stderr]    Compiling tracing v0.1.26
[INFO] [stderr]    Compiling tinyvec v1.3.1
[INFO] [stderr]    Compiling ryu v1.0.5
[INFO] [stderr]    Compiling try-lock v0.2.3
[INFO] [stderr]    Compiling serde v1.0.130
[INFO] [stderr]    Compiling openssl-probe v0.1.4
[INFO] [stderr]    Compiling percent-encoding v2.1.0
[INFO] [stderr]    Compiling want v0.3.0
[INFO] [stderr]    Compiling form_urlencoded v1.0.1
[INFO] [stderr]    Compiling num_cpus v1.13.0
[INFO] [stderr]    Compiling mio v0.7.13
[INFO] [stderr]    Compiling socket2 v0.4.1
[INFO] [stderr]    Compiling tower-service v0.3.1
[INFO] [stderr]    Compiling httpdate v1.0.1
[INFO] [stderr]    Compiling encoding_rs v0.8.28
[INFO] [stderr]    Compiling unicode-bidi v0.3.6
[INFO] [stderr]    Compiling mime v0.3.16
[INFO] [stderr]    Compiling ipnet v2.3.1
[INFO] [stderr]    Compiling mime_guess v2.0.3
[INFO] [stderr]    Compiling base64 v0.13.0
[INFO] [stderr]    Compiling openssl-sys v0.9.66
[INFO] [stderr]    Compiling unicode-normalization v0.1.19
[INFO] [stderr]    Compiling urlencoding v2.1.0
[INFO] [stderr]    Compiling http-body v0.4.3
[INFO] [stderr]    Compiling idna v0.2.3
[INFO] [stderr]    Compiling url v2.2.2
[INFO] [stderr]    Compiling serde_urlencoded v0.7.0
[INFO] [stderr]    Compiling tokio-util v0.6.8
[INFO] [stderr]    Compiling tokio-native-tls v0.3.0
[INFO] [stderr]    Compiling h2 v0.3.4
[INFO] [stderr]    Compiling hyper v0.14.12
[INFO] [stderr]    Compiling hyper-tls v0.5.0
[INFO] [stderr]    Compiling reqwest v0.11.4
[INFO] [stderr]    Compiling replitdb v0.1.3 (/opt/rustwide/workdir)
[INFO] [stderr]     Finished dev [unoptimized + debuginfo] target(s) in 23.05s
[INFO] running `Command { std: "docker" "inspect" "64974b83bdd0a47477428f71a5325f4e9cc65fd270926f13b6092c3781106902", kill_on_drop: false }`
[INFO] running `Command { std: "docker" "rm" "-f" "64974b83bdd0a47477428f71a5325f4e9cc65fd270926f13b6092c3781106902", kill_on_drop: false }`
[INFO] [stdout] 64974b83bdd0a47477428f71a5325f4e9cc65fd270926f13b6092c3781106902
[INFO] running `Command { std: "docker" "create" "-v" "/var/lib/crater-agent-workspace/builds/worker-6-tc1/target:/opt/rustwide/target:rw,Z" "-v" "/var/lib/crater-agent-workspace/builds/worker-6-tc1/source:/opt/rustwide/workdir:ro,Z" "-v" "/var/lib/crater-agent-workspace/cargo-home:/opt/rustwide/cargo-home:ro,Z" "-v" "/var/lib/crater-agent-workspace/rustup-home:/opt/rustwide/rustup-home:ro,Z" "-e" "SOURCE_DIR=/opt/rustwide/workdir" "-e" "CARGO_TARGET_DIR=/opt/rustwide/target" "-e" "CARGO_INCREMENTAL=0" "-e" "RUST_BACKTRACE=full" "-e" "RUSTFLAGS=--cap-lints=warn" "-e" "RUSTDOCFLAGS=--cap-lints=warn" "-e" "CARGO_HOME=/opt/rustwide/cargo-home" "-e" "RUSTUP_HOME=/opt/rustwide/rustup-home" "-w" "/opt/rustwide/workdir" "-m" "1610612736" "--user" "0:0" "--network" "none" "ghcr.io/rust-lang/crates-build-env/linux@sha256:97d61d7686bf65f8ecb15491ab51835e82dc9176a96a831f143a431b191fc501" "/opt/rustwide/cargo-home/bin/cargo" "+1.69.0" "test" "--frozen" "--no-run" "--message-format=json", kill_on_drop: false }`
[INFO] [stdout] 68d2d64693564a6eb91001f2ec36c577f854d501b1d0bcac5c57d63d90249db9
[INFO] running `Command { std: "docker" "start" "-a" "68d2d64693564a6eb91001f2ec36c577f854d501b1d0bcac5c57d63d90249db9", kill_on_drop: false }`
[INFO] [stderr]    Compiling replitdb v0.1.3 (/opt/rustwide/workdir)
[INFO] [stderr]     Finished test [unoptimized + debuginfo] target(s) in 0.81s
[INFO] running `Command { std: "docker" "inspect" "68d2d64693564a6eb91001f2ec36c577f854d501b1d0bcac5c57d63d90249db9", kill_on_drop: false }`
[INFO] running `Command { std: "docker" "rm" "-f" "68d2d64693564a6eb91001f2ec36c577f854d501b1d0bcac5c57d63d90249db9", kill_on_drop: false }`
[INFO] [stdout] 68d2d64693564a6eb91001f2ec36c577f854d501b1d0bcac5c57d63d90249db9
[INFO] running `Command { std: "docker" "create" "-v" "/var/lib/crater-agent-workspace/builds/worker-6-tc1/target:/opt/rustwide/target:rw,Z" "-v" "/var/lib/crater-agent-workspace/builds/worker-6-tc1/source:/opt/rustwide/workdir:ro,Z" "-v" "/var/lib/crater-agent-workspace/cargo-home:/opt/rustwide/cargo-home:ro,Z" "-v" "/var/lib/crater-agent-workspace/rustup-home:/opt/rustwide/rustup-home:ro,Z" "-e" "SOURCE_DIR=/opt/rustwide/workdir" "-e" "CARGO_TARGET_DIR=/opt/rustwide/target" "-e" "CARGO_INCREMENTAL=0" "-e" "RUST_BACKTRACE=full" "-e" "RUSTFLAGS=--cap-lints=warn" "-e" "RUSTDOCFLAGS=--cap-lints=warn" "-e" "CARGO_HOME=/opt/rustwide/cargo-home" "-e" "RUSTUP_HOME=/opt/rustwide/rustup-home" "-w" "/opt/rustwide/workdir" "-m" "1610612736" "--user" "0:0" "--network" "none" "ghcr.io/rust-lang/crates-build-env/linux@sha256:97d61d7686bf65f8ecb15491ab51835e82dc9176a96a831f143a431b191fc501" "/opt/rustwide/cargo-home/bin/cargo" "+1.69.0" "test" "--frozen", kill_on_drop: false }`
[INFO] [stdout] 06f40c4b542981e01f67f4a3347ec47d2064a57e98a83fb4466abfb3c7751edf
[INFO] running `Command { std: "docker" "start" "-a" "06f40c4b542981e01f67f4a3347ec47d2064a57e98a83fb4466abfb3c7751edf", kill_on_drop: false }`
[INFO] [stderr]     Finished test [unoptimized + debuginfo] target(s) in 0.15s
[INFO] [stderr]      Running unittests src/lib.rs (/opt/rustwide/target/debug/deps/replitdb-f8888d29e5e52005)
[INFO] [stdout] 
[INFO] [stdout] running 0 tests
[INFO] [stdout] 
[INFO] [stdout] test result: ok. 0 passed; 0 failed; 0 ignored; 0 measured; 0 filtered out; finished in 0.00s
[INFO] [stdout] 
[INFO] [stderr]    Doc-tests replitdb
[INFO] [stdout] 
[INFO] [stdout] running 2 tests
[INFO] [stdout] test src/async_client.rs - async_client::Client (line 14) ... FAILED
[INFO] [stdout] test src/sync_client.rs - sync_client::Client (line 14) ... FAILED
[INFO] [stdout] 
[INFO] [stdout] failures:
[INFO] [stdout] 
[INFO] [stdout] ---- src/async_client.rs - async_client::Client (line 14) stdout ----
[INFO] [stdout] error[E0728]: `await` is only allowed inside `async` functions and blocks
[INFO] [stdout]  --> src/async_client.rs:16:38
[INFO] [stdout]   |
[INFO] [stdout] 3 | fn main() { #[allow(non_snake_case)] fn _doctest_main_src_async_client_rs_14_0() {
[INFO] [stdout]   |                                         -------------------------------------- this is not `async`
[INFO] [stdout] 4 | let client = replitdb::AsyncClient::new();
[INFO] [stdout] 5 | client.set("greeting", "hello world").await?;
[INFO] [stdout]   |                                      ^^^^^^ only allowed inside `async` functions and blocks
[INFO] [stdout] 
[INFO] [stdout] error[E0728]: `await` is only allowed inside `async` functions and blocks
[INFO] [stdout]  --> src/async_client.rs:17:38
[INFO] [stdout]   |
[INFO] [stdout] 3 | fn main() { #[allow(non_snake_case)] fn _doctest_main_src_async_client_rs_14_0() {
[INFO] [stdout]   |                                         -------------------------------------- this is not `async`
[INFO] [stdout] ...
[INFO] [stdout] 6 | println!("{}", client.get("greeting").await?);
[INFO] [stdout]   |                                      ^^^^^^ only allowed inside `async` functions and blocks
[INFO] [stdout] 
[INFO] [stdout] error[E0277]: the `?` operator can only be used in a function that returns `Result` or `Option` (or another type that implements `FromResidual`)
[INFO] [stdout]  --> src/async_client.rs:16:44
[INFO] [stdout]   |
[INFO] [stdout] 3 | fn main() { #[allow(non_snake_case)] fn _doctest_main_src_async_client_rs_14_0() {
[INFO] [stdout]   |                                      ------------------------------------------- this function should return `Result` or `Option` to accept `?`
[INFO] [stdout] 4 | let client = replitdb::AsyncClient::new();
[INFO] [stdout] 5 | client.set("greeting", "hello world").await?;
[INFO] [stdout]   |                                            ^ cannot use the `?` operator in a function that returns `()`
[INFO] [stdout]   |
[INFO] [stdout]   = help: the trait `FromResidual<Result<Infallible, String>>` is not implemented for `()`
[INFO] [stdout] 
[INFO] [stdout] error[E0277]: the `?` operator can only be used in a function that returns `Result` or `Option` (or another type that implements `FromResidual`)
[INFO] [stdout]  --> src/async_client.rs:17:44
[INFO] [stdout]   |
[INFO] [stdout] 3 | fn main() { #[allow(non_snake_case)] fn _doctest_main_src_async_client_rs_14_0() {
[INFO] [stdout]   |                                      ------------------------------------------- this function should return `Result` or `Option` to accept `?`
[INFO] [stdout] ...
[INFO] [stdout] 6 | println!("{}", client.get("greeting").await?);
[INFO] [stdout]   |                                            ^ cannot use the `?` operator in a function that returns `()`
[INFO] [stdout]   |
[INFO] [stdout]   = help: the trait `FromResidual<Result<Infallible, String>>` is not implemented for `()`
[INFO] [stdout] 
[INFO] [stdout] error[E0277]: `Option<String>` doesn't implement `std::fmt::Display`
[INFO] [stdout]  --> src/async_client.rs:17:16
[INFO] [stdout]   |
[INFO] [stdout] 6 | println!("{}", client.get("greeting").await?);
[INFO] [stdout]   |                ^^^^^^^^^^^^^^^^^^^^^^^^^^^^^ `Option<String>` cannot be formatted with the default formatter
[INFO] [stdout]   |
[INFO] [stdout]   = help: the trait `std::fmt::Display` is not implemented for `Option<String>`
[INFO] [stdout]   = note: in format strings you may be able to use `{:?}` (or {:#?} for pretty-print) instead
[INFO] [stdout]   = note: this error originates in the macro `$crate::format_args_nl` which comes from the expansion of the macro `println` (in Nightly builds, run with -Z macro-backtrace for more info)
[INFO] [stdout] 
[INFO] [stdout] error: aborting due to 5 previous errors
[INFO] [stdout] 
[INFO] [stdout] Some errors have detailed explanations: E0277, E0728.
[INFO] [stdout] For more information about an error, try `rustc --explain E0277`.
[INFO] [stdout] Couldn't compile the test.
[INFO] [stdout] ---- src/sync_client.rs - sync_client::Client (line 14) stdout ----
[INFO] [stdout] error[E0277]: the `?` operator can only be used in a function that returns `Result` or `Option` (or another type that implements `FromResidual`)
[INFO] [stdout]  --> src/sync_client.rs:16:38
[INFO] [stdout]   |
[INFO] [stdout] 3 | fn main() { #[allow(non_snake_case)] fn _doctest_main_src_sync_client_rs_14_0() {
[INFO] [stdout]   |                                      ------------------------------------------ this function should return `Result` or `Option` to accept `?`
[INFO] [stdout] 4 | let client = replitdb::SyncClient::new();
[INFO] [stdout] 5 | client.set("greeting", "hello world")?;
[INFO] [stdout]   |                                      ^ cannot use the `?` operator in a function that returns `()`
[INFO] [stdout]   |
[INFO] [stdout]   = help: the trait `FromResidual<Result<Infallible, String>>` is not implemented for `()`
[INFO] [stdout] 
[INFO] [stdout] error[E0277]: the `?` operator can only be used in a function that returns `Result` or `Option` (or another type that implements `FromResidual`)
[INFO] [stdout]  --> src/sync_client.rs:17:38
[INFO] [stdout]   |
[INFO] [stdout] 3 | fn main() { #[allow(non_snake_case)] fn _doctest_main_src_sync_client_rs_14_0() {
[INFO] [stdout]   |                                      ------------------------------------------ this function should return `Result` or `Option` to accept `?`
[INFO] [stdout] ...
[INFO] [stdout] 6 | println!("{}", client.get("greeting")?);
[INFO] [stdout]   |                                      ^ cannot use the `?` operator in a function that returns `()`
[INFO] [stdout]   |
[INFO] [stdout]   = help: the trait `FromResidual<Result<Infallible, String>>` is not implemented for `()`
[INFO] [stdout] 
[INFO] [stdout] error[E0277]: `Option<String>` doesn't implement `std::fmt::Display`
[INFO] [stdout]  --> src/sync_client.rs:17:16
[INFO] [stdout]   |
[INFO] [stdout] 6 | println!("{}", client.get("greeting")?);
[INFO] [stdout]   |                ^^^^^^^^^^^^^^^^^^^^^^^ `Option<String>` cannot be formatted with the default formatter
[INFO] [stdout]   |
[INFO] [stdout]   = help: the trait `std::fmt::Display` is not implemented for `Option<String>`
[INFO] [stdout]   = note: in format strings you may be able to use `{:?}` (or {:#?} for pretty-print) instead
[INFO] [stdout]   = note: this error originates in the macro `$crate::format_args_nl` which comes from the expansion of the macro `println` (in Nightly builds, run with -Z macro-backtrace for more info)
[INFO] [stdout] 
[INFO] [stdout] error: aborting due to 3 previous errors
[INFO] [stdout] 
[INFO] [stdout] For more information about this error, try `rustc --explain E0277`.
[INFO] [stdout] Couldn't compile the test.
[INFO] [stdout] 
[INFO] [stdout] failures:
[INFO] [stdout]     src/async_client.rs - async_client::Client (line 14)
[INFO] [stdout]     src/sync_client.rs - sync_client::Client (line 14)
[INFO] [stdout] 
[INFO] [stdout] test result: FAILED. 0 passed; 2 failed; 0 ignored; 0 measured; 0 filtered out; finished in 0.11s
[INFO] [stdout] 
[INFO] [stderr] error: doctest failed, to rerun pass `--doc`
[INFO] running `Command { std: "docker" "inspect" "06f40c4b542981e01f67f4a3347ec47d2064a57e98a83fb4466abfb3c7751edf", kill_on_drop: false }`
[INFO] running `Command { std: "docker" "rm" "-f" "06f40c4b542981e01f67f4a3347ec47d2064a57e98a83fb4466abfb3c7751edf", kill_on_drop: false }`
[INFO] [stdout] 06f40c4b542981e01f67f4a3347ec47d2064a57e98a83fb4466abfb3c7751edf
