[INFO] cloning repository https://github.com/154852/NeaLang
[INFO] running `Command { std: "git" "-c" "credential.helper=" "-c" "credential.helper=/workspace/cargo-home/bin/git-credential-null" "clone" "--bare" "https://github.com/154852/NeaLang" "/workspace/cache/git-repos/https%3A%2F%2Fgithub.com%2F154852%2FNeaLang", kill_on_drop: false }`
[INFO] [stderr] Cloning into bare repository '/workspace/cache/git-repos/https%3A%2F%2Fgithub.com%2F154852%2FNeaLang'...
[INFO] running `Command { std: "git" "rev-parse" "HEAD", kill_on_drop: false }`
[INFO] [stdout] f99e1700ead09c5b5b96f43acdae7ef833461248
[INFO] testing 154852/NeaLang against beta-2023-04-20 for beta-1.70-1
[INFO] running `Command { std: "git" "clone" "/workspace/cache/git-repos/https%3A%2F%2Fgithub.com%2F154852%2FNeaLang" "/workspace/builds/worker-3-tc2/source", kill_on_drop: false }`
[INFO] [stderr] Cloning into '/workspace/builds/worker-3-tc2/source'...
[INFO] [stderr] done.
[INFO] validating manifest of git repo https://github.com/154852/NeaLang on toolchain beta-2023-04-20
[INFO] running `Command { std: CARGO_HOME="/workspace/cargo-home" RUSTUP_HOME="/workspace/rustup-home" "/workspace/cargo-home/bin/cargo" "+beta-2023-04-20" "metadata" "--manifest-path" "Cargo.toml" "--no-deps", kill_on_drop: false }`
[INFO] started tweaking git repo https://github.com/154852/NeaLang
[INFO] finished tweaking git repo https://github.com/154852/NeaLang
[INFO] tweaked toml for git repo https://github.com/154852/NeaLang written to /workspace/builds/worker-3-tc2/source/Cargo.toml
[INFO] crate git repo https://github.com/154852/NeaLang already has a lockfile, it will not be regenerated
[INFO] running `Command { std: CARGO_HOME="/workspace/cargo-home" RUSTUP_HOME="/workspace/rustup-home" "/workspace/cargo-home/bin/cargo" "+beta-2023-04-20" "fetch" "--manifest-path" "Cargo.toml", kill_on_drop: false }`
[INFO] running `Command { std: "docker" "create" "-v" "/var/lib/crater-agent-workspace/builds/worker-3-tc2/target:/opt/rustwide/target:rw,Z" "-v" "/var/lib/crater-agent-workspace/builds/worker-3-tc2/source:/opt/rustwide/workdir:ro,Z" "-v" "/var/lib/crater-agent-workspace/cargo-home:/opt/rustwide/cargo-home:ro,Z" "-v" "/var/lib/crater-agent-workspace/rustup-home:/opt/rustwide/rustup-home:ro,Z" "-e" "SOURCE_DIR=/opt/rustwide/workdir" "-e" "CARGO_TARGET_DIR=/opt/rustwide/target" "-e" "CARGO_HOME=/opt/rustwide/cargo-home" "-e" "RUSTUP_HOME=/opt/rustwide/rustup-home" "-w" "/opt/rustwide/workdir" "-m" "1610612736" "--user" "0:0" "--network" "none" "ghcr.io/rust-lang/crates-build-env/linux@sha256:5ff2268d62e97bff2cde7d5815dd6ed5b47097566f13b8d0ca110b04b60e07ed" "/opt/rustwide/cargo-home/bin/cargo" "+beta-2023-04-20" "metadata" "--no-deps" "--format-version=1", kill_on_drop: false }`
[INFO] [stdout] 30ff563d3c987343bdde3769b8d98f037e06703bc43de6d3aad01e63787b26fc
[INFO] running `Command { std: "docker" "start" "-a" "30ff563d3c987343bdde3769b8d98f037e06703bc43de6d3aad01e63787b26fc", kill_on_drop: false }`
[INFO] running `Command { std: "docker" "inspect" "30ff563d3c987343bdde3769b8d98f037e06703bc43de6d3aad01e63787b26fc", kill_on_drop: false }`
[INFO] running `Command { std: "docker" "rm" "-f" "30ff563d3c987343bdde3769b8d98f037e06703bc43de6d3aad01e63787b26fc", kill_on_drop: false }`
[INFO] [stdout] 30ff563d3c987343bdde3769b8d98f037e06703bc43de6d3aad01e63787b26fc
[INFO] running `Command { std: "docker" "create" "-v" "/var/lib/crater-agent-workspace/builds/worker-3-tc2/target:/opt/rustwide/target:rw,Z" "-v" "/var/lib/crater-agent-workspace/builds/worker-3-tc2/source:/opt/rustwide/workdir:ro,Z" "-v" "/var/lib/crater-agent-workspace/cargo-home:/opt/rustwide/cargo-home:ro,Z" "-v" "/var/lib/crater-agent-workspace/rustup-home:/opt/rustwide/rustup-home:ro,Z" "-e" "SOURCE_DIR=/opt/rustwide/workdir" "-e" "CARGO_TARGET_DIR=/opt/rustwide/target" "-e" "CARGO_INCREMENTAL=0" "-e" "RUST_BACKTRACE=full" "-e" "RUSTFLAGS=--cap-lints=warn" "-e" "RUSTDOCFLAGS=--cap-lints=warn" "-e" "CARGO_HOME=/opt/rustwide/cargo-home" "-e" "RUSTUP_HOME=/opt/rustwide/rustup-home" "-w" "/opt/rustwide/workdir" "-m" "1610612736" "--user" "0:0" "--network" "none" "ghcr.io/rust-lang/crates-build-env/linux@sha256:5ff2268d62e97bff2cde7d5815dd6ed5b47097566f13b8d0ca110b04b60e07ed" "/opt/rustwide/cargo-home/bin/cargo" "+beta-2023-04-20" "build" "--frozen" "--message-format=json", kill_on_drop: false }`
[INFO] [stdout] ad66c3aa73338b3e544fa2b3246af74e8c57733ced7d1831d85a1c18ae79b82f
[INFO] running `Command { std: "docker" "start" "-a" "ad66c3aa73338b3e544fa2b3246af74e8c57733ced7d1831d85a1c18ae79b82f", kill_on_drop: false }`
[INFO] [stderr]    Compiling proc-macro2 v1.0.29
[INFO] [stderr]    Compiling version_check v0.9.3
[INFO] [stderr]    Compiling unicode-xid v0.2.2
[INFO] [stderr]    Compiling ir v0.1.0 (/opt/rustwide/workdir/ir)
[INFO] [stderr]    Compiling syn v1.0.77
[INFO] [stderr]    Compiling autocfg v1.0.1
[INFO] [stderr]    Compiling libc v0.2.103
[INFO] [stderr]    Compiling unicode-segmentation v1.8.0
[INFO] [stderr]    Compiling java v0.1.0 (/opt/rustwide/workdir/java)
[INFO] [stderr]    Compiling indexmap v1.7.0
[INFO] [stderr]    Compiling proc-macro-error-attr v1.0.4
[INFO] [stderr]    Compiling proc-macro-error v1.0.4
[INFO] [stderr]    Compiling heck v0.3.3
[INFO] [stderr]    Compiling x86 v0.1.0 (/opt/rustwide/workdir/x86)
[INFO] [stderr]    Compiling hashbrown v0.11.2
[INFO] [stderr]    Compiling arm64 v0.1.0 (/opt/rustwide/workdir/arm64)
[INFO] [stderr]    Compiling wasm v0.1.0 (/opt/rustwide/workdir/wasm)
[INFO] [stderr]    Compiling unicode-width v0.1.9
[INFO] [stderr]    Compiling textwrap v0.14.2
[INFO] [stderr]    Compiling ir2x86 v0.1.0 (/opt/rustwide/workdir/ir2x86)
[INFO] [stderr]    Compiling ir2arm64 v0.1.0 (/opt/rustwide/workdir/ir2arm64)
[INFO] [stderr]    Compiling quote v1.0.9
[INFO] [stderr]    Compiling ir2wasm v0.1.0 (/opt/rustwide/workdir/ir2wasm)
[INFO] [stderr]    Compiling atty v0.2.14
[INFO] [stderr]    Compiling ir2java v0.1.0 (/opt/rustwide/workdir/ir2java)
[INFO] [stderr]    Compiling termcolor v1.1.2
[INFO] [stderr]    Compiling strsim v0.10.0
[INFO] [stderr]    Compiling os_str_bytes v3.1.0
[INFO] [stderr]    Compiling vec_map v0.8.2
[INFO] [stderr]    Compiling ofile v0.1.0 (/opt/rustwide/workdir/ofile)
[INFO] [stderr]    Compiling syntax v0.1.0 (/opt/rustwide/workdir/syntax)
[INFO] [stderr]    Compiling ir2triple v0.1.0 (/opt/rustwide/workdir/ir2triple)
[INFO] [stderr]    Compiling clap_derive v3.0.0-beta.4
[INFO] [stderr]    Compiling clap v3.0.0-beta.4
[INFO] [stderr]    Compiling nl v0.1.0 (/opt/rustwide/workdir/nl)
[INFO] [stderr]     Finished dev [unoptimized + debuginfo] target(s) in 23.54s
[INFO] running `Command { std: "docker" "inspect" "ad66c3aa73338b3e544fa2b3246af74e8c57733ced7d1831d85a1c18ae79b82f", kill_on_drop: false }`
[INFO] running `Command { std: "docker" "rm" "-f" "ad66c3aa73338b3e544fa2b3246af74e8c57733ced7d1831d85a1c18ae79b82f", kill_on_drop: false }`
[INFO] [stdout] ad66c3aa73338b3e544fa2b3246af74e8c57733ced7d1831d85a1c18ae79b82f
[INFO] running `Command { std: "docker" "create" "-v" "/var/lib/crater-agent-workspace/builds/worker-3-tc2/target:/opt/rustwide/target:rw,Z" "-v" "/var/lib/crater-agent-workspace/builds/worker-3-tc2/source:/opt/rustwide/workdir:ro,Z" "-v" "/var/lib/crater-agent-workspace/cargo-home:/opt/rustwide/cargo-home:ro,Z" "-v" "/var/lib/crater-agent-workspace/rustup-home:/opt/rustwide/rustup-home:ro,Z" "-e" "SOURCE_DIR=/opt/rustwide/workdir" "-e" "CARGO_TARGET_DIR=/opt/rustwide/target" "-e" "CARGO_INCREMENTAL=0" "-e" "RUST_BACKTRACE=full" "-e" "RUSTFLAGS=--cap-lints=warn" "-e" "RUSTDOCFLAGS=--cap-lints=warn" "-e" "CARGO_HOME=/opt/rustwide/cargo-home" "-e" "RUSTUP_HOME=/opt/rustwide/rustup-home" "-w" "/opt/rustwide/workdir" "-m" "1610612736" "--user" "0:0" "--network" "none" "ghcr.io/rust-lang/crates-build-env/linux@sha256:5ff2268d62e97bff2cde7d5815dd6ed5b47097566f13b8d0ca110b04b60e07ed" "/opt/rustwide/cargo-home/bin/cargo" "+beta-2023-04-20" "test" "--frozen" "--no-run" "--message-format=json", kill_on_drop: false }`
[INFO] [stdout] 4aac6fa834c85538286f446054547e7e37765098b01f3da4faaa8126778c16ae
[INFO] running `Command { std: "docker" "start" "-a" "4aac6fa834c85538286f446054547e7e37765098b01f3da4faaa8126778c16ae", kill_on_drop: false }`
[INFO] [stderr]    Compiling ir2triple v0.1.0 (/opt/rustwide/workdir/ir2triple)
[INFO] [stderr]    Compiling syntax v0.1.0 (/opt/rustwide/workdir/syntax)
[INFO] [stderr]    Compiling java v0.1.0 (/opt/rustwide/workdir/java)
[INFO] [stderr]    Compiling ir2wasm v0.1.0 (/opt/rustwide/workdir/ir2wasm)
[INFO] [stderr]    Compiling ir2x86 v0.1.0 (/opt/rustwide/workdir/ir2x86)
[INFO] [stderr]    Compiling nl v0.1.0 (/opt/rustwide/workdir/nl)
[INFO] [stderr]    Compiling ir2java v0.1.0 (/opt/rustwide/workdir/ir2java)
[INFO] [stderr]    Compiling ofile v0.1.0 (/opt/rustwide/workdir/ofile)
[INFO] [stderr]    Compiling wasm v0.1.0 (/opt/rustwide/workdir/wasm)
[INFO] [stderr]    Compiling arm64 v0.1.0 (/opt/rustwide/workdir/arm64)
[INFO] [stderr]    Compiling x86 v0.1.0 (/opt/rustwide/workdir/x86)
[INFO] [stderr]    Compiling ir2arm64 v0.1.0 (/opt/rustwide/workdir/ir2arm64)
[INFO] [stderr]    Compiling ir v0.1.0 (/opt/rustwide/workdir/ir)
[INFO] [stderr]     Finished test [unoptimized + debuginfo] target(s) in 9.60s
[INFO] running `Command { std: "docker" "inspect" "4aac6fa834c85538286f446054547e7e37765098b01f3da4faaa8126778c16ae", kill_on_drop: false }`
[INFO] running `Command { std: "docker" "rm" "-f" "4aac6fa834c85538286f446054547e7e37765098b01f3da4faaa8126778c16ae", kill_on_drop: false }`
[INFO] [stdout] 4aac6fa834c85538286f446054547e7e37765098b01f3da4faaa8126778c16ae
[INFO] running `Command { std: "docker" "create" "-v" "/var/lib/crater-agent-workspace/builds/worker-3-tc2/target:/opt/rustwide/target:rw,Z" "-v" "/var/lib/crater-agent-workspace/builds/worker-3-tc2/source:/opt/rustwide/workdir:ro,Z" "-v" "/var/lib/crater-agent-workspace/cargo-home:/opt/rustwide/cargo-home:ro,Z" "-v" "/var/lib/crater-agent-workspace/rustup-home:/opt/rustwide/rustup-home:ro,Z" "-e" "SOURCE_DIR=/opt/rustwide/workdir" "-e" "CARGO_TARGET_DIR=/opt/rustwide/target" "-e" "CARGO_INCREMENTAL=0" "-e" "RUST_BACKTRACE=full" "-e" "RUSTFLAGS=--cap-lints=warn" "-e" "RUSTDOCFLAGS=--cap-lints=warn" "-e" "CARGO_HOME=/opt/rustwide/cargo-home" "-e" "RUSTUP_HOME=/opt/rustwide/rustup-home" "-w" "/opt/rustwide/workdir" "-m" "1610612736" "--user" "0:0" "--network" "none" "ghcr.io/rust-lang/crates-build-env/linux@sha256:5ff2268d62e97bff2cde7d5815dd6ed5b47097566f13b8d0ca110b04b60e07ed" "/opt/rustwide/cargo-home/bin/cargo" "+beta-2023-04-20" "test" "--frozen", kill_on_drop: false }`
[INFO] [stdout] dc58693ca63ab1f9de0ea76a79f3ebe02d816ee85f7cbf1c9cae095f308b5a35
[INFO] running `Command { std: "docker" "start" "-a" "dc58693ca63ab1f9de0ea76a79f3ebe02d816ee85f7cbf1c9cae095f308b5a35", kill_on_drop: false }`
[INFO] [stderr]     Finished test [unoptimized + debuginfo] target(s) in 0.05s
[INFO] [stderr]      Running unittests src/lib.rs (/opt/rustwide/target/debug/deps/arm64-4403324dace7f334)
[INFO] [stdout] 
[INFO] [stderr]      Running unittests src/lib.rs (/opt/rustwide/target/debug/deps/ir-caac971a6c80cf76)
[INFO] [stdout] running 0 tests
[INFO] [stdout] 
[INFO] [stdout] test result: ok. 0 passed; 0 failed; 0 ignored; 0 measured; 0 filtered out; finished in 0.00s
[INFO] [stdout] 
[INFO] [stdout] 
[INFO] [stdout] running 17 tests
[INFO] [stdout] test tests::ir_control_flow::loop_not_a_bool_cond ... ok
[INFO] [stdout] test tests::ir_control_flow::loop_not_empty_stack ... ok
[INFO] [stdout] test tests::ir_control_flow::loop_not_empty_stack_after_body ... ok
[INFO] [stdout] test tests::ir_control_flow::loop_missing_ret ... ok
[INFO] [stdout] test tests::ir_control_flow::loop_correct ... ok
[INFO] [stdout] test tests::ir_control_flow::loop_not_one_after_condition ... ok
[INFO] [stdout] test tests::ir_do_some_math::correct ... ok
[INFO] [stdout] test tests::ir_do_some_math::incorrect_local_type_access ... ok
[INFO] [stdout] test tests::ir_do_some_math::invalid_stack_access ... ok
[INFO] [stdout] test tests::ir_control_flow::if_non_empty_stack ... ok
[INFO] [stdout] test tests::ir_do_some_math::out_of_bounds_local_access ... ok
[INFO] [stdout] test tests::ir_do_some_math::stack_underflow ... ok
[INFO] [stdout] test tests::ir_do_some_math::too_big_return ... ok
[INFO] [stdout] test tests::ir_do_some_math::too_few_locals ... ok
[INFO] [stdout] test tests::ir_do_some_math::too_small_return ... ok
[INFO] [stdout] test tests::ir_control_flow::if_no_return ... ok
[INFO] [stderr]      Running unittests src/lib.rs (/opt/rustwide/target/debug/deps/ir2arm64-f483a9b94c1d7d29)
[INFO] [stdout] test tests::ir_control_flow::if_correct ... ok
[INFO] [stderr]      Running unittests src/lib.rs (/opt/rustwide/target/debug/deps/ir2java-684cc17f8ca5a21f)
[INFO] [stdout] 
[INFO] [stderr]      Running unittests src/lib.rs (/opt/rustwide/target/debug/deps/ir2triple-2bf6b9cef3120588)
[INFO] [stdout] test result: ok. 17 passed; 0 failed; 0 ignored; 0 measured; 0 filtered out; finished in 0.01s
[INFO] [stdout] 
[INFO] [stdout] 
[INFO] [stdout] running 0 tests
[INFO] [stdout] 
[INFO] [stdout] test result: ok. 0 passed; 0 failed; 0 ignored; 0 measured; 0 filtered out; finished in 0.00s
[INFO] [stdout] 
[INFO] [stdout] 
[INFO] [stdout] running 0 tests
[INFO] [stdout] 
[INFO] [stdout] test result: ok. 0 passed; 0 failed; 0 ignored; 0 measured; 0 filtered out; finished in 0.00s
[INFO] [stdout] 
[INFO] [stdout] 
[INFO] [stdout] running 0 tests
[INFO] [stdout] 
[INFO] [stdout] test result: ok. 0 passed; 0 failed; 0 ignored; 0 measured; 0 filtered out; finished in 0.00s
[INFO] [stdout] 
[INFO] [stderr]      Running unittests src/lib.rs (/opt/rustwide/target/debug/deps/ir2wasm-d62ca6192f579d15)
[INFO] [stderr]      Running tests/ir2wasm_basic.rs (/opt/rustwide/target/debug/deps/ir2wasm_basic-662d4f77a30fe310)
[INFO] [stdout] 
[INFO] [stdout] running 0 tests
[INFO] [stdout] 
[INFO] [stdout] test result: ok. 0 passed; 0 failed; 0 ignored; 0 measured; 0 filtered out; finished in 0.00s
[INFO] [stdout] 
[INFO] [stdout] 
[INFO] [stdout] running 1 test
[INFO] [stdout] test main ... FAILED
[INFO] [stdout] 
[INFO] [stdout] failures:
[INFO] [stdout] 
[INFO] [stdout] ---- main stdout ----
[INFO] [stdout] thread 'main' panicked at 'Could not write output: Os { code: 30, kind: ReadOnlyFilesystem, message: "Read-only file system" }', ir2wasm/tests/ir2wasm_basic.rs:36:46
[INFO] [stdout] stack backtrace:
[INFO] [stdout]    0:     0x556997fb0f5a - std::backtrace_rs::backtrace::libunwind::trace::h2f05d0192276a8f6
[INFO] [stdout]                                at /rustc/1b7dd2252b99671ce5d1cb9664c5f8636329436d/library/std/src/../../backtrace/src/backtrace/libunwind.rs:93:5
[INFO] [stdout]    1:     0x556997fb0f5a - std::backtrace_rs::backtrace::trace_unsynchronized::hedc23dff7a1af150
[INFO] [stdout]                                at /rustc/1b7dd2252b99671ce5d1cb9664c5f8636329436d/library/std/src/../../backtrace/src/backtrace/mod.rs:66:5
[INFO] [stdout]    2:     0x556997fb0f5a - std::sys_common::backtrace::_print_fmt::h17541ef7592f3ce2
[INFO] [stdout]                                at /rustc/1b7dd2252b99671ce5d1cb9664c5f8636329436d/library/std/src/sys_common/backtrace.rs:65:5
[INFO] [stdout]    3:     0x556997fb0f5a - <std::sys_common::backtrace::_print::DisplayBacktrace as core::fmt::Display>::fmt::h20f75df5ab0c0792
[INFO] [stdout]                                at /rustc/1b7dd2252b99671ce5d1cb9664c5f8636329436d/library/std/src/sys_common/backtrace.rs:44:22
[INFO] [stdout]    4:     0x556997fd4caf - core::fmt::write::h78109e6f466b3af6
[INFO] [stdout]                                at /rustc/1b7dd2252b99671ce5d1cb9664c5f8636329436d/library/core/src/fmt/mod.rs:1254:17
[INFO] [stdout]    5:     0x556997fae295 - std::io::Write::write_fmt::hd24bfb68a1b35a25
[INFO] [stdout]                                at /rustc/1b7dd2252b99671ce5d1cb9664c5f8636329436d/library/std/src/io/mod.rs:1698:15
[INFO] [stdout]    6:     0x556997fb0d25 - std::sys_common::backtrace::_print::h8dac57a9f8fbf9a5
[INFO] [stdout]                                at /rustc/1b7dd2252b99671ce5d1cb9664c5f8636329436d/library/std/src/sys_common/backtrace.rs:47:5
[INFO] [stdout]    7:     0x556997fb0d25 - std::sys_common::backtrace::print::hf9ecbf41d1aa712f
[INFO] [stdout]                                at /rustc/1b7dd2252b99671ce5d1cb9664c5f8636329436d/library/std/src/sys_common/backtrace.rs:34:9
[INFO] [stdout]    8:     0x556997fb29de - std::panicking::default_hook::{{closure}}::h04c07acfc84ca028
[INFO] [stdout]                                at /rustc/1b7dd2252b99671ce5d1cb9664c5f8636329436d/library/std/src/panicking.rs:269:22
[INFO] [stdout]    9:     0x556997fb2711 - std::panicking::default_hook::h01f6bb23e1eceb2c
[INFO] [stdout]                                at /rustc/1b7dd2252b99671ce5d1cb9664c5f8636329436d/library/std/src/panicking.rs:285:9
[INFO] [stdout]   10:     0x556997f5163b - <alloc::boxed::Box<F,A> as core::ops::function::Fn<Args>>::call::h87fe9f7b2fd49e4c
[INFO] [stdout]                                at /rustc/1b7dd2252b99671ce5d1cb9664c5f8636329436d/library/alloc/src/boxed.rs:1987:9
[INFO] [stdout]   11:     0x556997f5163b - test::test_main::{{closure}}::he94d679243a7531b
[INFO] [stdout]                                at /rustc/1b7dd2252b99671ce5d1cb9664c5f8636329436d/library/test/src/lib.rs:134:21
[INFO] [stdout]   12:     0x556997fb30c4 - <alloc::boxed::Box<F,A> as core::ops::function::Fn<Args>>::call::h3f2d6d8b14c4769f
[INFO] [stdout]                                at /rustc/1b7dd2252b99671ce5d1cb9664c5f8636329436d/library/alloc/src/boxed.rs:1987:9
[INFO] [stdout]   13:     0x556997fb30c4 - std::panicking::rust_panic_with_hook::h2bb3722bbaf2f6df
[INFO] [stdout]                                at /rustc/1b7dd2252b99671ce5d1cb9664c5f8636329436d/library/std/src/panicking.rs:695:13
[INFO] [stdout]   14:     0x556997fb2e39 - std::panicking::begin_panic_handler::{{closure}}::h91bc7f36a4be011b
[INFO] [stdout]                                at /rustc/1b7dd2252b99671ce5d1cb9664c5f8636329436d/library/std/src/panicking.rs:582:13
[INFO] [stdout]   15:     0x556997fb13c6 - std::sys_common::backtrace::__rust_end_short_backtrace::h8b3d3717114f9e59
[INFO] [stdout]                                at /rustc/1b7dd2252b99671ce5d1cb9664c5f8636329436d/library/std/src/sys_common/backtrace.rs:150:18
[INFO] [stdout]   16:     0x556997fb2b92 - rust_begin_unwind
[INFO] [stdout]                                at /rustc/1b7dd2252b99671ce5d1cb9664c5f8636329436d/library/std/src/panicking.rs:578:5
[INFO] [stdout]   17:     0x556997f17ba3 - core::panicking::panic_fmt::hfd368e3fbdabea26
[INFO] [stdout]                                at /rustc/1b7dd2252b99671ce5d1cb9664c5f8636329436d/library/core/src/panicking.rs:67:14
[INFO] [stdout]   18:     0x556997f180e3 - core::result::unwrap_failed::he54eb4b2f125b26f
[INFO] [stdout]                                at /rustc/1b7dd2252b99671ce5d1cb9664c5f8636329436d/library/core/src/result.rs:1687:5
[INFO] [stdout]   19:     0x556997f197ff - core::result::Result<T,E>::expect::haf578bf7d5b5cf91
[INFO] [stdout]                                at /rustc/1b7dd2252b99671ce5d1cb9664c5f8636329436d/library/core/src/result.rs:1046:23
[INFO] [stdout]   20:     0x556997f1dbaa - ir2wasm_basic::main::h881e89d7b0e7962f
[INFO] [stdout]                                at /opt/rustwide/workdir/ir2wasm/tests/ir2wasm_basic.rs:36:5
[INFO] [stdout]   21:     0x556997f1d417 - ir2wasm_basic::main::{{closure}}::he38ba6f127ba44f3
[INFO] [stdout]                                at /opt/rustwide/workdir/ir2wasm/tests/ir2wasm_basic.rs:5:11
[INFO] [stdout]   22:     0x556997f1bdf5 - core::ops::function::FnOnce::call_once::hcfe546f30acc74d2
[INFO] [stdout]                                at /rustc/1b7dd2252b99671ce5d1cb9664c5f8636329436d/library/core/src/ops/function.rs:250:5
[INFO] [stdout]   23:     0x556997f5650f - core::ops::function::FnOnce::call_once::ha6a70e79f7481a7e
[INFO] [stdout]                                at /rustc/1b7dd2252b99671ce5d1cb9664c5f8636329436d/library/core/src/ops/function.rs:250:5
[INFO] [stdout]   24:     0x556997f5650f - test::__rust_begin_short_backtrace::hce33033019b61e69
[INFO] [stdout]                                at /rustc/1b7dd2252b99671ce5d1cb9664c5f8636329436d/library/test/src/lib.rs:655:18
[INFO] [stdout]   25:     0x556997f23cfc - test::run_test::{{closure}}::h858d3528838ae3e5
[INFO] [stdout]                                at /rustc/1b7dd2252b99671ce5d1cb9664c5f8636329436d/library/test/src/lib.rs:646:30
[INFO] [stdout]   26:     0x556997f23cfc - core::ops::function::FnOnce::call_once{{vtable.shim}}::he8ac2b00f01ae79e
[INFO] [stdout]                                at /rustc/1b7dd2252b99671ce5d1cb9664c5f8636329436d/library/core/src/ops/function.rs:250:5
[INFO] [stdout]   27:     0x556997f555e6 - <alloc::boxed::Box<F,A> as core::ops::function::FnOnce<Args>>::call_once::h8093d25b522725ef
[INFO] [stdout]                                at /rustc/1b7dd2252b99671ce5d1cb9664c5f8636329436d/library/alloc/src/boxed.rs:1973:9
[INFO] [stdout]   28:     0x556997f555e6 - <core::panic::unwind_safe::AssertUnwindSafe<F> as core::ops::function::FnOnce<()>>::call_once::h5c334c204e4a3913
[INFO] [stdout]                                at /rustc/1b7dd2252b99671ce5d1cb9664c5f8636329436d/library/core/src/panic/unwind_safe.rs:271:9
[INFO] [stdout]   29:     0x556997f555e6 - std::panicking::try::do_call::ha8b740c7b9478074
[INFO] [stdout]                                at /rustc/1b7dd2252b99671ce5d1cb9664c5f8636329436d/library/std/src/panicking.rs:485:40
[INFO] [stdout]   30:     0x556997f555e6 - std::panicking::try::h5d34f63d0e41b64e
[INFO] [stdout]                                at /rustc/1b7dd2252b99671ce5d1cb9664c5f8636329436d/library/std/src/panicking.rs:449:19
[INFO] [stdout]   31:     0x556997f555e6 - std::panic::catch_unwind::hcfbb511e1aa7fc67
[INFO] [stdout]                                at /rustc/1b7dd2252b99671ce5d1cb9664c5f8636329436d/library/std/src/panic.rs:140:14
[INFO] [stdout]   32:     0x556997f555e6 - test::run_test_in_process::h9abda90f802eaf21
[INFO] [stdout]                                at /rustc/1b7dd2252b99671ce5d1cb9664c5f8636329436d/library/test/src/lib.rs:678:27
[INFO] [stdout]   33:     0x556997f555e6 - test::run_test::run_test_inner::{{closure}}::h0f058de91f6c6edf
[INFO] [stdout]                                at /rustc/1b7dd2252b99671ce5d1cb9664c5f8636329436d/library/test/src/lib.rs:572:39
[INFO] [stdout]   34:     0x556997f1e505 - test::run_test::run_test_inner::{{closure}}::h5ca48a4c59c6c1fb
[INFO] [stdout]                                at /rustc/1b7dd2252b99671ce5d1cb9664c5f8636329436d/library/test/src/lib.rs:599:37
[INFO] [stdout]   35:     0x556997f1e505 - std::sys_common::backtrace::__rust_begin_short_backtrace::h32bd51e1495d4a33
[INFO] [stdout]                                at /rustc/1b7dd2252b99671ce5d1cb9664c5f8636329436d/library/std/src/sys_common/backtrace.rs:134:18
[INFO] [stdout]   36:     0x556997f23a41 - std::thread::Builder::spawn_unchecked_::{{closure}}::{{closure}}::hc086fae9b128b2db
[INFO] [stdout]                                at /rustc/1b7dd2252b99671ce5d1cb9664c5f8636329436d/library/std/src/thread/mod.rs:526:17
[INFO] [stdout]   37:     0x556997f23a41 - <core::panic::unwind_safe::AssertUnwindSafe<F> as core::ops::function::FnOnce<()>>::call_once::hb66571888d270d43
[INFO] [stdout]                                at /rustc/1b7dd2252b99671ce5d1cb9664c5f8636329436d/library/core/src/panic/unwind_safe.rs:271:9
[INFO] [stdout]   38:     0x556997f23a41 - std::panicking::try::do_call::h4fa2ef4f6e51fecf
[INFO] [stdout]                                at /rustc/1b7dd2252b99671ce5d1cb9664c5f8636329436d/library/std/src/panicking.rs:485:40
[INFO] [stdout]   39:     0x556997f23a41 - std::panicking::try::h1e9e22b8584489b5
[INFO] [stdout]                                at /rustc/1b7dd2252b99671ce5d1cb9664c5f8636329436d/library/std/src/panicking.rs:449:19
[INFO] [stdout]   40:     0x556997f23a41 - std::panic::catch_unwind::h44698a3de0e0769e
[INFO] [stdout]                                at /rustc/1b7dd2252b99671ce5d1cb9664c5f8636329436d/library/std/src/panic.rs:140:14
[INFO] [stdout]   41:     0x556997f23a41 - std::thread::Builder::spawn_unchecked_::{{closure}}::h50153abde3fe239e
[INFO] [stdout]                                at /rustc/1b7dd2252b99671ce5d1cb9664c5f8636329436d/library/std/src/thread/mod.rs:525:30
[INFO] [stdout]   42:     0x556997f23a41 - core::ops::function::FnOnce::call_once{{vtable.shim}}::hbe5bbf6f38394364
[INFO] [stdout]                                at /rustc/1b7dd2252b99671ce5d1cb9664c5f8636329436d/library/core/src/ops/function.rs:250:5
[INFO] [stdout]   43:     0x556997fb7695 - <alloc::boxed::Box<F,A> as core::ops::function::FnOnce<Args>>::call_once::h0d83cb2920a49046
[INFO] [stdout]                                at /rustc/1b7dd2252b99671ce5d1cb9664c5f8636329436d/library/alloc/src/boxed.rs:1973:9
[INFO] [stdout]   44:     0x556997fb7695 - <alloc::boxed::Box<F,A> as core::ops::function::FnOnce<Args>>::call_once::hbe0a008aa7d9ef59
[INFO] [stdout]                                at /rustc/1b7dd2252b99671ce5d1cb9664c5f8636329436d/library/alloc/src/boxed.rs:1973:9
[INFO] [stdout]   45:     0x556997fb7695 - std::sys::unix::thread::Thread::new::thread_start::h3a466996bdf6b1f9
[INFO] [stdout]                                at /rustc/1b7dd2252b99671ce5d1cb9664c5f8636329436d/library/std/src/sys/unix/thread.rs:108:17
[INFO] [stdout]   46:     0x7fdfdac93b43 - <unknown>
[INFO] [stdout]   47:     0x7fdfdad24bb4 - __clone
[INFO] [stdout]   48:                0x0 - <unknown>
[INFO] [stdout] 
[INFO] [stdout] 
[INFO] [stdout] failures:
[INFO] [stdout]     main
[INFO] [stdout] 
[INFO] [stdout] test result: FAILED. 0 passed; 1 failed; 0 ignored; 0 measured; 0 filtered out; finished in 0.01s
[INFO] [stdout] 
[INFO] [stderr] error: test failed, to rerun pass `-p ir2wasm --test ir2wasm_basic`
[INFO] running `Command { std: "docker" "inspect" "dc58693ca63ab1f9de0ea76a79f3ebe02d816ee85f7cbf1c9cae095f308b5a35", kill_on_drop: false }`
[INFO] running `Command { std: "docker" "rm" "-f" "dc58693ca63ab1f9de0ea76a79f3ebe02d816ee85f7cbf1c9cae095f308b5a35", kill_on_drop: false }`
[INFO] [stdout] dc58693ca63ab1f9de0ea76a79f3ebe02d816ee85f7cbf1c9cae095f308b5a35
