[INFO] cloning repository https://github.com/0queue/boosttorrent2
[INFO] running `Command { std: "git" "-c" "credential.helper=" "-c" "credential.helper=/workspace/cargo-home/bin/git-credential-null" "clone" "--bare" "https://github.com/0queue/boosttorrent2" "/workspace/cache/git-repos/https%3A%2F%2Fgithub.com%2F0queue%2Fboosttorrent2", kill_on_drop: false }`
[INFO] [stderr] Cloning into bare repository '/workspace/cache/git-repos/https%3A%2F%2Fgithub.com%2F0queue%2Fboosttorrent2'...
[INFO] running `Command { std: "git" "rev-parse" "HEAD", kill_on_drop: false }`
[INFO] [stdout] ec8523deb50ee9f4a00664aab31a6df150ee7cfd
[INFO] testing 0queue/boosttorrent2 against beta-2023-04-20 for beta-1.70-1
[INFO] running `Command { std: "git" "clone" "/workspace/cache/git-repos/https%3A%2F%2Fgithub.com%2F0queue%2Fboosttorrent2" "/workspace/builds/worker-4-tc2/source", kill_on_drop: false }`
[INFO] [stderr] Cloning into '/workspace/builds/worker-4-tc2/source'...
[INFO] [stderr] done.
[INFO] validating manifest of git repo https://github.com/0queue/boosttorrent2 on toolchain beta-2023-04-20
[INFO] running `Command { std: CARGO_HOME="/workspace/cargo-home" RUSTUP_HOME="/workspace/rustup-home" "/workspace/cargo-home/bin/cargo" "+beta-2023-04-20" "metadata" "--manifest-path" "Cargo.toml" "--no-deps", kill_on_drop: false }`
[INFO] started tweaking git repo https://github.com/0queue/boosttorrent2
[INFO] finished tweaking git repo https://github.com/0queue/boosttorrent2
[INFO] tweaked toml for git repo https://github.com/0queue/boosttorrent2 written to /workspace/builds/worker-4-tc2/source/Cargo.toml
[INFO] crate git repo https://github.com/0queue/boosttorrent2 already has a lockfile, it will not be regenerated
[INFO] running `Command { std: CARGO_HOME="/workspace/cargo-home" RUSTUP_HOME="/workspace/rustup-home" "/workspace/cargo-home/bin/cargo" "+beta-2023-04-20" "fetch" "--manifest-path" "Cargo.toml", kill_on_drop: false }`
[INFO] [stderr]     Updating crates.io index
[INFO] [stderr]  Downloading crates ...
[INFO] [stderr]   Downloaded slab v0.4.1
[INFO] [stderr]   Downloaded parking_lot_core v0.3.1
[INFO] [stderr]   Downloaded smallvec v0.6.5
[INFO] [stderr]   Downloaded tokio-executor v0.1.5
[INFO] [stderr]   Downloaded byteorder v1.2.7
[INFO] [stderr]   Downloaded rand_core v0.2.2
[INFO] [stderr]   Downloaded rand_core v0.3.0
[INFO] [stderr]   Downloaded derive-error v0.0.4
[INFO] [stderr]   Downloaded string v0.1.1
[INFO] [stderr]   Downloaded tokio-current-thread v0.1.3
[INFO] [stderr]   Downloaded tokio-fs v0.1.4
[INFO] [stderr]   Downloaded simple_logger v1.0.1
[INFO] [stderr]   Downloaded case v0.1.0
[INFO] [stderr]   Downloaded tokio-tcp v0.1.2
[INFO] [stderr]   Downloaded textwrap v0.10.0
[INFO] [stderr]   Downloaded maplit v1.0.1
[INFO] [stderr]   Downloaded bit-vec v0.5.0
[INFO] [stderr]   Downloaded crossbeam-epoch v0.5.2
[INFO] [stderr]   Downloaded chrono v0.4.6
[INFO] [stderr]   Downloaded http v0.1.13
[INFO] [stderr]   Downloaded rand v0.4.3
[INFO] [stderr]   Downloaded tokio v0.1.11
[INFO] [stderr]   Downloaded hyper v0.12.13
[INFO] [stderr]   Downloaded clap v2.32.0
[INFO] [stderr]   Downloaded libc v0.2.43
[INFO] [stderr]   Downloaded futures v0.1.25
[INFO] [stderr]   Downloaded h2 v0.1.13
[INFO] [stderr]   Downloaded mio v0.6.16
[INFO] [stderr]   Downloaded tokio-threadpool v0.1.8
[INFO] [stderr]   Downloaded lock_api v0.1.4
[INFO] [stderr]   Downloaded time v0.1.40
[INFO] [stderr]   Downloaded tokio-timer v0.2.7
[INFO] [stderr]   Downloaded bytes v0.4.11
[INFO] [stderr]   Downloaded tokio-io v0.1.10
[INFO] [stderr]   Downloaded replace_with v0.1.1
[INFO] [stderr]   Downloaded redox_syscall v0.1.40
[INFO] [stderr]   Downloaded tokio-udp v0.1.2
[INFO] [stderr]   Downloaded parking_lot v0.6.4
[INFO] [stderr]   Downloaded tokio-reactor v0.1.6
[INFO] [stderr]   Downloaded tokio-uds v0.2.3
[INFO] [stderr]   Downloaded httparse v1.3.3
[INFO] [stderr]   Downloaded crossbeam-deque v0.6.1
[INFO] [stderr]   Downloaded crossbeam-utils v0.5.0
[INFO] [stderr]   Downloaded lazycell v1.2.0
[INFO] [stderr]   Downloaded want v0.0.6
[INFO] [stderr]   Downloaded lazy_static v1.1.0
[INFO] [stderr]   Downloaded rand v0.5.5
[INFO] running `Command { std: "docker" "create" "-v" "/var/lib/crater-agent-workspace/builds/worker-4-tc2/target:/opt/rustwide/target:rw,Z" "-v" "/var/lib/crater-agent-workspace/builds/worker-4-tc2/source:/opt/rustwide/workdir:ro,Z" "-v" "/var/lib/crater-agent-workspace/cargo-home:/opt/rustwide/cargo-home:ro,Z" "-v" "/var/lib/crater-agent-workspace/rustup-home:/opt/rustwide/rustup-home:ro,Z" "-e" "SOURCE_DIR=/opt/rustwide/workdir" "-e" "CARGO_TARGET_DIR=/opt/rustwide/target" "-e" "CARGO_HOME=/opt/rustwide/cargo-home" "-e" "RUSTUP_HOME=/opt/rustwide/rustup-home" "-w" "/opt/rustwide/workdir" "-m" "1610612736" "--user" "0:0" "--network" "none" "ghcr.io/rust-lang/crates-build-env/linux@sha256:5ff2268d62e97bff2cde7d5815dd6ed5b47097566f13b8d0ca110b04b60e07ed" "/opt/rustwide/cargo-home/bin/cargo" "+beta-2023-04-20" "metadata" "--no-deps" "--format-version=1", kill_on_drop: false }`
[INFO] [stdout] f47772f6255ed2d4fc87d38078c18f5227cd619d5ad27ee5ab265ff6e1847d92
[INFO] running `Command { std: "docker" "start" "-a" "f47772f6255ed2d4fc87d38078c18f5227cd619d5ad27ee5ab265ff6e1847d92", kill_on_drop: false }`
[INFO] running `Command { std: "docker" "inspect" "f47772f6255ed2d4fc87d38078c18f5227cd619d5ad27ee5ab265ff6e1847d92", kill_on_drop: false }`
[INFO] running `Command { std: "docker" "rm" "-f" "f47772f6255ed2d4fc87d38078c18f5227cd619d5ad27ee5ab265ff6e1847d92", kill_on_drop: false }`
[INFO] [stdout] f47772f6255ed2d4fc87d38078c18f5227cd619d5ad27ee5ab265ff6e1847d92
[INFO] running `Command { std: "docker" "create" "-v" "/var/lib/crater-agent-workspace/builds/worker-4-tc2/target:/opt/rustwide/target:rw,Z" "-v" "/var/lib/crater-agent-workspace/builds/worker-4-tc2/source:/opt/rustwide/workdir:ro,Z" "-v" "/var/lib/crater-agent-workspace/cargo-home:/opt/rustwide/cargo-home:ro,Z" "-v" "/var/lib/crater-agent-workspace/rustup-home:/opt/rustwide/rustup-home:ro,Z" "-e" "SOURCE_DIR=/opt/rustwide/workdir" "-e" "CARGO_TARGET_DIR=/opt/rustwide/target" "-e" "CARGO_INCREMENTAL=0" "-e" "RUST_BACKTRACE=full" "-e" "RUSTFLAGS=--cap-lints=warn" "-e" "RUSTDOCFLAGS=--cap-lints=warn" "-e" "CARGO_HOME=/opt/rustwide/cargo-home" "-e" "RUSTUP_HOME=/opt/rustwide/rustup-home" "-w" "/opt/rustwide/workdir" "-m" "1610612736" "--user" "0:0" "--network" "none" "ghcr.io/rust-lang/crates-build-env/linux@sha256:5ff2268d62e97bff2cde7d5815dd6ed5b47097566f13b8d0ca110b04b60e07ed" "/opt/rustwide/cargo-home/bin/cargo" "+beta-2023-04-20" "build" "--frozen" "--message-format=json", kill_on_drop: false }`
[INFO] [stdout] c4871e42127364867bd2be2359e2ff4bab2413f73915d3296e04e45d847c2d68
[INFO] running `Command { std: "docker" "start" "-a" "c4871e42127364867bd2be2359e2ff4bab2413f73915d3296e04e45d847c2d68", kill_on_drop: false }`
[INFO] [stderr]    Compiling libc v0.2.43
[INFO] [stderr]    Compiling cfg-if v0.1.6
[INFO] [stderr]    Compiling futures v0.1.25
[INFO] [stderr]    Compiling version_check v0.1.5
[INFO] [stderr]    Compiling byteorder v1.2.7
[INFO] [stderr]    Compiling scopeguard v0.3.3
[INFO] [stderr]    Compiling semver-parser v0.7.0
[INFO] [stderr]    Compiling rand_core v0.3.0
[INFO] [stderr]    Compiling crossbeam-utils v0.5.0
[INFO] [stderr]    Compiling slab v0.4.1
[INFO] [stderr]    Compiling void v1.0.2
[INFO] [stderr]    Compiling stable_deref_trait v1.1.1
[INFO] [stderr]    Compiling lazycell v1.2.0
[INFO] [stderr]    Compiling nodrop v0.1.12
[INFO] [stderr]    Compiling memoffset v0.2.1
[INFO] [stderr]    Compiling num-traits v0.2.6
[INFO] [stderr]    Compiling log v0.4.6
[INFO] [stderr]    Compiling num-integer v0.1.39
[INFO] [stderr]    Compiling unreachable v1.0.0
[INFO] [stderr]    Compiling owning_ref v0.3.3
[INFO] [stderr]    Compiling arrayvec v0.4.7
[INFO] [stderr]    Compiling unicode-xid v0.0.4
[INFO] [stderr]    Compiling fnv v1.0.6
[INFO] [stderr]    Compiling itoa v0.4.3
[INFO] [stderr]    Compiling semver v0.9.0
[INFO] [stderr]    Compiling rand_core v0.2.2
[INFO] [stderr]    Compiling smallvec v0.6.5
[INFO] [stderr]    Compiling lock_api v0.1.4
[INFO] [stderr]    Compiling httparse v1.3.3
[INFO] [stderr]    Compiling gcc v0.3.55
[INFO] [stderr]    Compiling synom v0.11.3
[INFO] [stderr]    Compiling lazy_static v1.1.0
[INFO] [stderr]    Compiling iovec v0.1.2
[INFO] [stderr]    Compiling rand v0.5.5
[INFO] [stderr]    Compiling num_cpus v1.8.0
[INFO] [stderr]    Compiling net2 v0.2.33
[INFO] [stderr]    Compiling time v0.1.40
[INFO] [stderr]    Compiling rustc_version v0.2.3
[INFO] [stderr]    Compiling rand v0.4.3
[INFO] [stderr]    Compiling bytes v0.4.11
[INFO] [stderr]    Compiling string v0.1.1
[INFO] [stderr]    Compiling try-lock v0.2.2
[INFO] [stderr]    Compiling unicode-width v0.1.5
[INFO] [stderr]    Compiling quote v0.3.15
[INFO] [stderr]    Compiling indexmap v1.0.2
[INFO] [stderr]    Compiling parking_lot_core v0.3.1
[INFO] [stderr]    Compiling atty v0.2.11
[INFO] [stderr]    Compiling textwrap v0.10.0
[INFO] [stderr]    Compiling mio v0.6.16
[INFO] [stderr]    Compiling crossbeam-epoch v0.5.2
[INFO] [stderr]    Compiling http v0.1.13
[INFO] [stderr]    Compiling rand v0.3.22
[INFO] [stderr]    Compiling syn v0.11.11
[INFO] [stderr]    Compiling ansi_term v0.11.0
[INFO] [stderr]    Compiling bitflags v1.0.4
[INFO] [stderr]    Compiling rust-crypto v0.2.36
[INFO] [stderr]    Compiling rustc-serialize v0.3.24
[INFO] [stderr]    Compiling vec_map v0.8.1
[INFO] [stderr]    Compiling strsim v0.7.0
[INFO] [stderr]    Compiling yaml-rust v0.3.5
[INFO] [stderr]    Compiling tokio-executor v0.1.5
[INFO] [stderr]    Compiling tokio-io v0.1.10
[INFO] [stderr]    Compiling crossbeam-deque v0.6.1
[INFO] [stderr]    Compiling futures-cpupool v0.1.8
[INFO] [stderr]    Compiling tokio-threadpool v0.1.8
[INFO] [stderr]    Compiling tokio-timer v0.2.7
[INFO] [stderr]    Compiling mio-uds v0.6.7
[INFO] [stderr]    Compiling tokio-current-thread v0.1.3
[INFO] [stderr]    Compiling chrono v0.4.6
[INFO] [stderr]    Compiling parking_lot v0.6.4
[INFO] [stderr]    Compiling tokio-codec v0.1.1
[INFO] [stderr]    Compiling want v0.0.6
[INFO] [stderr]    Compiling case v0.1.0
[INFO] [stderr]    Compiling tokio-reactor v0.1.6
[INFO] [stderr]    Compiling clap v2.32.0
[INFO] [stderr]    Compiling percent-encoding v1.0.1
[INFO] [stderr]    Compiling replace_with v0.1.1
[INFO] [stderr]    Compiling bit-vec v0.5.0
[INFO] [stderr]    Compiling tokio-fs v0.1.4
[INFO] [stderr]    Compiling maplit v1.0.1
[INFO] [stderr]    Compiling tokio-udp v0.1.2
[INFO] [stderr]    Compiling tokio-tcp v0.1.2
[INFO] [stderr]    Compiling tokio-uds v0.2.3
[INFO] [stderr]    Compiling derive-error v0.0.4
[INFO] [stderr]    Compiling tokio v0.1.11
[INFO] [stderr]    Compiling simple_logger v1.0.1
[INFO] [stderr]    Compiling h2 v0.1.13
[INFO] [stderr]    Compiling hyper v0.12.13
[INFO] [stderr]    Compiling boosttorrent2 v0.1.0 (/opt/rustwide/workdir)
[INFO] [stdout] warning: `...` range patterns are deprecated
[INFO] [stdout]   --> src/boostencode/parse/mod.rs:17:12
[INFO] [stdout]    |
[INFO] [stdout] 17 |         '0'...'9' => parse_bstring(bytes),
[INFO] [stdout]    |            ^^^ help: use `..=` for an inclusive range
[INFO] [stdout]    |
[INFO] [stdout]    = warning: this is accepted in the current edition (Rust 2018) but is a hard error in Rust 2021!
[INFO] [stdout]    = note: for more information, see <https://doc.rust-lang.org/nightly/edition-guide/rust-2021/warnings-promoted-to-error.html>
[INFO] [stdout]    = note: `#[warn(ellipsis_inclusive_range_patterns)]` on by default
[INFO] [stdout] 
[INFO] [stdout] 
[INFO] [stdout] warning: unused import: `std::collections::HashMap`
[INFO] [stdout]  --> src/metainfo/mod.rs:5:5
[INFO] [stdout]   |
[INFO] [stdout] 5 | use std::collections::HashMap;
[INFO] [stdout]   |     ^^^^^^^^^^^^^^^^^^^^^^^^^
[INFO] [stdout]   |
[INFO] [stdout]   = note: `#[warn(unused_imports)]` on by default
[INFO] [stdout] 
[INFO] [stdout] 
[INFO] [stdout] warning: unused import: `Receiver`
[INFO] [stdout]  --> src/server/mod.rs:2:36
[INFO] [stdout]   |
[INFO] [stdout] 2 | use futures::sync::mpsc::{channel, Receiver, Sender};
[INFO] [stdout]   |                                    ^^^^^^^^
[INFO] [stdout] 
[INFO] [stdout] 
[INFO] [stdout] warning: unused import: `std::default::Default`
[INFO] [stdout]   --> src/server/mod.rs:12:5
[INFO] [stdout]    |
[INFO] [stdout] 12 | use std::default::Default;
[INFO] [stdout]    |     ^^^^^^^^^^^^^^^^^^^^^
[INFO] [stdout] 
[INFO] [stdout] 
[INFO] [stdout] warning: unused import: `std::ops::Deref`
[INFO] [stdout]   --> src/server/mod.rs:14:5
[INFO] [stdout]    |
[INFO] [stdout] 14 | use std::ops::Deref;
[INFO] [stdout]    |     ^^^^^^^^^^^^^^^
[INFO] [stdout] 
[INFO] [stdout] 
[INFO] [stdout] warning: unused imports: `future`, `io::Error`
[INFO] [stdout]   --> src/server/mod.rs:17:5
[INFO] [stdout]    |
[INFO] [stdout] 17 |     io::Error,
[INFO] [stdout]    |     ^^^^^^^^^
[INFO] [stdout] ...
[INFO] [stdout] 25 |         future,
[INFO] [stdout]    |         ^^^^^^
[INFO] [stdout] 
[INFO] [stdout] 
[INFO] [stdout] warning: unused import: `Receiver`
[INFO] [stdout]  --> src/peer/mod.rs:3:5
[INFO] [stdout]   |
[INFO] [stdout] 3 |     Receiver,
[INFO] [stdout]   |     ^^^^^^^^
[INFO] [stdout] 
[INFO] [stdout] 
[INFO] [stdout] warning: unused import: `AsyncSink`
[INFO] [stdout]   --> src/peer/mod.rs:13:9
[INFO] [stdout]    |
[INFO] [stdout] 13 |         AsyncSink,
[INFO] [stdout]    |         ^^^^^^^^^
[INFO] [stdout] 
[INFO] [stdout] 
[INFO] [stdout] warning: unused import: `derive_error::Error`
[INFO] [stdout]  --> src/peer/message.rs:3:5
[INFO] [stdout]   |
[INFO] [stdout] 3 | use derive_error::Error;
[INFO] [stdout]   |     ^^^^^^^^^^^^^^^^^^^
[INFO] [stdout] 
[INFO] [stdout] 
[INFO] [stdout] warning: variant `Failure` is never constructed
[INFO] [stdout]   --> src/tracker/mod.rs:76:5
[INFO] [stdout]    |
[INFO] [stdout] 75 | pub enum TrackerResponse {
[INFO] [stdout]    |          --------------- variant in this enum
[INFO] [stdout] 76 |     Failure(String),
[INFO] [stdout]    |     ^^^^^^^
[INFO] [stdout]    |
[INFO] [stdout]    = note: `TrackerResponse` has a derived impl for the trait `Debug`, but this is intentionally ignored during dead code analysis
[INFO] [stdout]    = note: `#[warn(dead_code)]` on by default
[INFO] [stdout] 
[INFO] [stdout] 
[INFO] [stdout] warning: variants `Stopped` and `Completed` are never constructed
[INFO] [stdout]    --> src/tracker/mod.rs:99:5
[INFO] [stdout]     |
[INFO] [stdout] 97  | enum Event {
[INFO] [stdout]     |      ----- variants in this enum
[INFO] [stdout] 98  |     Started,
[INFO] [stdout] 99  |     Stopped,
[INFO] [stdout]     |     ^^^^^^^
[INFO] [stdout] 100 |     Completed,
[INFO] [stdout]     |     ^^^^^^^^^
[INFO] [stdout] 
[INFO] [stdout] 
[INFO] [stdout] warning: methods `cancel`, `finish`, and `refresh` are never used
[INFO] [stdout]    --> src/tracker/mod.rs:232:12
[INFO] [stdout]     |
[INFO] [stdout] 209 | impl Tracker {
[INFO] [stdout]     | ------------ methods in this implementation
[INFO] [stdout] ...
[INFO] [stdout] 232 |     pub fn cancel(&mut self, left: u64, uploaded: u64, downloaded: u64) {
[INFO] [stdout]     |            ^^^^^^
[INFO] [stdout] ...
[INFO] [stdout] 237 |     pub fn finish(&mut self, left: u64, uploaded: u64, downloaded: u64) {
[INFO] [stdout]     |            ^^^^^^
[INFO] [stdout] ...
[INFO] [stdout] 242 |     pub fn refresh(&mut self, left: u64, uploaded: u64, downloaded: u64) {
[INFO] [stdout]     |            ^^^^^^^
[INFO] [stdout] 
[INFO] [stdout] 
[INFO] [stdout] warning: fields `data`, `hasher`, `hash`, and `sub_pieces` are never read
[INFO] [stdout]   --> src/piece/mod.rs:9:5
[INFO] [stdout]    |
[INFO] [stdout] 8  | pub struct Piece {
[INFO] [stdout]    |            ----- fields in this struct
[INFO] [stdout] 9  |     data: Vec<u8>,
[INFO] [stdout]    |     ^^^^
[INFO] [stdout] 10 |     hasher: Sha1,
[INFO] [stdout]    |     ^^^^^^
[INFO] [stdout] 11 |     hash: [u8; 20],
[INFO] [stdout]    |     ^^^^
[INFO] [stdout] ...
[INFO] [stdout] 14 |     sub_pieces: BitVec
[INFO] [stdout]    |     ^^^^^^^^^^
[INFO] [stdout] 
[INFO] [stdout] 
[INFO] [stdout] warning: associated items `new` and `verify` are never used
[INFO] [stdout]   --> src/piece/mod.rs:18:12
[INFO] [stdout]    |
[INFO] [stdout] 17 | impl Piece {
[INFO] [stdout]    | ---------- associated items in this implementation
[INFO] [stdout] 18 |     pub fn new(piece_size: u32, piece_hash: [u8;20]) -> Self {
[INFO] [stdout]    |            ^^^
[INFO] [stdout] ...
[INFO] [stdout] 29 |     pub fn verify(&mut self) -> bool {
[INFO] [stdout]    |            ^^^^^^
[INFO] [stdout] 
[INFO] [stdout] 
[INFO] [stdout] warning: fields `uploaded_sender`, `downloaded_sender`, `finished_piece_sender`, and `peers_pieces` are never read
[INFO] [stdout]   --> src/peer/mod.rs:25:5
[INFO] [stdout]    |
[INFO] [stdout] 23 | pub struct Peer {
[INFO] [stdout]    |            ---- fields in this struct
[INFO] [stdout] 24 |     conn: Framed<TcpStream, message::MessageCodec>,
[INFO] [stdout] 25 |     uploaded_sender: Sender<u32>,
[INFO] [stdout]    |     ^^^^^^^^^^^^^^^
[INFO] [stdout] 26 |     downloaded_sender: Sender<u32>,
[INFO] [stdout]    |     ^^^^^^^^^^^^^^^^^
[INFO] [stdout] ...
[INFO] [stdout] 29 |     finished_piece_sender: Sender<(Piece, Sender<Piece>, BitVec)>,
[INFO] [stdout]    |     ^^^^^^^^^^^^^^^^^^^^^
[INFO] [stdout] 30 |     peers_pieces: BitVec,
[INFO] [stdout]    |     ^^^^^^^^^^^^
[INFO] [stdout] 
[INFO] [stdout] 
[INFO] [stdout] warning: unused `Result` that must be used
[INFO] [stdout]    --> src/boostencode/mod.rs:137:25
[INFO] [stdout]     |
[INFO] [stdout] 137 |                         write!(f, ", ");
[INFO] [stdout]     |                         ^^^^^^^^^^^^^^^
[INFO] [stdout]     |
[INFO] [stdout]     = note: this `Result` may be an `Err` variant, which should be handled
[INFO] [stdout]     = note: `#[warn(unused_must_use)]` on by default
[INFO] [stdout]     = note: this warning originates in the macro `write` (in Nightly builds, run with -Z macro-backtrace for more info)
[INFO] [stdout] 
[INFO] [stdout] 
[INFO] [stdout] warning: unused `Result` that must be used
[INFO] [stdout]    --> src/boostencode/mod.rs:140:21
[INFO] [stdout]     |
[INFO] [stdout] 140 |                     write!(f, "{}", val);
[INFO] [stdout]     |                     ^^^^^^^^^^^^^^^^^^^^
[INFO] [stdout]     |
[INFO] [stdout]     = note: this `Result` may be an `Err` variant, which should be handled
[INFO] [stdout]     = note: this warning originates in the macro `write` (in Nightly builds, run with -Z macro-backtrace for more info)
[INFO] [stdout] 
[INFO] [stdout] 
[INFO] [stdout] warning: unused `Result` that must be used
[INFO] [stdout]    --> src/boostencode/mod.rs:147:17
[INFO] [stdout]     |
[INFO] [stdout] 147 |                 writeln!(f, "{{");
[INFO] [stdout]     |                 ^^^^^^^^^^^^^^^^^
[INFO] [stdout]     |
[INFO] [stdout]     = note: this `Result` may be an `Err` variant, which should be handled
[INFO] [stdout]     = note: this warning originates in the macro `writeln` (in Nightly builds, run with -Z macro-backtrace for more info)
[INFO] [stdout] 
[INFO] [stdout] 
[INFO] [stdout] warning: unused `Result` that must be used
[INFO] [stdout]    --> src/boostencode/mod.rs:149:21
[INFO] [stdout]     |
[INFO] [stdout] 149 |                     writeln!(f, "  {} => {}", str::from_utf8(k).unwrap_or("[...bytes...]"), v);
[INFO] [stdout]     |                     ^^^^^^^^^^^^^^^^^^^^^^^^^^^^^^^^^^^^^^^^^^^^^^^^^^^^^^^^^^^^^^^^^^^^^^^^^^
[INFO] [stdout]     |
[INFO] [stdout]     = note: this `Result` may be an `Err` variant, which should be handled
[INFO] [stdout]     = note: this warning originates in the macro `writeln` (in Nightly builds, run with -Z macro-backtrace for more info)
[INFO] [stdout] 
[INFO] [stdout] 
[INFO] [stdout] warning: 19 warnings emitted
[INFO] [stdout] 
[INFO] [stdout] 
[INFO] [stderr]     Finished dev [unoptimized + debuginfo] target(s) in 15.06s
[INFO] [stderr] warning: the following packages contain code that will be rejected by a future version of Rust: rustc-serialize v0.3.24
[INFO] [stderr] note: to see what the problems were, use the option `--future-incompat-report`, or run `cargo report future-incompatibilities --id 3`
[INFO] running `Command { std: "docker" "inspect" "c4871e42127364867bd2be2359e2ff4bab2413f73915d3296e04e45d847c2d68", kill_on_drop: false }`
[INFO] running `Command { std: "docker" "rm" "-f" "c4871e42127364867bd2be2359e2ff4bab2413f73915d3296e04e45d847c2d68", kill_on_drop: false }`
[INFO] [stdout] c4871e42127364867bd2be2359e2ff4bab2413f73915d3296e04e45d847c2d68
[INFO] running `Command { std: "docker" "create" "-v" "/var/lib/crater-agent-workspace/builds/worker-4-tc2/target:/opt/rustwide/target:rw,Z" "-v" "/var/lib/crater-agent-workspace/builds/worker-4-tc2/source:/opt/rustwide/workdir:ro,Z" "-v" "/var/lib/crater-agent-workspace/cargo-home:/opt/rustwide/cargo-home:ro,Z" "-v" "/var/lib/crater-agent-workspace/rustup-home:/opt/rustwide/rustup-home:ro,Z" "-e" "SOURCE_DIR=/opt/rustwide/workdir" "-e" "CARGO_TARGET_DIR=/opt/rustwide/target" "-e" "CARGO_INCREMENTAL=0" "-e" "RUST_BACKTRACE=full" "-e" "RUSTFLAGS=--cap-lints=warn" "-e" "RUSTDOCFLAGS=--cap-lints=warn" "-e" "CARGO_HOME=/opt/rustwide/cargo-home" "-e" "RUSTUP_HOME=/opt/rustwide/rustup-home" "-w" "/opt/rustwide/workdir" "-m" "1610612736" "--user" "0:0" "--network" "none" "ghcr.io/rust-lang/crates-build-env/linux@sha256:5ff2268d62e97bff2cde7d5815dd6ed5b47097566f13b8d0ca110b04b60e07ed" "/opt/rustwide/cargo-home/bin/cargo" "+beta-2023-04-20" "test" "--frozen" "--no-run" "--message-format=json", kill_on_drop: false }`
[INFO] [stdout] baa6bfebee7f7e20c6da3c5ee10b875368e67149e920e23c365d48eda7139b4e
[INFO] running `Command { std: "docker" "start" "-a" "baa6bfebee7f7e20c6da3c5ee10b875368e67149e920e23c365d48eda7139b4e", kill_on_drop: false }`
[INFO] [stderr]    Compiling boosttorrent2 v0.1.0 (/opt/rustwide/workdir)
[INFO] [stdout] warning: `...` range patterns are deprecated
[INFO] [stdout]   --> src/boostencode/parse/mod.rs:17:12
[INFO] [stdout]    |
[INFO] [stdout] 17 |         '0'...'9' => parse_bstring(bytes),
[INFO] [stdout]    |            ^^^ help: use `..=` for an inclusive range
[INFO] [stdout]    |
[INFO] [stdout]    = warning: this is accepted in the current edition (Rust 2018) but is a hard error in Rust 2021!
[INFO] [stdout]    = note: for more information, see <https://doc.rust-lang.org/nightly/edition-guide/rust-2021/warnings-promoted-to-error.html>
[INFO] [stdout]    = note: `#[warn(ellipsis_inclusive_range_patterns)]` on by default
[INFO] [stdout] 
[INFO] [stdout] 
[INFO] [stdout] warning: unused import: `std::collections::HashMap`
[INFO] [stdout]  --> src/metainfo/mod.rs:5:5
[INFO] [stdout]   |
[INFO] [stdout] 5 | use std::collections::HashMap;
[INFO] [stdout]   |     ^^^^^^^^^^^^^^^^^^^^^^^^^
[INFO] [stdout]   |
[INFO] [stdout]   = note: `#[warn(unused_imports)]` on by default
[INFO] [stdout] 
[INFO] [stdout] 
[INFO] [stdout] warning: unused imports: `Arc`, `RwLock`
[INFO] [stdout]   --> src/tracker/test.rs:11:5
[INFO] [stdout]    |
[INFO] [stdout] 11 |     Arc,
[INFO] [stdout]    |     ^^^
[INFO] [stdout] 12 |     RwLock,
[INFO] [stdout]    |     ^^^^^^
[INFO] [stdout] 
[INFO] [stdout] 
[INFO] [stdout] warning: unused import: `Receiver`
[INFO] [stdout]  --> src/server/mod.rs:2:36
[INFO] [stdout]   |
[INFO] [stdout] 2 | use futures::sync::mpsc::{channel, Receiver, Sender};
[INFO] [stdout]   |                                    ^^^^^^^^
[INFO] [stdout] 
[INFO] [stdout] 
[INFO] [stdout] warning: unused import: `std::default::Default`
[INFO] [stdout]   --> src/server/mod.rs:12:5
[INFO] [stdout]    |
[INFO] [stdout] 12 | use std::default::Default;
[INFO] [stdout]    |     ^^^^^^^^^^^^^^^^^^^^^
[INFO] [stdout] 
[INFO] [stdout] 
[INFO] [stdout] warning: unused import: `std::ops::Deref`
[INFO] [stdout]   --> src/server/mod.rs:14:5
[INFO] [stdout]    |
[INFO] [stdout] 14 | use std::ops::Deref;
[INFO] [stdout]    |     ^^^^^^^^^^^^^^^
[INFO] [stdout] 
[INFO] [stdout] 
[INFO] [stdout] warning: unused imports: `future`, `io::Error`
[INFO] [stdout]   --> src/server/mod.rs:17:5
[INFO] [stdout]    |
[INFO] [stdout] 17 |     io::Error,
[INFO] [stdout]    |     ^^^^^^^^^
[INFO] [stdout] ...
[INFO] [stdout] 25 |         future,
[INFO] [stdout]    |         ^^^^^^
[INFO] [stdout] 
[INFO] [stdout] 
[INFO] [stdout] warning: unused import: `Receiver`
[INFO] [stdout]  --> src/peer/mod.rs:3:5
[INFO] [stdout]   |
[INFO] [stdout] 3 |     Receiver,
[INFO] [stdout]   |     ^^^^^^^^
[INFO] [stdout] 
[INFO] [stdout] 
[INFO] [stdout] warning: unused import: `AsyncSink`
[INFO] [stdout]   --> src/peer/mod.rs:13:9
[INFO] [stdout]    |
[INFO] [stdout] 13 |         AsyncSink,
[INFO] [stdout]    |         ^^^^^^^^^
[INFO] [stdout] 
[INFO] [stdout] 
[INFO] [stdout] warning: unused import: `derive_error::Error`
[INFO] [stdout]  --> src/peer/message.rs:3:5
[INFO] [stdout]   |
[INFO] [stdout] 3 | use derive_error::Error;
[INFO] [stdout]   |     ^^^^^^^^^^^^^^^^^^^
[INFO] [stdout] 
[INFO] [stdout] 
[INFO] [stdout] warning: variant `Failure` is never constructed
[INFO] [stdout]   --> src/tracker/mod.rs:76:5
[INFO] [stdout]    |
[INFO] [stdout] 75 | pub enum TrackerResponse {
[INFO] [stdout]    |          --------------- variant in this enum
[INFO] [stdout] 76 |     Failure(String),
[INFO] [stdout]    |     ^^^^^^^
[INFO] [stdout]    |
[INFO] [stdout]    = note: `TrackerResponse` has a derived impl for the trait `Debug`, but this is intentionally ignored during dead code analysis
[INFO] [stdout]    = note: `#[warn(dead_code)]` on by default
[INFO] [stdout] 
[INFO] [stdout] 
[INFO] [stdout] warning: variants `Stopped` and `Completed` are never constructed
[INFO] [stdout]    --> src/tracker/mod.rs:99:5
[INFO] [stdout]     |
[INFO] [stdout] 97  | enum Event {
[INFO] [stdout]     |      ----- variants in this enum
[INFO] [stdout] 98  |     Started,
[INFO] [stdout] 99  |     Stopped,
[INFO] [stdout]     |     ^^^^^^^
[INFO] [stdout] 100 |     Completed,
[INFO] [stdout]     |     ^^^^^^^^^
[INFO] [stdout] 
[INFO] [stdout] 
[INFO] [stdout] warning: methods `cancel`, `finish`, and `refresh` are never used
[INFO] [stdout]    --> src/tracker/mod.rs:232:12
[INFO] [stdout]     |
[INFO] [stdout] 209 | impl Tracker {
[INFO] [stdout]     | ------------ methods in this implementation
[INFO] [stdout] ...
[INFO] [stdout] 232 |     pub fn cancel(&mut self, left: u64, uploaded: u64, downloaded: u64) {
[INFO] [stdout]     |            ^^^^^^
[INFO] [stdout] ...
[INFO] [stdout] 237 |     pub fn finish(&mut self, left: u64, uploaded: u64, downloaded: u64) {
[INFO] [stdout]     |            ^^^^^^
[INFO] [stdout] ...
[INFO] [stdout] 242 |     pub fn refresh(&mut self, left: u64, uploaded: u64, downloaded: u64) {
[INFO] [stdout]     |            ^^^^^^^
[INFO] [stdout] 
[INFO] [stdout] 
[INFO] [stdout] warning: fields `data`, `hasher`, `hash`, and `sub_pieces` are never read
[INFO] [stdout]   --> src/piece/mod.rs:9:5
[INFO] [stdout]    |
[INFO] [stdout] 8  | pub struct Piece {
[INFO] [stdout]    |            ----- fields in this struct
[INFO] [stdout] 9  |     data: Vec<u8>,
[INFO] [stdout]    |     ^^^^
[INFO] [stdout] 10 |     hasher: Sha1,
[INFO] [stdout]    |     ^^^^^^
[INFO] [stdout] 11 |     hash: [u8; 20],
[INFO] [stdout]    |     ^^^^
[INFO] [stdout] ...
[INFO] [stdout] 14 |     sub_pieces: BitVec
[INFO] [stdout]    |     ^^^^^^^^^^
[INFO] [stdout] 
[INFO] [stdout] 
[INFO] [stdout] warning: associated items `new` and `verify` are never used
[INFO] [stdout]   --> src/piece/mod.rs:18:12
[INFO] [stdout]    |
[INFO] [stdout] 17 | impl Piece {
[INFO] [stdout]    | ---------- associated items in this implementation
[INFO] [stdout] 18 |     pub fn new(piece_size: u32, piece_hash: [u8;20]) -> Self {
[INFO] [stdout]    |            ^^^
[INFO] [stdout] ...
[INFO] [stdout] 29 |     pub fn verify(&mut self) -> bool {
[INFO] [stdout]    |            ^^^^^^
[INFO] [stdout] 
[INFO] [stdout] 
[INFO] [stdout] warning: fields `uploaded_sender`, `downloaded_sender`, `finished_piece_sender`, and `peers_pieces` are never read
[INFO] [stdout]   --> src/peer/mod.rs:25:5
[INFO] [stdout]    |
[INFO] [stdout] 23 | pub struct Peer {
[INFO] [stdout]    |            ---- fields in this struct
[INFO] [stdout] 24 |     conn: Framed<TcpStream, message::MessageCodec>,
[INFO] [stdout] 25 |     uploaded_sender: Sender<u32>,
[INFO] [stdout]    |     ^^^^^^^^^^^^^^^
[INFO] [stdout] 26 |     downloaded_sender: Sender<u32>,
[INFO] [stdout]    |     ^^^^^^^^^^^^^^^^^
[INFO] [stdout] ...
[INFO] [stdout] 29 |     finished_piece_sender: Sender<(Piece, Sender<Piece>, BitVec)>,
[INFO] [stdout]    |     ^^^^^^^^^^^^^^^^^^^^^
[INFO] [stdout] 30 |     peers_pieces: BitVec,
[INFO] [stdout]    |     ^^^^^^^^^^^^
[INFO] [stdout] 
[INFO] [stdout] 
[INFO] [stdout] warning: unused `Result` that must be used
[INFO] [stdout]    --> src/boostencode/mod.rs:137:25
[INFO] [stdout]     |
[INFO] [stdout] 137 |                         write!(f, ", ");
[INFO] [stdout]     |                         ^^^^^^^^^^^^^^^
[INFO] [stdout]     |
[INFO] [stdout]     = note: this `Result` may be an `Err` variant, which should be handled
[INFO] [stdout]     = note: `#[warn(unused_must_use)]` on by default
[INFO] [stdout]     = note: this warning originates in the macro `write` (in Nightly builds, run with -Z macro-backtrace for more info)
[INFO] [stdout] 
[INFO] [stdout] 
[INFO] [stdout] warning: unused `Result` that must be used
[INFO] [stdout]    --> src/boostencode/mod.rs:140:21
[INFO] [stdout]     |
[INFO] [stdout] 140 |                     write!(f, "{}", val);
[INFO] [stdout]     |                     ^^^^^^^^^^^^^^^^^^^^
[INFO] [stdout]     |
[INFO] [stdout]     = note: this `Result` may be an `Err` variant, which should be handled
[INFO] [stdout]     = note: this warning originates in the macro `write` (in Nightly builds, run with -Z macro-backtrace for more info)
[INFO] [stdout] 
[INFO] [stdout] 
[INFO] [stdout] warning: unused `Result` that must be used
[INFO] [stdout]    --> src/boostencode/mod.rs:147:17
[INFO] [stdout]     |
[INFO] [stdout] 147 |                 writeln!(f, "{{");
[INFO] [stdout]     |                 ^^^^^^^^^^^^^^^^^
[INFO] [stdout]     |
[INFO] [stdout]     = note: this `Result` may be an `Err` variant, which should be handled
[INFO] [stdout]     = note: this warning originates in the macro `writeln` (in Nightly builds, run with -Z macro-backtrace for more info)
[INFO] [stdout] 
[INFO] [stdout] 
[INFO] [stdout] warning: unused `Result` that must be used
[INFO] [stdout]    --> src/boostencode/mod.rs:149:21
[INFO] [stdout]     |
[INFO] [stdout] 149 |                     writeln!(f, "  {} => {}", str::from_utf8(k).unwrap_or("[...bytes...]"), v);
[INFO] [stdout]     |                     ^^^^^^^^^^^^^^^^^^^^^^^^^^^^^^^^^^^^^^^^^^^^^^^^^^^^^^^^^^^^^^^^^^^^^^^^^^
[INFO] [stdout]     |
[INFO] [stdout]     = note: this `Result` may be an `Err` variant, which should be handled
[INFO] [stdout]     = note: this warning originates in the macro `writeln` (in Nightly builds, run with -Z macro-backtrace for more info)
[INFO] [stdout] 
[INFO] [stdout] 
[INFO] [stdout] warning: 20 warnings emitted
[INFO] [stdout] 
[INFO] [stdout] 
[INFO] [stderr]     Finished test [unoptimized + debuginfo] target(s) in 2.37s
[INFO] [stderr] warning: the following packages contain code that will be rejected by a future version of Rust: rustc-serialize v0.3.24
[INFO] [stderr] note: to see what the problems were, use the option `--future-incompat-report`, or run `cargo report future-incompatibilities --id 3`
[INFO] running `Command { std: "docker" "inspect" "baa6bfebee7f7e20c6da3c5ee10b875368e67149e920e23c365d48eda7139b4e", kill_on_drop: false }`
[INFO] running `Command { std: "docker" "rm" "-f" "baa6bfebee7f7e20c6da3c5ee10b875368e67149e920e23c365d48eda7139b4e", kill_on_drop: false }`
[INFO] [stdout] baa6bfebee7f7e20c6da3c5ee10b875368e67149e920e23c365d48eda7139b4e
[INFO] running `Command { std: "docker" "create" "-v" "/var/lib/crater-agent-workspace/builds/worker-4-tc2/target:/opt/rustwide/target:rw,Z" "-v" "/var/lib/crater-agent-workspace/builds/worker-4-tc2/source:/opt/rustwide/workdir:ro,Z" "-v" "/var/lib/crater-agent-workspace/cargo-home:/opt/rustwide/cargo-home:ro,Z" "-v" "/var/lib/crater-agent-workspace/rustup-home:/opt/rustwide/rustup-home:ro,Z" "-e" "SOURCE_DIR=/opt/rustwide/workdir" "-e" "CARGO_TARGET_DIR=/opt/rustwide/target" "-e" "CARGO_INCREMENTAL=0" "-e" "RUST_BACKTRACE=full" "-e" "RUSTFLAGS=--cap-lints=warn" "-e" "RUSTDOCFLAGS=--cap-lints=warn" "-e" "CARGO_HOME=/opt/rustwide/cargo-home" "-e" "RUSTUP_HOME=/opt/rustwide/rustup-home" "-w" "/opt/rustwide/workdir" "-m" "1610612736" "--user" "0:0" "--network" "none" "ghcr.io/rust-lang/crates-build-env/linux@sha256:5ff2268d62e97bff2cde7d5815dd6ed5b47097566f13b8d0ca110b04b60e07ed" "/opt/rustwide/cargo-home/bin/cargo" "+beta-2023-04-20" "test" "--frozen", kill_on_drop: false }`
[INFO] [stdout] 36a68fc946511a2e4075f8655be951b1b3c73c9689c0034214780282d31937ae
[INFO] running `Command { std: "docker" "start" "-a" "36a68fc946511a2e4075f8655be951b1b3c73c9689c0034214780282d31937ae", kill_on_drop: false }`
[INFO] [stderr] warning: `...` range patterns are deprecated
[INFO] [stderr]   --> src/boostencode/parse/mod.rs:17:12
[INFO] [stderr]    |
[INFO] [stderr] 17 |         '0'...'9' => parse_bstring(bytes),
[INFO] [stderr]    |            ^^^ help: use `..=` for an inclusive range
[INFO] [stderr]    |
[INFO] [stderr]    = warning: this is accepted in the current edition (Rust 2018) but is a hard error in Rust 2021!
[INFO] [stderr]    = note: for more information, see <https://doc.rust-lang.org/nightly/edition-guide/rust-2021/warnings-promoted-to-error.html>
[INFO] [stderr]    = note: `#[warn(ellipsis_inclusive_range_patterns)]` on by default
[INFO] [stderr] 
[INFO] [stderr] warning: unused import: `std::collections::HashMap`
[INFO] [stderr]  --> src/metainfo/mod.rs:5:5
[INFO] [stderr]   |
[INFO] [stderr] 5 | use std::collections::HashMap;
[INFO] [stderr]   |     ^^^^^^^^^^^^^^^^^^^^^^^^^
[INFO] [stderr]   |
[INFO] [stderr]   = note: `#[warn(unused_imports)]` on by default
[INFO] [stderr] 
[INFO] [stderr] warning: unused imports: `Arc`, `RwLock`
[INFO] [stderr]   --> src/tracker/test.rs:11:5
[INFO] [stderr]    |
[INFO] [stderr] 11 |     Arc,
[INFO] [stderr]    |     ^^^
[INFO] [stderr] 12 |     RwLock,
[INFO] [stderr]    |     ^^^^^^
[INFO] [stderr] 
[INFO] [stderr] warning: unused import: `Receiver`
[INFO] [stderr]  --> src/server/mod.rs:2:36
[INFO] [stderr]   |
[INFO] [stderr] 2 | use futures::sync::mpsc::{channel, Receiver, Sender};
[INFO] [stderr]   |                                    ^^^^^^^^
[INFO] [stderr] 
[INFO] [stderr] warning: unused import: `std::default::Default`
[INFO] [stderr]   --> src/server/mod.rs:12:5
[INFO] [stderr]    |
[INFO] [stderr] 12 | use std::default::Default;
[INFO] [stderr]    |     ^^^^^^^^^^^^^^^^^^^^^
[INFO] [stderr] 
[INFO] [stderr] warning: unused import: `std::ops::Deref`
[INFO] [stderr]   --> src/server/mod.rs:14:5
[INFO] [stderr]    |
[INFO] [stderr] 14 | use std::ops::Deref;
[INFO] [stderr]    |     ^^^^^^^^^^^^^^^
[INFO] [stderr] 
[INFO] [stderr] warning: unused imports: `future`, `io::Error`
[INFO] [stderr]   --> src/server/mod.rs:17:5
[INFO] [stderr]    |
[INFO] [stderr] 17 |     io::Error,
[INFO] [stderr]    |     ^^^^^^^^^
[INFO] [stderr] ...
[INFO] [stderr] 25 |         future,
[INFO] [stderr]    |         ^^^^^^
[INFO] [stderr] 
[INFO] [stderr] warning: unused import: `Receiver`
[INFO] [stderr]  --> src/peer/mod.rs:3:5
[INFO] [stderr]   |
[INFO] [stderr] 3 |     Receiver,
[INFO] [stderr]   |     ^^^^^^^^
[INFO] [stderr] 
[INFO] [stderr] warning: unused import: `AsyncSink`
[INFO] [stderr]   --> src/peer/mod.rs:13:9
[INFO] [stderr]    |
[INFO] [stderr] 13 |         AsyncSink,
[INFO] [stderr]    |         ^^^^^^^^^
[INFO] [stderr] 
[INFO] [stderr] warning: unused import: `derive_error::Error`
[INFO] [stderr]  --> src/peer/message.rs:3:5
[INFO] [stderr]   |
[INFO] [stderr] 3 | use derive_error::Error;
[INFO] [stderr]   |     ^^^^^^^^^^^^^^^^^^^
[INFO] [stderr] 
[INFO] [stderr] warning: variant `Failure` is never constructed
[INFO] [stderr]   --> src/tracker/mod.rs:76:5
[INFO] [stderr]    |
[INFO] [stderr] 75 | pub enum TrackerResponse {
[INFO] [stderr]    |          --------------- variant in this enum
[INFO] [stderr] 76 |     Failure(String),
[INFO] [stderr]    |     ^^^^^^^
[INFO] [stderr]    |
[INFO] [stderr]    = note: `TrackerResponse` has a derived impl for the trait `Debug`, but this is intentionally ignored during dead code analysis
[INFO] [stderr]    = note: `#[warn(dead_code)]` on by default
[INFO] [stderr] 
[INFO] [stderr] warning: variants `Stopped` and `Completed` are never constructed
[INFO] [stderr]    --> src/tracker/mod.rs:99:5
[INFO] [stderr]     |
[INFO] [stderr] 97  | enum Event {
[INFO] [stderr]     |      ----- variants in this enum
[INFO] [stderr] 98  |     Started,
[INFO] [stderr] 99  |     Stopped,
[INFO] [stderr]     |     ^^^^^^^
[INFO] [stderr] 100 |     Completed,
[INFO] [stderr]     |     ^^^^^^^^^
[INFO] [stderr] 
[INFO] [stderr] warning: methods `cancel`, `finish`, and `refresh` are never used
[INFO] [stderr]    --> src/tracker/mod.rs:232:12
[INFO] [stderr]     |
[INFO] [stderr] 209 | impl Tracker {
[INFO] [stderr]     | ------------ methods in this implementation
[INFO] [stderr] ...
[INFO] [stderr] 232 |     pub fn cancel(&mut self, left: u64, uploaded: u64, downloaded: u64) {
[INFO] [stderr]     |            ^^^^^^
[INFO] [stderr] ...
[INFO] [stderr] 237 |     pub fn finish(&mut self, left: u64, uploaded: u64, downloaded: u64) {
[INFO] [stderr]     |            ^^^^^^
[INFO] [stderr] ...
[INFO] [stderr] 242 |     pub fn refresh(&mut self, left: u64, uploaded: u64, downloaded: u64) {
[INFO] [stderr]     |            ^^^^^^^
[INFO] [stderr] 
[INFO] [stderr] warning: fields `data`, `hasher`, `hash`, and `sub_pieces` are never read
[INFO] [stderr]   --> src/piece/mod.rs:9:5
[INFO] [stderr]    |
[INFO] [stderr] 8  | pub struct Piece {
[INFO] [stderr]    |            ----- fields in this struct
[INFO] [stderr] 9  |     data: Vec<u8>,
[INFO] [stderr]    |     ^^^^
[INFO] [stderr] 10 |     hasher: Sha1,
[INFO] [stderr]    |     ^^^^^^
[INFO] [stderr] 11 |     hash: [u8; 20],
[INFO] [stderr]    |     ^^^^
[INFO] [stderr] ...
[INFO] [stderr] 14 |     sub_pieces: BitVec
[INFO] [stderr]    |     ^^^^^^^^^^
[INFO] [stderr] 
[INFO] [stderr] warning: associated items `new` and `verify` are never used
[INFO] [stderr]   --> src/piece/mod.rs:18:12
[INFO] [stderr]    |
[INFO] [stderr] 17 | impl Piece {
[INFO] [stderr]    | ---------- associated items in this implementation
[INFO] [stderr] 18 |     pub fn new(piece_size: u32, piece_hash: [u8;20]) -> Self {
[INFO] [stderr]    |            ^^^
[INFO] [stderr] ...
[INFO] [stderr] 29 |     pub fn verify(&mut self) -> bool {
[INFO] [stderr]    |            ^^^^^^
[INFO] [stderr] 
[INFO] [stderr] warning: fields `uploaded_sender`, `downloaded_sender`, `finished_piece_sender`, and `peers_pieces` are never read
[INFO] [stderr]   --> src/peer/mod.rs:25:5
[INFO] [stderr]    |
[INFO] [stderr] 23 | pub struct Peer {
[INFO] [stderr]    |            ---- fields in this struct
[INFO] [stderr] 24 |     conn: Framed<TcpStream, message::MessageCodec>,
[INFO] [stderr] 25 |     uploaded_sender: Sender<u32>,
[INFO] [stderr]    |     ^^^^^^^^^^^^^^^
[INFO] [stderr] 26 |     downloaded_sender: Sender<u32>,
[INFO] [stderr]    |     ^^^^^^^^^^^^^^^^^
[INFO] [stderr] ...
[INFO] [stderr] 29 |     finished_piece_sender: Sender<(Piece, Sender<Piece>, BitVec)>,
[INFO] [stderr]    |     ^^^^^^^^^^^^^^^^^^^^^
[INFO] [stderr] 30 |     peers_pieces: BitVec,
[INFO] [stderr]    |     ^^^^^^^^^^^^
[INFO] [stderr] 
[INFO] [stderr] warning: unused `Result` that must be used
[INFO] [stderr]    --> src/boostencode/mod.rs:137:25
[INFO] [stderr]     |
[INFO] [stderr] 137 |                         write!(f, ", ");
[INFO] [stderr]     |                         ^^^^^^^^^^^^^^^
[INFO] [stderr]     |
[INFO] [stderr]     = note: this `Result` may be an `Err` variant, which should be handled
[INFO] [stderr]     = note: `#[warn(unused_must_use)]` on by default
[INFO] [stderr]     = note: this warning originates in the macro `write` (in Nightly builds, run with -Z macro-backtrace for more info)
[INFO] [stderr] 
[INFO] [stderr] warning: unused `Result` that must be used
[INFO] [stderr]    --> src/boostencode/mod.rs:140:21
[INFO] [stderr]     |
[INFO] [stderr] 140 |                     write!(f, "{}", val);
[INFO] [stderr]     |                     ^^^^^^^^^^^^^^^^^^^^
[INFO] [stderr]     |
[INFO] [stderr]     = note: this `Result` may be an `Err` variant, which should be handled
[INFO] [stderr]     = note: this warning originates in the macro `write` (in Nightly builds, run with -Z macro-backtrace for more info)
[INFO] [stderr] 
[INFO] [stderr] warning: unused `Result` that must be used
[INFO] [stderr]    --> src/boostencode/mod.rs:147:17
[INFO] [stderr]     |
[INFO] [stderr] 147 |                 writeln!(f, "{{");
[INFO] [stderr]     |                 ^^^^^^^^^^^^^^^^^
[INFO] [stderr]     |
[INFO] [stderr]     = note: this `Result` may be an `Err` variant, which should be handled
[INFO] [stderr]     = note: this warning originates in the macro `writeln` (in Nightly builds, run with -Z macro-backtrace for more info)
[INFO] [stderr] 
[INFO] [stderr] warning: unused `Result` that must be used
[INFO] [stderr]    --> src/boostencode/mod.rs:149:21
[INFO] [stderr]     |
[INFO] [stderr] 149 |                     writeln!(f, "  {} => {}", str::from_utf8(k).unwrap_or("[...bytes...]"), v);
[INFO] [stderr]     |                     ^^^^^^^^^^^^^^^^^^^^^^^^^^^^^^^^^^^^^^^^^^^^^^^^^^^^^^^^^^^^^^^^^^^^^^^^^^
[INFO] [stderr]     |
[INFO] [stderr]     = note: this `Result` may be an `Err` variant, which should be handled
[INFO] [stderr]     = note: this warning originates in the macro `writeln` (in Nightly builds, run with -Z macro-backtrace for more info)
[INFO] [stderr] 
[INFO] [stderr] warning: `boosttorrent2` (bin "boosttorrent2" test) generated 20 warnings (run `cargo fix --bin "boosttorrent2" --tests` to apply 10 suggestions)
[INFO] [stderr]     Finished test [unoptimized + debuginfo] target(s) in 0.04s
[INFO] [stderr] warning: the following packages contain code that will be rejected by a future version of Rust: rustc-serialize v0.3.24
[INFO] [stderr] note: to see what the problems were, use the option `--future-incompat-report`, or run `cargo report future-incompatibilities --id 3`
[INFO] [stderr]      Running unittests src/main.rs (/opt/rustwide/target/debug/deps/boosttorrent2-154587662bd9cedb)
[INFO] [stdout] 
[INFO] [stdout] running 13 tests
[INFO] [stdout] test boostencode::parse::test::test_parse_integer ... ok
[INFO] [stdout] test boostencode::parse::test::test_parse_bstring ... ok
[INFO] [stdout] test boostencode::parse::test::test_parse_dict_not_ascending ... ok
[INFO] [stdout] test boostencode::parse::test::test_parse_integer_leading_zero ... ok
[INFO] [stdout] test boostencode::parse::test::test_parse_integer_negative_zero ... ok
[INFO] [stdout] test boostencode::parse::test::test_parse_integer_literal ... ok
[INFO] [stdout] test boostencode::parse::test::test_parse_list ... ok
[INFO] [stdout] test boostencode::test::test_compare_bstring ... ok
[INFO] [stdout] test boostencode::parse::test::test_parses_dict ... ok
[INFO] [stdout] test metainfo::test::test_metainfo_from_value_trivial_invalid ... ok
[INFO] [stdout] test boostencode::test::test_encode ... ok
[INFO] [stdout] test metainfo::test::test_metainfo_from_value_valid ... ok
[INFO] [stdout] test tracker::test::test_announce ... FAILED
[INFO] [stdout] 
[INFO] [stdout] failures:
[INFO] [stdout] 
[INFO] [stdout] ---- tracker::test::test_announce stdout ----
[INFO] [stdout] thread 'tracker::test::test_announce' panicked at 'start should not return error: ConnectionError(Error { kind: Connect, cause: Os { code: 107, kind: NotConnected, message: "Transport endpoint is not connected" } })', src/tracker/test.rs:55:48
[INFO] [stdout] stack backtrace:
[INFO] [stdout]    0:     0x563153bc234a - std::backtrace_rs::backtrace::libunwind::trace::h2f05d0192276a8f6
[INFO] [stdout]                                at /rustc/1b7dd2252b99671ce5d1cb9664c5f8636329436d/library/std/src/../../backtrace/src/backtrace/libunwind.rs:93:5
[INFO] [stdout]    1:     0x563153bc234a - std::backtrace_rs::backtrace::trace_unsynchronized::hedc23dff7a1af150
[INFO] [stdout]                                at /rustc/1b7dd2252b99671ce5d1cb9664c5f8636329436d/library/std/src/../../backtrace/src/backtrace/mod.rs:66:5
[INFO] [stdout]    2:     0x563153bc234a - std::sys_common::backtrace::_print_fmt::h17541ef7592f3ce2
[INFO] [stdout]                                at /rustc/1b7dd2252b99671ce5d1cb9664c5f8636329436d/library/std/src/sys_common/backtrace.rs:65:5
[INFO] [stdout]    3:     0x563153bc234a - <std::sys_common::backtrace::_print::DisplayBacktrace as core::fmt::Display>::fmt::h20f75df5ab0c0792
[INFO] [stdout]                                at /rustc/1b7dd2252b99671ce5d1cb9664c5f8636329436d/library/std/src/sys_common/backtrace.rs:44:22
[INFO] [stdout]    4:     0x563153be92df - core::fmt::write::h78109e6f466b3af6
[INFO] [stdout]                                at /rustc/1b7dd2252b99671ce5d1cb9664c5f8636329436d/library/core/src/fmt/mod.rs:1254:17
[INFO] [stdout]    5:     0x563153bbebe5 - std::io::Write::write_fmt::hd24bfb68a1b35a25
[INFO] [stdout]                                at /rustc/1b7dd2252b99671ce5d1cb9664c5f8636329436d/library/std/src/io/mod.rs:1698:15
[INFO] [stdout]    6:     0x563153bc2115 - std::sys_common::backtrace::_print::h8dac57a9f8fbf9a5
[INFO] [stdout]                                at /rustc/1b7dd2252b99671ce5d1cb9664c5f8636329436d/library/std/src/sys_common/backtrace.rs:47:5
[INFO] [stdout]    7:     0x563153bc2115 - std::sys_common::backtrace::print::hf9ecbf41d1aa712f
[INFO] [stdout]                                at /rustc/1b7dd2252b99671ce5d1cb9664c5f8636329436d/library/std/src/sys_common/backtrace.rs:34:9
[INFO] [stdout]    8:     0x563153bc3dce - std::panicking::default_hook::{{closure}}::h04c07acfc84ca028
[INFO] [stdout]                                at /rustc/1b7dd2252b99671ce5d1cb9664c5f8636329436d/library/std/src/panicking.rs:269:22
[INFO] [stdout]    9:     0x563153bc3b01 - std::panicking::default_hook::h01f6bb23e1eceb2c
[INFO] [stdout]                                at /rustc/1b7dd2252b99671ce5d1cb9664c5f8636329436d/library/std/src/panicking.rs:285:9
[INFO] [stdout]   10:     0x56315391689b - <alloc::boxed::Box<F,A> as core::ops::function::Fn<Args>>::call::h87fe9f7b2fd49e4c
[INFO] [stdout]                                at /rustc/1b7dd2252b99671ce5d1cb9664c5f8636329436d/library/alloc/src/boxed.rs:1987:9
[INFO] [stdout]   11:     0x56315391689b - test::test_main::{{closure}}::he94d679243a7531b
[INFO] [stdout]                                at /rustc/1b7dd2252b99671ce5d1cb9664c5f8636329436d/library/test/src/lib.rs:134:21
[INFO] [stdout]   12:     0x563153bc44b4 - <alloc::boxed::Box<F,A> as core::ops::function::Fn<Args>>::call::h3f2d6d8b14c4769f
[INFO] [stdout]                                at /rustc/1b7dd2252b99671ce5d1cb9664c5f8636329436d/library/alloc/src/boxed.rs:1987:9
[INFO] [stdout]   13:     0x563153bc44b4 - std::panicking::rust_panic_with_hook::h2bb3722bbaf2f6df
[INFO] [stdout]                                at /rustc/1b7dd2252b99671ce5d1cb9664c5f8636329436d/library/std/src/panicking.rs:695:13
[INFO] [stdout]   14:     0x563153bc4229 - std::panicking::begin_panic_handler::{{closure}}::h91bc7f36a4be011b
[INFO] [stdout]                                at /rustc/1b7dd2252b99671ce5d1cb9664c5f8636329436d/library/std/src/panicking.rs:582:13
[INFO] [stdout]   15:     0x563153bc27b6 - std::sys_common::backtrace::__rust_end_short_backtrace::h8b3d3717114f9e59
[INFO] [stdout]                                at /rustc/1b7dd2252b99671ce5d1cb9664c5f8636329436d/library/std/src/sys_common/backtrace.rs:150:18
[INFO] [stdout]   16:     0x563153bc3f82 - rust_begin_unwind
[INFO] [stdout]                                at /rustc/1b7dd2252b99671ce5d1cb9664c5f8636329436d/library/std/src/panicking.rs:578:5
[INFO] [stdout]   17:     0x5631537fc1f3 - core::panicking::panic_fmt::hfd368e3fbdabea26
[INFO] [stdout]                                at /rustc/1b7dd2252b99671ce5d1cb9664c5f8636329436d/library/core/src/panicking.rs:67:14
[INFO] [stdout]   18:     0x5631537fc793 - core::result::unwrap_failed::he54eb4b2f125b26f
[INFO] [stdout]                                at /rustc/1b7dd2252b99671ce5d1cb9664c5f8636329436d/library/core/src/result.rs:1687:5
[INFO] [stdout]   19:     0x563153837b3e - core::result::Result<T,E>::expect::ha23f9986c54fd2af
[INFO] [stdout]                                at /rustc/1b7dd2252b99671ce5d1cb9664c5f8636329436d/library/core/src/result.rs:1046:23
[INFO] [stdout]   20:     0x563153864270 - boosttorrent2::tracker::test::test_announce::h22572faa4c1775ee
[INFO] [stdout]                                at /opt/rustwide/workdir/src/tracker/test.rs:55:22
[INFO] [stdout]   21:     0x563153863ed7 - boosttorrent2::tracker::test::test_announce::{{closure}}::haa35288a977cbfb3
[INFO] [stdout]                                at /opt/rustwide/workdir/src/tracker/test.rs:39:20
[INFO] [stdout]   22:     0x563153847f35 - core::ops::function::FnOnce::call_once::h10907b2d16fce1a3
[INFO] [stdout]                                at /rustc/1b7dd2252b99671ce5d1cb9664c5f8636329436d/library/core/src/ops/function.rs:250:5
[INFO] [stdout]   23:     0x56315391b76f - core::ops::function::FnOnce::call_once::ha6a70e79f7481a7e
[INFO] [stdout]                                at /rustc/1b7dd2252b99671ce5d1cb9664c5f8636329436d/library/core/src/ops/function.rs:250:5
[INFO] [stdout]   24:     0x56315391b76f - test::__rust_begin_short_backtrace::hce33033019b61e69
[INFO] [stdout]                                at /rustc/1b7dd2252b99671ce5d1cb9664c5f8636329436d/library/test/src/lib.rs:655:18
[INFO] [stdout]   25:     0x5631538e8f5c - test::run_test::{{closure}}::h858d3528838ae3e5
[INFO] [stdout]                                at /rustc/1b7dd2252b99671ce5d1cb9664c5f8636329436d/library/test/src/lib.rs:646:30
[INFO] [stdout]   26:     0x5631538e8f5c - core::ops::function::FnOnce::call_once{{vtable.shim}}::he8ac2b00f01ae79e
[INFO] [stdout]                                at /rustc/1b7dd2252b99671ce5d1cb9664c5f8636329436d/library/core/src/ops/function.rs:250:5
[INFO] [stdout]   27:     0x56315391a846 - <alloc::boxed::Box<F,A> as core::ops::function::FnOnce<Args>>::call_once::h8093d25b522725ef
[INFO] [stdout]                                at /rustc/1b7dd2252b99671ce5d1cb9664c5f8636329436d/library/alloc/src/boxed.rs:1973:9
[INFO] [stdout]   28:     0x56315391a846 - <core::panic::unwind_safe::AssertUnwindSafe<F> as core::ops::function::FnOnce<()>>::call_once::h5c334c204e4a3913
[INFO] [stdout]                                at /rustc/1b7dd2252b99671ce5d1cb9664c5f8636329436d/library/core/src/panic/unwind_safe.rs:271:9
[INFO] [stdout]   29:     0x56315391a846 - std::panicking::try::do_call::ha8b740c7b9478074
[INFO] [stdout]                                at /rustc/1b7dd2252b99671ce5d1cb9664c5f8636329436d/library/std/src/panicking.rs:485:40
[INFO] [stdout]   30:     0x56315391a846 - std::panicking::try::h5d34f63d0e41b64e
[INFO] [stdout]                                at /rustc/1b7dd2252b99671ce5d1cb9664c5f8636329436d/library/std/src/panicking.rs:449:19
[INFO] [stdout]   31:     0x56315391a846 - std::panic::catch_unwind::hcfbb511e1aa7fc67
[INFO] [stdout]                                at /rustc/1b7dd2252b99671ce5d1cb9664c5f8636329436d/library/std/src/panic.rs:140:14
[INFO] [stdout]   32:     0x56315391a846 - test::run_test_in_process::h9abda90f802eaf21
[INFO] [stdout]                                at /rustc/1b7dd2252b99671ce5d1cb9664c5f8636329436d/library/test/src/lib.rs:678:27
[INFO] [stdout]   33:     0x56315391a846 - test::run_test::run_test_inner::{{closure}}::h0f058de91f6c6edf
[INFO] [stdout]                                at /rustc/1b7dd2252b99671ce5d1cb9664c5f8636329436d/library/test/src/lib.rs:572:39
[INFO] [stdout]   34:     0x5631538e3765 - test::run_test::run_test_inner::{{closure}}::h5ca48a4c59c6c1fb
[INFO] [stdout]                                at /rustc/1b7dd2252b99671ce5d1cb9664c5f8636329436d/library/test/src/lib.rs:599:37
[INFO] [stdout]   35:     0x5631538e3765 - std::sys_common::backtrace::__rust_begin_short_backtrace::h32bd51e1495d4a33
[INFO] [stdout]                                at /rustc/1b7dd2252b99671ce5d1cb9664c5f8636329436d/library/std/src/sys_common/backtrace.rs:134:18
[INFO] [stdout]   36:     0x5631538e8ca1 - std::thread::Builder::spawn_unchecked_::{{closure}}::{{closure}}::hc086fae9b128b2db
[INFO] [stdout]                                at /rustc/1b7dd2252b99671ce5d1cb9664c5f8636329436d/library/std/src/thread/mod.rs:526:17
[INFO] [stdout]   37:     0x5631538e8ca1 - <core::panic::unwind_safe::AssertUnwindSafe<F> as core::ops::function::FnOnce<()>>::call_once::hb66571888d270d43
[INFO] [stdout]                                at /rustc/1b7dd2252b99671ce5d1cb9664c5f8636329436d/library/core/src/panic/unwind_safe.rs:271:9
[INFO] [stdout]   38:     0x5631538e8ca1 - std::panicking::try::do_call::h4fa2ef4f6e51fecf
[INFO] [stdout]                                at /rustc/1b7dd2252b99671ce5d1cb9664c5f8636329436d/library/std/src/panicking.rs:485:40
[INFO] [stdout]   39:     0x5631538e8ca1 - std::panicking::try::h1e9e22b8584489b5
[INFO] [stdout]                                at /rustc/1b7dd2252b99671ce5d1cb9664c5f8636329436d/library/std/src/panicking.rs:449:19
[INFO] [stdout]   40:     0x5631538e8ca1 - std::panic::catch_unwind::h44698a3de0e0769e
[INFO] [stdout]                                at /rustc/1b7dd2252b99671ce5d1cb9664c5f8636329436d/library/std/src/panic.rs:140:14
[INFO] [stdout]   41:     0x5631538e8ca1 - std::thread::Builder::spawn_unchecked_::{{closure}}::h50153abde3fe239e
[INFO] [stdout]                                at /rustc/1b7dd2252b99671ce5d1cb9664c5f8636329436d/library/std/src/thread/mod.rs:525:30
[INFO] [stdout]   42:     0x5631538e8ca1 - core::ops::function::FnOnce::call_once{{vtable.shim}}::hbe5bbf6f38394364
[INFO] [stdout]                                at /rustc/1b7dd2252b99671ce5d1cb9664c5f8636329436d/library/core/src/ops/function.rs:250:5
[INFO] [stdout]   43:     0x563153bc89b5 - <alloc::boxed::Box<F,A> as core::ops::function::FnOnce<Args>>::call_once::h0d83cb2920a49046
[INFO] [stdout]                                at /rustc/1b7dd2252b99671ce5d1cb9664c5f8636329436d/library/alloc/src/boxed.rs:1973:9
[INFO] [stdout]   44:     0x563153bc89b5 - <alloc::boxed::Box<F,A> as core::ops::function::FnOnce<Args>>::call_once::hbe0a008aa7d9ef59
[INFO] [stdout]                                at /rustc/1b7dd2252b99671ce5d1cb9664c5f8636329436d/library/alloc/src/boxed.rs:1973:9
[INFO] [stdout]   45:     0x563153bc89b5 - std::sys::unix::thread::Thread::new::thread_start::h3a466996bdf6b1f9
[INFO] [stdout]                                at /rustc/1b7dd2252b99671ce5d1cb9664c5f8636329436d/library/std/src/sys/unix/thread.rs:108:17
[INFO] [stdout]   46:     0x7f2336366b43 - <unknown>
[INFO] [stdout]   47:     0x7f23363f7bb4 - __clone
[INFO] [stdout]   48:                0x0 - <unknown>
[INFO] [stdout] 
[INFO] [stdout] 
[INFO] [stdout] failures:
[INFO] [stdout]     tracker::test::test_announce
[INFO] [stdout] 
[INFO] [stdout] test result: FAILED. 12 passed; 1 failed; 0 ignored; 0 measured; 0 filtered out; finished in 0.02s
[INFO] [stdout] 
[INFO] [stderr] error: test failed, to rerun pass `--bin boosttorrent2`
[INFO] running `Command { std: "docker" "inspect" "36a68fc946511a2e4075f8655be951b1b3c73c9689c0034214780282d31937ae", kill_on_drop: false }`
[INFO] running `Command { std: "docker" "rm" "-f" "36a68fc946511a2e4075f8655be951b1b3c73c9689c0034214780282d31937ae", kill_on_drop: false }`
[INFO] [stdout] 36a68fc946511a2e4075f8655be951b1b3c73c9689c0034214780282d31937ae
