[INFO] fetching crate xmt 0.1.4...
[INFO] testing xmt-0.1.4 against beta-2023-04-20 for beta-1.70-1
[INFO] extracting crate xmt 0.1.4 into /workspace/builds/worker-0-tc2/source
[INFO] validating manifest of crates.io crate xmt 0.1.4 on toolchain beta-2023-04-20
[INFO] running `Command { std: CARGO_HOME="/workspace/cargo-home" RUSTUP_HOME="/workspace/rustup-home" "/workspace/cargo-home/bin/cargo" "+beta-2023-04-20" "metadata" "--manifest-path" "Cargo.toml" "--no-deps", kill_on_drop: false }`
[INFO] started tweaking crates.io crate xmt 0.1.4
[INFO] finished tweaking crates.io crate xmt 0.1.4
[INFO] tweaked toml for crates.io crate xmt 0.1.4 written to /workspace/builds/worker-0-tc2/source/Cargo.toml
[INFO] running `Command { std: CARGO_HOME="/workspace/cargo-home" RUSTUP_HOME="/workspace/rustup-home" __CARGO_TEST_CHANNEL_OVERRIDE_DO_NOT_USE_THIS="nightly" "/workspace/cargo-home/bin/cargo" "+beta-2023-04-20" "generate-lockfile" "--manifest-path" "Cargo.toml" "-Zno-index-update", kill_on_drop: false }`
[INFO] running `Command { std: CARGO_HOME="/workspace/cargo-home" RUSTUP_HOME="/workspace/rustup-home" "/workspace/cargo-home/bin/cargo" "+beta-2023-04-20" "fetch" "--manifest-path" "Cargo.toml", kill_on_drop: false }`
[INFO] [stderr]  Downloading crates ...
[INFO] [stderr]   Downloaded ptree v0.4.0
[INFO] running `Command { std: "docker" "create" "-v" "/var/lib/crater-agent-workspace/builds/worker-0-tc2/target:/opt/rustwide/target:rw,Z" "-v" "/var/lib/crater-agent-workspace/builds/worker-0-tc2/source:/opt/rustwide/workdir:ro,Z" "-v" "/var/lib/crater-agent-workspace/cargo-home:/opt/rustwide/cargo-home:ro,Z" "-v" "/var/lib/crater-agent-workspace/rustup-home:/opt/rustwide/rustup-home:ro,Z" "-e" "SOURCE_DIR=/opt/rustwide/workdir" "-e" "CARGO_TARGET_DIR=/opt/rustwide/target" "-e" "CARGO_HOME=/opt/rustwide/cargo-home" "-e" "RUSTUP_HOME=/opt/rustwide/rustup-home" "-w" "/opt/rustwide/workdir" "-m" "1610612736" "--user" "0:0" "--network" "none" "ghcr.io/rust-lang/crates-build-env/linux@sha256:5ff2268d62e97bff2cde7d5815dd6ed5b47097566f13b8d0ca110b04b60e07ed" "/opt/rustwide/cargo-home/bin/cargo" "+beta-2023-04-20" "metadata" "--no-deps" "--format-version=1", kill_on_drop: false }`
[INFO] [stdout] 20d35359108c3b81d33137c49a52e15b9ff997fdea606ce0b2f39dd5ae1b57bd
[INFO] running `Command { std: "docker" "start" "-a" "20d35359108c3b81d33137c49a52e15b9ff997fdea606ce0b2f39dd5ae1b57bd", kill_on_drop: false }`
[INFO] running `Command { std: "docker" "inspect" "20d35359108c3b81d33137c49a52e15b9ff997fdea606ce0b2f39dd5ae1b57bd", kill_on_drop: false }`
[INFO] running `Command { std: "docker" "rm" "-f" "20d35359108c3b81d33137c49a52e15b9ff997fdea606ce0b2f39dd5ae1b57bd", kill_on_drop: false }`
[INFO] [stdout] 20d35359108c3b81d33137c49a52e15b9ff997fdea606ce0b2f39dd5ae1b57bd
[INFO] running `Command { std: "docker" "create" "-v" "/var/lib/crater-agent-workspace/builds/worker-0-tc2/target:/opt/rustwide/target:rw,Z" "-v" "/var/lib/crater-agent-workspace/builds/worker-0-tc2/source:/opt/rustwide/workdir:ro,Z" "-v" "/var/lib/crater-agent-workspace/cargo-home:/opt/rustwide/cargo-home:ro,Z" "-v" "/var/lib/crater-agent-workspace/rustup-home:/opt/rustwide/rustup-home:ro,Z" "-e" "SOURCE_DIR=/opt/rustwide/workdir" "-e" "CARGO_TARGET_DIR=/opt/rustwide/target" "-e" "CARGO_INCREMENTAL=0" "-e" "RUST_BACKTRACE=full" "-e" "RUSTFLAGS=--cap-lints=warn" "-e" "RUSTDOCFLAGS=--cap-lints=warn" "-e" "CARGO_HOME=/opt/rustwide/cargo-home" "-e" "RUSTUP_HOME=/opt/rustwide/rustup-home" "-w" "/opt/rustwide/workdir" "-m" "1610612736" "--user" "0:0" "--network" "none" "ghcr.io/rust-lang/crates-build-env/linux@sha256:5ff2268d62e97bff2cde7d5815dd6ed5b47097566f13b8d0ca110b04b60e07ed" "/opt/rustwide/cargo-home/bin/cargo" "+beta-2023-04-20" "build" "--frozen" "--message-format=json", kill_on_drop: false }`
[INFO] [stdout] 72cc2985f2bd23ae4cde29363be38a4c305220646743a31a55a42e1dc526476e
[INFO] running `Command { std: "docker" "start" "-a" "72cc2985f2bd23ae4cde29363be38a4c305220646743a31a55a42e1dc526476e", kill_on_drop: false }`
[INFO] [stderr]    Compiling proc-macro2 v1.0.56
[INFO] [stderr]    Compiling quote v1.0.26
[INFO] [stderr]    Compiling unicode-ident v1.0.8
[INFO] [stderr]    Compiling libc v0.2.142
[INFO] [stderr]    Compiling num-traits v0.2.15
[INFO] [stderr]    Compiling memchr v2.5.0
[INFO] [stderr]    Compiling serde_derive v1.0.160
[INFO] [stderr]    Compiling serde v1.0.160
[INFO] [stderr]    Compiling ryu v1.0.13
[INFO] [stderr]    Compiling lexical-core v0.7.6
[INFO] [stderr]    Compiling version_check v0.9.4
[INFO] [stderr]    Compiling indexmap v1.9.3
[INFO] [stderr]    Compiling static_assertions v1.1.0
[INFO] [stderr]    Compiling lazy_static v1.4.0
[INFO] [stderr]    Compiling serde_json v1.0.96
[INFO] [stderr]    Compiling regex-syntax v0.7.1
[INFO] [stderr]    Compiling arrayvec v0.5.2
[INFO] [stderr]    Compiling lock_api v0.4.9
[INFO] [stderr]    Compiling linked-hash-map v0.5.6
[INFO] [stderr]    Compiling serde v0.8.23
[INFO] [stderr]    Compiling parking_lot_core v0.9.7
[INFO] [stderr]    Compiling hashbrown v0.12.3
[INFO] [stderr]    Compiling itoa v1.0.6
[INFO] [stderr]    Compiling yaml-rust v0.4.5
[INFO] [stderr]    Compiling smallvec v1.10.0
[INFO] [stderr]    Compiling rust-ini v0.13.0
[INFO] [stderr]    Compiling lazy_static v0.2.11
[INFO] [stderr]    Compiling nom v5.1.3
[INFO] [stderr]    Compiling scopeguard v1.1.0
[INFO] [stderr]    Compiling fixedbitset v0.4.2
[INFO] [stderr]    Compiling tint v1.0.1
[INFO] [stderr]    Compiling ansi_term v0.12.1
[INFO] [stderr]    Compiling once_cell v1.17.1
[INFO] [stderr]    Compiling aho-corasick v1.0.1
[INFO] [stderr]    Compiling syn v2.0.15
[INFO] [stderr]    Compiling atty v0.2.14
[INFO] [stderr]    Compiling dirs-sys v0.3.7
[INFO] [stderr]    Compiling colored v2.0.0
[INFO] [stderr]    Compiling directories v4.0.1
[INFO] [stderr]    Compiling petgraph v0.6.3
[INFO] [stderr]    Compiling parking_lot v0.12.1
[INFO] [stderr]    Compiling num-traits v0.1.43
[INFO] [stderr]    Compiling ordered-float v2.10.0
[INFO] [stderr]    Compiling regex v1.8.1
[INFO] [stderr]    Compiling serde-hjson v0.9.1
[INFO] [stderr]    Compiling toml v0.5.11
[INFO] [stderr]    Compiling serde-value v0.7.0
[INFO] [stderr]    Compiling config v0.11.0
[INFO] [stderr]    Compiling ptree v0.4.0
[INFO] [stderr]    Compiling xmt v0.1.4 (/opt/rustwide/workdir)
[INFO] [stderr]     Finished dev [unoptimized + debuginfo] target(s) in 10.87s
[INFO] running `Command { std: "docker" "inspect" "72cc2985f2bd23ae4cde29363be38a4c305220646743a31a55a42e1dc526476e", kill_on_drop: false }`
[INFO] running `Command { std: "docker" "rm" "-f" "72cc2985f2bd23ae4cde29363be38a4c305220646743a31a55a42e1dc526476e", kill_on_drop: false }`
[INFO] [stdout] 72cc2985f2bd23ae4cde29363be38a4c305220646743a31a55a42e1dc526476e
[INFO] running `Command { std: "docker" "create" "-v" "/var/lib/crater-agent-workspace/builds/worker-0-tc2/target:/opt/rustwide/target:rw,Z" "-v" "/var/lib/crater-agent-workspace/builds/worker-0-tc2/source:/opt/rustwide/workdir:ro,Z" "-v" "/var/lib/crater-agent-workspace/cargo-home:/opt/rustwide/cargo-home:ro,Z" "-v" "/var/lib/crater-agent-workspace/rustup-home:/opt/rustwide/rustup-home:ro,Z" "-e" "SOURCE_DIR=/opt/rustwide/workdir" "-e" "CARGO_TARGET_DIR=/opt/rustwide/target" "-e" "CARGO_INCREMENTAL=0" "-e" "RUST_BACKTRACE=full" "-e" "RUSTFLAGS=--cap-lints=warn" "-e" "RUSTDOCFLAGS=--cap-lints=warn" "-e" "CARGO_HOME=/opt/rustwide/cargo-home" "-e" "RUSTUP_HOME=/opt/rustwide/rustup-home" "-w" "/opt/rustwide/workdir" "-m" "1610612736" "--user" "0:0" "--network" "none" "ghcr.io/rust-lang/crates-build-env/linux@sha256:5ff2268d62e97bff2cde7d5815dd6ed5b47097566f13b8d0ca110b04b60e07ed" "/opt/rustwide/cargo-home/bin/cargo" "+beta-2023-04-20" "test" "--frozen" "--no-run" "--message-format=json", kill_on_drop: false }`
[INFO] [stdout] 678651d06e9ec329a3a06808bd6af86ce3198e07f6caf3dd443d374bfe570fbd
[INFO] running `Command { std: "docker" "start" "-a" "678651d06e9ec329a3a06808bd6af86ce3198e07f6caf3dd443d374bfe570fbd", kill_on_drop: false }`
[INFO] [stderr]    Compiling xmt v0.1.4 (/opt/rustwide/workdir)
[INFO] [stderr]     Finished test [unoptimized + debuginfo] target(s) in 0.71s
[INFO] running `Command { std: "docker" "inspect" "678651d06e9ec329a3a06808bd6af86ce3198e07f6caf3dd443d374bfe570fbd", kill_on_drop: false }`
[INFO] running `Command { std: "docker" "rm" "-f" "678651d06e9ec329a3a06808bd6af86ce3198e07f6caf3dd443d374bfe570fbd", kill_on_drop: false }`
[INFO] [stdout] 678651d06e9ec329a3a06808bd6af86ce3198e07f6caf3dd443d374bfe570fbd
[INFO] running `Command { std: "docker" "create" "-v" "/var/lib/crater-agent-workspace/builds/worker-0-tc2/target:/opt/rustwide/target:rw,Z" "-v" "/var/lib/crater-agent-workspace/builds/worker-0-tc2/source:/opt/rustwide/workdir:ro,Z" "-v" "/var/lib/crater-agent-workspace/cargo-home:/opt/rustwide/cargo-home:ro,Z" "-v" "/var/lib/crater-agent-workspace/rustup-home:/opt/rustwide/rustup-home:ro,Z" "-e" "SOURCE_DIR=/opt/rustwide/workdir" "-e" "CARGO_TARGET_DIR=/opt/rustwide/target" "-e" "CARGO_INCREMENTAL=0" "-e" "RUST_BACKTRACE=full" "-e" "RUSTFLAGS=--cap-lints=warn" "-e" "RUSTDOCFLAGS=--cap-lints=warn" "-e" "CARGO_HOME=/opt/rustwide/cargo-home" "-e" "RUSTUP_HOME=/opt/rustwide/rustup-home" "-w" "/opt/rustwide/workdir" "-m" "1610612736" "--user" "0:0" "--network" "none" "ghcr.io/rust-lang/crates-build-env/linux@sha256:5ff2268d62e97bff2cde7d5815dd6ed5b47097566f13b8d0ca110b04b60e07ed" "/opt/rustwide/cargo-home/bin/cargo" "+beta-2023-04-20" "test" "--frozen", kill_on_drop: false }`
[INFO] [stdout] 18d8c5b4b6827e11ce1496ec7ef468ad01727b656f78ea37fdbea55b88918547
[INFO] running `Command { std: "docker" "start" "-a" "18d8c5b4b6827e11ce1496ec7ef468ad01727b656f78ea37fdbea55b88918547", kill_on_drop: false }`
[INFO] [stderr]     Finished test [unoptimized + debuginfo] target(s) in 0.03s
[INFO] [stderr]      Running unittests src/lib.rs (/opt/rustwide/target/debug/deps/xmt-576176f699691484)
[INFO] [stdout] 
[INFO] [stdout] running 0 tests
[INFO] [stdout] 
[INFO] [stderr]    Doc-tests xmt
[INFO] [stdout] test result: ok. 0 passed; 0 failed; 0 ignored; 0 measured; 0 filtered out; finished in 0.00s
[INFO] [stdout] 
[INFO] [stdout] 
[INFO] [stdout] running 15 tests
[INFO] [stdout] test src/global.rs - global::pick (line 85) - compile ... ok
[INFO] [stdout] test src/xmt.rs - xmt::XMT::prompt (line 395) - compile ... ok
[INFO] [stdout] test src/xmt.rs - xmt::XMT::pick (line 436) - compile ... ok
[INFO] [stdout] test src/xmt.rs - xmt::XMT::prompt_yn (line 344) - compile ... ok
[INFO] [stdout] test src/global.rs - global::init (line 15) ... FAILED
[INFO] [stdout] test src/xmt.rs - xmt::XMT::success (line 206) ... ok
[INFO] [stdout] test src/xmt.rs - xmt::XMT::print (line 152) ... ok
[INFO] [stdout] test src/config.rs - config::Config::with_style (line 98) ... ok
[INFO] [stdout] test src/global.rs - global::nest (line 43) ... ok
[INFO] [stdout] test src/xmt.rs - xmt::XMT::error (line 302) ... ok
[INFO] [stdout] test src/xmt.rs - xmt::XMT::detail (line 173) ... ok
[INFO] [stdout] test src/xmt.rs - xmt::XMT::nest (line 320) ... ok
[INFO] [stdout] test src/global.rs - global::init_default (line 29) ... ok
[INFO] [stdout] test src/xmt.rs - xmt::XMT::warn (line 279) ... ok
[INFO] [stdout] test src/xmt.rs - xmt::XMT::out (line 228) ... ok
[INFO] [stdout] 
[INFO] [stdout] failures:
[INFO] [stdout] 
[INFO] [stdout] ---- src/global.rs - global::init (line 15) stdout ----
[INFO] [stdout] error: linking with `cc` failed: exit status: 1
[INFO] [stdout]   |
[INFO] [stdout]   = note: LC_ALL="C" PATH="/opt/rustwide/rustup-home/toolchains/beta-2023-04-20-x86_64-unknown-linux-gnu/lib/rustlib/x86_64-unknown-linux-gnu/bin:/opt/rustwide/cargo-home/bin:/usr/local/sbin:/usr/local/bin:/usr/sbin:/usr/bin:/sbin:/bin" VSLANG="1033" "cc" "-m64" "/tmp/rustcIY9eMd/symbols.o" "/tmp/rustdoctestFKI1z9/rust_out.rust_out.c38b68ff-cgu.0.rcgu.o" "/tmp/rustdoctestFKI1z9/rust_out.38a7fyhsvjn6z0qy.rcgu.o" "-Wl,--as-needed" "-L" "/opt/rustwide/target/debug/deps" "-L" "/opt/rustwide/target/debug/deps" "-L" "/opt/rustwide/rustup-home/toolchains/beta-2023-04-20-x86_64-unknown-linux-gnu/lib/rustlib/x86_64-unknown-linux-gnu/lib" "-Wl,-Bstatic" "/opt/rustwide/target/debug/deps/libxmt-d99f8b57518e5bb3.rlib" "/opt/rustwide/target/debug/deps/libptree-6189c68bd4a5b05e.rlib" "/opt/rustwide/target/debug/deps/libdirectories-e93cff61d320b4c0.rlib" "/opt/rustwide/target/debug/deps/libdirs_sys-b134b8be737a44da.rlib" "/opt/rustwide/target/debug/deps/libconfig-9019f3a965c0d688.rlib" "/opt/rustwide/target/debug/deps/libini-8ca9af38033f4a0f.rlib" "/opt/rustwide/target/debug/deps/libserde_hjson-1b91627e66e45bad.rlib" "/opt/rustwide/target/debug/deps/libserde-905749784fad8bd8.rlib" "/opt/rustwide/target/debug/deps/libregex-2cf133e52bf5ea39.rlib" "/opt/rustwide/target/debug/deps/libaho_corasick-ba43cd6e0764e8c7.rlib" "/opt/rustwide/target/debug/deps/libregex_syntax-cc46e3cc2c79c0a1.rlib" "/opt/rustwide/target/debug/deps/libnum_traits-db640d763b7f48d1.rlib" "/opt/rustwide/target/debug/deps/libyaml_rust-2198d6728cc3c9e1.rlib" "/opt/rustwide/target/debug/deps/liblinked_hash_map-7399290165bf36d1.rlib" "/opt/rustwide/target/debug/deps/libtoml-784d548b7122b993.rlib" "/opt/rustwide/target/debug/deps/libnom-7d0f9189a1f877e4.rlib" "/opt/rustwide/target/debug/deps/liblexical_core-9be80fe9e3939add.rlib" "/opt/rustwide/target/debug/deps/libbitflags-610a73087f46ba3b.rlib" "/opt/rustwide/target/debug/deps/libstatic_assertions-62b1a5cbf56a9f5f.rlib" "/opt/rustwide/target/debug/deps/libarrayvec-60f29610b80e56b0.rlib" "/opt/rustwide/target/debug/deps/libmemchr-8265cafec4e150f1.rlib" "/opt/rustwide/target/debug/deps/libtint-f985b86e85b2c643.rlib" "/opt/rustwide/target/debug/deps/liblazy_static-fcd78a373e0df468.rlib" "/opt/rustwide/target/debug/deps/libansi_term-cf230369650aa732.rlib" "/opt/rustwide/target/debug/deps/libpetgraph-63b1fed349b9123a.rlib" "/opt/rustwide/target/debug/deps/libindexmap-483d6a6f45855717.rlib" "/opt/rustwide/target/debug/deps/libhashbrown-14a936eea4e6bab4.rlib" "/opt/rustwide/target/debug/deps/libfixedbitset-2ef746e05260be58.rlib" "/opt/rustwide/target/debug/deps/libserde_value-6d83583e739d13e2.rlib" "/opt/rustwide/target/debug/deps/libordered_float-4278c2474f7db762.rlib" "/opt/rustwide/target/debug/deps/libnum_traits-20b15c62e5e0e397.rlib" "/opt/rustwide/target/debug/deps/libserde_json-069295d7f7baac99.rlib" "/opt/rustwide/target/debug/deps/libryu-b5fa14faef1dcf3b.rlib" "/opt/rustwide/target/debug/deps/libitoa-ef51536650fd4ae2.rlib" "/opt/rustwide/target/debug/deps/libserde-4ebf4bc08cb94a03.rlib" "/opt/rustwide/target/debug/deps/libcolored-931294cf12ee8901.rlib" "/opt/rustwide/target/debug/deps/liblazy_static-86422d76b8bd90ed.rlib" "/opt/rustwide/target/debug/deps/libatty-5822463f0cac721f.rlib" "/opt/rustwide/target/debug/deps/libparking_lot-f7f6cee6cd7c5ec3.rlib" "/opt/rustwide/target/debug/deps/libparking_lot_core-5109f289fa2c326e.rlib" "/opt/rustwide/target/debug/deps/liblibc-437468c9c78eaf61.rlib" "/opt/rustwide/target/debug/deps/libcfg_if-97437e183f3ae6e4.rlib" "/opt/rustwide/target/debug/deps/libsmallvec-a078f506e4f080f1.rlib" "/opt/rustwide/target/debug/deps/liblock_api-83dbbbc23913e320.rlib" "/opt/rustwide/target/debug/deps/libscopeguard-54ff2283d814f48f.rlib" "/opt/rustwide/target/debug/deps/libonce_cell-4515fa40a5ce4b0c.rlib" "/opt/rustwide/rustup-home/toolchains/beta-2023-04-20-x86_64-unknown-linux-gnu/lib/rustlib/x86_64-unknown-linux-gnu/lib/libstd-0e29cc23c5e02021.rlib" "/opt/rustwide/rustup-home/toolchains/beta-2023-04-20-x86_64-unknown-linux-gnu/lib/rustlib/x86_64-unknown-linux-gnu/lib/libpanic_unwind-d903621768a861d9.rlib" "/opt/rustwide/rustup-home/toolchains/beta-2023-04-20-x86_64-unknown-linux-gnu/lib/rustlib/x86_64-unknown-linux-gnu/lib/libobject-6d0225e655f31c13.rlib" "/opt/rustwide/rustup-home/toolchains/beta-2023-04-20-x86_64-unknown-linux-gnu/lib/rustlib/x86_64-unknown-linux-gnu/lib/libmemchr-9dbaf4eac7eaa079.rlib" "/opt/rustwide/rustup-home/toolchains/beta-2023-04-20-x86_64-unknown-linux-gnu/lib/rustlib/x86_64-unknown-linux-gnu/lib/libaddr2line-27f05b3d42a66dd0.rlib" "/opt/rustwide/rustup-home/toolchains/beta-2023-04-20-x86_64-unknown-linux-gnu/lib/rustlib/x86_64-unknown-linux-gnu/lib/libgimli-4d73f1030321c9a2.rlib" "/opt/rustwide/rustup-home/toolchains/beta-2023-04-20-x86_64-unknown-linux-gnu/lib/rustlib/x86_64-unknown-linux-gnu/lib/librustc_demangle-2846c9e58abd0acb.rlib" "/opt/rustwide/rustup-home/toolchains/beta-2023-04-20-x86_64-unknown-linux-gnu/lib/rustlib/x86_64-unknown-linux-gnu/lib/libstd_detect-a53d0f50415947be.rlib" "/opt/rustwide/rustup-home/toolchains/beta-2023-04-20-x86_64-unknown-linux-gnu/lib/rustlib/x86_64-unknown-linux-gnu/lib/libhashbrown-d48e4b6abc25b9dc.rlib" "/opt/rustwide/rustup-home/toolchains/beta-2023-04-20-x86_64-unknown-linux-gnu/lib/rustlib/x86_64-unknown-linux-gnu/lib/libminiz_oxide-2991859439ef1207.rlib" "/opt/rustwide/rustup-home/toolchains/beta-2023-04-20-x86_64-unknown-linux-gnu/lib/rustlib/x86_64-unknown-linux-gnu/lib/libadler-8a687517e4221bae.rlib" "/opt/rustwide/rustup-home/toolchains/beta-2023-04-20-x86_64-unknown-linux-gnu/lib/rustlib/x86_64-unknown-linux-gnu/lib/librustc_std_workspace_alloc-e07b554f6a67f5b3.rlib" "/opt/rustwide/rustup-home/toolchains/beta-2023-04-20-x86_64-unknown-linux-gnu/lib/rustlib/x86_64-unknown-linux-gnu/lib/libunwind-b68238b7c3c619dd.rlib" "/opt/rustwide/rustup-home/toolchains/beta-2023-04-20-x86_64-unknown-linux-gnu/lib/rustlib/x86_64-unknown-linux-gnu/lib/libcfg_if-d5e213e896c017e4.rlib" "/opt/rustwide/rustup-home/toolchains/beta-2023-04-20-x86_64-unknown-linux-gnu/lib/rustlib/x86_64-unknown-linux-gnu/lib/liblibc-0211a3b2e61d8689.rlib" "/opt/rustwide/rustup-home/toolchains/beta-2023-04-20-x86_64-unknown-linux-gnu/lib/rustlib/x86_64-unknown-linux-gnu/lib/liballoc-b371f055239ba51f.rlib" "/opt/rustwide/rustup-home/toolchains/beta-2023-04-20-x86_64-unknown-linux-gnu/lib/rustlib/x86_64-unknown-linux-gnu/lib/librustc_std_workspace_core-e60518d2760eb01e.rlib" "/opt/rustwide/rustup-home/toolchains/beta-2023-04-20-x86_64-unknown-linux-gnu/lib/rustlib/x86_64-unknown-linux-gnu/lib/libcore-1ad943f92a4b1081.rlib" "/opt/rustwide/rustup-home/toolchains/beta-2023-04-20-x86_64-unknown-linux-gnu/lib/rustlib/x86_64-unknown-linux-gnu/lib/libcompiler_builtins-f0d6e4d0fc1e80b4.rlib" "-Wl,-Bdynamic" "-lgcc_s" "-lutil" "-lrt" "-lpthread" "-lm" "-ldl" "-lc" "-Wl,--eh-frame-hdr" "-Wl,-z,noexecstack" "-L" "/opt/rustwide/rustup-home/toolchains/beta-2023-04-20-x86_64-unknown-linux-gnu/lib/rustlib/x86_64-unknown-linux-gnu/lib" "-o" "/tmp/rustdoctestFKI1z9/rust_out" "-Wl,--gc-sections" "-pie" "-Wl,-z,relro,-z,now" "-nodefaultlibs"
[INFO] [stdout]   = note: collect2: fatal error: ld terminated with signal 9 [Killed]
[INFO] [stdout]           compilation terminated.
[INFO] [stdout]           
[INFO] [stdout] 
[INFO] [stdout] error: aborting due to previous error
[INFO] [stdout] 
[INFO] [stdout] Couldn't compile the test.
[INFO] [stdout] 
[INFO] [stdout] failures:
[INFO] [stdout]     src/global.rs - global::init (line 15)
[INFO] [stdout] 
[INFO] [stdout] test result: FAILED. 14 passed; 1 failed; 0 ignored; 0 measured; 0 filtered out; finished in 2.37s
[INFO] [stdout] 
[INFO] [stderr] error: doctest failed, to rerun pass `--doc`
[INFO] running `Command { std: "docker" "inspect" "18d8c5b4b6827e11ce1496ec7ef468ad01727b656f78ea37fdbea55b88918547", kill_on_drop: false }`
[INFO] running `Command { std: "docker" "rm" "-f" "18d8c5b4b6827e11ce1496ec7ef468ad01727b656f78ea37fdbea55b88918547", kill_on_drop: false }`
[INFO] [stdout] 18d8c5b4b6827e11ce1496ec7ef468ad01727b656f78ea37fdbea55b88918547
