[INFO] fetching crate tada 0.1.2...
[INFO] testing tada-0.1.2 against 1.69.0 for beta-1.70-1
[INFO] extracting crate tada 0.1.2 into /workspace/builds/worker-5-tc1/source
[INFO] validating manifest of crates.io crate tada 0.1.2 on toolchain 1.69.0
[INFO] running `Command { std: CARGO_HOME="/workspace/cargo-home" RUSTUP_HOME="/workspace/rustup-home" "/workspace/cargo-home/bin/cargo" "+1.69.0" "metadata" "--manifest-path" "Cargo.toml" "--no-deps", kill_on_drop: false }`
[INFO] started tweaking crates.io crate tada 0.1.2
[INFO] finished tweaking crates.io crate tada 0.1.2
[INFO] tweaked toml for crates.io crate tada 0.1.2 written to /workspace/builds/worker-5-tc1/source/Cargo.toml
[INFO] crate crates.io crate tada 0.1.2 already has a lockfile, it will not be regenerated
[INFO] running `Command { std: CARGO_HOME="/workspace/cargo-home" RUSTUP_HOME="/workspace/rustup-home" "/workspace/cargo-home/bin/cargo" "+1.69.0" "fetch" "--manifest-path" "Cargo.toml", kill_on_drop: false }`
[INFO] [stderr]  Downloading crates ...
[INFO] [stderr]   Downloaded date_time_parser v0.2.0
[INFO] [stderr]   Downloaded freezebox v0.2.3
[INFO] running `Command { std: "docker" "create" "-v" "/var/lib/crater-agent-workspace/builds/worker-5-tc1/target:/opt/rustwide/target:rw,Z" "-v" "/var/lib/crater-agent-workspace/builds/worker-5-tc1/source:/opt/rustwide/workdir:ro,Z" "-v" "/var/lib/crater-agent-workspace/cargo-home:/opt/rustwide/cargo-home:ro,Z" "-v" "/var/lib/crater-agent-workspace/rustup-home:/opt/rustwide/rustup-home:ro,Z" "-e" "SOURCE_DIR=/opt/rustwide/workdir" "-e" "CARGO_TARGET_DIR=/opt/rustwide/target" "-e" "CARGO_HOME=/opt/rustwide/cargo-home" "-e" "RUSTUP_HOME=/opt/rustwide/rustup-home" "-w" "/opt/rustwide/workdir" "-m" "1610612736" "--user" "0:0" "--network" "none" "ghcr.io/rust-lang/crates-build-env/linux@sha256:5ff2268d62e97bff2cde7d5815dd6ed5b47097566f13b8d0ca110b04b60e07ed" "/opt/rustwide/cargo-home/bin/cargo" "+1.69.0" "metadata" "--no-deps" "--format-version=1", kill_on_drop: false }`
[INFO] [stdout] 856af7382c8fc498bfd159bad6ffa351f5e09914c2ffa101f6a435ab2d24af04
[INFO] running `Command { std: "docker" "start" "-a" "856af7382c8fc498bfd159bad6ffa351f5e09914c2ffa101f6a435ab2d24af04", kill_on_drop: false }`
[INFO] running `Command { std: "docker" "inspect" "856af7382c8fc498bfd159bad6ffa351f5e09914c2ffa101f6a435ab2d24af04", kill_on_drop: false }`
[INFO] running `Command { std: "docker" "rm" "-f" "856af7382c8fc498bfd159bad6ffa351f5e09914c2ffa101f6a435ab2d24af04", kill_on_drop: false }`
[INFO] [stdout] 856af7382c8fc498bfd159bad6ffa351f5e09914c2ffa101f6a435ab2d24af04
[INFO] running `Command { std: "docker" "create" "-v" "/var/lib/crater-agent-workspace/builds/worker-5-tc1/target:/opt/rustwide/target:rw,Z" "-v" "/var/lib/crater-agent-workspace/builds/worker-5-tc1/source:/opt/rustwide/workdir:ro,Z" "-v" "/var/lib/crater-agent-workspace/cargo-home:/opt/rustwide/cargo-home:ro,Z" "-v" "/var/lib/crater-agent-workspace/rustup-home:/opt/rustwide/rustup-home:ro,Z" "-e" "SOURCE_DIR=/opt/rustwide/workdir" "-e" "CARGO_TARGET_DIR=/opt/rustwide/target" "-e" "CARGO_INCREMENTAL=0" "-e" "RUST_BACKTRACE=full" "-e" "RUSTFLAGS=--cap-lints=warn" "-e" "RUSTDOCFLAGS=--cap-lints=warn" "-e" "CARGO_HOME=/opt/rustwide/cargo-home" "-e" "RUSTUP_HOME=/opt/rustwide/rustup-home" "-w" "/opt/rustwide/workdir" "-m" "1610612736" "--user" "0:0" "--network" "none" "ghcr.io/rust-lang/crates-build-env/linux@sha256:5ff2268d62e97bff2cde7d5815dd6ed5b47097566f13b8d0ca110b04b60e07ed" "/opt/rustwide/cargo-home/bin/cargo" "+1.69.0" "build" "--frozen" "--message-format=json", kill_on_drop: false }`
[INFO] [stdout] e4b89a9f855a80cb5f9505a769d8fb84327a1df35084dfa81c2a131986fc6c47
[INFO] running `Command { std: "docker" "start" "-a" "e4b89a9f855a80cb5f9505a769d8fb84327a1df35084dfa81c2a131986fc6c47", kill_on_drop: false }`
[INFO] [stderr]     Blocking waiting for file lock on package cache
[INFO] [stderr]    Compiling libc v0.2.139
[INFO] [stderr]    Compiling once_cell v1.17.0
[INFO] [stderr]    Compiling proc-macro2 v1.0.49
[INFO] [stderr]    Compiling pin-project-lite v0.2.9
[INFO] [stderr]    Compiling cc v1.0.78
[INFO] [stderr]    Compiling bytes v1.3.0
[INFO] [stderr]    Compiling unicode-ident v1.0.6
[INFO] [stderr]    Compiling quote v1.0.23
[INFO] [stderr]    Compiling futures-core v0.3.25
[INFO] [stderr]    Compiling io-lifetimes v1.0.3
[INFO] [stderr]    Compiling tokio v1.25.0
[INFO] [stderr]    Compiling rustix v0.36.6
[INFO] [stderr]    Compiling syn v1.0.107
[INFO] [stderr]    Compiling slab v0.4.7
[INFO] [stderr]    Compiling futures-task v0.3.25
[INFO] [stderr]    Compiling itoa v1.0.5
[INFO] [stderr]    Compiling foreign-types-shared v0.1.1
[INFO] [stderr]    Compiling tracing-core v0.1.30
[INFO] [stderr]    Compiling futures-util v0.3.25
[INFO] [stderr]    Compiling openssl v0.10.45
[INFO] [stderr]    Compiling foreign-types v0.3.2
[INFO] [stderr]    Compiling http v0.2.8
[INFO] [stderr]    Compiling futures-io v0.3.25
[INFO] [stderr]    Compiling futures-sink v0.3.25
[INFO] [stderr]    Compiling futures-channel v0.3.25
[INFO] [stderr]    Compiling native-tls v0.2.11
[INFO] [stderr]    Compiling pin-utils v0.1.0
[INFO] [stderr]    Compiling tracing v0.1.37
[INFO] [stderr]    Compiling httparse v1.8.0
[INFO] [stderr]    Compiling tinyvec v1.6.0
[INFO] [stderr]    Compiling try-lock v0.2.3
[INFO] [stderr]    Compiling serde v1.0.152
[INFO] [stderr]    Compiling percent-encoding v2.2.0
[INFO] [stderr]    Compiling openssl-probe v0.1.5
[INFO] [stderr]    Compiling nibble_vec v0.1.0
[INFO] [stderr]    Compiling want v0.3.0
[INFO] [stderr]    Compiling form_urlencoded v1.1.0
[INFO] [stderr]    Compiling encoding_rs v0.8.31
[INFO] [stderr]    Compiling endian-type v0.1.2
[INFO] [stderr]    Compiling httpdate v1.0.2
[INFO] [stderr]    Compiling tower-service v0.3.2
[INFO] [stderr]    Compiling unicode-bidi v0.3.8
[INFO] [stderr]    Compiling unicode-width v0.1.10
[INFO] [stderr]    Compiling radix_trie v0.2.1
[INFO] [stderr]    Compiling substring v1.4.5
[INFO] [stderr]    Compiling ryu v1.0.12
[INFO] [stderr]    Compiling regex-syntax v0.6.28
[INFO] [stderr]    Compiling openssl-sys v0.9.80
[INFO] [stderr]    Compiling utf8parse v0.2.0
[INFO] [stderr]    Compiling unicode-segmentation v1.10.0
[INFO] [stderr]    Compiling unicode-normalization v0.1.22
[INFO] [stderr]    Compiling http-body v0.4.5
[INFO] [stderr]    Compiling clap_lex v0.3.0
[INFO] [stderr]    Compiling num_cpus v1.15.0
[INFO] [stderr]    Compiling mio v0.8.5
[INFO] [stderr]    Compiling socket2 v0.4.7
[INFO] [stderr]    Compiling dirs-sys-next v0.1.2
[INFO] [stderr]    Compiling getrandom v0.2.8
[INFO] [stderr]    Compiling idna v0.3.0
[INFO] [stderr]    Compiling dirs-next v2.0.0
[INFO] [stderr]    Compiling rand_core v0.6.4
[INFO] [stderr]    Compiling nix v0.23.2
[INFO] [stderr]    Compiling time v0.1.45
[INFO] [stderr]    Compiling path-dedot v3.0.18
[INFO] [stderr]    Compiling rand_chacha v0.3.1
[INFO] [stderr]    Compiling termcolor v1.1.3
[INFO] [stderr]    Compiling chrono v0.4.23
[INFO] [stderr]    Compiling url v2.3.1
[INFO] [stderr]    Compiling mime v0.3.16
[INFO] [stderr]    Compiling fastrand v1.8.0
[INFO] [stderr]    Compiling remove_dir_all v0.5.3
[INFO] [stderr]    Compiling ipnet v2.7.0
[INFO] [stderr]    Compiling base64 v0.21.0
[INFO] [stderr]    Compiling tempfile v3.3.0
[INFO] [stderr]    Compiling rand v0.8.5
[INFO] [stderr]    Compiling path-absolutize v3.0.14
[INFO] [stderr]    Compiling fd-lock v3.0.8
[INFO] [stderr]    Compiling is-terminal v0.4.2
[INFO] [stderr]    Compiling terminal_size v0.2.3
[INFO] [stderr]    Compiling console v0.15.5
[INFO] [stderr]    Compiling regex v1.7.1
[INFO] [stderr]    Compiling clap v4.1.4
[INFO] [stderr]    Compiling freezebox v0.2.3
[INFO] [stderr]    Compiling serde_urlencoded v0.7.1
[INFO] [stderr]    Compiling openssl-macros v0.1.0
[INFO] [stderr]    Compiling date_time_parser v0.2.0
[INFO] [stderr]    Compiling rustyline v9.1.2
[INFO] [stderr]    Compiling tokio-util v0.7.4
[INFO] [stderr]    Compiling h2 v0.3.15
[INFO] [stderr]    Compiling promptly v0.3.1
[INFO] [stderr]    Compiling tokio-native-tls v0.3.0
[INFO] [stderr]    Compiling hyper v0.14.23
[INFO] [stderr]    Compiling hyper-tls v0.5.0
[INFO] [stderr]    Compiling reqwest v0.11.14
[INFO] [stderr]    Compiling tada v0.1.2 (/opt/rustwide/workdir)
[INFO] [stderr]     Finished dev [unoptimized + debuginfo] target(s) in 25.99s
[INFO] running `Command { std: "docker" "inspect" "e4b89a9f855a80cb5f9505a769d8fb84327a1df35084dfa81c2a131986fc6c47", kill_on_drop: false }`
[INFO] running `Command { std: "docker" "rm" "-f" "e4b89a9f855a80cb5f9505a769d8fb84327a1df35084dfa81c2a131986fc6c47", kill_on_drop: false }`
[INFO] [stdout] e4b89a9f855a80cb5f9505a769d8fb84327a1df35084dfa81c2a131986fc6c47
[INFO] running `Command { std: "docker" "create" "-v" "/var/lib/crater-agent-workspace/builds/worker-5-tc1/target:/opt/rustwide/target:rw,Z" "-v" "/var/lib/crater-agent-workspace/builds/worker-5-tc1/source:/opt/rustwide/workdir:ro,Z" "-v" "/var/lib/crater-agent-workspace/cargo-home:/opt/rustwide/cargo-home:ro,Z" "-v" "/var/lib/crater-agent-workspace/rustup-home:/opt/rustwide/rustup-home:ro,Z" "-e" "SOURCE_DIR=/opt/rustwide/workdir" "-e" "CARGO_TARGET_DIR=/opt/rustwide/target" "-e" "CARGO_INCREMENTAL=0" "-e" "RUST_BACKTRACE=full" "-e" "RUSTFLAGS=--cap-lints=warn" "-e" "RUSTDOCFLAGS=--cap-lints=warn" "-e" "CARGO_HOME=/opt/rustwide/cargo-home" "-e" "RUSTUP_HOME=/opt/rustwide/rustup-home" "-w" "/opt/rustwide/workdir" "-m" "1610612736" "--user" "0:0" "--network" "none" "ghcr.io/rust-lang/crates-build-env/linux@sha256:5ff2268d62e97bff2cde7d5815dd6ed5b47097566f13b8d0ca110b04b60e07ed" "/opt/rustwide/cargo-home/bin/cargo" "+1.69.0" "test" "--frozen" "--no-run" "--message-format=json", kill_on_drop: false }`
[INFO] [stdout] 99b50a801ad8698dcceddcb479fa2f38d38a5c705929837a795be8d71dba242e
[INFO] running `Command { std: "docker" "start" "-a" "99b50a801ad8698dcceddcb479fa2f38d38a5c705929837a795be8d71dba242e", kill_on_drop: false }`
[INFO] [stderr]    Compiling tada v0.1.2 (/opt/rustwide/workdir)
[INFO] [stderr]     Finished test [unoptimized + debuginfo] target(s) in 6.27s
[INFO] running `Command { std: "docker" "inspect" "99b50a801ad8698dcceddcb479fa2f38d38a5c705929837a795be8d71dba242e", kill_on_drop: false }`
[INFO] running `Command { std: "docker" "rm" "-f" "99b50a801ad8698dcceddcb479fa2f38d38a5c705929837a795be8d71dba242e", kill_on_drop: false }`
[INFO] [stdout] 99b50a801ad8698dcceddcb479fa2f38d38a5c705929837a795be8d71dba242e
[INFO] running `Command { std: "docker" "create" "-v" "/var/lib/crater-agent-workspace/builds/worker-5-tc1/target:/opt/rustwide/target:rw,Z" "-v" "/var/lib/crater-agent-workspace/builds/worker-5-tc1/source:/opt/rustwide/workdir:ro,Z" "-v" "/var/lib/crater-agent-workspace/cargo-home:/opt/rustwide/cargo-home:ro,Z" "-v" "/var/lib/crater-agent-workspace/rustup-home:/opt/rustwide/rustup-home:ro,Z" "-e" "SOURCE_DIR=/opt/rustwide/workdir" "-e" "CARGO_TARGET_DIR=/opt/rustwide/target" "-e" "CARGO_INCREMENTAL=0" "-e" "RUST_BACKTRACE=full" "-e" "RUSTFLAGS=--cap-lints=warn" "-e" "RUSTDOCFLAGS=--cap-lints=warn" "-e" "CARGO_HOME=/opt/rustwide/cargo-home" "-e" "RUSTUP_HOME=/opt/rustwide/rustup-home" "-w" "/opt/rustwide/workdir" "-m" "1610612736" "--user" "0:0" "--network" "none" "ghcr.io/rust-lang/crates-build-env/linux@sha256:5ff2268d62e97bff2cde7d5815dd6ed5b47097566f13b8d0ca110b04b60e07ed" "/opt/rustwide/cargo-home/bin/cargo" "+1.69.0" "test" "--frozen", kill_on_drop: false }`
[INFO] [stdout] c838c7d09c360bbcf10d5fce1f902aa1830e82dc6696284d273888ffffbcb23e
[INFO] running `Command { std: "docker" "start" "-a" "c838c7d09c360bbcf10d5fce1f902aa1830e82dc6696284d273888ffffbcb23e", kill_on_drop: false }`
[INFO] [stderr]     Finished test [unoptimized + debuginfo] target(s) in 0.20s
[INFO] [stderr]      Running unittests src/lib.rs (/opt/rustwide/target/debug/deps/tada-bfac6f2407ed657d)
[INFO] [stdout] 
[INFO] [stdout] running 48 tests
[INFO] [stdout] test action::add::tests::test_get_action ... ok
[INFO] [stdout] test action::find::tests::test_default_sort_order ... ok
[INFO] [stdout] test action::add::tests_add_action_config::test_new ... ok
[INFO] [stderr] cat: /tmp/.tmpc1luUY/some-file.txt: No such file or directory
[INFO] [stdout] test action::important::tests::test_default_sort_order ... ok
[INFO] [stdout] test action::find::tests::test_get_action ... ok
[INFO] [stdout] test action::edit::tests::test_get_action ... ok
[INFO] [stdout] test action::add::tests_add_action_config::test_default ... ok
[INFO] [stdout] test action::edit::tests::test_editor ... ok
[INFO] [stdout] test action::archive::tests::test_get_action ... ok
[INFO] [stdout] test action::pull::tests::test_get_action ... ok
[INFO] [stdout] test action::path::tests::test_get_action ... ok
[INFO] [stdout] test action::important::tests::test_get_action ... ok
[INFO] [stdout] test action::quick::tests::test_default_sort_order ... ok
[INFO] [stdout] test action::edit::tests::test_open_file_in_editor ... ok
[INFO] [stdout] test action::quick::tests::test_get_action ... ok
[INFO] [stdout] test action::done::tests::test_check_if_complete ... ok
[INFO] [stdout] test action::pull::tests::test_check_if_pull ... ok
[INFO] [stdout] test action::add::tests_add_action_config::test_from_argmatches ... ok
[INFO] [stdout] test action::show::tests::test_default_sort_order ... ok
[INFO] [stdout] test action::urgent::tests::test_default_sort_order ... ok
[INFO] [stdout] test action::remove::tests::test_get_action ... ok
[INFO] [stdout] test action::show::tests::test_get_action ... ok
[INFO] [stdout] test action::tidy::tests::test_get_action ... ok
[INFO] [stdout] test action::urgent::tests::test_get_action ... ok
[INFO] [stdout] test action::tidy::tests::test_default_sort_order ... ok
[INFO] [stdout] test item::tests_item::test_display ... ok
[INFO] [stdout] test action::zen::tests::test_get_action ... ok
[INFO] [stdout] test action::done::tests::test_get_action ... ok
[INFO] [stdout] test item::tests_item::test_debug ... ok
[INFO] [stdout] test action::remove::tests::test_check_if_delete ... ok
[INFO] [stdout] test action::archive::tests::test_run_archive_but_nothing_done ... ok
[INFO] [stdout]   (?) Foo1 start:3999-01-01
[INFO] [stdout] Rescheduling
[INFO] [stdout] 
[INFO] [stdout] test list::tests_list::test_from_file ... ok
[INFO] [stdout] test list::tests_list::test_items ... ok
[INFO] [stdout] test action::add::tests::test_process_line ... ok
[INFO] [stdout] test action::done::tests::test_mark_items_done_in_list ... ok
[INFO] [stdout]   (?) Foo2 due:3999-01-01
[INFO] [stdout] Rescheduling
[INFO] [stdout] 
[INFO] [stdout] test item::tests_item::test_contexts ... ok
[INFO] [stdout] test action::pull::tests::test_pull_items_forward_in_list ... ok
[INFO] [stdout] test action::archive::tests::test_run_archive_vec ... ok
[INFO] [stdout]   (?) Foo1
[INFO] [stdout] Removing
[INFO] [stdout] 
[INFO] [stdout] x (?) Foo2
[INFO] [stdout] Removing
[INFO] [stdout] 
[INFO] [stdout] test action::remove::tests::test_remove_items_from_list ... ok
[INFO] [stdout] test action::archive::tests::test_run_archive ... ok
[INFO] [stdout] test item::tests_item::test_kv ... ok
[INFO] [stdout] test item::tests_item::test_parse ... ok
[INFO] [stdout] test action::show::tests::test_show_list ... ok
[INFO] [stdout] test item::tests_item::test_tshirt_size ... ok
[INFO] [stdout] test item::tests_item::test_urgency ... ok
[INFO] [stdout] test item::tests_item::test_due_date ... ok
[INFO] [stdout] test action::find::tests::test_find_results ... ok
[INFO] [stdout] test item::tests_item::test_tags ... ok
[INFO] [stdout] 
[INFO] [stdout] test result: ok. 48 passed; 0 failed; 0 ignored; 0 measured; 0 filtered out; finished in 0.06s
[INFO] [stdout] 
[INFO] [stderr]      Running unittests src/bin/tada.rs (/opt/rustwide/target/debug/deps/tada-4751e8b06611c39d)
[INFO] [stdout] 
[INFO] [stdout] running 0 tests
[INFO] [stdout] 
[INFO] [stdout] test result: ok. 0 passed; 0 failed; 0 ignored; 0 measured; 0 filtered out; finished in 0.00s
[INFO] [stdout] 
[INFO] [stderr]    Doc-tests tada
[INFO] [stdout] 
[INFO] [stdout] running 4 tests
[INFO] [stdout] test src/item.rs - item (line 5) ... FAILED
[INFO] [stdout] test src/item.rs - item::Item (line 291) ... ok
[INFO] [stdout] test src/list.rs - list (line 5) ... ok
[INFO] [stdout] test src/action/find.rs - action::find::find_results (line 63) ... ok
[INFO] [stdout] 
[INFO] [stdout] failures:
[INFO] [stdout] 
[INFO] [stdout] ---- src/item.rs - item (line 5) stdout ----
[INFO] [stdout] error: linking with `cc` failed: exit status: 1
[INFO] [stdout]   |
[INFO] [stdout]   = note: LC_ALL="C" PATH="/opt/rustwide/rustup-home/toolchains/1.69.0-x86_64-unknown-linux-gnu/lib/rustlib/x86_64-unknown-linux-gnu/bin:/opt/rustwide/cargo-home/bin:/usr/local/sbin:/usr/local/bin:/usr/sbin:/usr/bin:/sbin:/bin" VSLANG="1033" "cc" "-m64" "/tmp/rustchxydZh/symbols.o" "/tmp/rustdoctestFjW4MG/rust_out.rust_out.5bfee551-cgu.0.rcgu.o" "/tmp/rustdoctestFjW4MG/rust_out.j00p4ncf7xg64kg.rcgu.o" "-Wl,--as-needed" "-L" "/opt/rustwide/target/debug/deps" "-L" "/opt/rustwide/target/debug/deps" "-L" "/opt/rustwide/rustup-home/toolchains/1.69.0-x86_64-unknown-linux-gnu/lib/rustlib/x86_64-unknown-linux-gnu/lib" "-Wl,-Bstatic" "/opt/rustwide/target/debug/deps/libtada-45f0dd00262a4733.rlib" "/opt/rustwide/target/debug/deps/libreqwest-6c0e00b71a425a9e.rlib" "/opt/rustwide/target/debug/deps/libhyper_tls-4d3d69e0968f75f5.rlib" "/opt/rustwide/target/debug/deps/libbase64-8062ff4772a66de9.rlib" "/opt/rustwide/target/debug/deps/libipnet-287cee6224e1971f.rlib" "/opt/rustwide/target/debug/deps/libtokio_native_tls-e8d7ddb1e3b90387.rlib" "/opt/rustwide/target/debug/deps/libserde_urlencoded-8cd5e068fb06845c.rlib" "/opt/rustwide/target/debug/deps/libryu-4d4a16031edb6838.rlib" "/opt/rustwide/target/debug/deps/libmime-2a4c3a9a364f5972.rlib" "/opt/rustwide/target/debug/deps/libencoding_rs-445b6023340cc421.rlib" "/opt/rustwide/target/debug/deps/libserde-5074c99437e668ca.rlib" "/opt/rustwide/target/debug/deps/libnative_tls-ce1027bea7639af7.rlib" "/opt/rustwide/target/debug/deps/libopenssl_probe-2d1cd15c290ad1de.rlib" "/opt/rustwide/target/debug/deps/libopenssl-28baf05dd4f65dbe.rlib" "/opt/rustwide/target/debug/deps/libforeign_types-f2b053f84105065c.rlib" "/opt/rustwide/target/debug/deps/libforeign_types_shared-48f8f1f9ea32d068.rlib" "/opt/rustwide/target/debug/deps/libopenssl_sys-564d7b19709ab1a1.rlib" "/opt/rustwide/target/debug/deps/libhyper-def1cecb384d7a04.rlib" "/opt/rustwide/target/debug/deps/libwant-1e20505a393def83.rlib" "/opt/rustwide/target/debug/deps/libtry_lock-372cab8856e9ce9d.rlib" "/opt/rustwide/target/debug/deps/libhttparse-30fefae29fd53c2e.rlib" "/opt/rustwide/target/debug/deps/libh2-c62c1c4cb619ade5.rlib" "/opt/rustwide/target/debug/deps/libindexmap-b76be7e23e97da1c.rlib" "/opt/rustwide/target/debug/deps/libhashbrown-f669da50cece7aa5.rlib" "/opt/rustwide/target/debug/deps/libtokio_util-ce742b45c07b333f.rlib" "/opt/rustwide/target/debug/deps/libfutures_sink-06eb0c17e1e56914.rlib" "/opt/rustwide/target/debug/deps/libtower_service-a82a463fea06a00e.rlib" "/opt/rustwide/target/debug/deps/libtracing-6e75e82f7e7b2e79.rlib" "/opt/rustwide/target/debug/deps/libtracing_core-078973930784056c.rlib" "/opt/rustwide/target/debug/deps/libfutures_channel-a636848da12d8785.rlib" "/opt/rustwide/target/debug/deps/libtokio-287cad3628568d38.rlib" "/opt/rustwide/target/debug/deps/libnum_cpus-868f83c4664b402f.rlib" "/opt/rustwide/target/debug/deps/libsocket2-672b4c236e332967.rlib" "/opt/rustwide/target/debug/deps/libmio-883f60df65b1a8ad.rlib" "/opt/rustwide/target/debug/deps/libhttp_body-f9fb3e81919c8394.rlib" "/opt/rustwide/target/debug/deps/libfutures_util-b9da5d0c20c52a08.rlib" "/opt/rustwide/target/debug/deps/libfutures_io-3f9849ddf2bf8c6a.rlib" "/opt/rustwide/target/debug/deps/libslab-adc206ca6c0d0a92.rlib" "/opt/rustwide/target/debug/deps/libpin_project_lite-e66e1bab7310d569.rlib" "/opt/rustwide/target/debug/deps/libfutures_task-30fd2c6681655f9e.rlib" "/opt/rustwide/target/debug/deps/libpin_utils-0d8eaf4ac0fcb221.rlib" "/opt/rustwide/target/debug/deps/libfutures_core-a69c88a4cdb0c8aa.rlib" "/opt/rustwide/target/debug/deps/liburl-89b96d3f2517350a.rlib" "/opt/rustwide/target/debug/deps/libidna-6d693cb3a905ef6d.rlib" "/opt/rustwide/target/debug/deps/libunicode_normalization-741b225226fe9ab9.rlib" "/opt/rustwide/target/debug/deps/libtinyvec-dcb099dba038fed5.rlib" "/opt/rustwide/target/debug/deps/libtinyvec_macros-5ffb2ea8a2d866f2.rlib" "/opt/rustwide/target/debug/deps/libunicode_bidi-0c08def1fa98a3f7.rlib" "/opt/rustwide/target/debug/deps/libform_urlencoded-4406ed733a551179.rlib" "/opt/rustwide/target/debug/deps/libpercent_encoding-5b4f3c280783d946.rlib" "/opt/rustwide/target/debug/deps/libhttp-79afac92d992d05f.rlib" "/opt/rustwide/target/debug/deps/libitoa-b071e49db4f1be66.rlib" "/opt/rustwide/target/debug/deps/libbytes-300feae2a21f90fa.rlib" "/opt/rustwide/target/debug/deps/libfnv-41a559218f992797.rlib" "/opt/rustwide/target/debug/deps/libpath_absolutize-d9fdf82cf1125b4e.rlib" "/opt/rustwide/target/debug/deps/libpath_dedot-1593829afe7d532e.rlib" "/opt/rustwide/target/debug/deps/libonce_cell-f4689346a1005a4d.rlib" "/opt/rustwide/target/debug/deps/libfreezebox-0c2e93828c1ec0f9.rlib" "/opt/rustwide/target/debug/deps/libdate_time_parser-3aab0618742c60d3.rlib" "/opt/rustwide/target/debug/deps/libregex-f6c7ff49d39ccc61.rlib" "/opt/rustwide/target/debug/deps/libaho_corasick-9bb9d75852409017.rlib" "/opt/rustwide/target/debug/deps/libregex_syntax-818c2f7eeae25f7c.rlib" "/opt/rustwide/target/debug/deps/libchrono-7e7ad362512c7c9b.rlib" "/opt/rustwide/target/debug/deps/libiana_time_zone-6a2f2c074bce83fa.rlib" "/opt/rustwide/target/debug/deps/libnum_integer-8056a34aec203bba.rlib" "/opt/rustwide/target/debug/deps/libnum_traits-11c9b029deaf19dd.rlib" "/opt/rustwide/target/debug/deps/libtime-b545f852bfae3d75.rlib" "/opt/rustwide/target/debug/deps/librand-0d125a3997cd2a5b.rlib" "/opt/rustwide/target/debug/deps/librand_chacha-9fae7eb5255f8d78.rlib" "/opt/rustwide/target/debug/deps/libppv_lite86-c3ad053967cc551c.rlib" "/opt/rustwide/target/debug/deps/librand_core-6c7c5cb895b30d7d.rlib" "/opt/rustwide/target/debug/deps/libgetrandom-9386c0d946d2bad5.rlib" "/opt/rustwide/target/debug/deps/libsubstring-87f19d25d6a3acc4.rlib" "/opt/rustwide/target/debug/deps/libpromptly-4e8a7d601ea19405.rlib" "/opt/rustwide/target/debug/deps/librustyline-621d22d6ea59c691.rlib" "/opt/rustwide/target/debug/deps/libutf8parse-c87c6fd67c7c7250.rlib" "/opt/rustwide/target/debug/deps/libnix-df01db302d5fd443.rlib" "/opt/rustwide/target/debug/deps/libmemoffset-0f776f28e9231e55.rlib" "/opt/rustwide/target/debug/deps/libfd_lock-4672e7e18d2fc09e.rlib" "/opt/rustwide/target/debug/deps/libunicode_segmentation-2bb792601e8c66f4.rlib" "/opt/rustwide/target/debug/deps/liblog-b7002f1ab15c8d8b.rlib" "/opt/rustwide/target/debug/deps/libdirs_next-046caf3cbc699020.rlib" "/opt/rustwide/target/debug/deps/libdirs_sys_next-fb44b571cc260a07.rlib" "/opt/rustwide/target/debug/deps/libcfg_if-e5e118dd7d121aaa.rlib" "/opt/rustwide/target/debug/deps/libmemchr-b18e4aa3c7a38625.rlib" "/opt/rustwide/target/debug/deps/libradix_trie-80d766648e72b597.rlib" "/opt/rustwide/target/debug/deps/libnibble_vec-4d0959c3a2336de5.rlib" "/opt/rustwide/target/debug/deps/libsmallvec-22f2447eab0ca59b.rlib" "/opt/rustwide/target/debug/deps/libendian_type-e5de39094806d0a9.rlib" "/opt/rustwide/target/debug/deps/libconsole-853a0405855ed6d0.rlib" "/opt/rustwide/target/debug/deps/libunicode_width-f75bb0008a5efcfa.rlib" "/opt/rustwide/target/debug/deps/liblazy_static-a15e1ed0a3c31761.rlib" "/opt/rustwide/target/debug/deps/libclap-f70ac1e207b3980e.rlib" "/opt/rustwide/target/debug/deps/libterminal_size-15c7faff33a92fc5.rlib" "/opt/rustwide/target/debug/deps/libstrsim-6c4a301b03dc606f.rlib" "/opt/rustwide/target/debug/deps/libis_terminal-6892989c5eb7964a.rlib" "/opt/rustwide/target/debug/deps/librustix-0c93e88582a16ef4.rlib" "/opt/rustwide/target/debug/deps/liblinux_raw_sys-58de9ac7237c6be0.rlib" "/opt/rustwide/target/debug/deps/libio_lifetimes-e42fee95a57ce3b0.rlib" "/opt/rustwide/target/debug/deps/liblibc-c197e4a4ffa27d8d.rlib" "/opt/rustwide/target/debug/deps/libclap_lex-f290df6528aed2fd.rlib" "/opt/rustwide/target/debug/deps/libos_str_bytes-201edd7190726bfd.rlib" "/opt/rustwide/target/debug/deps/libtermcolor-687878defa5df84c.rlib" "/opt/rustwide/target/debug/deps/libbitflags-82cc2d155c6eb112.rlib" "/opt/rustwide/rustup-home/toolchains/1.69.0-x86_64-unknown-linux-gnu/lib/rustlib/x86_64-unknown-linux-gnu/lib/libstd-89bc084783fdc439.rlib" "/opt/rustwide/rustup-home/toolchains/1.69.0-x86_64-unknown-linux-gnu/lib/rustlib/x86_64-unknown-linux-gnu/lib/libpanic_unwind-8bee4b287d4367c1.rlib" "/opt/rustwide/rustup-home/toolchains/1.69.0-x86_64-unknown-linux-gnu/lib/rustlib/x86_64-unknown-linux-gnu/lib/libobject-d61707aed80694c0.rlib" "/opt/rustwide/rustup-home/toolchains/1.69.0-x86_64-unknown-linux-gnu/lib/rustlib/x86_64-unknown-linux-gnu/lib/libmemchr-d85366256f22345b.rlib" "/opt/rustwide/rustup-home/toolchains/1.69.0-x86_64-unknown-linux-gnu/lib/rustlib/x86_64-unknown-linux-gnu/lib/libaddr2line-96069b86b8a8cae9.rlib" "/opt/rustwide/rustup-home/toolchains/1.69.0-x86_64-unknown-linux-gnu/lib/rustlib/x86_64-unknown-linux-gnu/lib/libgimli-d19d53abf68dfa6c.rlib" "/opt/rustwide/rustup-home/toolchains/1.69.0-x86_64-unknown-linux-gnu/lib/rustlib/x86_64-unknown-linux-gnu/lib/librustc_demangle-787cbccd19d64ac6.rlib" "/opt/rustwide/rustup-home/toolchains/1.69.0-x86_64-unknown-linux-gnu/lib/rustlib/x86_64-unknown-linux-gnu/lib/libstd_detect-b3837a36b830e0d0.rlib" "/opt/rustwide/rustup-home/toolchains/1.69.0-x86_64-unknown-linux-gnu/lib/rustlib/x86_64-unknown-linux-gnu/lib/libhashbrown-e3deb0e7e3f04966.rlib" "/opt/rustwide/rustup-home/toolchains/1.69.0-x86_64-unknown-linux-gnu/lib/rustlib/x86_64-unknown-linux-gnu/lib/libminiz_oxide-dabbb79c9815def4.rlib" "/opt/rustwide/rustup-home/toolchains/1.69.0-x86_64-unknown-linux-gnu/lib/rustlib/x86_64-unknown-linux-gnu/lib/libadler-305b01f34c9409f2.rlib" "/opt/rustwide/rustup-home/toolchains/1.69.0-x86_64-unknown-linux-gnu/lib/rustlib/x86_64-unknown-linux-gnu/lib/librustc_std_workspace_alloc-f833521df6074e73.rlib" "/opt/rustwide/rustup-home/toolchains/1.69.0-x86_64-unknown-linux-gnu/lib/rustlib/x86_64-unknown-linux-gnu/lib/libunwind-9ac333113350d171.rlib" "/opt/rustwide/rustup-home/toolchains/1.69.0-x86_64-unknown-linux-gnu/lib/rustlib/x86_64-unknown-linux-gnu/lib/libcfg_if-1c126114322d0eee.rlib" "/opt/rustwide/rustup-home/toolchains/1.69.0-x86_64-unknown-linux-gnu/lib/rustlib/x86_64-unknown-linux-gnu/lib/liblibc-bad9164fdeeecf92.rlib" "/opt/rustwide/rustup-home/toolchains/1.69.0-x86_64-unknown-linux-gnu/lib/rustlib/x86_64-unknown-linux-gnu/lib/liballoc-f9374b1e480fa681.rlib" "/opt/rustwide/rustup-home/toolchains/1.69.0-x86_64-unknown-linux-gnu/lib/rustlib/x86_64-unknown-linux-gnu/lib/librustc_std_workspace_core-207f06e41d9603af.rlib" "/opt/rustwide/rustup-home/toolchains/1.69.0-x86_64-unknown-linux-gnu/lib/rustlib/x86_64-unknown-linux-gnu/lib/libcore-7e2768e66e984e85.rlib" "/opt/rustwide/rustup-home/toolchains/1.69.0-x86_64-unknown-linux-gnu/lib/rustlib/x86_64-unknown-linux-gnu/lib/libcompiler_builtins-957b4aff41f8cd46.rlib" "-Wl,-Bdynamic" "-lssl" "-lcrypto" "-lgcc_s" "-lutil" "-lrt" "-lpthread" "-lm" "-ldl" "-lc" "-Wl,--eh-frame-hdr" "-Wl,-z,noexecstack" "-L" "/opt/rustwide/rustup-home/toolchains/1.69.0-x86_64-unknown-linux-gnu/lib/rustlib/x86_64-unknown-linux-gnu/lib" "-o" "/tmp/rustdoctestFjW4MG/rust_out" "-Wl,--gc-sections" "-pie" "-Wl,-z,relro,-z,now" "-nodefaultlibs"
[INFO] [stdout]   = note: collect2: fatal error: ld terminated with signal 9 [Killed]
[INFO] [stdout]           compilation terminated.
[INFO] [stdout]           
[INFO] [stdout] 
[INFO] [stdout] error: aborting due to previous error
[INFO] [stdout] 
[INFO] [stdout] Couldn't compile the test.
[INFO] [stdout] 
[INFO] [stdout] failures:
[INFO] [stdout]     src/item.rs - item (line 5)
[INFO] [stdout] 
[INFO] [stdout] test result: FAILED. 3 passed; 1 failed; 0 ignored; 0 measured; 0 filtered out; finished in 4.70s
[INFO] [stdout] 
[INFO] [stderr] error: doctest failed, to rerun pass `--doc`
[INFO] running `Command { std: "docker" "inspect" "c838c7d09c360bbcf10d5fce1f902aa1830e82dc6696284d273888ffffbcb23e", kill_on_drop: false }`
[INFO] running `Command { std: "docker" "rm" "-f" "c838c7d09c360bbcf10d5fce1f902aa1830e82dc6696284d273888ffffbcb23e", kill_on_drop: false }`
[INFO] [stdout] c838c7d09c360bbcf10d5fce1f902aa1830e82dc6696284d273888ffffbcb23e
