[INFO] fetching crate gdcm_conv 0.1.7...
[INFO] testing gdcm_conv-0.1.7 against 1.69.0 for beta-1.70-1
[INFO] extracting crate gdcm_conv 0.1.7 into /workspace/builds/worker-5-tc1/source
[INFO] validating manifest of crates.io crate gdcm_conv 0.1.7 on toolchain 1.69.0
[INFO] running `Command { std: CARGO_HOME="/workspace/cargo-home" RUSTUP_HOME="/workspace/rustup-home" "/workspace/cargo-home/bin/cargo" "+1.69.0" "metadata" "--manifest-path" "Cargo.toml" "--no-deps", kill_on_drop: false }`
[INFO] started tweaking crates.io crate gdcm_conv 0.1.7
[INFO] finished tweaking crates.io crate gdcm_conv 0.1.7
[INFO] tweaked toml for crates.io crate gdcm_conv 0.1.7 written to /workspace/builds/worker-5-tc1/source/Cargo.toml
[INFO] running `Command { std: CARGO_HOME="/workspace/cargo-home" RUSTUP_HOME="/workspace/rustup-home" __CARGO_TEST_CHANNEL_OVERRIDE_DO_NOT_USE_THIS="nightly" "/workspace/cargo-home/bin/cargo" "+1.69.0" "generate-lockfile" "--manifest-path" "Cargo.toml" "-Zno-index-update", kill_on_drop: false }`
[INFO] running `Command { std: CARGO_HOME="/workspace/cargo-home" RUSTUP_HOME="/workspace/rustup-home" "/workspace/cargo-home/bin/cargo" "+1.69.0" "fetch" "--manifest-path" "Cargo.toml", kill_on_drop: false }`
[INFO] running `Command { std: "docker" "create" "-v" "/var/lib/crater-agent-workspace/builds/worker-5-tc1/target:/opt/rustwide/target:rw,Z" "-v" "/var/lib/crater-agent-workspace/builds/worker-5-tc1/source:/opt/rustwide/workdir:ro,Z" "-v" "/var/lib/crater-agent-workspace/cargo-home:/opt/rustwide/cargo-home:ro,Z" "-v" "/var/lib/crater-agent-workspace/rustup-home:/opt/rustwide/rustup-home:ro,Z" "-e" "SOURCE_DIR=/opt/rustwide/workdir" "-e" "CARGO_TARGET_DIR=/opt/rustwide/target" "-e" "CARGO_HOME=/opt/rustwide/cargo-home" "-e" "RUSTUP_HOME=/opt/rustwide/rustup-home" "-w" "/opt/rustwide/workdir" "-m" "1610612736" "--user" "0:0" "--network" "none" "ghcr.io/rust-lang/crates-build-env/linux@sha256:5ff2268d62e97bff2cde7d5815dd6ed5b47097566f13b8d0ca110b04b60e07ed" "/opt/rustwide/cargo-home/bin/cargo" "+1.69.0" "metadata" "--no-deps" "--format-version=1", kill_on_drop: false }`
[INFO] [stdout] e95627d3c37e8794e3207c455e8064b4627c12c27d7868a6a36c4a12abdd32e2
[INFO] running `Command { std: "docker" "start" "-a" "e95627d3c37e8794e3207c455e8064b4627c12c27d7868a6a36c4a12abdd32e2", kill_on_drop: false }`
[INFO] running `Command { std: "docker" "inspect" "e95627d3c37e8794e3207c455e8064b4627c12c27d7868a6a36c4a12abdd32e2", kill_on_drop: false }`
[INFO] running `Command { std: "docker" "rm" "-f" "e95627d3c37e8794e3207c455e8064b4627c12c27d7868a6a36c4a12abdd32e2", kill_on_drop: false }`
[INFO] [stdout] e95627d3c37e8794e3207c455e8064b4627c12c27d7868a6a36c4a12abdd32e2
[INFO] running `Command { std: "docker" "create" "-v" "/var/lib/crater-agent-workspace/builds/worker-5-tc1/target:/opt/rustwide/target:rw,Z" "-v" "/var/lib/crater-agent-workspace/builds/worker-5-tc1/source:/opt/rustwide/workdir:ro,Z" "-v" "/var/lib/crater-agent-workspace/cargo-home:/opt/rustwide/cargo-home:ro,Z" "-v" "/var/lib/crater-agent-workspace/rustup-home:/opt/rustwide/rustup-home:ro,Z" "-e" "SOURCE_DIR=/opt/rustwide/workdir" "-e" "CARGO_TARGET_DIR=/opt/rustwide/target" "-e" "CARGO_INCREMENTAL=0" "-e" "RUST_BACKTRACE=full" "-e" "RUSTFLAGS=--cap-lints=warn" "-e" "RUSTDOCFLAGS=--cap-lints=warn" "-e" "CARGO_HOME=/opt/rustwide/cargo-home" "-e" "RUSTUP_HOME=/opt/rustwide/rustup-home" "-w" "/opt/rustwide/workdir" "-m" "1610612736" "--user" "0:0" "--network" "none" "ghcr.io/rust-lang/crates-build-env/linux@sha256:5ff2268d62e97bff2cde7d5815dd6ed5b47097566f13b8d0ca110b04b60e07ed" "/opt/rustwide/cargo-home/bin/cargo" "+1.69.0" "build" "--frozen" "--message-format=json", kill_on_drop: false }`
[INFO] [stdout] 35b89948e8c6b00cbeb4f7a92d21a566a2283869350ed3580542b0575304207d
[INFO] running `Command { std: "docker" "start" "-a" "35b89948e8c6b00cbeb4f7a92d21a566a2283869350ed3580542b0575304207d", kill_on_drop: false }`
[INFO] [stderr]    Compiling proc-macro2 v1.0.56
[INFO] [stderr]    Compiling quote v1.0.26
[INFO] [stderr]    Compiling unicode-ident v1.0.8
[INFO] [stderr]    Compiling cc v1.0.79
[INFO] [stderr]    Compiling thiserror v1.0.40
[INFO] [stderr]    Compiling libc v0.2.142
[INFO] [stderr]    Compiling cmake v0.1.50
[INFO] [stderr]    Compiling gdcm_conv v0.1.7 (/opt/rustwide/workdir)
[INFO] [stderr]    Compiling syn v2.0.15
[INFO] [stderr]    Compiling thiserror-impl v1.0.40
[INFO] [stderr]     Finished dev [unoptimized + debuginfo] target(s) in 3m 15s
[INFO] running `Command { std: "docker" "inspect" "35b89948e8c6b00cbeb4f7a92d21a566a2283869350ed3580542b0575304207d", kill_on_drop: false }`
[INFO] running `Command { std: "docker" "rm" "-f" "35b89948e8c6b00cbeb4f7a92d21a566a2283869350ed3580542b0575304207d", kill_on_drop: false }`
[INFO] [stdout] 35b89948e8c6b00cbeb4f7a92d21a566a2283869350ed3580542b0575304207d
[INFO] running `Command { std: "docker" "create" "-v" "/var/lib/crater-agent-workspace/builds/worker-5-tc1/target:/opt/rustwide/target:rw,Z" "-v" "/var/lib/crater-agent-workspace/builds/worker-5-tc1/source:/opt/rustwide/workdir:ro,Z" "-v" "/var/lib/crater-agent-workspace/cargo-home:/opt/rustwide/cargo-home:ro,Z" "-v" "/var/lib/crater-agent-workspace/rustup-home:/opt/rustwide/rustup-home:ro,Z" "-e" "SOURCE_DIR=/opt/rustwide/workdir" "-e" "CARGO_TARGET_DIR=/opt/rustwide/target" "-e" "CARGO_INCREMENTAL=0" "-e" "RUST_BACKTRACE=full" "-e" "RUSTFLAGS=--cap-lints=warn" "-e" "RUSTDOCFLAGS=--cap-lints=warn" "-e" "CARGO_HOME=/opt/rustwide/cargo-home" "-e" "RUSTUP_HOME=/opt/rustwide/rustup-home" "-w" "/opt/rustwide/workdir" "-m" "1610612736" "--user" "0:0" "--network" "none" "ghcr.io/rust-lang/crates-build-env/linux@sha256:5ff2268d62e97bff2cde7d5815dd6ed5b47097566f13b8d0ca110b04b60e07ed" "/opt/rustwide/cargo-home/bin/cargo" "+1.69.0" "test" "--frozen" "--no-run" "--message-format=json", kill_on_drop: false }`
[INFO] [stdout] 12a26582b4b1a2d90c8f097112396065bc773315fc6213744eba4c2d79c88bbf
[INFO] running `Command { std: "docker" "start" "-a" "12a26582b4b1a2d90c8f097112396065bc773315fc6213744eba4c2d79c88bbf", kill_on_drop: false }`
[INFO] [stderr]    Compiling gdcm_conv v0.1.7 (/opt/rustwide/workdir)
[INFO] [stderr]     Finished test [unoptimized + debuginfo] target(s) in 2.37s
[INFO] running `Command { std: "docker" "inspect" "12a26582b4b1a2d90c8f097112396065bc773315fc6213744eba4c2d79c88bbf", kill_on_drop: false }`
[INFO] running `Command { std: "docker" "rm" "-f" "12a26582b4b1a2d90c8f097112396065bc773315fc6213744eba4c2d79c88bbf", kill_on_drop: false }`
[INFO] [stdout] 12a26582b4b1a2d90c8f097112396065bc773315fc6213744eba4c2d79c88bbf
[INFO] running `Command { std: "docker" "create" "-v" "/var/lib/crater-agent-workspace/builds/worker-5-tc1/target:/opt/rustwide/target:rw,Z" "-v" "/var/lib/crater-agent-workspace/builds/worker-5-tc1/source:/opt/rustwide/workdir:ro,Z" "-v" "/var/lib/crater-agent-workspace/cargo-home:/opt/rustwide/cargo-home:ro,Z" "-v" "/var/lib/crater-agent-workspace/rustup-home:/opt/rustwide/rustup-home:ro,Z" "-e" "SOURCE_DIR=/opt/rustwide/workdir" "-e" "CARGO_TARGET_DIR=/opt/rustwide/target" "-e" "CARGO_INCREMENTAL=0" "-e" "RUST_BACKTRACE=full" "-e" "RUSTFLAGS=--cap-lints=warn" "-e" "RUSTDOCFLAGS=--cap-lints=warn" "-e" "CARGO_HOME=/opt/rustwide/cargo-home" "-e" "RUSTUP_HOME=/opt/rustwide/rustup-home" "-w" "/opt/rustwide/workdir" "-m" "1610612736" "--user" "0:0" "--network" "none" "ghcr.io/rust-lang/crates-build-env/linux@sha256:5ff2268d62e97bff2cde7d5815dd6ed5b47097566f13b8d0ca110b04b60e07ed" "/opt/rustwide/cargo-home/bin/cargo" "+1.69.0" "test" "--frozen", kill_on_drop: false }`
[INFO] [stdout] 197225ddde914e013e1066b9417d2181bb8b0725860ebd278e57ccd0401b148f
[INFO] running `Command { std: "docker" "start" "-a" "197225ddde914e013e1066b9417d2181bb8b0725860ebd278e57ccd0401b148f", kill_on_drop: false }`
[INFO] [stderr]     Finished test [unoptimized + debuginfo] target(s) in 0.03s
[INFO] [stderr]      Running unittests src/lib.rs (/opt/rustwide/target/debug/deps/gdcm_conv-6f3366613009ac00)
[INFO] [stdout] 
[INFO] [stdout] running 0 tests
[INFO] [stdout] 
[INFO] [stdout] test result: ok. 0 passed; 0 failed; 0 ignored; 0 measured; 0 filtered out; finished in 0.00s
[INFO] [stdout] 
[INFO] [stderr]    Doc-tests gdcm_conv
[INFO] [stdout] 
[INFO] [stdout] running 2 tests
[INFO] [stdout] test src/lib.rs - (line 72) ... FAILED
[INFO] [stdout] test src/lib.rs - (line 21) ... FAILED
[INFO] [stdout] 
[INFO] [stdout] failures:
[INFO] [stdout] 
[INFO] [stdout] ---- src/lib.rs - (line 72) stdout ----
[INFO] [stdout] error[E0425]: cannot find value `bits_allocated` in this scope
[INFO] [stdout]  --> src/lib.rs:76:15
[INFO] [stdout]   |
[INFO] [stdout] 6 | let a = match bits_allocated {
[INFO] [stdout]   |               ^^^^^^^^^^^^^^ not found in this scope
[INFO] [stdout] 
[INFO] [stdout] error[E0425]: cannot find value `photometric_interpretation` in this scope
[INFO] [stdout]   --> src/lib.rs:81:15
[INFO] [stdout]    |
[INFO] [stdout] 11 | let b = match photometric_interpretation {
[INFO] [stdout]    |               ^^^^^^^^^^^^^^^^^^^^^^^^^^ not found in this scope
[INFO] [stdout] 
[INFO] [stdout] error[E0425]: cannot find value `rows` in this scope
[INFO] [stdout]   --> src/lib.rs:87:31
[INFO] [stdout]    |
[INFO] [stdout] 17 | let estimad_length = (a * b * rows * columns * number_of_frames) + MAX_HEADER_SIZE;
[INFO] [stdout]    |                               ^^^^ not found in this scope
[INFO] [stdout] 
[INFO] [stdout] error[E0425]: cannot find value `columns` in this scope
[INFO] [stdout]   --> src/lib.rs:87:38
[INFO] [stdout]    |
[INFO] [stdout] 17 | let estimad_length = (a * b * rows * columns * number_of_frames) + MAX_HEADER_SIZE;
[INFO] [stdout]    |                                      ^^^^^^^ not found in this scope
[INFO] [stdout] 
[INFO] [stdout] error[E0425]: cannot find value `number_of_frames` in this scope
[INFO] [stdout]   --> src/lib.rs:87:48
[INFO] [stdout]    |
[INFO] [stdout] 17 | let estimad_length = (a * b * rows * columns * number_of_frames) + MAX_HEADER_SIZE;
[INFO] [stdout]    |                                                ^^^^^^^^^^^^^^^^ not found in this scope
[INFO] [stdout] 
[INFO] [stdout] error: aborting due to 5 previous errors
[INFO] [stdout] 
[INFO] [stdout] For more information about this error, try `rustc --explain E0425`.
[INFO] [stdout] Couldn't compile the test.
[INFO] [stdout] ---- src/lib.rs - (line 21) stdout ----
[INFO] [stdout] Test executable failed (exit status: 101).
[INFO] [stdout] 
[INFO] [stdout] stderr:
[INFO] [stdout] thread 'main' panicked at 'called `Result::unwrap()` on an `Err` value: Os { code: 30, kind: ReadOnlyFilesystem, message: "Read-only file system" }', src/lib.rs:34:44
[INFO] [stdout] stack backtrace:
[INFO] [stdout]    0:     0x5639f5ce080a - std::backtrace_rs::backtrace::libunwind::trace::ha9053a9a07ca49cb
[INFO] [stdout]                                at /rustc/84c898d65adf2f39a5a98507f1fe0ce10a2b8dbc/library/std/src/../../backtrace/src/backtrace/libunwind.rs:93:5
[INFO] [stdout]    1:     0x5639f5ce080a - std::backtrace_rs::backtrace::trace_unsynchronized::h9c2852a457ad564e
[INFO] [stdout]                                at /rustc/84c898d65adf2f39a5a98507f1fe0ce10a2b8dbc/library/std/src/../../backtrace/src/backtrace/mod.rs:66:5
[INFO] [stdout]    2:     0x5639f5ce080a - std::sys_common::backtrace::_print_fmt::h457936fbfaa0070f
[INFO] [stdout]                                at /rustc/84c898d65adf2f39a5a98507f1fe0ce10a2b8dbc/library/std/src/sys_common/backtrace.rs:65:5
[INFO] [stdout]    3:     0x5639f5ce080a - <std::sys_common::backtrace::_print::DisplayBacktrace as core::fmt::Display>::fmt::h5779d7bf7f70cb0c
[INFO] [stdout]                                at /rustc/84c898d65adf2f39a5a98507f1fe0ce10a2b8dbc/library/std/src/sys_common/backtrace.rs:44:22
[INFO] [stdout]    4:     0x5639f5cfa51e - core::fmt::write::h5a4baaff1bcd3eb5
[INFO] [stdout]                                at /rustc/84c898d65adf2f39a5a98507f1fe0ce10a2b8dbc/library/core/src/fmt/mod.rs:1232:17
[INFO] [stdout]    5:     0x5639f5cde7d5 - std::io::Write::write_fmt::h4bc1f301cb9e9cce
[INFO] [stdout]                                at /rustc/84c898d65adf2f39a5a98507f1fe0ce10a2b8dbc/library/std/src/io/mod.rs:1684:15
[INFO] [stdout]    6:     0x5639f5ce05d5 - std::sys_common::backtrace::_print::h5fcdc36060f177e8
[INFO] [stdout]                                at /rustc/84c898d65adf2f39a5a98507f1fe0ce10a2b8dbc/library/std/src/sys_common/backtrace.rs:47:5
[INFO] [stdout]    7:     0x5639f5ce05d5 - std::sys_common::backtrace::print::h54ca9458b876c8bf
[INFO] [stdout]                                at /rustc/84c898d65adf2f39a5a98507f1fe0ce10a2b8dbc/library/std/src/sys_common/backtrace.rs:34:9
[INFO] [stdout]    8:     0x5639f5ce1c2f - std::panicking::default_hook::{{closure}}::hbe471161c7664ed6
[INFO] [stdout]                                at /rustc/84c898d65adf2f39a5a98507f1fe0ce10a2b8dbc/library/std/src/panicking.rs:271:22
[INFO] [stdout]    9:     0x5639f5ce196b - std::panicking::default_hook::ha3500da57aa4ac4f
[INFO] [stdout]                                at /rustc/84c898d65adf2f39a5a98507f1fe0ce10a2b8dbc/library/std/src/panicking.rs:290:9
[INFO] [stdout]   10:     0x5639f5ce21d8 - std::panicking::rust_panic_with_hook::h50c09d000dc561d2
[INFO] [stdout]                                at /rustc/84c898d65adf2f39a5a98507f1fe0ce10a2b8dbc/library/std/src/panicking.rs:692:13
[INFO] [stdout]   11:     0x5639f5ce20d9 - std::panicking::begin_panic_handler::{{closure}}::h9e2b2176e00e0d9c
[INFO] [stdout]                                at /rustc/84c898d65adf2f39a5a98507f1fe0ce10a2b8dbc/library/std/src/panicking.rs:583:13
[INFO] [stdout]   12:     0x5639f5ce0c76 - std::sys_common::backtrace::__rust_end_short_backtrace::h5739b8e512c09d02
[INFO] [stdout]                                at /rustc/84c898d65adf2f39a5a98507f1fe0ce10a2b8dbc/library/std/src/sys_common/backtrace.rs:150:18
[INFO] [stdout]   13:     0x5639f5ce1de2 - rust_begin_unwind
[INFO] [stdout]                                at /rustc/84c898d65adf2f39a5a98507f1fe0ce10a2b8dbc/library/std/src/panicking.rs:579:5
[INFO] [stdout]   14:     0x5639f5aaf0c3 - core::panicking::panic_fmt::hf33a1475b4dc5c3e
[INFO] [stdout]                                at /rustc/84c898d65adf2f39a5a98507f1fe0ce10a2b8dbc/library/core/src/panicking.rs:64:14
[INFO] [stdout]   15:     0x5639f5aaf4b3 - core::result::unwrap_failed::hdff5465d74574b44
[INFO] [stdout]                                at /rustc/84c898d65adf2f39a5a98507f1fe0ce10a2b8dbc/library/core/src/result.rs:1750:5
[INFO] [stdout]   16:     0x5639f5ab06e4 - core::result::Result<T,E>::unwrap::h2ff2e1a8ac6ced3f
[INFO] [stdout]   17:     0x5639f5ab0d44 - rust_out::main::_doctest_main_src_lib_rs_21_0::h835dc201945a4664
[INFO] [stdout]   18:     0x5639f5ab0a86 - rust_out::main::h045d0fd74ed7290e
[INFO] [stdout]   19:     0x5639f5ab0433 - core::ops::function::FnOnce::call_once::h5b89dea722ea21ad
[INFO] [stdout]   20:     0x5639f5aaf779 - std::sys_common::backtrace::__rust_begin_short_backtrace::hc178e4cfacf1803d
[INFO] [stdout]   21:     0x5639f5ab0289 - std::rt::lang_start::{{closure}}::he8c5d60628d06093
[INFO] [stdout]   22:     0x5639f5cdb5ec - core::ops::function::impls::<impl core::ops::function::FnOnce<A> for &F>::call_once::hd6efcd3bec896f2c
[INFO] [stdout]                                at /rustc/84c898d65adf2f39a5a98507f1fe0ce10a2b8dbc/library/core/src/ops/function.rs:287:13
[INFO] [stdout]   23:     0x5639f5cdb5ec - std::panicking::try::do_call::hce04e543bb1f4cbb
[INFO] [stdout]                                at /rustc/84c898d65adf2f39a5a98507f1fe0ce10a2b8dbc/library/std/src/panicking.rs:487:40
[INFO] [stdout]   24:     0x5639f5cdb5ec - std::panicking::try::h3342dd4e1f680968
[INFO] [stdout]                                at /rustc/84c898d65adf2f39a5a98507f1fe0ce10a2b8dbc/library/std/src/panicking.rs:451:19
[INFO] [stdout]   25:     0x5639f5cdb5ec - std::panic::catch_unwind::h148ce1e59ac0cee7
[INFO] [stdout]                                at /rustc/84c898d65adf2f39a5a98507f1fe0ce10a2b8dbc/library/std/src/panic.rs:140:14
[INFO] [stdout]   26:     0x5639f5cdb5ec - std::rt::lang_start_internal::{{closure}}::h25f9dda2057a67fe
[INFO] [stdout]                                at /rustc/84c898d65adf2f39a5a98507f1fe0ce10a2b8dbc/library/std/src/rt.rs:148:48
[INFO] [stdout]   27:     0x5639f5cdb5ec - std::panicking::try::do_call::h7caaaeaf9401650b
[INFO] [stdout]                                at /rustc/84c898d65adf2f39a5a98507f1fe0ce10a2b8dbc/library/std/src/panicking.rs:487:40
[INFO] [stdout]   28:     0x5639f5cdb5ec - std::panicking::try::he7d15285746cbbc2
[INFO] [stdout]                                at /rustc/84c898d65adf2f39a5a98507f1fe0ce10a2b8dbc/library/std/src/panicking.rs:451:19
[INFO] [stdout]   29:     0x5639f5cdb5ec - std::panic::catch_unwind::h89fb4f50c0301fe0
[INFO] [stdout]                                at /rustc/84c898d65adf2f39a5a98507f1fe0ce10a2b8dbc/library/std/src/panic.rs:140:14
[INFO] [stdout]   30:     0x5639f5cdb5ec - std::rt::lang_start_internal::h078acd489417d3c1
[INFO] [stdout]                                at /rustc/84c898d65adf2f39a5a98507f1fe0ce10a2b8dbc/library/std/src/rt.rs:148:20
[INFO] [stdout]   31:     0x5639f5ab0267 - std::rt::lang_start::h335d6166ecad8ac7
[INFO] [stdout]   32:     0x5639f5ab0e45 - main
[INFO] [stdout]   33:     0x7fda48564d90 - <unknown>
[INFO] [stdout]   34:     0x7fda48564e40 - __libc_start_main
[INFO] [stdout]   35:     0x5639f5aaf5f5 - _start
[INFO] [stdout]   36:                0x0 - <unknown>
[INFO] [stdout] 
[INFO] [stdout] 
[INFO] [stdout] 
[INFO] [stdout] failures:
[INFO] [stdout]     src/lib.rs - (line 21)
[INFO] [stdout]     src/lib.rs - (line 72)
[INFO] [stdout] 
[INFO] [stdout] test result: FAILED. 0 passed; 2 failed; 0 ignored; 0 measured; 0 filtered out; finished in 1.49s
[INFO] [stdout] 
[INFO] [stderr] error: doctest failed, to rerun pass `--doc`
[INFO] running `Command { std: "docker" "inspect" "197225ddde914e013e1066b9417d2181bb8b0725860ebd278e57ccd0401b148f", kill_on_drop: false }`
[INFO] running `Command { std: "docker" "rm" "-f" "197225ddde914e013e1066b9417d2181bb8b0725860ebd278e57ccd0401b148f", kill_on_drop: false }`
[INFO] [stdout] 197225ddde914e013e1066b9417d2181bb8b0725860ebd278e57ccd0401b148f
