[INFO] fetching crate contrast_renderer 0.1.1...
[INFO] testing contrast_renderer-0.1.1 against 1.69.0 for beta-1.70-1
[INFO] extracting crate contrast_renderer 0.1.1 into /workspace/builds/worker-2-tc1/source
[INFO] validating manifest of crates.io crate contrast_renderer 0.1.1 on toolchain 1.69.0
[INFO] running `Command { std: CARGO_HOME="/workspace/cargo-home" RUSTUP_HOME="/workspace/rustup-home" "/workspace/cargo-home/bin/cargo" "+1.69.0" "metadata" "--manifest-path" "Cargo.toml" "--no-deps", kill_on_drop: false }`
[INFO] started tweaking crates.io crate contrast_renderer 0.1.1
[INFO] finished tweaking crates.io crate contrast_renderer 0.1.1
[INFO] tweaked toml for crates.io crate contrast_renderer 0.1.1 written to /workspace/builds/worker-2-tc1/source/Cargo.toml
[INFO] crate crates.io crate contrast_renderer 0.1.1 already has a lockfile, it will not be regenerated
[INFO] running `Command { std: CARGO_HOME="/workspace/cargo-home" RUSTUP_HOME="/workspace/rustup-home" "/workspace/cargo-home/bin/cargo" "+1.69.0" "fetch" "--manifest-path" "Cargo.toml", kill_on_drop: false }`
[INFO] [stderr]  Downloading crates ...
[INFO] [stderr]   Downloaded slab v0.4.3
[INFO] [stderr]   Downloaded futures-io v0.3.15
[INFO] [stderr]   Downloaded futures-core v0.3.15
[INFO] [stderr]   Downloaded fastrand v1.4.1
[INFO] [stderr]   Downloaded console_log v0.1.2
[INFO] [stderr]   Downloaded ndk-glue v0.5.0
[INFO] [stderr]   Downloaded raw-window-handle v0.4.2
[INFO] [stderr]   Downloaded darling_macro v0.13.1
[INFO] [stderr]   Downloaded num_enum_derive v0.5.2
[INFO] [stderr]   Downloaded mio v0.8.0
[INFO] [stderr]   Downloaded ttf-parser v0.14.0
[INFO] [stderr]   Downloaded xml-rs v0.8.3
[INFO] [stderr]   Downloaded memmap2 v0.3.1
[INFO] [stderr]   Downloaded d3d12 v0.5.0
[INFO] [stderr]   Downloaded wgpu v0.13.1
[INFO] [stderr]   Downloaded calloop v0.9.3
[INFO] [stderr]   Downloaded nix v0.22.2
[INFO] [stderr]   Downloaded pollster v0.2.4
[INFO] [stderr]   Downloaded gpu-alloc v0.5.2
[INFO] [stderr]   Downloaded ash v0.37.0+1.3.209
[INFO] [stderr]   Downloaded console_error_panic_hook v0.1.6
[INFO] [stderr]   Downloaded naga v0.9.0
[INFO] [stderr]   Downloaded num_enum v0.5.2
[INFO] [stderr]   Downloaded darling_core v0.13.1
[INFO] [stderr]   Downloaded darling v0.13.1
[INFO] [stderr]   Downloaded thiserror-impl v1.0.25
[INFO] [stderr]   Downloaded thiserror v1.0.25
[INFO] [stderr]   Downloaded smithay-client-toolkit v0.15.3
[INFO] [stderr]   Downloaded winit v0.26.0
[INFO] [stderr]   Downloaded android_system_properties v0.1.2
[INFO] [stderr]   Downloaded wayland-cursor v0.29.2
[INFO] [stderr]   Downloaded wayland-scanner v0.29.2
[INFO] [stderr]   Downloaded nom v6.2.0
[INFO] [stderr]   Downloaded wayland-sys v0.29.2
[INFO] [stderr]   Downloaded wayland-commons v0.29.2
[INFO] [stderr]   Downloaded wgpu-types v0.13.0
[INFO] [stderr]   Downloaded wayland-client v0.29.2
[INFO] [stderr]   Downloaded wayland-protocols v0.29.2
[INFO] [stderr]   Downloaded wgpu-core v0.13.1
[INFO] [stderr]   Downloaded wgpu-hal v0.13.1
[INFO] [stderr]   Downloaded geometric_algebra v0.1.3
[INFO] [stderr]   Downloaded profiling v1.0.2
[INFO] running `Command { std: "docker" "create" "-v" "/var/lib/crater-agent-workspace/builds/worker-2-tc1/target:/opt/rustwide/target:rw,Z" "-v" "/var/lib/crater-agent-workspace/builds/worker-2-tc1/source:/opt/rustwide/workdir:ro,Z" "-v" "/var/lib/crater-agent-workspace/cargo-home:/opt/rustwide/cargo-home:ro,Z" "-v" "/var/lib/crater-agent-workspace/rustup-home:/opt/rustwide/rustup-home:ro,Z" "-e" "SOURCE_DIR=/opt/rustwide/workdir" "-e" "CARGO_TARGET_DIR=/opt/rustwide/target" "-e" "CARGO_HOME=/opt/rustwide/cargo-home" "-e" "RUSTUP_HOME=/opt/rustwide/rustup-home" "-w" "/opt/rustwide/workdir" "-m" "1610612736" "--user" "0:0" "--network" "none" "ghcr.io/rust-lang/crates-build-env/linux@sha256:5ff2268d62e97bff2cde7d5815dd6ed5b47097566f13b8d0ca110b04b60e07ed" "/opt/rustwide/cargo-home/bin/cargo" "+1.69.0" "metadata" "--no-deps" "--format-version=1", kill_on_drop: false }`
[INFO] [stdout] 0b56e3d0bff2dda88471b72deda14c1c382d7c24b3d601d3f01388643f3c1a35
[INFO] running `Command { std: "docker" "start" "-a" "0b56e3d0bff2dda88471b72deda14c1c382d7c24b3d601d3f01388643f3c1a35", kill_on_drop: false }`
[INFO] running `Command { std: "docker" "inspect" "0b56e3d0bff2dda88471b72deda14c1c382d7c24b3d601d3f01388643f3c1a35", kill_on_drop: false }`
[INFO] running `Command { std: "docker" "rm" "-f" "0b56e3d0bff2dda88471b72deda14c1c382d7c24b3d601d3f01388643f3c1a35", kill_on_drop: false }`
[INFO] [stdout] 0b56e3d0bff2dda88471b72deda14c1c382d7c24b3d601d3f01388643f3c1a35
[INFO] running `Command { std: "docker" "create" "-v" "/var/lib/crater-agent-workspace/builds/worker-2-tc1/target:/opt/rustwide/target:rw,Z" "-v" "/var/lib/crater-agent-workspace/builds/worker-2-tc1/source:/opt/rustwide/workdir:ro,Z" "-v" "/var/lib/crater-agent-workspace/cargo-home:/opt/rustwide/cargo-home:ro,Z" "-v" "/var/lib/crater-agent-workspace/rustup-home:/opt/rustwide/rustup-home:ro,Z" "-e" "SOURCE_DIR=/opt/rustwide/workdir" "-e" "CARGO_TARGET_DIR=/opt/rustwide/target" "-e" "CARGO_INCREMENTAL=0" "-e" "RUST_BACKTRACE=full" "-e" "RUSTFLAGS=--cap-lints=warn" "-e" "RUSTDOCFLAGS=--cap-lints=warn" "-e" "CARGO_HOME=/opt/rustwide/cargo-home" "-e" "RUSTUP_HOME=/opt/rustwide/rustup-home" "-w" "/opt/rustwide/workdir" "-m" "1610612736" "--user" "0:0" "--network" "none" "ghcr.io/rust-lang/crates-build-env/linux@sha256:5ff2268d62e97bff2cde7d5815dd6ed5b47097566f13b8d0ca110b04b60e07ed" "/opt/rustwide/cargo-home/bin/cargo" "+1.69.0" "build" "--frozen" "--message-format=json", kill_on_drop: false }`
[INFO] [stdout] e879a8f2430306d87e66f25891b8c5ace7519d75dc3f7bb24a6440c1f0a67bfe
[INFO] running `Command { std: "docker" "start" "-a" "e879a8f2430306d87e66f25891b8c5ace7519d75dc3f7bb24a6440c1f0a67bfe", kill_on_drop: false }`
[INFO] [stderr]    Compiling libc v0.2.126
[INFO] [stderr]    Compiling proc-macro2 v1.0.27
[INFO] [stderr]    Compiling unicode-xid v0.2.3
[INFO] [stderr]    Compiling syn v1.0.73
[INFO] [stderr]    Compiling version_check v0.9.3
[INFO] [stderr]    Compiling once_cell v1.8.0
[INFO] [stderr]    Compiling libloading v0.7.0
[INFO] [stderr]    Compiling instant v0.1.9
[INFO] [stderr]    Compiling smallvec v1.6.1
[INFO] [stderr]    Compiling termcolor v1.1.2
[INFO] [stderr]    Compiling ash v0.37.0+1.3.209
[INFO] [stderr]    Compiling hashbrown v0.9.1
[INFO] [stderr]    Compiling num-traits v0.2.14
[INFO] [stderr]    Compiling indexmap v1.6.2
[INFO] [stderr]    Compiling bit-vec v0.6.3
[INFO] [stderr]    Compiling khronos-egl v4.1.0
[INFO] [stderr]    Compiling lock_api v0.4.4
[INFO] [stderr]    Compiling gpu-alloc-types v0.2.0
[INFO] [stderr]    Compiling gpu-descriptor-types v0.1.1
[INFO] [stderr]    Compiling cfg_aliases v0.1.1
[INFO] [stderr]    Compiling cty v0.2.2
[INFO] [stderr]    Compiling codespan-reporting v0.11.1
[INFO] [stderr]    Compiling rustc-hash v1.1.0
[INFO] [stderr]    Compiling bit-set v0.5.2
[INFO] [stderr]    Compiling hexf-parse v0.2.1
[INFO] [stderr]    Compiling raw-window-handle v0.4.2
[INFO] [stderr]    Compiling wgpu-core v0.13.1
[INFO] [stderr]    Compiling gpu-alloc v0.5.2
[INFO] [stderr]    Compiling fxhash v0.2.1
[INFO] [stderr]    Compiling wgpu-types v0.13.0
[INFO] [stderr]    Compiling ahash v0.7.6
[INFO] [stderr]    Compiling renderdoc-sys v0.7.1
[INFO] [stderr]    Compiling glow v0.11.2
[INFO] [stderr]    Compiling inplace_it v0.3.3
[INFO] [stderr]    Compiling arrayvec v0.7.2
[INFO] [stderr]    Compiling profiling v1.0.2
[INFO] [stderr]    Compiling copyless v0.1.5
[INFO] [stderr]    Compiling ttf-parser v0.14.0
[INFO] [stderr]    Compiling geometric_algebra v0.1.3
[INFO] [stderr]    Compiling quote v1.0.9
[INFO] [stderr]    Compiling getrandom v0.2.3
[INFO] [stderr]    Compiling parking_lot_core v0.8.3
[INFO] [stderr]    Compiling spirv v0.2.0+1.5.4
[INFO] [stderr]    Compiling hashbrown v0.11.2
[INFO] [stderr]    Compiling parking_lot v0.11.1
[INFO] [stderr]    Compiling gpu-descriptor v0.2.2
[INFO] [stderr]    Compiling thiserror-impl v1.0.25
[INFO] [stderr]    Compiling thiserror v1.0.25
[INFO] [stderr]    Compiling naga v0.9.0
[INFO] [stderr]    Compiling wgpu-hal v0.13.1
[INFO] [stderr]    Compiling wgpu v0.13.1
[INFO] [stderr]    Compiling contrast_renderer v0.1.1 (/opt/rustwide/workdir)
[INFO] [stderr]     Finished dev [unoptimized + debuginfo] target(s) in 41.11s
[INFO] running `Command { std: "docker" "inspect" "e879a8f2430306d87e66f25891b8c5ace7519d75dc3f7bb24a6440c1f0a67bfe", kill_on_drop: false }`
[INFO] running `Command { std: "docker" "rm" "-f" "e879a8f2430306d87e66f25891b8c5ace7519d75dc3f7bb24a6440c1f0a67bfe", kill_on_drop: false }`
[INFO] [stdout] e879a8f2430306d87e66f25891b8c5ace7519d75dc3f7bb24a6440c1f0a67bfe
[INFO] running `Command { std: "docker" "create" "-v" "/var/lib/crater-agent-workspace/builds/worker-2-tc1/target:/opt/rustwide/target:rw,Z" "-v" "/var/lib/crater-agent-workspace/builds/worker-2-tc1/source:/opt/rustwide/workdir:ro,Z" "-v" "/var/lib/crater-agent-workspace/cargo-home:/opt/rustwide/cargo-home:ro,Z" "-v" "/var/lib/crater-agent-workspace/rustup-home:/opt/rustwide/rustup-home:ro,Z" "-e" "SOURCE_DIR=/opt/rustwide/workdir" "-e" "CARGO_TARGET_DIR=/opt/rustwide/target" "-e" "CARGO_INCREMENTAL=0" "-e" "RUST_BACKTRACE=full" "-e" "RUSTFLAGS=--cap-lints=warn" "-e" "RUSTDOCFLAGS=--cap-lints=warn" "-e" "CARGO_HOME=/opt/rustwide/cargo-home" "-e" "RUSTUP_HOME=/opt/rustwide/rustup-home" "-w" "/opt/rustwide/workdir" "-m" "1610612736" "--user" "0:0" "--network" "none" "ghcr.io/rust-lang/crates-build-env/linux@sha256:5ff2268d62e97bff2cde7d5815dd6ed5b47097566f13b8d0ca110b04b60e07ed" "/opt/rustwide/cargo-home/bin/cargo" "+1.69.0" "test" "--frozen" "--no-run" "--message-format=json", kill_on_drop: false }`
[INFO] [stdout] 67c7c0a05341363b4d9fd86f3b1bbc4f2a3066f52e63f03b84ca071a7822707e
[INFO] running `Command { std: "docker" "start" "-a" "67c7c0a05341363b4d9fd86f3b1bbc4f2a3066f52e63f03b84ca071a7822707e", kill_on_drop: false }`
[INFO] [stderr]     Blocking waiting for file lock on package cache
[INFO] [stderr]    Compiling libc v0.2.126
[INFO] [stderr]    Compiling once_cell v1.8.0
[INFO] [stderr]    Compiling pkg-config v0.3.19
[INFO] [stderr]    Compiling xml-rs v0.8.3
[INFO] [stderr]    Compiling memchr v2.3.4
[INFO] [stderr]    Compiling instant v0.1.9
[INFO] [stderr]    Compiling memoffset v0.6.4
[INFO] [stderr]    Compiling dlib v0.5.0
[INFO] [stderr]    Compiling nom v6.2.0
[INFO] [stderr]    Compiling downcast-rs v1.2.0
[INFO] [stderr]    Compiling scoped-tls v1.0.0
[INFO] [stderr]    Compiling futures-core v0.3.15
[INFO] [stderr]    Compiling cache-padded v1.1.1
[INFO] [stderr]    Compiling parking v2.0.0
[INFO] [stderr]    Compiling pin-project-lite v0.2.6
[INFO] [stderr]    Compiling waker-fn v1.1.0
[INFO] [stderr]    Compiling futures-io v0.3.15
[INFO] [stderr]    Compiling winit v0.26.0
[INFO] [stderr]    Compiling fastrand v1.4.1
[INFO] [stderr]    Compiling concurrent-queue v1.2.2
[INFO] [stderr]    Compiling async-task v4.0.3
[INFO] [stderr]    Compiling percent-encoding v2.1.0
[INFO] [stderr]    Compiling slab v0.4.3
[INFO] [stderr]    Compiling pollster v0.2.4
[INFO] [stderr]    Compiling wayland-sys v0.29.2
[INFO] [stderr]    Compiling smithay-client-toolkit v0.15.3
[INFO] [stderr]    Compiling x11-dl v2.18.5
[INFO] [stderr]    Compiling wayland-scanner v0.29.2
[INFO] [stderr]    Compiling futures-lite v1.12.0
[INFO] [stderr]    Compiling async-executor v1.4.1
[INFO] [stderr]    Compiling nix v0.22.2
[INFO] [stderr]    Compiling getrandom v0.2.3
[INFO] [stderr]    Compiling parking_lot_core v0.8.3
[INFO] [stderr]    Compiling khronos-egl v4.1.0
[INFO] [stderr]    Compiling memmap2 v0.3.1
[INFO] [stderr]    Compiling mio v0.8.0
[INFO] [stderr]    Compiling wayland-client v0.29.2
[INFO] [stderr]    Compiling wayland-protocols v0.29.2
[INFO] [stderr]    Compiling ahash v0.7.6
[INFO] [stderr]    Compiling hashbrown v0.11.2
[INFO] [stderr]    Compiling parking_lot v0.11.1
[INFO] [stderr]    Compiling xcursor v0.3.3
[INFO] [stderr]    Compiling gpu-descriptor v0.2.2
[INFO] [stderr]    Compiling wgpu-hal v0.13.1
[INFO] [stderr]    Compiling wayland-commons v0.29.2
[INFO] [stderr]    Compiling calloop v0.9.3
[INFO] [stderr]    Compiling wgpu-core v0.13.1
[INFO] [stderr]    Compiling wayland-cursor v0.29.2
[INFO] [stderr]    Compiling wgpu v0.13.1
[INFO] [stderr]    Compiling contrast_renderer v0.1.1 (/opt/rustwide/workdir)
[INFO] [stderr]     Finished test [unoptimized + debuginfo] target(s) in 1m 25s
[INFO] [stderr] warning: the following packages contain code that will be rejected by a future version of Rust: nom v6.2.0
[INFO] [stderr] note: to see what the problems were, use the option `--future-incompat-report`, or run `cargo report future-incompatibilities --id 2`
[INFO] running `Command { std: "docker" "inspect" "67c7c0a05341363b4d9fd86f3b1bbc4f2a3066f52e63f03b84ca071a7822707e", kill_on_drop: false }`
[INFO] running `Command { std: "docker" "rm" "-f" "67c7c0a05341363b4d9fd86f3b1bbc4f2a3066f52e63f03b84ca071a7822707e", kill_on_drop: false }`
[INFO] [stdout] 67c7c0a05341363b4d9fd86f3b1bbc4f2a3066f52e63f03b84ca071a7822707e
[INFO] running `Command { std: "docker" "create" "-v" "/var/lib/crater-agent-workspace/builds/worker-2-tc1/target:/opt/rustwide/target:rw,Z" "-v" "/var/lib/crater-agent-workspace/builds/worker-2-tc1/source:/opt/rustwide/workdir:ro,Z" "-v" "/var/lib/crater-agent-workspace/cargo-home:/opt/rustwide/cargo-home:ro,Z" "-v" "/var/lib/crater-agent-workspace/rustup-home:/opt/rustwide/rustup-home:ro,Z" "-e" "SOURCE_DIR=/opt/rustwide/workdir" "-e" "CARGO_TARGET_DIR=/opt/rustwide/target" "-e" "CARGO_INCREMENTAL=0" "-e" "RUST_BACKTRACE=full" "-e" "RUSTFLAGS=--cap-lints=warn" "-e" "RUSTDOCFLAGS=--cap-lints=warn" "-e" "CARGO_HOME=/opt/rustwide/cargo-home" "-e" "RUSTUP_HOME=/opt/rustwide/rustup-home" "-w" "/opt/rustwide/workdir" "-m" "1610612736" "--user" "0:0" "--network" "none" "ghcr.io/rust-lang/crates-build-env/linux@sha256:5ff2268d62e97bff2cde7d5815dd6ed5b47097566f13b8d0ca110b04b60e07ed" "/opt/rustwide/cargo-home/bin/cargo" "+1.69.0" "test" "--frozen", kill_on_drop: false }`
[INFO] [stdout] a11cce4459ebdf66de01e6fdb4ee6e58a909668848a8519bd96ead42c99eab17
[INFO] running `Command { std: "docker" "start" "-a" "a11cce4459ebdf66de01e6fdb4ee6e58a909668848a8519bd96ead42c99eab17", kill_on_drop: false }`
[INFO] [stderr]     Blocking waiting for file lock on package cache
[INFO] [stderr]     Finished test [unoptimized + debuginfo] target(s) in 0.65s
[INFO] [stderr] warning: the following packages contain code that will be rejected by a future version of Rust: nom v6.2.0
[INFO] [stderr]     Blocking waiting for file lock on package cache
[INFO] [stderr] note: to see what the problems were, use the option `--future-incompat-report`, or run `cargo report future-incompatibilities --id 2`
[INFO] [stderr]      Running unittests src/lib.rs (/opt/rustwide/target/debug/deps/contrast_renderer-170813b94209da62)
[INFO] [stdout] 
[INFO] [stdout] running 0 tests
[INFO] [stdout] 
[INFO] [stdout] test result: ok. 0 passed; 0 failed; 0 ignored; 0 measured; 0 filtered out; finished in 0.00s
[INFO] [stdout] 
[INFO] [stderr]    Doc-tests contrast_renderer
[INFO] [stdout] 
[INFO] [stdout] running 2 tests
[INFO] [stdout] test src/renderer.rs - renderer::Shape::render (line 248) ... FAILED
[INFO] [stdout] test src/renderer.rs - renderer::Shape::render (line 253) ... FAILED
[INFO] [stdout] 
[INFO] [stdout] failures:
[INFO] [stdout] 
[INFO] [stdout] ---- src/renderer.rs - renderer::Shape::render (line 248) stdout ----
[INFO] [stdout] error[E0433]: failed to resolve: use of undeclared type `RenderOperation`
[INFO] [stdout]  --> src/renderer.rs:249:61
[INFO] [stdout]   |
[INFO] [stdout] 3 | shape.render(&renderer, &mut render_pass, instance_indices, RenderOperation::Stencil);
[INFO] [stdout]   |                                                             ^^^^^^^^^^^^^^^ use of undeclared type `RenderOperation`
[INFO] [stdout] 
[INFO] [stdout] error[E0433]: failed to resolve: use of undeclared type `RenderOperation`
[INFO] [stdout]  --> src/renderer.rs:250:63
[INFO] [stdout]   |
[INFO] [stdout] 4 |   shape.render(&renderer, &mut render_pass, instance_indices, RenderOperation::Color);
[INFO] [stdout]   |                                                               ^^^^^^^^^^^^^^^ use of undeclared type `RenderOperation`
[INFO] [stdout] 
[INFO] [stdout] error[E0425]: cannot find value `shape` in this scope
[INFO] [stdout]  --> src/renderer.rs:249:1
[INFO] [stdout]   |
[INFO] [stdout] 3 | shape.render(&renderer, &mut render_pass, instance_indices, RenderOperation::Stencil);
[INFO] [stdout]   | ^^^^^ not found in this scope
[INFO] [stdout] 
[INFO] [stdout] error[E0425]: cannot find value `renderer` in this scope
[INFO] [stdout]  --> src/renderer.rs:249:15
[INFO] [stdout]   |
[INFO] [stdout] 3 | shape.render(&renderer, &mut render_pass, instance_indices, RenderOperation::Stencil);
[INFO] [stdout]   |               ^^^^^^^^ not found in this scope
[INFO] [stdout] 
[INFO] [stdout] error[E0425]: cannot find value `render_pass` in this scope
[INFO] [stdout]  --> src/renderer.rs:249:30
[INFO] [stdout]   |
[INFO] [stdout] 3 | shape.render(&renderer, &mut render_pass, instance_indices, RenderOperation::Stencil);
[INFO] [stdout]   |                              ^^^^^^^^^^^ not found in this scope
[INFO] [stdout] 
[INFO] [stdout] error[E0425]: cannot find value `instance_indices` in this scope
[INFO] [stdout]  --> src/renderer.rs:249:43
[INFO] [stdout]   |
[INFO] [stdout] 3 | shape.render(&renderer, &mut render_pass, instance_indices, RenderOperation::Stencil);
[INFO] [stdout]   |                                           ^^^^^^^^^^^^^^^^ not found in this scope
[INFO] [stdout] 
[INFO] [stdout] error[E0425]: cannot find value `shape` in this scope
[INFO] [stdout]  --> src/renderer.rs:250:3
[INFO] [stdout]   |
[INFO] [stdout] 4 |   shape.render(&renderer, &mut render_pass, instance_indices, RenderOperation::Color);
[INFO] [stdout]   |   ^^^^^ not found in this scope
[INFO] [stdout] 
[INFO] [stdout] error[E0425]: cannot find value `renderer` in this scope
[INFO] [stdout]  --> src/renderer.rs:250:17
[INFO] [stdout]   |
[INFO] [stdout] 4 |   shape.render(&renderer, &mut render_pass, instance_indices, RenderOperation::Color);
[INFO] [stdout]   |                 ^^^^^^^^ not found in this scope
[INFO] [stdout] 
[INFO] [stdout] error[E0425]: cannot find value `render_pass` in this scope
[INFO] [stdout]  --> src/renderer.rs:250:32
[INFO] [stdout]   |
[INFO] [stdout] 4 |   shape.render(&renderer, &mut render_pass, instance_indices, RenderOperation::Color);
[INFO] [stdout]   |                                ^^^^^^^^^^^ not found in this scope
[INFO] [stdout] 
[INFO] [stdout] error[E0425]: cannot find value `instance_indices` in this scope
[INFO] [stdout]  --> src/renderer.rs:250:45
[INFO] [stdout]   |
[INFO] [stdout] 4 |   shape.render(&renderer, &mut render_pass, instance_indices, RenderOperation::Color);
[INFO] [stdout]   |                                             ^^^^^^^^^^^^^^^^ not found in this scope
[INFO] [stdout] 
[INFO] [stdout] error: aborting due to 10 previous errors
[INFO] [stdout] 
[INFO] [stdout] Some errors have detailed explanations: E0425, E0433.
[INFO] [stdout] For more information about an error, try `rustc --explain E0425`.
[INFO] [stdout] Couldn't compile the test.
[INFO] [stdout] ---- src/renderer.rs - renderer::Shape::render (line 253) stdout ----
[INFO] [stdout] error[E0433]: failed to resolve: use of undeclared type `RenderOperation`
[INFO] [stdout]  --> src/renderer.rs:254:61
[INFO] [stdout]   |
[INFO] [stdout] 3 | shape.render(&renderer, &mut render_pass, instance_indices, RenderOperation::Stencil);
[INFO] [stdout]   |                                                             ^^^^^^^^^^^^^^^ use of undeclared type `RenderOperation`
[INFO] [stdout] 
[INFO] [stdout] error[E0433]: failed to resolve: use of undeclared type `RenderOperation`
[INFO] [stdout]  --> src/renderer.rs:256:63
[INFO] [stdout]   |
[INFO] [stdout] 5 |   shape.render(&renderer, &mut render_pass, instance_indices, RenderOperation::Clip);
[INFO] [stdout]   |                                                               ^^^^^^^^^^^^^^^ use of undeclared type `RenderOperation`
[INFO] [stdout] 
[INFO] [stdout] error[E0433]: failed to resolve: use of undeclared type `RenderOperation`
[INFO] [stdout]  --> src/renderer.rs:259:63
[INFO] [stdout]   |
[INFO] [stdout] 8 |   shape.render(&renderer, &mut render_pass, instance_indices, RenderOperation::UnClip);
[INFO] [stdout]   |                                                               ^^^^^^^^^^^^^^^ use of undeclared type `RenderOperation`
[INFO] [stdout] 
[INFO] [stdout] error[E0425]: cannot find value `shape` in this scope
[INFO] [stdout]  --> src/renderer.rs:254:1
[INFO] [stdout]   |
[INFO] [stdout] 3 | shape.render(&renderer, &mut render_pass, instance_indices, RenderOperation::Stencil);
[INFO] [stdout]   | ^^^^^ not found in this scope
[INFO] [stdout] 
[INFO] [stdout] error[E0425]: cannot find value `renderer` in this scope
[INFO] [stdout]  --> src/renderer.rs:254:15
[INFO] [stdout]   |
[INFO] [stdout] 3 | shape.render(&renderer, &mut render_pass, instance_indices, RenderOperation::Stencil);
[INFO] [stdout]   |               ^^^^^^^^ not found in this scope
[INFO] [stdout] 
[INFO] [stdout] error[E0425]: cannot find value `render_pass` in this scope
[INFO] [stdout]  --> src/renderer.rs:254:30
[INFO] [stdout]   |
[INFO] [stdout] 3 | shape.render(&renderer, &mut render_pass, instance_indices, RenderOperation::Stencil);
[INFO] [stdout]   |                              ^^^^^^^^^^^ not found in this scope
[INFO] [stdout] 
[INFO] [stdout] error[E0425]: cannot find value `instance_indices` in this scope
[INFO] [stdout]  --> src/renderer.rs:254:43
[INFO] [stdout]   |
[INFO] [stdout] 3 | shape.render(&renderer, &mut render_pass, instance_indices, RenderOperation::Stencil);
[INFO] [stdout]   |                                           ^^^^^^^^^^^^^^^^ not found in this scope
[INFO] [stdout] 
[INFO] [stdout] error[E0425]: cannot find value `clip_depth` in this scope
[INFO] [stdout]  --> src/renderer.rs:255:3
[INFO] [stdout]   |
[INFO] [stdout] 4 |   clip_depth += 1; renderer.set_clip_depth(&mut render_pass, clip_depth);
[INFO] [stdout]   |   ^^^^^^^^^^ not found in this scope
[INFO] [stdout] 
[INFO] [stdout] error[E0425]: cannot find value `renderer` in this scope
[INFO] [stdout]  --> src/renderer.rs:255:20
[INFO] [stdout]   |
[INFO] [stdout] 4 |   clip_depth += 1; renderer.set_clip_depth(&mut render_pass, clip_depth);
[INFO] [stdout]   |                    ^^^^^^^^ not found in this scope
[INFO] [stdout] 
[INFO] [stdout] error[E0425]: cannot find value `render_pass` in this scope
[INFO] [stdout]  --> src/renderer.rs:255:49
[INFO] [stdout]   |
[INFO] [stdout] 4 |   clip_depth += 1; renderer.set_clip_depth(&mut render_pass, clip_depth);
[INFO] [stdout]   |                                                 ^^^^^^^^^^^ not found in this scope
[INFO] [stdout] 
[INFO] [stdout] error[E0425]: cannot find value `clip_depth` in this scope
[INFO] [stdout]  --> src/renderer.rs:255:62
[INFO] [stdout]   |
[INFO] [stdout] 4 |   clip_depth += 1; renderer.set_clip_depth(&mut render_pass, clip_depth);
[INFO] [stdout]   |                                                              ^^^^^^^^^^ not found in this scope
[INFO] [stdout] 
[INFO] [stdout] error[E0425]: cannot find value `shape` in this scope
[INFO] [stdout]  --> src/renderer.rs:256:3
[INFO] [stdout]   |
[INFO] [stdout] 5 |   shape.render(&renderer, &mut render_pass, instance_indices, RenderOperation::Clip);
[INFO] [stdout]   |   ^^^^^ not found in this scope
[INFO] [stdout] 
[INFO] [stdout] error[E0425]: cannot find value `renderer` in this scope
[INFO] [stdout]  --> src/renderer.rs:256:17
[INFO] [stdout]   |
[INFO] [stdout] 5 |   shape.render(&renderer, &mut render_pass, instance_indices, RenderOperation::Clip);
[INFO] [stdout]   |                 ^^^^^^^^ not found in this scope
[INFO] [stdout] 
[INFO] [stdout] error[E0425]: cannot find value `render_pass` in this scope
[INFO] [stdout]  --> src/renderer.rs:256:32
[INFO] [stdout]   |
[INFO] [stdout] 5 |   shape.render(&renderer, &mut render_pass, instance_indices, RenderOperation::Clip);
[INFO] [stdout]   |                                ^^^^^^^^^^^ not found in this scope
[INFO] [stdout] 
[INFO] [stdout] error[E0425]: cannot find value `instance_indices` in this scope
[INFO] [stdout]  --> src/renderer.rs:256:45
[INFO] [stdout]   |
[INFO] [stdout] 5 |   shape.render(&renderer, &mut render_pass, instance_indices, RenderOperation::Clip);
[INFO] [stdout]   |                                             ^^^^^^^^^^^^^^^^ not found in this scope
[INFO] [stdout] 
[INFO] [stdout] error[E0425]: cannot find value `clip_depth` in this scope
[INFO] [stdout]  --> src/renderer.rs:258:3
[INFO] [stdout]   |
[INFO] [stdout] 7 |   clip_depth -= 1; renderer.set_clip_depth(&mut render_pass, clip_depth);
[INFO] [stdout]   |   ^^^^^^^^^^ not found in this scope
[INFO] [stdout] 
[INFO] [stdout] error[E0425]: cannot find value `renderer` in this scope
[INFO] [stdout]  --> src/renderer.rs:258:20
[INFO] [stdout]   |
[INFO] [stdout] 7 |   clip_depth -= 1; renderer.set_clip_depth(&mut render_pass, clip_depth);
[INFO] [stdout]   |                    ^^^^^^^^ not found in this scope
[INFO] [stdout] 
[INFO] [stdout] error[E0425]: cannot find value `render_pass` in this scope
[INFO] [stdout]  --> src/renderer.rs:258:49
[INFO] [stdout]   |
[INFO] [stdout] 7 |   clip_depth -= 1; renderer.set_clip_depth(&mut render_pass, clip_depth);
[INFO] [stdout]   |                                                 ^^^^^^^^^^^ not found in this scope
[INFO] [stdout] 
[INFO] [stdout] error[E0425]: cannot find value `clip_depth` in this scope
[INFO] [stdout]  --> src/renderer.rs:258:62
[INFO] [stdout]   |
[INFO] [stdout] 7 |   clip_depth -= 1; renderer.set_clip_depth(&mut render_pass, clip_depth);
[INFO] [stdout]   |                                                              ^^^^^^^^^^ not found in this scope
[INFO] [stdout] 
[INFO] [stdout] error[E0425]: cannot find value `shape` in this scope
[INFO] [stdout]  --> src/renderer.rs:259:3
[INFO] [stdout]   |
[INFO] [stdout] 8 |   shape.render(&renderer, &mut render_pass, instance_indices, RenderOperation::UnClip);
[INFO] [stdout]   |   ^^^^^ not found in this scope
[INFO] [stdout] 
[INFO] [stdout] error[E0425]: cannot find value `renderer` in this scope
[INFO] [stdout]  --> src/renderer.rs:259:17
[INFO] [stdout]   |
[INFO] [stdout] 8 |   shape.render(&renderer, &mut render_pass, instance_indices, RenderOperation::UnClip);
[INFO] [stdout]   |                 ^^^^^^^^ not found in this scope
[INFO] [stdout] 
[INFO] [stdout] error[E0425]: cannot find value `render_pass` in this scope
[INFO] [stdout]  --> src/renderer.rs:259:32
[INFO] [stdout]   |
[INFO] [stdout] 8 |   shape.render(&renderer, &mut render_pass, instance_indices, RenderOperation::UnClip);
[INFO] [stdout]   |                                ^^^^^^^^^^^ not found in this scope
[INFO] [stdout] 
[INFO] [stdout] error[E0425]: cannot find value `instance_indices` in this scope
[INFO] [stdout]  --> src/renderer.rs:259:45
[INFO] [stdout]   |
[INFO] [stdout] 8 |   shape.render(&renderer, &mut render_pass, instance_indices, RenderOperation::UnClip);
[INFO] [stdout]   |                                             ^^^^^^^^^^^^^^^^ not found in this scope
[INFO] [stdout] 
[INFO] [stdout] error: aborting due to 23 previous errors
[INFO] [stdout] 
[INFO] [stdout] Some errors have detailed explanations: E0425, E0433.
[INFO] [stdout] For more information about an error, try `rustc --explain E0425`.
[INFO] [stdout] Couldn't compile the test.
[INFO] [stdout] 
[INFO] [stdout] failures:
[INFO] [stdout]     src/renderer.rs - renderer::Shape::render (line 248)
[INFO] [stdout]     src/renderer.rs - renderer::Shape::render (line 253)
[INFO] [stdout] 
[INFO] [stdout] test result: FAILED. 0 passed; 2 failed; 0 ignored; 0 measured; 0 filtered out; finished in 0.19s
[INFO] [stdout] 
[INFO] [stderr] error: doctest failed, to rerun pass `--doc`
[INFO] running `Command { std: "docker" "inspect" "a11cce4459ebdf66de01e6fdb4ee6e58a909668848a8519bd96ead42c99eab17", kill_on_drop: false }`
[INFO] running `Command { std: "docker" "rm" "-f" "a11cce4459ebdf66de01e6fdb4ee6e58a909668848a8519bd96ead42c99eab17", kill_on_drop: false }`
[INFO] [stdout] a11cce4459ebdf66de01e6fdb4ee6e58a909668848a8519bd96ead42c99eab17
