[INFO] fetching crate binswap-github 0.1.6...
[INFO] testing binswap-github-0.1.6 against 1.69.0 for beta-1.70-1
[INFO] extracting crate binswap-github 0.1.6 into /workspace/builds/worker-6-tc1/source
[INFO] validating manifest of crates.io crate binswap-github 0.1.6 on toolchain 1.69.0
[INFO] running `Command { std: CARGO_HOME="/workspace/cargo-home" RUSTUP_HOME="/workspace/rustup-home" "/workspace/cargo-home/bin/cargo" "+1.69.0" "metadata" "--manifest-path" "Cargo.toml" "--no-deps", kill_on_drop: false }`
[INFO] started tweaking crates.io crate binswap-github 0.1.6
[INFO] finished tweaking crates.io crate binswap-github 0.1.6
[INFO] tweaked toml for crates.io crate binswap-github 0.1.6 written to /workspace/builds/worker-6-tc1/source/Cargo.toml
[INFO] crate crates.io crate binswap-github 0.1.6 already has a lockfile, it will not be regenerated
[INFO] running `Command { std: CARGO_HOME="/workspace/cargo-home" RUSTUP_HOME="/workspace/rustup-home" "/workspace/cargo-home/bin/cargo" "+1.69.0" "fetch" "--manifest-path" "Cargo.toml", kill_on_drop: false }`
[INFO] [stderr]  Downloading crates ...
[INFO] [stderr]   Downloaded miette-derive v5.5.0
[INFO] [stderr]   Downloaded unicode-bidi v0.3.10
[INFO] [stderr]   Downloaded compact_str v0.6.1
[INFO] [stderr]   Downloaded normalize-path v0.2.0
[INFO] [stderr]   Downloaded toml_edit v0.19.3
[INFO] [stderr]   Downloaded quinn-proto v0.8.4
[INFO] [stderr]   Downloaded guess_host_triple v0.1.3
[INFO] [stderr]   Downloaded tokio-util v0.7.6
[INFO] [stderr]   Downloaded cxxbridge-macro v1.0.90
[INFO] [stderr]   Downloaded cxxbridge-flags v1.0.90
[INFO] [stderr]   Downloaded tokio-tar v0.3.0
[INFO] [stderr]   Downloaded command-group v2.0.1
[INFO] [stderr]   Downloaded quinn-udp v0.1.4
[INFO] [stderr]   Downloaded async_io_utilities v0.1.4
[INFO] [stderr]   Downloaded enum-as-inner v0.5.1
[INFO] [stderr]   Downloaded data-encoding v2.3.3
[INFO] [stderr]   Downloaded zstd-safe v6.0.4+zstd.1.5.4
[INFO] [stderr]   Downloaded binstalk v0.8.0
[INFO] [stderr]   Downloaded gimli v0.27.1
[INFO] [stderr]   Downloaded trust-dns-proto v0.22.0
[INFO] [stderr]   Downloaded binstalk-downloader v0.3.3
[INFO] [stderr]   Downloaded binstalk-types v0.2.1
[INFO] [stderr]   Downloaded cxx v1.0.90
[INFO] [stderr]   Downloaded zstd-sys v2.0.7+zstd.1.5.4
[INFO] [stderr]   Downloaded bzip2 v0.4.4
[INFO] [stderr]   Downloaded cargo_toml v0.15.1
[INFO] [stderr]   Downloaded async_zip v0.0.9
[INFO] [stderr]   Downloaded binstall-tar v0.4.39
[INFO] [stderr]   Downloaded jobslot v0.2.8
[INFO] [stderr]   Downloaded detect-targets v0.1.5
[INFO] [stderr]   Downloaded zstd v0.11.2+zstd.1.5.2
[INFO] [stderr]   Downloaded zstd-safe v5.0.2+zstd.1.5.2
[INFO] [stderr]   Downloaded rustls-pemfile v0.2.1
[INFO] [stderr]   Downloaded toml v0.7.2
[INFO] [stderr]   Downloaded quinn v0.8.5
[INFO] [stderr]   Downloaded trust-dns-resolver v0.22.0
[INFO] [stderr]   Downloaded castaway v0.2.2
[INFO] [stderr]   Downloaded home v0.5.4
[INFO] [stderr]   Downloaded maybe-owned v0.3.4
[INFO] [stderr]   Downloaded miette v5.5.0
[INFO] [stderr]   Downloaded hyper v0.14.24
[INFO] [stderr]   Downloaded scratch v1.0.3
[INFO] [stderr]   Downloaded cxx-build v1.0.90
[INFO] [stderr]   Downloaded chrono v0.4.23
[INFO] [stderr]   Downloaded crates_io_api v0.8.1
[INFO] [stderr]   Downloaded serde_path_to_error v0.1.9
[INFO] [stderr]   Downloaded darling_core v0.14.3
[INFO] [stderr]   Downloaded darling_macro v0.14.3
[INFO] [stderr]   Downloaded darling v0.14.3
[INFO] running `Command { std: "docker" "create" "-v" "/var/lib/crater-agent-workspace/builds/worker-6-tc1/target:/opt/rustwide/target:rw,Z" "-v" "/var/lib/crater-agent-workspace/builds/worker-6-tc1/source:/opt/rustwide/workdir:ro,Z" "-v" "/var/lib/crater-agent-workspace/cargo-home:/opt/rustwide/cargo-home:ro,Z" "-v" "/var/lib/crater-agent-workspace/rustup-home:/opt/rustwide/rustup-home:ro,Z" "-e" "SOURCE_DIR=/opt/rustwide/workdir" "-e" "CARGO_TARGET_DIR=/opt/rustwide/target" "-e" "CARGO_HOME=/opt/rustwide/cargo-home" "-e" "RUSTUP_HOME=/opt/rustwide/rustup-home" "-w" "/opt/rustwide/workdir" "-m" "1610612736" "--user" "0:0" "--network" "none" "ghcr.io/rust-lang/crates-build-env/linux@sha256:5ff2268d62e97bff2cde7d5815dd6ed5b47097566f13b8d0ca110b04b60e07ed" "/opt/rustwide/cargo-home/bin/cargo" "+1.69.0" "metadata" "--no-deps" "--format-version=1", kill_on_drop: false }`
[INFO] [stdout] c54e74b79df10ddd1d4bd567b6cfef9ffa21ba937e0fb662b7018e431ccf19f0
[INFO] running `Command { std: "docker" "start" "-a" "c54e74b79df10ddd1d4bd567b6cfef9ffa21ba937e0fb662b7018e431ccf19f0", kill_on_drop: false }`
[INFO] running `Command { std: "docker" "inspect" "c54e74b79df10ddd1d4bd567b6cfef9ffa21ba937e0fb662b7018e431ccf19f0", kill_on_drop: false }`
[INFO] running `Command { std: "docker" "rm" "-f" "c54e74b79df10ddd1d4bd567b6cfef9ffa21ba937e0fb662b7018e431ccf19f0", kill_on_drop: false }`
[INFO] [stdout] c54e74b79df10ddd1d4bd567b6cfef9ffa21ba937e0fb662b7018e431ccf19f0
[INFO] running `Command { std: "docker" "create" "-v" "/var/lib/crater-agent-workspace/builds/worker-6-tc1/target:/opt/rustwide/target:rw,Z" "-v" "/var/lib/crater-agent-workspace/builds/worker-6-tc1/source:/opt/rustwide/workdir:ro,Z" "-v" "/var/lib/crater-agent-workspace/cargo-home:/opt/rustwide/cargo-home:ro,Z" "-v" "/var/lib/crater-agent-workspace/rustup-home:/opt/rustwide/rustup-home:ro,Z" "-e" "SOURCE_DIR=/opt/rustwide/workdir" "-e" "CARGO_TARGET_DIR=/opt/rustwide/target" "-e" "CARGO_INCREMENTAL=0" "-e" "RUST_BACKTRACE=full" "-e" "RUSTFLAGS=--cap-lints=warn" "-e" "RUSTDOCFLAGS=--cap-lints=warn" "-e" "CARGO_HOME=/opt/rustwide/cargo-home" "-e" "RUSTUP_HOME=/opt/rustwide/rustup-home" "-w" "/opt/rustwide/workdir" "-m" "1610612736" "--user" "0:0" "--network" "none" "ghcr.io/rust-lang/crates-build-env/linux@sha256:5ff2268d62e97bff2cde7d5815dd6ed5b47097566f13b8d0ca110b04b60e07ed" "/opt/rustwide/cargo-home/bin/cargo" "+1.69.0" "build" "--frozen" "--message-format=json", kill_on_drop: false }`
[INFO] [stdout] c4c45b68e548b1aaccef13765f56c015413e7cb812d1cd63fb6c78d349b0de04
[INFO] running `Command { std: "docker" "start" "-a" "c4c45b68e548b1aaccef13765f56c015413e7cb812d1cd63fb6c78d349b0de04", kill_on_drop: false }`
[INFO] [stderr]    Compiling libc v0.2.139
[INFO] [stderr]    Compiling proc-macro2 v1.0.51
[INFO] [stderr]    Compiling unicode-ident v1.0.6
[INFO] [stderr]    Compiling quote v1.0.23
[INFO] [stderr]    Compiling syn v1.0.107
[INFO] [stderr]    Compiling pkg-config v0.3.26
[INFO] [stderr]    Compiling once_cell v1.17.0
[INFO] [stderr]    Compiling smallvec v1.10.0
[INFO] [stderr]    Compiling parking_lot_core v0.9.7
[INFO] [stderr]    Compiling scopeguard v1.1.0
[INFO] [stderr]    Compiling bytes v1.4.0
[INFO] [stderr]    Compiling serde_derive v1.0.152
[INFO] [stderr]    Compiling tokio v1.25.0
[INFO] [stderr]    Compiling serde v1.0.152
[INFO] [stderr]    Compiling futures-core v0.3.26
[INFO] [stderr]    Compiling itoa v1.0.5
[INFO] [stderr]    Compiling lock_api v0.4.9
[INFO] [stderr]    Compiling slab v0.4.7
[INFO] [stderr]    Compiling futures-sink v0.3.26
[INFO] [stderr]    Compiling futures-channel v0.3.26
[INFO] [stderr]    Compiling tracing-core v0.1.30
[INFO] [stderr]    Compiling futures-task v0.3.26
[INFO] [stderr]    Compiling indexmap v1.9.2
[INFO] [stderr]    Compiling futures-util v0.3.26
[INFO] [stderr]    Compiling futures-io v0.3.26
[INFO] [stderr]    Compiling pin-utils v0.1.0
[INFO] [stderr]    Compiling untrusted v0.7.1
[INFO] [stderr]    Compiling spin v0.5.2
[INFO] [stderr]    Compiling adler v1.0.2
[INFO] [stderr]    Compiling http v0.2.8
[INFO] [stderr]    Compiling tinyvec_macros v0.1.1
[INFO] [stderr]    Compiling miniz_oxide v0.6.2
[INFO] [stderr]    Compiling openssl v0.10.45
[INFO] [stderr]    Compiling crc32fast v1.3.2
[INFO] [stderr]    Compiling zstd-safe v5.0.2+zstd.1.5.2
[INFO] [stderr]    Compiling alloc-no-stdlib v2.0.4
[INFO] [stderr]    Compiling ryu v1.0.12
[INFO] [stderr]    Compiling httparse v1.8.0
[INFO] [stderr]    Compiling foreign-types-shared v0.1.1
[INFO] [stderr]    Compiling foreign-types v0.3.2
[INFO] [stderr]    Compiling tinyvec v1.6.0
[INFO] [stderr]    Compiling num-traits v0.2.15
[INFO] [stderr]    Compiling rustversion v1.0.11
[INFO] [stderr]    Compiling alloc-stdlib v0.2.2
[INFO] [stderr]    Compiling rustls v0.20.8
[INFO] [stderr]    Compiling try-lock v0.2.4
[INFO] [stderr]    Compiling native-tls v0.2.11
[INFO] [stderr]    Compiling tower-service v0.3.2
[INFO] [stderr]    Compiling percent-encoding v2.2.0
[INFO] [stderr]    Compiling typenum v1.16.0
[INFO] [stderr]    Compiling want v0.3.0
[INFO] [stderr]    Compiling brotli-decompressor v2.3.4
[INFO] [stderr]    Compiling form_urlencoded v1.1.0
[INFO] [stderr]    Compiling generic-array v0.14.6
[INFO] [stderr]    Compiling num-integer v0.1.45
[INFO] [stderr]    Compiling serde_json v1.0.93
[INFO] [stderr]    Compiling openssl-probe v0.1.5
[INFO] [stderr]    Compiling regex-syntax v0.6.28
[INFO] [stderr]    Compiling unicode-bidi v0.3.10
[INFO] [stderr]    Compiling httpdate v1.0.2
[INFO] [stderr]    Compiling unicode-normalization v0.1.22
[INFO] [stderr]    Compiling jobserver v0.1.25
[INFO] [stderr]    Compiling signal-hook-registry v1.4.0
[INFO] [stderr]    Compiling mio v0.8.5
[INFO] [stderr]    Compiling num_cpus v1.15.0
[INFO] [stderr]    Compiling socket2 v0.4.7
[INFO] [stderr]    Compiling cc v1.0.79
[INFO] [stderr]    Compiling parking_lot v0.12.1
[INFO] [stderr]    Compiling http-body v0.4.5
[INFO] [stderr]    Compiling idna v0.3.0
[INFO] [stderr]    Compiling flate2 v1.0.25
[INFO] [stderr]    Compiling thiserror v1.0.38
[INFO] [stderr]    Compiling strsim v0.10.0
[INFO] [stderr]    Compiling ident_case v1.0.1
[INFO] [stderr]    Compiling time v0.1.45
[INFO] [stderr]    Compiling brotli v3.3.4
[INFO] [stderr]    Compiling async-trait v0.1.64
[INFO] [stderr]    Compiling semver v1.0.16
[INFO] [stderr]    Compiling zstd-safe v6.0.4+zstd.1.5.4
[INFO] [stderr]    Compiling base64 v0.21.0
[INFO] [stderr]    Compiling iana-time-zone v0.1.53
[INFO] [stderr]    Compiling tracing-log v0.1.3
[INFO] [stderr]    Compiling filetime v0.2.20
[INFO] [stderr]    Compiling xattr v0.2.3
[INFO] [stderr]    Compiling thread_local v1.1.4
[INFO] [stderr]    Compiling castaway v0.2.2
[INFO] [stderr]    Compiling nom8 v0.2.0
[INFO] [stderr]    Compiling encoding_rs v0.8.32
[INFO] [stderr]    Compiling rustls-pemfile v1.0.2
[INFO] [stderr]    Compiling mime v0.3.16
[INFO] [stderr]    Compiling ipnet v2.7.1
[INFO] [stderr]    Compiling signal-hook v0.3.14
[INFO] [stderr]    Compiling zstd-sys v2.0.7+zstd.1.5.4
[INFO] [stderr]    Compiling ring v0.16.20
[INFO] [stderr]    Compiling openssl-sys v0.9.80
[INFO] [stderr]    Compiling lzma-sys v0.1.20
[INFO] [stderr]    Compiling bzip2-sys v0.1.11+1.0.8
[INFO] [stderr]    Compiling regex-automata v0.1.10
[INFO] [stderr]    Compiling regex v1.7.1
[INFO] [stderr]    Compiling heck v0.4.1
[INFO] [stderr]    Compiling block-buffer v0.10.3
[INFO] [stderr]    Compiling crypto-common v0.1.6
[INFO] [stderr]    Compiling backtrace v0.3.67
[INFO] [stderr]    Compiling errno v0.2.8
[INFO] [stderr]    Compiling tower-layer v0.3.2
[INFO] [stderr]    Compiling static_assertions v1.1.0
[INFO] [stderr]    Compiling gimli v0.27.1
[INFO] [stderr]    Compiling strum v0.24.1
[INFO] [stderr]    Compiling fastrand v1.8.0
[INFO] [stderr]    Compiling detect-targets v0.1.5
[INFO] [stderr]    Compiling remove_dir_all v0.5.3
[INFO] [stderr]    Compiling eyre v0.6.8
[INFO] [stderr]    Compiling tempfile v3.3.0
[INFO] [stderr]    Compiling nix v0.26.2
[INFO] [stderr]    Compiling guess_host_triple v0.1.3
[INFO] [stderr]    Compiling matchers v0.1.0
[INFO] [stderr]    Compiling digest v0.10.6
[INFO] [stderr]    Compiling binstall-tar v0.4.39
[INFO] [stderr]    Compiling futures-lite v1.12.0
[INFO] [stderr]    Compiling object v0.30.3
[INFO] [stderr]    Compiling either v1.8.1
[INFO] [stderr]    Compiling indenter v0.3.3
[INFO] [stderr]    Compiling unicode-width v0.1.10
[INFO] [stderr]    Compiling owo-colors v3.5.0
[INFO] [stderr]    Compiling rustc-demangle v0.1.21
[INFO] [stderr]    Compiling itertools v0.10.5
[INFO] [stderr]    Compiling signal-hook-mio v0.2.3
[INFO] [stderr]    Compiling normalize-path v0.2.0
[INFO] [stderr]    Compiling home v0.5.4
[INFO] [stderr]    Compiling crossterm v0.26.0
[INFO] [stderr]    Compiling darling_core v0.14.3
[INFO] [stderr]    Compiling bzip2 v0.4.4
[INFO] [stderr]    Compiling addr2line v0.19.0
[INFO] [stderr]    Compiling tokio-macros v1.8.2
[INFO] [stderr]    Compiling tracing-attributes v0.1.23
[INFO] [stderr]    Compiling futures-macro v0.3.26
[INFO] [stderr]    Compiling openssl-macros v0.1.0
[INFO] [stderr]    Compiling webpki v0.22.0
[INFO] [stderr]    Compiling sct v0.7.0
[INFO] [stderr]    Compiling thiserror-impl v1.0.38
[INFO] [stderr]    Compiling pin-project-internal v1.0.12
[INFO] [stderr]    Compiling strum_macros v0.24.3
[INFO] [stderr]    Compiling webpki-roots v0.22.6
[INFO] [stderr]    Compiling miette-derive v5.5.0
[INFO] [stderr]    Compiling darling_macro v0.14.3
[INFO] [stderr]    Compiling xz2 v0.1.7
[INFO] [stderr]    Compiling darling v0.14.3
[INFO] [stderr]    Compiling derive_builder_core v0.12.0
[INFO] [stderr]    Compiling pin-project v1.0.12
[INFO] [stderr]    Compiling tracing v0.1.37
[INFO] [stderr]    Compiling tracing-subscriber v0.3.16
[INFO] [stderr]    Compiling miette v5.5.0
[INFO] [stderr]    Compiling derive_builder_macro v0.12.0
[INFO] [stderr]    Compiling zstd v0.11.2+zstd.1.5.2
[INFO] [stderr]    Compiling zstd v0.12.3+zstd.1.5.2
[INFO] [stderr]    Compiling derive_builder v0.12.0
[INFO] [stderr]    Compiling tracing-error v0.2.0
[INFO] [stderr]    Compiling futures-executor v0.3.26
[INFO] [stderr]    Compiling color-spantrace v0.2.0
[INFO] [stderr]    Compiling futures v0.3.26
[INFO] [stderr]    Compiling color-eyre v0.6.2
[INFO] [stderr]    Compiling tokio-util v0.7.6
[INFO] [stderr]    Compiling async-compression v0.3.15
[INFO] [stderr]    Compiling tokio-native-tls v0.3.1
[INFO] [stderr]    Compiling tokio-rustls v0.23.4
[INFO] [stderr]    Compiling tokio-stream v0.1.11
[INFO] [stderr]    Compiling async_io_utilities v0.1.4
[INFO] [stderr]    Compiling command-group v2.0.1
[INFO] [stderr]    Compiling jobslot v0.2.8
[INFO] [stderr]    Compiling url v2.3.1
[INFO] [stderr]    Compiling serde_spanned v0.6.1
[INFO] [stderr]    Compiling chrono v0.4.23
[INFO] [stderr]    Compiling serde_urlencoded v0.7.1
[INFO] [stderr]    Compiling toml_datetime v0.6.1
[INFO] [stderr]    Compiling compact_str v0.6.1
[INFO] [stderr]    Compiling maybe-owned v0.3.4
[INFO] [stderr]    Compiling tokio-tar v0.3.0
[INFO] [stderr]    Compiling serde_path_to_error v0.1.9
[INFO] [stderr]    Compiling h2 v0.3.15
[INFO] [stderr]    Compiling toml_edit v0.19.3
[INFO] [stderr]    Compiling tower v0.4.13
[INFO] [stderr]    Compiling tinytemplate v1.2.1
[INFO] [stderr]    Compiling binstalk-types v0.2.1
[INFO] [stderr]    Compiling async_zip v0.0.9
[INFO] [stderr]    Compiling toml v0.7.2
[INFO] [stderr]    Compiling cargo_toml v0.15.1
[INFO] [stderr]    Compiling hyper v0.14.24
[INFO] [stderr]    Compiling hyper-tls v0.5.0
[INFO] [stderr]    Compiling hyper-rustls v0.23.2
[INFO] [stderr]    Compiling reqwest v0.11.14
[INFO] [stderr]    Compiling crates_io_api v0.8.1
[INFO] [stderr]    Compiling binstalk-downloader v0.3.3
[INFO] [stderr]    Compiling binstalk v0.8.0
[INFO] [stderr]    Compiling binswap-github v0.1.6 (/opt/rustwide/workdir)
[INFO] [stderr]     Finished dev [unoptimized + debuginfo] target(s) in 1m 46s
[INFO] running `Command { std: "docker" "inspect" "c4c45b68e548b1aaccef13765f56c015413e7cb812d1cd63fb6c78d349b0de04", kill_on_drop: false }`
[INFO] running `Command { std: "docker" "rm" "-f" "c4c45b68e548b1aaccef13765f56c015413e7cb812d1cd63fb6c78d349b0de04", kill_on_drop: false }`
[INFO] [stdout] c4c45b68e548b1aaccef13765f56c015413e7cb812d1cd63fb6c78d349b0de04
[INFO] running `Command { std: "docker" "create" "-v" "/var/lib/crater-agent-workspace/builds/worker-6-tc1/target:/opt/rustwide/target:rw,Z" "-v" "/var/lib/crater-agent-workspace/builds/worker-6-tc1/source:/opt/rustwide/workdir:ro,Z" "-v" "/var/lib/crater-agent-workspace/cargo-home:/opt/rustwide/cargo-home:ro,Z" "-v" "/var/lib/crater-agent-workspace/rustup-home:/opt/rustwide/rustup-home:ro,Z" "-e" "SOURCE_DIR=/opt/rustwide/workdir" "-e" "CARGO_TARGET_DIR=/opt/rustwide/target" "-e" "CARGO_INCREMENTAL=0" "-e" "RUST_BACKTRACE=full" "-e" "RUSTFLAGS=--cap-lints=warn" "-e" "RUSTDOCFLAGS=--cap-lints=warn" "-e" "CARGO_HOME=/opt/rustwide/cargo-home" "-e" "RUSTUP_HOME=/opt/rustwide/rustup-home" "-w" "/opt/rustwide/workdir" "-m" "1610612736" "--user" "0:0" "--network" "none" "ghcr.io/rust-lang/crates-build-env/linux@sha256:5ff2268d62e97bff2cde7d5815dd6ed5b47097566f13b8d0ca110b04b60e07ed" "/opt/rustwide/cargo-home/bin/cargo" "+1.69.0" "test" "--frozen" "--no-run" "--message-format=json", kill_on_drop: false }`
[INFO] [stdout] e6b4bf19fed744a6ed5b04766f2f33ff1d7ea43f1c7eb48f26546d4f7889fde6
[INFO] running `Command { std: "docker" "start" "-a" "e6b4bf19fed744a6ed5b04766f2f33ff1d7ea43f1c7eb48f26546d4f7889fde6", kill_on_drop: false }`
[INFO] [stderr]    Compiling binswap-github v0.1.6 (/opt/rustwide/workdir)
[INFO] [stderr]     Finished test [unoptimized + debuginfo] target(s) in 19.22s
[INFO] running `Command { std: "docker" "inspect" "e6b4bf19fed744a6ed5b04766f2f33ff1d7ea43f1c7eb48f26546d4f7889fde6", kill_on_drop: false }`
[INFO] running `Command { std: "docker" "rm" "-f" "e6b4bf19fed744a6ed5b04766f2f33ff1d7ea43f1c7eb48f26546d4f7889fde6", kill_on_drop: false }`
[INFO] [stdout] e6b4bf19fed744a6ed5b04766f2f33ff1d7ea43f1c7eb48f26546d4f7889fde6
[INFO] running `Command { std: "docker" "create" "-v" "/var/lib/crater-agent-workspace/builds/worker-6-tc1/target:/opt/rustwide/target:rw,Z" "-v" "/var/lib/crater-agent-workspace/builds/worker-6-tc1/source:/opt/rustwide/workdir:ro,Z" "-v" "/var/lib/crater-agent-workspace/cargo-home:/opt/rustwide/cargo-home:ro,Z" "-v" "/var/lib/crater-agent-workspace/rustup-home:/opt/rustwide/rustup-home:ro,Z" "-e" "SOURCE_DIR=/opt/rustwide/workdir" "-e" "CARGO_TARGET_DIR=/opt/rustwide/target" "-e" "CARGO_INCREMENTAL=0" "-e" "RUST_BACKTRACE=full" "-e" "RUSTFLAGS=--cap-lints=warn" "-e" "RUSTDOCFLAGS=--cap-lints=warn" "-e" "CARGO_HOME=/opt/rustwide/cargo-home" "-e" "RUSTUP_HOME=/opt/rustwide/rustup-home" "-w" "/opt/rustwide/workdir" "-m" "1610612736" "--user" "0:0" "--network" "none" "ghcr.io/rust-lang/crates-build-env/linux@sha256:5ff2268d62e97bff2cde7d5815dd6ed5b47097566f13b8d0ca110b04b60e07ed" "/opt/rustwide/cargo-home/bin/cargo" "+1.69.0" "test" "--frozen", kill_on_drop: false }`
[INFO] [stdout] df14586e53a978ecd9940bf19c54e500e3ff31216e6783f6865f1319385dd644
[INFO] running `Command { std: "docker" "start" "-a" "df14586e53a978ecd9940bf19c54e500e3ff31216e6783f6865f1319385dd644", kill_on_drop: false }`
[INFO] [stderr]     Finished test [unoptimized + debuginfo] target(s) in 0.57s
[INFO] [stderr]      Running unittests src/lib.rs (/opt/rustwide/target/debug/deps/binswap_github-25356790cf9220ed)
[INFO] [stdout] 
[INFO] [stdout] running 0 tests
[INFO] [stdout] 
[INFO] [stdout] test result: ok. 0 passed; 0 failed; 0 ignored; 0 measured; 0 filtered out; finished in 0.00s
[INFO] [stdout] 
[INFO] [stderr]    Doc-tests binswap-github
[INFO] [stdout] 
[INFO] [stdout] running 2 tests
[INFO] [stdout] test src/lib.rs - (line 25) ... FAILED
[INFO] [stdout] test src/lib.rs - (line 45) ... FAILED
[INFO] [stdout] 
[INFO] [stdout] failures:
[INFO] [stdout] 
[INFO] [stdout] ---- src/lib.rs - (line 25) stdout ----
[INFO] [stdout] Test executable failed (exit status: 1).
[INFO] [stdout] 
[INFO] [stdout] stderr:
[INFO] [stdout] [38;5;10mUpdating [39mrust_out[38;5;10m...
[INFO] [stdout] [39m[0m[38;5;13m[3mGetting latest version number...
[INFO] [stdout] [0m[0mError: error sending request for url (https://api.github.com/repos/BurntSushi/ripgrep/releases/latest): error trying to connect: dns error: failed to lookup address information: Temporary failure in name resolution
[INFO] [stdout] 
[INFO] [stdout] Caused by:
[INFO] [stdout]    0: error trying to connect: dns error: failed to lookup address information: Temporary failure in name resolution
[INFO] [stdout]    1: dns error: failed to lookup address information: Temporary failure in name resolution
[INFO] [stdout]    2: failed to lookup address information: Temporary failure in name resolution
[INFO] [stdout] 
[INFO] [stdout] Location:
[INFO] [stdout]     /opt/rustwide/workdir/src/lib.rs:197:23
[INFO] [stdout] 
[INFO] [stdout] 
[INFO] [stdout] ---- src/lib.rs - (line 45) stdout ----
[INFO] [stdout] Test executable failed (exit status: 1).
[INFO] [stdout] 
[INFO] [stdout] stderr:
[INFO] [stdout] [38;5;10mUpdating [39mrg[38;5;10m...
[INFO] [stdout] [39m[0m[38;5;13m[3mGetting latest version number...
[INFO] [stdout] [0m[0mError: error sending request for url (https://api.github.com/repos/BurntSushi/ripgrep/releases/latest): error trying to connect: dns error: failed to lookup address information: Temporary failure in name resolution
[INFO] [stdout] 
[INFO] [stdout] Caused by:
[INFO] [stdout]    0: error trying to connect: dns error: failed to lookup address information: Temporary failure in name resolution
[INFO] [stdout]    1: dns error: failed to lookup address information: Temporary failure in name resolution
[INFO] [stdout]    2: failed to lookup address information: Temporary failure in name resolution
[INFO] [stdout] 
[INFO] [stdout] Location:
[INFO] [stdout]     /opt/rustwide/workdir/src/lib.rs:197:23
[INFO] [stdout] 
[INFO] [stdout] 
[INFO] [stdout] 
[INFO] [stdout] failures:
[INFO] [stdout]     src/lib.rs - (line 25)
[INFO] [stdout]     src/lib.rs - (line 45)
[INFO] [stdout] 
[INFO] [stdout] test result: FAILED. 0 passed; 2 failed; 0 ignored; 0 measured; 0 filtered out; finished in 16.11s
[INFO] [stdout] 
[INFO] [stderr] error: doctest failed, to rerun pass `--doc`
[INFO] running `Command { std: "docker" "inspect" "df14586e53a978ecd9940bf19c54e500e3ff31216e6783f6865f1319385dd644", kill_on_drop: false }`
[INFO] running `Command { std: "docker" "rm" "-f" "df14586e53a978ecd9940bf19c54e500e3ff31216e6783f6865f1319385dd644", kill_on_drop: false }`
[INFO] [stdout] df14586e53a978ecd9940bf19c54e500e3ff31216e6783f6865f1319385dd644
