[INFO] fetching crate bevy_text 0.10.1...
[INFO] testing bevy_text-0.10.1 against 1.69.0 for beta-1.70-1
[INFO] extracting crate bevy_text 0.10.1 into /workspace/builds/worker-6-tc1/source
[INFO] validating manifest of crates.io crate bevy_text 0.10.1 on toolchain 1.69.0
[INFO] running `Command { std: CARGO_HOME="/workspace/cargo-home" RUSTUP_HOME="/workspace/rustup-home" "/workspace/cargo-home/bin/cargo" "+1.69.0" "metadata" "--manifest-path" "Cargo.toml" "--no-deps", kill_on_drop: false }`
[INFO] started tweaking crates.io crate bevy_text 0.10.1
[INFO] finished tweaking crates.io crate bevy_text 0.10.1
[INFO] tweaked toml for crates.io crate bevy_text 0.10.1 written to /workspace/builds/worker-6-tc1/source/Cargo.toml
[INFO] running `Command { std: CARGO_HOME="/workspace/cargo-home" RUSTUP_HOME="/workspace/rustup-home" __CARGO_TEST_CHANNEL_OVERRIDE_DO_NOT_USE_THIS="nightly" "/workspace/cargo-home/bin/cargo" "+1.69.0" "generate-lockfile" "--manifest-path" "Cargo.toml" "-Zno-index-update", kill_on_drop: false }`
[INFO] running `Command { std: CARGO_HOME="/workspace/cargo-home" RUSTUP_HOME="/workspace/rustup-home" "/workspace/cargo-home/bin/cargo" "+1.69.0" "fetch" "--manifest-path" "Cargo.toml", kill_on_drop: false }`
[INFO] [stderr]  Downloading crates ...
[INFO] [stderr]   Downloaded ab_glyph v0.2.21
[INFO] [stderr]   Downloaded profiling v1.0.8
[INFO] [stderr]   Downloaded owned_ttf_parser v0.19.0
[INFO] [stderr]   Downloaded ttf-parser v0.19.0
[INFO] [stderr]   Downloaded ntapi v0.4.1
[INFO] [stderr]   Downloaded orbclient v0.3.45
[INFO] running `Command { std: "docker" "create" "-v" "/var/lib/crater-agent-workspace/builds/worker-6-tc1/target:/opt/rustwide/target:rw,Z" "-v" "/var/lib/crater-agent-workspace/builds/worker-6-tc1/source:/opt/rustwide/workdir:ro,Z" "-v" "/var/lib/crater-agent-workspace/cargo-home:/opt/rustwide/cargo-home:ro,Z" "-v" "/var/lib/crater-agent-workspace/rustup-home:/opt/rustwide/rustup-home:ro,Z" "-e" "SOURCE_DIR=/opt/rustwide/workdir" "-e" "CARGO_TARGET_DIR=/opt/rustwide/target" "-e" "CARGO_HOME=/opt/rustwide/cargo-home" "-e" "RUSTUP_HOME=/opt/rustwide/rustup-home" "-w" "/opt/rustwide/workdir" "-m" "1610612736" "--user" "0:0" "--network" "none" "ghcr.io/rust-lang/crates-build-env/linux@sha256:5ff2268d62e97bff2cde7d5815dd6ed5b47097566f13b8d0ca110b04b60e07ed" "/opt/rustwide/cargo-home/bin/cargo" "+1.69.0" "metadata" "--no-deps" "--format-version=1", kill_on_drop: false }`
[INFO] [stdout] d6188bd815b554118b1c368eb47af0b23c7c682b9f11991a5515abe0694786c3
[INFO] running `Command { std: "docker" "start" "-a" "d6188bd815b554118b1c368eb47af0b23c7c682b9f11991a5515abe0694786c3", kill_on_drop: false }`
[INFO] running `Command { std: "docker" "inspect" "d6188bd815b554118b1c368eb47af0b23c7c682b9f11991a5515abe0694786c3", kill_on_drop: false }`
[INFO] running `Command { std: "docker" "rm" "-f" "d6188bd815b554118b1c368eb47af0b23c7c682b9f11991a5515abe0694786c3", kill_on_drop: false }`
[INFO] [stdout] d6188bd815b554118b1c368eb47af0b23c7c682b9f11991a5515abe0694786c3
[INFO] running `Command { std: "docker" "create" "-v" "/var/lib/crater-agent-workspace/builds/worker-6-tc1/target:/opt/rustwide/target:rw,Z" "-v" "/var/lib/crater-agent-workspace/builds/worker-6-tc1/source:/opt/rustwide/workdir:ro,Z" "-v" "/var/lib/crater-agent-workspace/cargo-home:/opt/rustwide/cargo-home:ro,Z" "-v" "/var/lib/crater-agent-workspace/rustup-home:/opt/rustwide/rustup-home:ro,Z" "-e" "SOURCE_DIR=/opt/rustwide/workdir" "-e" "CARGO_TARGET_DIR=/opt/rustwide/target" "-e" "CARGO_INCREMENTAL=0" "-e" "RUST_BACKTRACE=full" "-e" "RUSTFLAGS=--cap-lints=warn" "-e" "RUSTDOCFLAGS=--cap-lints=warn" "-e" "CARGO_HOME=/opt/rustwide/cargo-home" "-e" "RUSTUP_HOME=/opt/rustwide/rustup-home" "-w" "/opt/rustwide/workdir" "-m" "1610612736" "--user" "0:0" "--network" "none" "ghcr.io/rust-lang/crates-build-env/linux@sha256:5ff2268d62e97bff2cde7d5815dd6ed5b47097566f13b8d0ca110b04b60e07ed" "/opt/rustwide/cargo-home/bin/cargo" "+1.69.0" "build" "--frozen" "--message-format=json", kill_on_drop: false }`
[INFO] [stdout] 4dfa6bc8ac73289c66deb7feba9b8eb7d5a84cb8e78cde54d355bd7e67c63d79
[INFO] running `Command { std: "docker" "start" "-a" "4dfa6bc8ac73289c66deb7feba9b8eb7d5a84cb8e78cde54d355bd7e67c63d79", kill_on_drop: false }`
[INFO] [stderr]    Compiling syn v1.0.109
[INFO] [stderr]    Compiling hashbrown v0.12.3
[INFO] [stderr]    Compiling ahash v0.7.6
[INFO] [stderr]    Compiling fixedbitset v0.4.2
[INFO] [stderr]    Compiling crossbeam-utils v0.8.15
[INFO] [stderr]    Compiling tracing-core v0.1.30
[INFO] [stderr]    Compiling syn v2.0.15
[INFO] [stderr]    Compiling getrandom v0.2.9
[INFO] [stderr]    Compiling libc v0.2.142
[INFO] [stderr]    Compiling rustc-hash v1.1.0
[INFO] [stderr]    Compiling bit-vec v0.6.3
[INFO] [stderr]    Compiling erased-serde v0.3.25
[INFO] [stderr]    Compiling bevy_ptr v0.10.1
[INFO] [stderr]    Compiling downcast-rs v1.2.0
[INFO] [stderr]    Compiling libloading v0.7.4
[INFO] [stderr]    Compiling ash v0.37.2+1.3.238
[INFO] [stderr]    Compiling khronos-egl v4.1.0
[INFO] [stderr]    Compiling codespan-reporting v0.11.1
[INFO] [stderr]    Compiling bit-set v0.5.3
[INFO] [stderr]    Compiling pp-rs v0.2.1
[INFO] [stderr]    Compiling gpu-descriptor-types v0.1.1
[INFO] [stderr]    Compiling spirv v0.2.0+1.5.4
[INFO] [stderr]    Compiling gpu-alloc-types v0.2.0
[INFO] [stderr]    Compiling raw-window-handle v0.5.2
[INFO] [stderr]    Compiling hexf-parse v0.2.1
[INFO] [stderr]    Compiling tracing v0.1.37
[INFO] [stderr]    Compiling tracing-log v0.1.3
[INFO] [stderr]    Compiling gpu-alloc v0.5.3
[INFO] [stderr]    Compiling indexmap v1.9.3
[INFO] [stderr]    Compiling wgpu-types v0.15.2
[INFO] [stderr]    Compiling num-rational v0.4.1
[INFO] [stderr]    Compiling concurrent-queue v2.2.0
[INFO] [stderr]    Compiling crossbeam-channel v0.5.8
[INFO] [stderr]    Compiling arrayvec v0.7.2
[INFO] [stderr]    Compiling renderdoc-sys v0.7.1
[INFO] [stderr]    Compiling toml_edit v0.19.8
[INFO] [stderr]    Compiling async-channel v1.8.0
[INFO] [stderr]    Compiling uuid v1.3.2
[INFO] [stderr]    Compiling async-executor v1.5.1
[INFO] [stderr]    Compiling glow v0.12.1
[INFO] [stderr]    Compiling profiling v1.0.8
[INFO] [stderr]    Compiling num-integer v0.1.45
[INFO] [stderr]    Compiling sysinfo v0.28.4
[INFO] [stderr]    Compiling const_panic v0.2.7
[INFO] [stderr]    Compiling color_quant v1.1.0
[INFO] [stderr]    Compiling ttf-parser v0.19.0
[INFO] [stderr]    Compiling bevy_tasks v0.10.1
[INFO] [stderr]    Compiling euclid v0.22.9
[INFO] [stderr]    Compiling ab_glyph_rasterizer v0.1.8
[INFO] [stderr]    Compiling svg_fmt v0.4.1
[INFO] [stderr]    Compiling radsort v0.1.0
[INFO] [stderr]    Compiling approx v0.5.1
[INFO] [stderr]    Compiling xi-unicode v0.3.0
[INFO] [stderr]    Compiling rectangle-pack v0.4.2
[INFO] [stderr]    Compiling serde_derive v1.0.160
[INFO] [stderr]    Compiling thiserror-impl v1.0.40
[INFO] [stderr]    Compiling bytemuck_derive v1.4.1
[INFO] [stderr]    Compiling guillotiere v0.6.2
[INFO] [stderr]    Compiling bytemuck v1.13.1
[INFO] [stderr]    Compiling image v0.24.6
[INFO] [stderr]    Compiling thiserror v1.0.40
[INFO] [stderr]    Compiling owned_ttf_parser v0.19.0
[INFO] [stderr]    Compiling bevy_macro_utils v0.10.1
[INFO] [stderr]    Compiling encase_derive_impl v0.5.0
[INFO] [stderr]    Compiling ab_glyph v0.2.21
[INFO] [stderr]    Compiling glyph_brush_layout v0.2.3
[INFO] [stderr]    Compiling bevy_utils_proc_macros v0.10.1
[INFO] [stderr]    Compiling bevy_reflect_derive v0.10.1
[INFO] [stderr]    Compiling bevy_ecs_macros v0.10.1
[INFO] [stderr]    Compiling bevy_derive v0.10.1
[INFO] [stderr]    Compiling encase_derive v0.5.0
[INFO] [stderr]    Compiling bevy_render_macros v0.10.1
[INFO] [stderr]    Compiling bevy_encase_derive v0.10.1
[INFO] [stderr]    Compiling serde v1.0.160
[INFO] [stderr]    Compiling smallvec v1.10.0
[INFO] [stderr]    Compiling glam v0.23.0
[INFO] [stderr]    Compiling parking_lot_core v0.9.7
[INFO] [stderr]    Compiling tracing-subscriber v0.3.17
[INFO] [stderr]    Compiling parking_lot v0.12.1
[INFO] [stderr]    Compiling gpu-descriptor v0.2.3
[INFO] [stderr]    Compiling petgraph v0.6.3
[INFO] [stderr]    Compiling bevy_math v0.10.1
[INFO] [stderr]    Compiling encase v0.5.0
[INFO] [stderr]    Compiling bevy_mikktspace v0.10.1
[INFO] [stderr]    Compiling hexasphere v8.1.0
[INFO] [stderr]    Compiling bevy_utils v0.10.1
[INFO] [stderr]    Compiling naga v0.11.0
[INFO] [stderr]    Compiling bevy_reflect v0.10.1
[INFO] [stderr]    Compiling bevy_ecs v0.10.1
[INFO] [stderr]    Compiling wgpu-hal v0.15.4
[INFO] [stderr]    Compiling wgpu-core v0.15.1
[INFO] [stderr]    Compiling bevy_app v0.10.1
[INFO] [stderr]    Compiling bevy_core v0.10.1
[INFO] [stderr]    Compiling bevy_log v0.10.1
[INFO] [stderr]    Compiling bevy_time v0.10.1
[INFO] [stderr]    Compiling bevy_input v0.10.1
[INFO] [stderr]    Compiling bevy_diagnostic v0.10.1
[INFO] [stderr]    Compiling bevy_hierarchy v0.10.1
[INFO] [stderr]    Compiling bevy_asset v0.10.1
[INFO] [stderr]    Compiling bevy_transform v0.10.1
[INFO] [stderr]    Compiling bevy_window v0.10.1
[INFO] [stderr]    Compiling wgpu v0.15.1
[INFO] [stderr]    Compiling bevy_render v0.10.1
[INFO] [stderr]    Compiling bevy_core_pipeline v0.10.1
[INFO] [stderr]    Compiling bevy_sprite v0.10.1
[INFO] [stderr]    Compiling bevy_text v0.10.1 (/opt/rustwide/workdir)
[INFO] [stderr]     Finished dev [unoptimized + debuginfo] target(s) in 1m 52s
[INFO] running `Command { std: "docker" "inspect" "4dfa6bc8ac73289c66deb7feba9b8eb7d5a84cb8e78cde54d355bd7e67c63d79", kill_on_drop: false }`
[INFO] running `Command { std: "docker" "rm" "-f" "4dfa6bc8ac73289c66deb7feba9b8eb7d5a84cb8e78cde54d355bd7e67c63d79", kill_on_drop: false }`
[INFO] [stdout] 4dfa6bc8ac73289c66deb7feba9b8eb7d5a84cb8e78cde54d355bd7e67c63d79
[INFO] running `Command { std: "docker" "create" "-v" "/var/lib/crater-agent-workspace/builds/worker-6-tc1/target:/opt/rustwide/target:rw,Z" "-v" "/var/lib/crater-agent-workspace/builds/worker-6-tc1/source:/opt/rustwide/workdir:ro,Z" "-v" "/var/lib/crater-agent-workspace/cargo-home:/opt/rustwide/cargo-home:ro,Z" "-v" "/var/lib/crater-agent-workspace/rustup-home:/opt/rustwide/rustup-home:ro,Z" "-e" "SOURCE_DIR=/opt/rustwide/workdir" "-e" "CARGO_TARGET_DIR=/opt/rustwide/target" "-e" "CARGO_INCREMENTAL=0" "-e" "RUST_BACKTRACE=full" "-e" "RUSTFLAGS=--cap-lints=warn" "-e" "RUSTDOCFLAGS=--cap-lints=warn" "-e" "CARGO_HOME=/opt/rustwide/cargo-home" "-e" "RUSTUP_HOME=/opt/rustwide/rustup-home" "-w" "/opt/rustwide/workdir" "-m" "1610612736" "--user" "0:0" "--network" "none" "ghcr.io/rust-lang/crates-build-env/linux@sha256:5ff2268d62e97bff2cde7d5815dd6ed5b47097566f13b8d0ca110b04b60e07ed" "/opt/rustwide/cargo-home/bin/cargo" "+1.69.0" "test" "--frozen" "--no-run" "--message-format=json", kill_on_drop: false }`
[INFO] [stdout] 723b9a42907b483b7e91b0a1b9f438ef73cb1f52e03a86bf7d87b4de1e10684f
[INFO] running `Command { std: "docker" "start" "-a" "723b9a42907b483b7e91b0a1b9f438ef73cb1f52e03a86bf7d87b4de1e10684f", kill_on_drop: false }`
[INFO] [stderr]    Compiling bevy_text v0.10.1 (/opt/rustwide/workdir)
[INFO] [stderr]     Finished test [unoptimized + debuginfo] target(s) in 4.82s
[INFO] running `Command { std: "docker" "inspect" "723b9a42907b483b7e91b0a1b9f438ef73cb1f52e03a86bf7d87b4de1e10684f", kill_on_drop: false }`
[INFO] running `Command { std: "docker" "rm" "-f" "723b9a42907b483b7e91b0a1b9f438ef73cb1f52e03a86bf7d87b4de1e10684f", kill_on_drop: false }`
[INFO] [stdout] 723b9a42907b483b7e91b0a1b9f438ef73cb1f52e03a86bf7d87b4de1e10684f
[INFO] running `Command { std: "docker" "create" "-v" "/var/lib/crater-agent-workspace/builds/worker-6-tc1/target:/opt/rustwide/target:rw,Z" "-v" "/var/lib/crater-agent-workspace/builds/worker-6-tc1/source:/opt/rustwide/workdir:ro,Z" "-v" "/var/lib/crater-agent-workspace/cargo-home:/opt/rustwide/cargo-home:ro,Z" "-v" "/var/lib/crater-agent-workspace/rustup-home:/opt/rustwide/rustup-home:ro,Z" "-e" "SOURCE_DIR=/opt/rustwide/workdir" "-e" "CARGO_TARGET_DIR=/opt/rustwide/target" "-e" "CARGO_INCREMENTAL=0" "-e" "RUST_BACKTRACE=full" "-e" "RUSTFLAGS=--cap-lints=warn" "-e" "RUSTDOCFLAGS=--cap-lints=warn" "-e" "CARGO_HOME=/opt/rustwide/cargo-home" "-e" "RUSTUP_HOME=/opt/rustwide/rustup-home" "-w" "/opt/rustwide/workdir" "-m" "1610612736" "--user" "0:0" "--network" "none" "ghcr.io/rust-lang/crates-build-env/linux@sha256:5ff2268d62e97bff2cde7d5815dd6ed5b47097566f13b8d0ca110b04b60e07ed" "/opt/rustwide/cargo-home/bin/cargo" "+1.69.0" "test" "--frozen", kill_on_drop: false }`
[INFO] [stdout] 8fb57739898a1feb82c83357a8535d75d03fb4d2f6c7ed037cbc8b3248e190dd
[INFO] running `Command { std: "docker" "start" "-a" "8fb57739898a1feb82c83357a8535d75d03fb4d2f6c7ed037cbc8b3248e190dd", kill_on_drop: false }`
[INFO] [stderr]     Finished test [unoptimized + debuginfo] target(s) in 0.22s
[INFO] [stderr]      Running unittests src/lib.rs (/opt/rustwide/target/debug/deps/bevy_text-c26253db18271c8a)
[INFO] [stdout] 
[INFO] [stdout] running 0 tests
[INFO] [stdout] 
[INFO] [stdout] test result: ok. 0 passed; 0 failed; 0 ignored; 0 measured; 0 filtered out; finished in 0.00s
[INFO] [stdout] 
[INFO] [stderr]    Doc-tests bevy_text
[INFO] [stdout] 
[INFO] [stdout] running 2 tests
[INFO] [stdout] test src/text.rs - text::Text::from_section (line 34) ... FAILED
[INFO] [stderr] error: doctest failed, to rerun pass `--doc`
[INFO] [stdout] test src/text.rs - text::Text::from_sections (line 71) ... ok
[INFO] [stdout] 
[INFO] [stdout] failures:
[INFO] [stdout] 
[INFO] [stdout] ---- src/text.rs - text::Text::from_section (line 34) stdout ----
[INFO] [stdout] error: linking with `cc` failed: exit status: 1
[INFO] [stdout]   |
[INFO] [stdout]   = note: LC_ALL="C" PATH="/opt/rustwide/rustup-home/toolchains/1.69.0-x86_64-unknown-linux-gnu/lib/rustlib/x86_64-unknown-linux-gnu/bin:/opt/rustwide/cargo-home/bin:/usr/local/sbin:/usr/local/bin:/usr/sbin:/usr/bin:/sbin:/bin" VSLANG="1033" "cc" "-m64" "/tmp/rustcWPvwbp/symbols.o" "/tmp/rustdoctestgKB2KE/rust_out.rust_out.5bfee551-cgu.0.rcgu.o" "/tmp/rustdoctestgKB2KE/rust_out.j00p4ncf7xg64kg.rcgu.o" "-Wl,--as-needed" "-L" "/opt/rustwide/target/debug/deps" "-L" "/opt/rustwide/target/debug/deps" "-L" "/opt/rustwide/rustup-home/toolchains/1.69.0-x86_64-unknown-linux-gnu/lib/rustlib/x86_64-unknown-linux-gnu/lib" "-Wl,-Bstatic" "/opt/rustwide/target/debug/deps/libbevy_text-c355d6ba0fa69b2d.rlib" "/opt/rustwide/target/debug/deps/libglyph_brush_layout-69b8fc9c5669d768.rlib" "/opt/rustwide/target/debug/deps/libxi_unicode-a5b3f0e4ebe5dd82.rlib" "/opt/rustwide/target/debug/deps/libapprox-d2585b76ab0f37b5.rlib" "/opt/rustwide/target/debug/deps/libbevy_sprite-26d976a3e0fcc7da.rlib" "/opt/rustwide/target/debug/deps/librectangle_pack-5d9d6694866fc7af.rlib" "/opt/rustwide/target/debug/deps/libbevy_core_pipeline-0cdc782db0aae9d3.rlib" "/opt/rustwide/target/debug/deps/libradsort-8a27d56b537bd8b2.rlib" "/opt/rustwide/target/debug/deps/libguillotiere-0e398979cb0b9478.rlib" "/opt/rustwide/target/debug/deps/libsvg_fmt-1bfeb5d63caf9aae.rlib" "/opt/rustwide/target/debug/deps/libeuclid-f36e0fd88f644e8d.rlib" "/opt/rustwide/target/debug/deps/libbevy_render-af31ec68db0fb2e7.rlib" "/opt/rustwide/target/debug/deps/libbevy_mikktspace-a0470858eb9fe5e3.rlib" "/opt/rustwide/target/debug/deps/libimage-4fe8cdfab4f5960d.rlib" "/opt/rustwide/target/debug/deps/libcolor_quant-c4e6a74fd65e1c69.rlib" "/opt/rustwide/target/debug/deps/libnum_rational-43cf7dc1504f1785.rlib" "/opt/rustwide/target/debug/deps/libnum_integer-8c06f5afb834bef5.rlib" "/opt/rustwide/target/debug/deps/libencase-1e940da7f6edd20d.rlib" "/opt/rustwide/target/debug/deps/libconst_panic-1110342e505d1ae4.rlib" "/opt/rustwide/target/debug/deps/libhexasphere-85e87217af8deea0.rlib" "/opt/rustwide/target/debug/deps/libwgpu-62e98d5649fe6b5d.rlib" "/opt/rustwide/target/debug/deps/libstatic_assertions-9a9c2cb46fa7a0a6.rlib" "/opt/rustwide/target/debug/deps/libwgpu_core-7d82f9d61cc6c7be.rlib" "/opt/rustwide/target/debug/deps/libwgpu_hal-6f8eef22a3db15e0.rlib" "/opt/rustwide/target/debug/deps/librenderdoc_sys-8bb459755ab4bdd1.rlib" "/opt/rustwide/target/debug/deps/libgpu_descriptor-bbd644306d4f3010.rlib" "/opt/rustwide/target/debug/deps/libgpu_descriptor_types-f1217815580d86b3.rlib" "/opt/rustwide/target/debug/deps/libfxhash-db44dc4a3afc5550.rlib" "/opt/rustwide/target/debug/deps/libbyteorder-50c19e9bd62c942c.rlib" "/opt/rustwide/target/debug/deps/libkhronos_egl-48015216feaadb9d.rlib" "/opt/rustwide/target/debug/deps/libprofiling-9490bac90edbdbd5.rlib" "/opt/rustwide/target/debug/deps/libgpu_alloc-73277ac3c924dec4.rlib" "/opt/rustwide/target/debug/deps/libgpu_alloc_types-c2851b36cdae67ba.rlib" "/opt/rustwide/target/debug/deps/libash-e5b426571cc32988.rlib" "/opt/rustwide/target/debug/deps/liblibloading-13da5fc3cd712ff9.rlib" "/opt/rustwide/target/debug/deps/libnaga-9a6650cafa322255.rlib" "/opt/rustwide/target/debug/deps/libhexf_parse-d7d18f36424a03b3.rlib" "/opt/rustwide/target/debug/deps/libbit_set-35ccb34f96d20a41.rlib" "/opt/rustwide/target/debug/deps/libbit_vec-dba5a0279473a6d4.rlib" "/opt/rustwide/target/debug/deps/libcodespan_reporting-dc4f3445555cebf8.rlib" "/opt/rustwide/target/debug/deps/libunicode_width-f75bb0008a5efcfa.rlib" "/opt/rustwide/target/debug/deps/libtermcolor-b72ffe4cbd1728e7.rlib" "/opt/rustwide/target/debug/deps/libpp_rs-d9e9be4804388016.rlib" "/opt/rustwide/target/debug/deps/libunicode_xid-13b38a437372653c.rlib" "/opt/rustwide/target/debug/deps/libspirv-2ab1be9606f21f2c.rlib" "/opt/rustwide/target/debug/deps/libnum_traits-b237925f6bfbb7f7.rlib" "/opt/rustwide/target/debug/deps/libwgpu_types-9ccd4bff2e4df86f.rlib" "/opt/rustwide/target/debug/deps/libbitflags-82cc2d155c6eb112.rlib" "/opt/rustwide/target/debug/deps/libglow-d4998979e3ae9631.rlib" "/opt/rustwide/target/debug/deps/libarrayvec-bde221c23a3ba069.rlib" "/opt/rustwide/target/debug/deps/libbevy_window-0f53d9d707d3ce20.rlib" "/opt/rustwide/target/debug/deps/libbevy_input-59bd2eb176f6724e.rlib" "/opt/rustwide/target/debug/deps/libraw_window_handle-7c709d648acbed55.rlib" "/opt/rustwide/target/debug/deps/libbevy_transform-c273b4605fe3cf89.rlib" "/opt/rustwide/target/debug/deps/libbevy_hierarchy-25659705e7b14ae0.rlib" "/opt/rustwide/target/debug/deps/libbevy_asset-b6c3ea807ab09fa4.rlib" "/opt/rustwide/target/debug/deps/libbevy_diagnostic-664588a6f7bc1b03.rlib" "/opt/rustwide/target/debug/deps/libsysinfo-b7d0aa5be0771920.rlib" "/opt/rustwide/target/debug/deps/libbevy_time-dc71604d29776f54.rlib" "/opt/rustwide/target/debug/deps/libbevy_core-f41ec628678093b9.rlib" "/opt/rustwide/target/debug/deps/libcrossbeam_channel-4c1358ee3e4917be.rlib" "/opt/rustwide/target/debug/deps/libbevy_log-d37b807837e8bac3.rlib" "/opt/rustwide/target/debug/deps/libtracing_subscriber-8904dc16ed37e4c7.rlib" "/opt/rustwide/target/debug/deps/libnu_ansi_term-849ae375beaa7393.rlib" "/opt/rustwide/target/debug/deps/liboverload-ed65bb7ce1767b00.rlib" "/opt/rustwide/target/debug/deps/libsharded_slab-24ee8a9fa7a57bac.rlib" "/opt/rustwide/target/debug/deps/libmatchers-7275959fa2ddcc1d.rlib" "/opt/rustwide/target/debug/deps/libregex_automata-e94faa7ff8ab778d.rlib" "/opt/rustwide/target/debug/deps/libregex_syntax-4f5764d8391a61ee.rlib" "/opt/rustwide/target/debug/deps/libregex-62f85974b4cf0dcb.rlib" "/opt/rustwide/target/debug/deps/libaho_corasick-6fc38c3e1c0e1b2d.rlib" "/opt/rustwide/target/debug/deps/libregex_syntax-6ee924d67e38f866.rlib" "/opt/rustwide/target/debug/deps/libtracing_log-3627108db4e5dd19.rlib" "/opt/rustwide/target/debug/deps/liblog-e4acea3c8ca43b70.rlib" "/opt/rustwide/target/debug/deps/liblazy_static-a15e1ed0a3c31761.rlib" "/opt/rustwide/target/debug/deps/libbevy_app-83ff5af3f58dc0fa.rlib" "/opt/rustwide/target/debug/deps/libbevy_ecs-4d30541e054984b7.rlib" "/opt/rustwide/target/debug/deps/librustc_hash-0063061f61875cb5.rlib" "/opt/rustwide/target/debug/deps/libthread_local-541e5963f9bf00ff.rlib" "/opt/rustwide/target/debug/deps/libbevy_tasks-2228fb6b4c5f9441.rlib" "/opt/rustwide/target/debug/deps/libasync_channel-f6efe53f0d8c061b.rlib" "/opt/rustwide/target/debug/deps/libasync_executor-93bf52714f5711dd.rlib" "/opt/rustwide/target/debug/deps/libslab-8bb798f134a0a9e7.rlib" "/opt/rustwide/target/debug/deps/libasync_lock-ac2a7c5b785a43a5.rlib" "/opt/rustwide/target/debug/deps/libevent_listener-b20ec52d1adf3fc8.rlib" "/opt/rustwide/target/debug/deps/libfutures_lite-a7284902b1a200de.rlib" "/opt/rustwide/target/debug/deps/libmemchr-b18e4aa3c7a38625.rlib" "/opt/rustwide/target/debug/deps/libfastrand-36b5f93a51c81f9b.rlib" "/opt/rustwide/target/debug/deps/libfutures_io-070173115ee54c21.rlib" "/opt/rustwide/target/debug/deps/libfutures_core-6002dc2ff0ad2c7a.rlib" "/opt/rustwide/target/debug/deps/libwaker_fn-2f3d6f488af88305.rlib" "/opt/rustwide/target/debug/deps/libparking-340cd510933614a9.rlib" "/opt/rustwide/target/debug/deps/libconcurrent_queue-6212dc7c8d00e938.rlib" "/opt/rustwide/target/debug/deps/libcrossbeam_utils-f14c2b72311f46b8.rlib" "/opt/rustwide/target/debug/deps/libasync_task-cd296f5e0f87da3e.rlib" "/opt/rustwide/target/debug/deps/libanyhow-2a8b4879abb5c883.rlib" "/opt/rustwide/target/debug/deps/libbevy_reflect-ed2fc5d63333c5d3.rlib" "/opt/rustwide/target/debug/deps/liberased_serde-314356406b3d991b.rlib" "/opt/rustwide/target/debug/deps/libbevy_math-eb7fe2626d46fb80.rlib" "/opt/rustwide/target/debug/deps/libglam-e59f5271ad06d9aa.rlib" "/opt/rustwide/target/debug/deps/libbytemuck-9f05c976f773d21b.rlib" "/opt/rustwide/target/debug/deps/libparking_lot-a9346a06b708a738.rlib" "/opt/rustwide/target/debug/deps/libparking_lot_core-738910d880efa346.rlib" "/opt/rustwide/target/debug/deps/libsmallvec-9702277eb21a67e4.rlib" "/opt/rustwide/target/debug/deps/liblock_api-68f9f4627da435ce.rlib" "/opt/rustwide/target/debug/deps/libscopeguard-f471875f675163b5.rlib" "/opt/rustwide/target/debug/deps/libdowncast_rs-33b247181bdb1a12.rlib" "/opt/rustwide/target/debug/deps/libbevy_ptr-ebd6d679243af029.rlib" "/opt/rustwide/target/debug/deps/libbevy_utils-bb6aeef5205ba435.rlib" "/opt/rustwide/target/debug/deps/libuuid-f99b39366fd1f8fc.rlib" "/opt/rustwide/target/debug/deps/libtracing-5af4c1aae55b5d6d.rlib" "/opt/rustwide/target/debug/deps/libpin_project_lite-e66e1bab7310d569.rlib" "/opt/rustwide/target/debug/deps/libtracing_core-0513f18324fc8959.rlib" "/opt/rustwide/target/debug/deps/libpetgraph-15f133d9bc782a37.rlib" "/opt/rustwide/target/debug/deps/libindexmap-580cc6a0077e118c.rlib" "/opt/rustwide/target/debug/deps/libfixedbitset-8b15b90378469e78.rlib" "/opt/rustwide/target/debug/deps/libinstant-bc42ff45cf547fe6.rlib" "/opt/rustwide/target/debug/deps/libhashbrown-dbdd0f85118f1734.rlib" "/opt/rustwide/target/debug/deps/libserde-fe1f5b617e906e5a.rlib" "/opt/rustwide/target/debug/deps/libahash-649a6e16de48adf5.rlib" "/opt/rustwide/target/debug/deps/libgetrandom-1817661d17362ac5.rlib" "/opt/rustwide/target/debug/deps/liblibc-b7b14a0fe316ec96.rlib" "/opt/rustwide/target/debug/deps/libcfg_if-e5e118dd7d121aaa.rlib" "/opt/rustwide/target/debug/deps/libonce_cell-7d2ec3fb6b6c5a4d.rlib" "/opt/rustwide/target/debug/deps/libthiserror-e4ca7c641acd4c0d.rlib" "/opt/rustwide/target/debug/deps/libab_glyph-0f0ca7a6dbb05a2b.rlib" "/opt/rustwide/target/debug/deps/libowned_ttf_parser-6253243ef4ee5ab3.rlib" "/opt/rustwide/target/debug/deps/libttf_parser-1fe638113523c898.rlib" "/opt/rustwide/target/debug/deps/libab_glyph_rasterizer-98f2a678cf1dbe9e.rlib" "/opt/rustwide/rustup-home/toolchains/1.69.0-x86_64-unknown-linux-gnu/lib/rustlib/x86_64-unknown-linux-gnu/lib/libstd-89bc084783fdc439.rlib" "/opt/rustwide/rustup-home/toolchains/1.69.0-x86_64-unknown-linux-gnu/lib/rustlib/x86_64-unknown-linux-gnu/lib/libpanic_unwind-8bee4b287d4367c1.rlib" "/opt/rustwide/rustup-home/toolchains/1.69.0-x86_64-unknown-linux-gnu/lib/rustlib/x86_64-unknown-linux-gnu/lib/libobject-d61707aed80694c0.rlib" "/opt/rustwide/rustup-home/toolchains/1.69.0-x86_64-unknown-linux-gnu/lib/rustlib/x86_64-unknown-linux-gnu/lib/libmemchr-d85366256f22345b.rlib" "/opt/rustwide/rustup-home/toolchains/1.69.0-x86_64-unknown-linux-gnu/lib/rustlib/x86_64-unknown-linux-gnu/lib/libaddr2line-96069b86b8a8cae9.rlib" "/opt/rustwide/rustup-home/toolchains/1.69.0-x86_64-unknown-linux-gnu/lib/rustlib/x86_64-unknown-linux-gnu/lib/libgimli-d19d53abf68dfa6c.rlib" "/opt/rustwide/rustup-home/toolchains/1.69.0-x86_64-unknown-linux-gnu/lib/rustlib/x86_64-unknown-linux-gnu/lib/librustc_demangle-787cbccd19d64ac6.rlib" "/opt/rustwide/rustup-home/toolchains/1.69.0-x86_64-unknown-linux-gnu/lib/rustlib/x86_64-unknown-linux-gnu/lib/libstd_detect-b3837a36b830e0d0.rlib" "/opt/rustwide/rustup-home/toolchains/1.69.0-x86_64-unknown-linux-gnu/lib/rustlib/x86_64-unknown-linux-gnu/lib/libhashbrown-e3deb0e7e3f04966.rlib" "/opt/rustwide/rustup-home/toolchains/1.69.0-x86_64-unknown-linux-gnu/lib/rustlib/x86_64-unknown-linux-gnu/lib/libminiz_oxide-dabbb79c9815def4.rlib" "/opt/rustwide/rustup-home/toolchains/1.69.0-x86_64-unknown-linux-gnu/lib/rustlib/x86_64-unknown-linux-gnu/lib/libadler-305b01f34c9409f2.rlib" "/opt/rustwide/rustup-home/toolchains/1.69.0-x86_64-unknown-linux-gnu/lib/rustlib/x86_64-unknown-linux-gnu/lib/librustc_std_workspace_alloc-f833521df6074e73.rlib" "/opt/rustwide/rustup-home/toolchains/1.69.0-x86_64-unknown-linux-gnu/lib/rustlib/x86_64-unknown-linux-gnu/lib/libunwind-9ac333113350d171.rlib" "/opt/rustwide/rustup-home/toolchains/1.69.0-x86_64-unknown-linux-gnu/lib/rustlib/x86_64-unknown-linux-gnu/lib/libcfg_if-1c126114322d0eee.rlib" "/opt/rustwide/rustup-home/toolchains/1.69.0-x86_64-unknown-linux-gnu/lib/rustlib/x86_64-unknown-linux-gnu/lib/liblibc-bad9164fdeeecf92.rlib" "/opt/rustwide/rustup-home/toolchains/1.69.0-x86_64-unknown-linux-gnu/lib/rustlib/x86_64-unknown-linux-gnu/lib/liballoc-f9374b1e480fa681.rlib" "/opt/rustwide/rustup-home/toolchains/1.69.0-x86_64-unknown-linux-gnu/lib/rustlib/x86_64-unknown-linux-gnu/lib/librustc_std_workspace_core-207f06e41d9603af.rlib" "/opt/rustwide/rustup-home/toolchains/1.69.0-x86_64-unknown-linux-gnu/lib/rustlib/x86_64-unknown-linux-gnu/lib/libcore-7e2768e66e984e85.rlib" "/opt/rustwide/rustup-home/toolchains/1.69.0-x86_64-unknown-linux-gnu/lib/rustlib/x86_64-unknown-linux-gnu/lib/libcompiler_builtins-957b4aff41f8cd46.rlib" "-Wl,-Bdynamic" "-ldl" "-lgcc_s" "-lutil" "-lrt" "-lpthread" "-lm" "-ldl" "-lc" "-Wl,--eh-frame-hdr" "-Wl,-z,noexecstack" "-L" "/opt/rustwide/rustup-home/toolchains/1.69.0-x86_64-unknown-linux-gnu/lib/rustlib/x86_64-unknown-linux-gnu/lib" "-o" "/tmp/rustdoctestgKB2KE/rust_out" "-Wl,--gc-sections" "-pie" "-Wl,-z,relro,-z,now" "-nodefaultlibs"
[INFO] [stdout]   = note: collect2: fatal error: ld terminated with signal 9 [Killed]
[INFO] [stdout]           compilation terminated.
[INFO] [stdout]           
[INFO] [stdout] 
[INFO] [stdout] error: aborting due to previous error
[INFO] [stdout] 
[INFO] [stdout] Couldn't compile the test.
[INFO] [stdout] 
[INFO] [stdout] failures:
[INFO] [stdout]     src/text.rs - text::Text::from_section (line 34)
[INFO] [stdout] 
[INFO] [stdout] test result: FAILED. 1 passed; 1 failed; 0 ignored; 0 measured; 0 filtered out; finished in 13.01s
[INFO] [stdout] 
[INFO] running `Command { std: "docker" "inspect" "8fb57739898a1feb82c83357a8535d75d03fb4d2f6c7ed037cbc8b3248e190dd", kill_on_drop: false }`
[INFO] running `Command { std: "docker" "rm" "-f" "8fb57739898a1feb82c83357a8535d75d03fb4d2f6c7ed037cbc8b3248e190dd", kill_on_drop: false }`
[INFO] [stdout] 8fb57739898a1feb82c83357a8535d75d03fb4d2f6c7ed037cbc8b3248e190dd
