[INFO] cloning repository https://github.com/thomasmarkiewicz/qaulapp
[INFO] running `Command { std: "git" "-c" "credential.helper=" "-c" "credential.helper=/workspace/cargo-home/bin/git-credential-null" "clone" "--bare" "https://github.com/thomasmarkiewicz/qaulapp" "/workspace/cache/git-repos/https%3A%2F%2Fgithub.com%2Fthomasmarkiewicz%2Fqaulapp", kill_on_drop: false }`
[INFO] [stderr] Cloning into bare repository '/workspace/cache/git-repos/https%3A%2F%2Fgithub.com%2Fthomasmarkiewicz%2Fqaulapp'...
[INFO] running `Command { std: "git" "rev-parse" "HEAD", kill_on_drop: false }`
[INFO] [stdout] 38f9a2faea49384eb07effae21649e92e59fadc7
[INFO] testing thomasmarkiewicz/qaulapp against 1.69.0 for beta-1.70-1
[INFO] running `Command { std: "git" "clone" "/workspace/cache/git-repos/https%3A%2F%2Fgithub.com%2Fthomasmarkiewicz%2Fqaulapp" "/workspace/builds/worker-2-tc1/source", kill_on_drop: false }`
[INFO] [stderr] Cloning into '/workspace/builds/worker-2-tc1/source'...
[INFO] [stderr] done.
[INFO] validating manifest of git repo https://github.com/thomasmarkiewicz/qaulapp on toolchain 1.69.0
[INFO] running `Command { std: CARGO_HOME="/workspace/cargo-home" RUSTUP_HOME="/workspace/rustup-home" "/workspace/cargo-home/bin/cargo" "+1.69.0" "metadata" "--manifest-path" "Cargo.toml" "--no-deps", kill_on_drop: false }`
[INFO] started tweaking git repo https://github.com/thomasmarkiewicz/qaulapp
[INFO] finished tweaking git repo https://github.com/thomasmarkiewicz/qaulapp
[INFO] tweaked toml for git repo https://github.com/thomasmarkiewicz/qaulapp written to /workspace/builds/worker-2-tc1/source/Cargo.toml
[INFO] crate git repo https://github.com/thomasmarkiewicz/qaulapp already has a lockfile, it will not be regenerated
[INFO] running `Command { std: CARGO_HOME="/workspace/cargo-home" RUSTUP_HOME="/workspace/rustup-home" "/workspace/cargo-home/bin/cargo" "+1.69.0" "fetch" "--manifest-path" "Cargo.toml", kill_on_drop: false }`
[INFO] [stderr]  Downloading crates ...
[INFO] [stderr]   Downloaded aead v0.4.2
[INFO] [stderr]   Downloaded ghash v0.4.3
[INFO] [stderr]   Downloaded libp2p-wasm-ext v0.29.0
[INFO] [stderr]   Downloaded libp2p-mplex v0.29.0
[INFO] [stderr]   Downloaded chacha20poly1305 v0.8.1
[INFO] [stderr]   Downloaded libp2p-relay v0.3.0
[INFO] [stderr]   Downloaded libp2p-mdns v0.31.0
[INFO] [stderr]   Downloaded libp2p-websocket v0.30.0
[INFO] [stderr]   Downloaded libp2p-dns v0.29.0
[INFO] [stderr]   Downloaded libp2p-floodsub v0.30.0
[INFO] [stderr]   Downloaded libp2p-swarm v0.30.0
[INFO] [stderr]   Downloaded which v4.2.1
[INFO] [stderr]   Downloaded libp2p-deflate v0.29.0
[INFO] [stderr]   Downloaded libp2p-uds v0.29.0
[INFO] [stderr]   Downloaded libp2p-yamux v0.33.0
[INFO] [stderr]   Downloaded libp2p-pnet v0.21.0
[INFO] [stderr]   Downloaded libp2p-plaintext v0.29.0
[INFO] [stderr]   Downloaded libp2p-swarm-derive v0.24.0
[INFO] [stderr]   Downloaded polyval v0.5.2
[INFO] [stderr]   Downloaded libp2p-request-response v0.12.0
[INFO] [stderr]   Downloaded chacha20 v0.7.2
[INFO] [stderr]   Downloaded libp2p-tcp v0.29.0
[INFO] [stderr]   Downloaded libp2p-identify v0.30.0
[INFO] [stderr]   Downloaded libp2p-ping v0.30.0
[INFO] [stderr]   Downloaded poly1305 v0.7.1
[INFO] [stderr]   Downloaded libp2p-noise v0.32.0
[INFO] [stderr]   Downloaded libp2p v0.39.1
[INFO] [stderr]   Downloaded libp2p-kad v0.31.0
[INFO] [stderr]   Downloaded aes v0.7.4
[INFO] [stderr]   Downloaded libp2p-gossipsub v0.32.0
[INFO] [stderr]   Downloaded aes-gcm v0.9.3
[INFO] [stderr]   Downloaded libp2p-core v0.29.0
[INFO] running `Command { std: "docker" "create" "-v" "/var/lib/crater-agent-workspace/builds/worker-2-tc1/target:/opt/rustwide/target:rw,Z" "-v" "/var/lib/crater-agent-workspace/builds/worker-2-tc1/source:/opt/rustwide/workdir:ro,Z" "-v" "/var/lib/crater-agent-workspace/cargo-home:/opt/rustwide/cargo-home:ro,Z" "-v" "/var/lib/crater-agent-workspace/rustup-home:/opt/rustwide/rustup-home:ro,Z" "-e" "SOURCE_DIR=/opt/rustwide/workdir" "-e" "CARGO_TARGET_DIR=/opt/rustwide/target" "-e" "CARGO_HOME=/opt/rustwide/cargo-home" "-e" "RUSTUP_HOME=/opt/rustwide/rustup-home" "-w" "/opt/rustwide/workdir" "-m" "1610612736" "--user" "0:0" "--network" "none" "ghcr.io/rust-lang/crates-build-env/linux@sha256:5ff2268d62e97bff2cde7d5815dd6ed5b47097566f13b8d0ca110b04b60e07ed" "/opt/rustwide/cargo-home/bin/cargo" "+1.69.0" "metadata" "--no-deps" "--format-version=1", kill_on_drop: false }`
[INFO] [stdout] dd09b34d5829819976868a44bc1042fc0facc3e037bd6231d45e42b73bc44c01
[INFO] running `Command { std: "docker" "start" "-a" "dd09b34d5829819976868a44bc1042fc0facc3e037bd6231d45e42b73bc44c01", kill_on_drop: false }`
[INFO] running `Command { std: "docker" "inspect" "dd09b34d5829819976868a44bc1042fc0facc3e037bd6231d45e42b73bc44c01", kill_on_drop: false }`
[INFO] running `Command { std: "docker" "rm" "-f" "dd09b34d5829819976868a44bc1042fc0facc3e037bd6231d45e42b73bc44c01", kill_on_drop: false }`
[INFO] [stdout] dd09b34d5829819976868a44bc1042fc0facc3e037bd6231d45e42b73bc44c01
[INFO] running `Command { std: "docker" "create" "-v" "/var/lib/crater-agent-workspace/builds/worker-2-tc1/target:/opt/rustwide/target:rw,Z" "-v" "/var/lib/crater-agent-workspace/builds/worker-2-tc1/source:/opt/rustwide/workdir:ro,Z" "-v" "/var/lib/crater-agent-workspace/cargo-home:/opt/rustwide/cargo-home:ro,Z" "-v" "/var/lib/crater-agent-workspace/rustup-home:/opt/rustwide/rustup-home:ro,Z" "-e" "SOURCE_DIR=/opt/rustwide/workdir" "-e" "CARGO_TARGET_DIR=/opt/rustwide/target" "-e" "CARGO_INCREMENTAL=0" "-e" "RUST_BACKTRACE=full" "-e" "RUSTFLAGS=--cap-lints=warn" "-e" "RUSTDOCFLAGS=--cap-lints=warn" "-e" "CARGO_HOME=/opt/rustwide/cargo-home" "-e" "RUSTUP_HOME=/opt/rustwide/rustup-home" "-w" "/opt/rustwide/workdir" "-m" "1610612736" "--user" "0:0" "--network" "none" "ghcr.io/rust-lang/crates-build-env/linux@sha256:5ff2268d62e97bff2cde7d5815dd6ed5b47097566f13b8d0ca110b04b60e07ed" "/opt/rustwide/cargo-home/bin/cargo" "+1.69.0" "build" "--frozen" "--message-format=json", kill_on_drop: false }`
[INFO] [stdout] 040628c52c40d5cb23aa08c2cc8c088ccdd48f8b1f70f170decc78518d52d5be
[INFO] running `Command { std: "docker" "start" "-a" "040628c52c40d5cb23aa08c2cc8c088ccdd48f8b1f70f170decc78518d52d5be", kill_on_drop: false }`
[INFO] [stderr]    Compiling version_check v0.9.3
[INFO] [stderr]    Compiling proc-macro2 v1.0.28
[INFO] [stderr]    Compiling unicode-xid v0.2.2
[INFO] [stderr]    Compiling syn v1.0.74
[INFO] [stderr]    Compiling cfg-if v1.0.0
[INFO] [stderr]    Compiling libc v0.2.98
[INFO] [stderr]    Compiling autocfg v1.0.1
[INFO] [stderr]    Compiling log v0.4.14
[INFO] [stderr]    Compiling typenum v1.13.0
[INFO] [stderr]    Compiling once_cell v1.8.0
[INFO] [stderr]    Compiling memchr v2.4.0
[INFO] [stderr]    Compiling ppv-lite86 v0.2.10
[INFO] [stderr]    Compiling value-bag v1.0.0-alpha.7
[INFO] [stderr]    Compiling generic-array v0.14.4
[INFO] [stderr]    Compiling futures-core v0.3.16
[INFO] [stderr]    Compiling either v1.6.1
[INFO] [stderr]    Compiling pin-project-lite v0.2.7
[INFO] [stderr]    Compiling futures-io v0.3.16
[INFO] [stderr]    Compiling bytes v1.0.1
[INFO] [stderr]    Compiling ahash v0.7.4
[INFO] [stderr]    Compiling anyhow v1.0.42
[INFO] [stderr]    Compiling quote v1.0.9
[INFO] [stderr]    Compiling getrandom v0.2.3
[INFO] [stderr]    Compiling unicode-segmentation v1.8.0
[INFO] [stderr]    Compiling rand_core v0.6.3
[INFO] [stderr]    Compiling slab v0.4.3
[INFO] [stderr]    Compiling rand_chacha v0.3.1
[INFO] [stderr]    Compiling heck v0.3.3
[INFO] [stderr]    Compiling hashbrown v0.11.2
[INFO] [stderr]    Compiling itertools v0.10.1
[INFO] [stderr]    Compiling indexmap v1.7.0
[INFO] [stderr]    Compiling rand v0.8.4
[INFO] [stderr]    Compiling subtle v2.4.1
[INFO] [stderr]    Compiling digest v0.9.0
[INFO] [stderr]    Compiling which v4.2.1
[INFO] [stderr]    Compiling proc-macro-hack v0.5.19
[INFO] [stderr]    Compiling futures-macro v0.3.16
[INFO] [stderr]    Compiling futures-channel v0.3.16
[INFO] [stderr]    Compiling prost-build v0.8.0
[INFO] [stderr]    Compiling proc-macro-nested v0.1.7
[INFO] [stderr]    Compiling fixedbitset v0.2.0
[INFO] [stderr]    Compiling futures-sink v0.3.16
[INFO] [stderr]    Compiling futures-task v0.3.16
[INFO] [stderr]    Compiling remove_dir_all v0.5.3
[INFO] [stderr]    Compiling petgraph v0.5.1
[INFO] [stderr]    Compiling tempfile v3.2.0
[INFO] [stderr]    Compiling futures-util v0.3.16
[INFO] [stderr]    Compiling pin-utils v0.1.0
[INFO] [stderr]    Compiling opaque-debug v0.3.0
[INFO] [stderr]    Compiling multimap v0.8.3
[INFO] [stderr]    Compiling cc v1.0.69
[INFO] [stderr]    Compiling lazy_static v1.4.0
[INFO] [stderr]    Compiling cpufeatures v0.1.5
[INFO] [stderr]    Compiling serde_derive v1.0.126
[INFO] [stderr]    Compiling getrandom v0.1.16
[INFO] [stderr]    Compiling serde v1.0.126
[INFO] [stderr]    Compiling num_cpus v1.13.0
[INFO] [stderr]    Compiling block-padding v0.2.1
[INFO] [stderr]    Compiling crunchy v0.2.2
[INFO] [stderr]    Compiling byteorder v1.4.3
[INFO] [stderr]    Compiling smallvec v1.6.1
[INFO] [stderr]    Compiling rand_core v0.5.1
[INFO] [stderr]    Compiling block-buffer v0.9.0
[INFO] [stderr]    Compiling tinyvec_macros v0.1.0
[INFO] [stderr]    Compiling matches v0.1.8
[INFO] [stderr]    Compiling tinyvec v1.3.1
[INFO] [stderr]    Compiling static_assertions v1.1.0
[INFO] [stderr]    Compiling spin v0.5.2
[INFO] [stderr]    Compiling untrusted v0.7.1
[INFO] [stderr]    Compiling unicode-bidi v0.3.5
[INFO] [stderr]    Compiling rand_chacha v0.2.2
[INFO] [stderr]    Compiling proc-macro-error-attr v1.0.4
[INFO] [stderr]    Compiling instant v0.1.10
[INFO] [stderr]    Compiling scopeguard v1.1.0
[INFO] [stderr]    Compiling percent-encoding v2.1.0
[INFO] [stderr]    Compiling lock_api v0.4.4
[INFO] [stderr]    Compiling form_urlencoded v1.0.1
[INFO] [stderr]    Compiling ring v0.16.20
[INFO] [stderr]    Compiling rand v0.7.3
[INFO] [stderr]    Compiling parking_lot_core v0.8.3
[INFO] [stderr]    Compiling libsecp256k1-core v0.2.2
[INFO] [stderr]    Compiling sha2 v0.9.5
[INFO] [stderr]    Compiling crypto-mac v0.8.0
[INFO] [stderr]    Compiling proc-macro-error v1.0.4
[INFO] [stderr]    Compiling parking_lot v0.11.1
[INFO] [stderr]    Compiling unicode-normalization v0.1.19
[INFO] [stderr]    Compiling synstructure v0.12.5
[INFO] [stderr]    Compiling data-encoding v2.3.2
[INFO] [stderr]    Compiling pin-project-internal v0.4.28
[INFO] [stderr]    Compiling idna v0.2.3
[INFO] [stderr]    Compiling libsecp256k1-gen-genmult v0.2.1
[INFO] [stderr]    Compiling libsecp256k1-gen-ecmult v0.2.1
[INFO] [stderr]    Compiling hmac v0.8.1
[INFO] [stderr]    Compiling signature v1.3.1
[INFO] [stderr]    Compiling libsecp256k1 v0.5.0
[INFO] [stderr]    Compiling arrayref v0.3.6
[INFO] [stderr]    Compiling url v2.2.2
[INFO] [stderr]    Compiling base64 v0.12.3
[INFO] [stderr]    Compiling ed25519 v1.2.0
[INFO] [stderr]    Compiling hmac-drbg v0.3.0
[INFO] [stderr]    Compiling bs58 v0.4.0
[INFO] [stderr]    Compiling fnv v1.0.7
[INFO] [stderr]    Compiling futures-timer v3.0.2
[INFO] [stderr]    Compiling void v1.0.2
[INFO] [stderr]    Compiling asn1_der v0.7.4
[INFO] [stderr]    Compiling cache-padded v1.1.1
[INFO] [stderr]    Compiling waker-fn v1.1.0
[INFO] [stderr]    Compiling concurrent-queue v1.2.2
[INFO] [stderr]    Compiling fastrand v1.5.0
[INFO] [stderr]    Compiling parking v2.0.0
[INFO] [stderr]    Compiling futures-lite v1.12.0
[INFO] [stderr]    Compiling cipher v0.3.0
[INFO] [stderr]    Compiling socket2 v0.4.1
[INFO] [stderr]    Compiling quick-error v1.2.3
[INFO] [stderr]    Compiling event-listener v2.5.1
[INFO] [stderr]    Compiling wasm-bindgen-shared v0.2.74
[INFO] [stderr]    Compiling ucd-trie v0.1.3
[INFO] [stderr]    Compiling universal-hash v0.4.1
[INFO] [stderr]    Compiling async-task v4.0.3
[INFO] [stderr]    Compiling ipnet v2.3.1
[INFO] [stderr]    Compiling pest v2.1.3
[INFO] [stderr]    Compiling pkg-config v0.3.19
[INFO] [stderr]    Compiling bumpalo v3.7.0
[INFO] [stderr]    Compiling async-trait v0.1.51
[INFO] [stderr]    Compiling async-channel v1.6.1
[INFO] [stderr]    Compiling ctor v0.1.20
[INFO] [stderr]    Compiling prost-derive v0.8.0
[INFO] [stderr]    Compiling thiserror-impl v1.0.26
[INFO] [stderr]    Compiling zeroize_derive v1.1.0
[INFO] [stderr]    Compiling pin-project-internal v1.0.8
[INFO] [stderr]    Compiling zeroize v1.3.0
[INFO] [stderr]    Compiling curve25519-dalek v3.1.0
[INFO] [stderr]    Compiling thiserror v1.0.26
[INFO] [stderr]    Compiling polling v2.1.0
[INFO] [stderr]    Compiling wasm-bindgen-backend v0.2.74
[INFO] [stderr]    Compiling async-io v1.6.0
[INFO] [stderr]    Compiling prost v0.8.0
[INFO] [stderr]    Compiling pin-project v1.0.8
[INFO] [stderr]    Compiling semver-parser v0.10.2
[INFO] [stderr]    Compiling pin-project v0.4.28
[INFO] [stderr]    Compiling libz-sys v1.1.3
[INFO] [stderr]    Compiling prost-types v0.8.0
[INFO] [stderr]    Compiling aho-corasick v0.7.18
[INFO] [stderr]    Compiling miniz_oxide v0.4.4
[INFO] [stderr]    Compiling atomic-waker v1.0.0
[INFO] [stderr]    Compiling regex-syntax v0.6.25
[INFO] [stderr]    Compiling linked-hash-map v0.5.4
[INFO] [stderr]    Compiling crc32fast v1.2.1
[INFO] [stderr]    Compiling crossbeam-utils v0.8.5
[INFO] [stderr]    Compiling blocking v1.0.2
[INFO] [stderr]    Compiling semver v0.11.0
[INFO] [stderr]    Compiling futures-executor v0.3.16
[INFO] [stderr]    Compiling asynchronous-codec v0.6.0
[INFO] [stderr]    Compiling wasm-bindgen-macro-support v0.2.74
[INFO] [stderr]    Compiling futures v0.3.16
[INFO] [stderr]    Compiling unsigned-varint v0.7.0
[INFO] [stderr]    Compiling rw-stream-sink v0.2.1
[INFO] [stderr]    Compiling wasm-timer v0.2.5
[INFO] [stderr]    Compiling multistream-select v0.10.2
[INFO] [stderr]    Compiling async-executor v1.4.1
[INFO] [stderr]    Compiling libp2p-core v0.29.0
[INFO] [stderr]    Compiling regex v1.5.4
[INFO] [stderr]    Compiling async-mutex v1.4.0
[INFO] [stderr]    Compiling match_cfg v0.1.0
[INFO] [stderr]    Compiling adler v1.0.2
[INFO] [stderr]    Compiling wasm-bindgen v0.2.74
[INFO] [stderr]    Compiling wasm-bindgen-macro v0.2.74
[INFO] [stderr]    Compiling hostname v0.3.1
[INFO] [stderr]    Compiling async-global-executor v2.0.2
[INFO] [stderr]    Compiling rustc_version v0.3.3
[INFO] [stderr]    Compiling kv-log-macro v1.0.7
[INFO] [stderr]    Compiling enum-as-inner v0.3.3
[INFO] [stderr]    Compiling async-attributes v1.1.2
[INFO] [stderr]    Compiling polyval v0.5.2
[INFO] [stderr]    Compiling webpki v0.21.4
[INFO] [stderr]    Compiling async-lock v2.4.0
[INFO] [stderr]    Compiling aead v0.4.2
[INFO] [stderr]    Compiling ryu v1.0.5
[INFO] [stderr]    Compiling httparse v1.4.1
[INFO] [stderr]    Compiling arrayvec v0.5.2
[INFO] [stderr]    Compiling base64 v0.13.0
[INFO] [stderr]    Compiling async-std v1.9.0
[INFO] [stderr]    Compiling trust-dns-proto v0.20.3
[INFO] [stderr]    Compiling ghash v0.4.3
[INFO] [stderr]    Compiling flate2 v1.0.20
[INFO] [stderr]    Compiling snow v0.8.0
[INFO] [stderr]    Compiling resolv-conf v0.7.0
[INFO] [stderr]    Compiling lru-cache v0.1.2
[INFO] [stderr]    Compiling chacha20 v0.7.2
[INFO] [stderr]    Compiling poly1305 v0.7.1
[INFO] [stderr]    Compiling sct v0.6.1
[INFO] [stderr]    Compiling ctr v0.8.0
[INFO] [stderr]    Compiling aes v0.7.4
[INFO] [stderr]    Compiling toml v0.5.8
[INFO] [stderr]    Compiling ed25519-dalek v1.0.1
[INFO] [stderr]    Compiling num-traits v0.2.14
[INFO] [stderr]    Compiling bitflags v1.2.1
[INFO] [stderr]    Compiling nohash-hasher v0.2.0
[INFO] [stderr]    Compiling aes-gcm v0.9.3
[INFO] [stderr]    Compiling trust-dns-resolver v0.20.3
[INFO] [stderr]    Compiling chacha20poly1305 v0.8.1
[INFO] [stderr]    Compiling rustls v0.19.1
[INFO] [stderr]    Compiling proc-macro-crate v1.0.0
[INFO] [stderr]    Compiling js-sys v0.3.51
[INFO] [stderr]    Compiling libp2p-identify v0.30.0
[INFO] [stderr]    Compiling libp2p-plaintext v0.29.0
[INFO] [stderr]    Compiling multihash-derive v0.7.2
[INFO] [stderr]    Compiling libp2p-noise v0.32.0
[INFO] [stderr]    Compiling libp2p-gossipsub v0.32.0
[INFO] [stderr]    Compiling libp2p-relay v0.3.0
[INFO] [stderr]    Compiling libp2p-floodsub v0.30.0
[INFO] [stderr]    Compiling multihash v0.14.0
[INFO] [stderr]    Compiling libp2p-kad v0.31.0
[INFO] [stderr]    Compiling if-watch v0.2.2
[INFO] [stderr]    Compiling multiaddr v0.13.0
[INFO] [stderr]    Compiling x25519-dalek v1.1.1
[INFO] [stderr]    Compiling minicbor-derive v0.6.4
[INFO] [stderr]    Compiling blake2 v0.9.1
[INFO] [stderr]    Compiling sha-1 v0.9.7
[INFO] [stderr]    Compiling atomic v0.5.0
[INFO] [stderr]    Compiling pin-project-lite v0.1.12
[INFO] [stderr]    Compiling keccak v0.1.0
[INFO] [stderr]    Compiling lexical-core v0.7.6
[INFO] [stderr]    Compiling hex v0.4.3
[INFO] [stderr]    Compiling bytes v0.5.6
[INFO] [stderr]    Compiling sha3 v0.9.1
[INFO] [stderr]    Compiling quicksink v0.1.2
[INFO] [stderr]    Compiling uint v0.9.1
[INFO] [stderr]    Compiling soketto v0.4.2
[INFO] [stderr]    Compiling wasm-bindgen-futures v0.4.24
[INFO] [stderr]    Compiling futures-rustls v0.21.1
[INFO] [stderr]    Compiling async-std-resolver v0.20.3
[INFO] [stderr]    Compiling yamux v0.9.0
[INFO] [stderr]    Compiling libp2p-swarm v0.30.0
[INFO] [stderr]    Compiling minicbor v0.8.1
[INFO] [stderr]    Compiling webpki-roots v0.21.1
[INFO] [stderr]    Compiling salsa20 v0.8.1
[INFO] [stderr]    Compiling dns-parser v0.8.0
[INFO] [stderr]    Compiling cuckoofilter v0.5.0
[INFO] [stderr]    Compiling lru v0.6.6
[INFO] [stderr]    Compiling nom v5.1.2
[INFO] [stderr]    Compiling serde_json v1.0.66
[INFO] [stderr]    Compiling hex_fmt v0.3.0
[INFO] [stderr]    Compiling parity-send-wrapper v0.1.0
[INFO] [stderr]    Compiling libp2p-wasm-ext v0.29.0
[INFO] [stderr]    Compiling libp2p-mdns v0.31.0
[INFO] [stderr]    Compiling libp2p-request-response v0.12.0
[INFO] [stderr]    Compiling libp2p-ping v0.30.0
[INFO] [stderr]    Compiling libp2p-pnet v0.21.0
[INFO] [stderr]    Compiling num-traits v0.1.43
[INFO] [stderr]    Compiling libp2p-websocket v0.30.0
[INFO] [stderr]    Compiling libp2p-yamux v0.33.0
[INFO] [stderr]    Compiling libp2p-uds v0.29.0
[INFO] [stderr]    Compiling libp2p-dns v0.29.0
[INFO] [stderr]    Compiling libp2p-mplex v0.29.0
[INFO] [stderr]    Compiling libp2p-tcp v0.29.0
[INFO] [stderr]    Compiling libp2p-deflate v0.29.0
[INFO] [stderr]    Compiling libp2p-swarm-derive v0.24.0
[INFO] [stderr]    Compiling humantime v1.3.0
[INFO] [stderr]    Compiling atty v0.2.14
[INFO] [stderr]    Compiling itoa v0.4.7
[INFO] [stderr]    Compiling termcolor v1.1.2
[INFO] [stderr]    Compiling serde v0.8.23
[INFO] [stderr]    Compiling env_logger v0.7.1
[INFO] [stderr]    Compiling yaml-rust v0.4.5
[INFO] [stderr]    Compiling libp2p v0.39.1
[INFO] [stderr]    Compiling tracing-attributes v0.1.15
[INFO] [stderr]    Compiling tracing-core v0.1.18
[INFO] [stderr]    Compiling rust-ini v0.13.0
[INFO] [stderr]    Compiling qaul_info v0.1.0 (/opt/rustwide/workdir/native/libqaul/src/libp2p_modules/qaul_info)
[INFO] [stdout] warning: field `config` is never read
[INFO] [stdout]   --> native/libqaul/src/libp2p_modules/qaul_info/src/lib.rs:41:5
[INFO] [stdout]    |
[INFO] [stdout] 37 | pub struct QaulInfo {
[INFO] [stdout]    |            -------- field in this struct
[INFO] [stdout] ...
[INFO] [stdout] 41 |     config: QaulInfoConfig,
[INFO] [stdout]    |     ^^^^^^
[INFO] [stdout]    |
[INFO] [stdout]    = note: `#[warn(dead_code)]` on by default
[INFO] [stdout] 
[INFO] [stdout] 
[INFO] [stdout] warning: 1 warning emitted
[INFO] [stdout] 
[INFO] [stdout] 
[INFO] [stderr]    Compiling serde-hjson v0.9.1
[INFO] [stderr]    Compiling pretty_env_logger v0.4.0
[INFO] [stderr]    Compiling bincode v1.3.3
[INFO] [stderr]    Compiling state v0.5.2
[INFO] [stderr]    Compiling humantime v2.1.0
[INFO] [stderr]    Compiling tracing v0.1.26
[INFO] [stderr]    Compiling config v0.11.0
[INFO] [stderr]    Compiling libqaul v0.2.0 (/opt/rustwide/workdir/native/libqaul)
[INFO] [stdout] warning: unused variable: `signature`
[INFO] [stdout]    --> native/libqaul/src/router/info.rs:225:44
[INFO] [stdout]     |
[INFO] [stdout] 225 |             Ok(RouterInfoContainer { data, signature }) => {
[INFO] [stdout]     |                                            ^^^^^^^^^ help: try ignoring the field: `signature: _`
[INFO] [stdout]     |
[INFO] [stdout]     = note: `#[warn(unused_variables)]` on by default
[INFO] [stdout] 
[INFO] [stdout] 
[INFO] [stdout] warning: associated function `delete` is never used
[INFO] [stdout]   --> native/libqaul/src/router/neighbours.rs:72:12
[INFO] [stdout]    |
[INFO] [stdout] 72 |     pub fn delete( module: ConnectionModule, node_id: PeerId ) {
[INFO] [stdout]    |            ^^^^^^
[INFO] [stdout]    |
[INFO] [stdout]    = note: `#[warn(dead_code)]` on by default
[INFO] [stdout] 
[INFO] [stdout] 
[INFO] [stdout] warning: 2 warnings emitted
[INFO] [stdout] 
[INFO] [stdout] 
[INFO] [stderr]    Compiling libqaul-ffi v0.1.0 (/opt/rustwide/workdir/native/libqaul-ffi)
[INFO] [stderr]     Finished dev [unoptimized + debuginfo] target(s) in 37.95s
[INFO] [stderr] warning: the following packages contain code that will be rejected by a future version of Rust: nom v5.1.2, snow v0.8.0
[INFO] [stderr] note: to see what the problems were, use the option `--future-incompat-report`, or run `cargo report future-incompatibilities --id 1`
[INFO] running `Command { std: "docker" "inspect" "040628c52c40d5cb23aa08c2cc8c088ccdd48f8b1f70f170decc78518d52d5be", kill_on_drop: false }`
[INFO] running `Command { std: "docker" "rm" "-f" "040628c52c40d5cb23aa08c2cc8c088ccdd48f8b1f70f170decc78518d52d5be", kill_on_drop: false }`
[INFO] [stdout] 040628c52c40d5cb23aa08c2cc8c088ccdd48f8b1f70f170decc78518d52d5be
[INFO] running `Command { std: "docker" "create" "-v" "/var/lib/crater-agent-workspace/builds/worker-2-tc1/target:/opt/rustwide/target:rw,Z" "-v" "/var/lib/crater-agent-workspace/builds/worker-2-tc1/source:/opt/rustwide/workdir:ro,Z" "-v" "/var/lib/crater-agent-workspace/cargo-home:/opt/rustwide/cargo-home:ro,Z" "-v" "/var/lib/crater-agent-workspace/rustup-home:/opt/rustwide/rustup-home:ro,Z" "-e" "SOURCE_DIR=/opt/rustwide/workdir" "-e" "CARGO_TARGET_DIR=/opt/rustwide/target" "-e" "CARGO_INCREMENTAL=0" "-e" "RUST_BACKTRACE=full" "-e" "RUSTFLAGS=--cap-lints=warn" "-e" "RUSTDOCFLAGS=--cap-lints=warn" "-e" "CARGO_HOME=/opt/rustwide/cargo-home" "-e" "RUSTUP_HOME=/opt/rustwide/rustup-home" "-w" "/opt/rustwide/workdir" "-m" "1610612736" "--user" "0:0" "--network" "none" "ghcr.io/rust-lang/crates-build-env/linux@sha256:5ff2268d62e97bff2cde7d5815dd6ed5b47097566f13b8d0ca110b04b60e07ed" "/opt/rustwide/cargo-home/bin/cargo" "+1.69.0" "test" "--frozen" "--no-run" "--message-format=json", kill_on_drop: false }`
[INFO] [stdout] 152f45e6447d6eaa1f649e3c5ffcd944bb13311c6404fc3ccd5eee51b2a19752
[INFO] running `Command { std: "docker" "start" "-a" "152f45e6447d6eaa1f649e3c5ffcd944bb13311c6404fc3ccd5eee51b2a19752", kill_on_drop: false }`
[INFO] [stderr]     Blocking waiting for file lock on package cache
[INFO] [stdout] warning: field `config` is never read
[INFO] [stdout]   --> native/libqaul/src/libp2p_modules/qaul_info/src/lib.rs:41:5
[INFO] [stdout]    |
[INFO] [stdout] 37 | pub struct QaulInfo {
[INFO] [stdout]    |            -------- field in this struct
[INFO] [stdout] ...
[INFO] [stdout] 41 |     config: QaulInfoConfig,
[INFO] [stdout]    |     ^^^^^^
[INFO] [stdout]    |
[INFO] [stdout]    = note: `#[warn(dead_code)]` on by default
[INFO] [stdout] 
[INFO] [stdout] 
[INFO] [stdout] warning: 1 warning emitted
[INFO] [stdout] 
[INFO] [stdout] 
[INFO] [stderr]    Compiling qaul_info v0.1.0 (/opt/rustwide/workdir/native/libqaul/src/libp2p_modules/qaul_info)
[INFO] [stdout] warning: unused variable: `signature`
[INFO] [stdout]    --> native/libqaul/src/router/info.rs:225:44
[INFO] [stdout]     |
[INFO] [stdout] 225 |             Ok(RouterInfoContainer { data, signature }) => {
[INFO] [stdout]     |                                            ^^^^^^^^^ help: try ignoring the field: `signature: _`
[INFO] [stdout]     |
[INFO] [stdout]     = note: `#[warn(unused_variables)]` on by default
[INFO] [stdout] 
[INFO] [stdout] 
[INFO] [stdout] warning: associated function `delete` is never used
[INFO] [stdout]   --> native/libqaul/src/router/neighbours.rs:72:12
[INFO] [stdout]    |
[INFO] [stdout] 72 |     pub fn delete( module: ConnectionModule, node_id: PeerId ) {
[INFO] [stdout]    |            ^^^^^^
[INFO] [stdout]    |
[INFO] [stdout]    = note: `#[warn(dead_code)]` on by default
[INFO] [stdout] 
[INFO] [stdout] 
[INFO] [stdout] warning: 2 warnings emitted
[INFO] [stdout] 
[INFO] [stdout] 
[INFO] [stderr]    Compiling libqaul v0.2.0 (/opt/rustwide/workdir/native/libqaul)
[INFO] [stderr]    Compiling libqaul-ffi v0.1.0 (/opt/rustwide/workdir/native/libqaul-ffi)
[INFO] [stdout] warning: field `config` is never read
[INFO] [stdout]   --> native/libqaul/src/libp2p_modules/qaul_info/src/lib.rs:41:5
[INFO] [stdout]    |
[INFO] [stdout] 37 | pub struct QaulInfo {
[INFO] [stdout]    |            -------- field in this struct
[INFO] [stdout] ...
[INFO] [stdout] 41 |     config: QaulInfoConfig,
[INFO] [stdout]    |     ^^^^^^
[INFO] [stdout]    |
[INFO] [stdout]    = note: `#[warn(dead_code)]` on by default
[INFO] [stdout] 
[INFO] [stdout] 
[INFO] [stdout] warning: 1 warning emitted
[INFO] [stdout] 
[INFO] [stdout] 
[INFO] [stdout] warning: unused variable: `signature`
[INFO] [stdout]    --> native/libqaul/src/router/info.rs:225:44
[INFO] [stdout]     |
[INFO] [stdout] 225 |             Ok(RouterInfoContainer { data, signature }) => {
[INFO] [stdout]     |                                            ^^^^^^^^^ help: try ignoring the field: `signature: _`
[INFO] [stdout]     |
[INFO] [stdout]     = note: `#[warn(unused_variables)]` on by default
[INFO] [stdout] 
[INFO] [stdout] 
[INFO] [stdout] warning: associated function `delete` is never used
[INFO] [stdout]   --> native/libqaul/src/router/neighbours.rs:72:12
[INFO] [stdout]    |
[INFO] [stdout] 72 |     pub fn delete( module: ConnectionModule, node_id: PeerId ) {
[INFO] [stdout]    |            ^^^^^^
[INFO] [stdout]    |
[INFO] [stdout]    = note: `#[warn(dead_code)]` on by default
[INFO] [stdout] 
[INFO] [stdout] 
[INFO] [stdout] warning: 2 warnings emitted
[INFO] [stdout] 
[INFO] [stdout] 
[INFO] [stderr]     Finished test [unoptimized + debuginfo] target(s) in 4.52s
[INFO] [stderr] warning: the following packages contain code that will be rejected by a future version of Rust: nom v5.1.2, snow v0.8.0
[INFO] [stderr] note: to see what the problems were, use the option `--future-incompat-report`, or run `cargo report future-incompatibilities --id 1`
[INFO] running `Command { std: "docker" "inspect" "152f45e6447d6eaa1f649e3c5ffcd944bb13311c6404fc3ccd5eee51b2a19752", kill_on_drop: false }`
[INFO] running `Command { std: "docker" "rm" "-f" "152f45e6447d6eaa1f649e3c5ffcd944bb13311c6404fc3ccd5eee51b2a19752", kill_on_drop: false }`
[INFO] [stdout] 152f45e6447d6eaa1f649e3c5ffcd944bb13311c6404fc3ccd5eee51b2a19752
[INFO] running `Command { std: "docker" "create" "-v" "/var/lib/crater-agent-workspace/builds/worker-2-tc1/target:/opt/rustwide/target:rw,Z" "-v" "/var/lib/crater-agent-workspace/builds/worker-2-tc1/source:/opt/rustwide/workdir:ro,Z" "-v" "/var/lib/crater-agent-workspace/cargo-home:/opt/rustwide/cargo-home:ro,Z" "-v" "/var/lib/crater-agent-workspace/rustup-home:/opt/rustwide/rustup-home:ro,Z" "-e" "SOURCE_DIR=/opt/rustwide/workdir" "-e" "CARGO_TARGET_DIR=/opt/rustwide/target" "-e" "CARGO_INCREMENTAL=0" "-e" "RUST_BACKTRACE=full" "-e" "RUSTFLAGS=--cap-lints=warn" "-e" "RUSTDOCFLAGS=--cap-lints=warn" "-e" "CARGO_HOME=/opt/rustwide/cargo-home" "-e" "RUSTUP_HOME=/opt/rustwide/rustup-home" "-w" "/opt/rustwide/workdir" "-m" "1610612736" "--user" "0:0" "--network" "none" "ghcr.io/rust-lang/crates-build-env/linux@sha256:5ff2268d62e97bff2cde7d5815dd6ed5b47097566f13b8d0ca110b04b60e07ed" "/opt/rustwide/cargo-home/bin/cargo" "+1.69.0" "test" "--frozen", kill_on_drop: false }`
[INFO] [stdout] 14126e8b4cd96c8d7d9d69afcbf6df817c37d2e9eee0504fbd514a253bec67da
[INFO] running `Command { std: "docker" "start" "-a" "14126e8b4cd96c8d7d9d69afcbf6df817c37d2e9eee0504fbd514a253bec67da", kill_on_drop: false }`
[INFO] [stderr] warning: field `config` is never read
[INFO] [stderr]   --> native/libqaul/src/libp2p_modules/qaul_info/src/lib.rs:41:5
[INFO] [stderr]    |
[INFO] [stderr] 37 | pub struct QaulInfo {
[INFO] [stderr]    |            -------- field in this struct
[INFO] [stderr] ...
[INFO] [stderr] 41 |     config: QaulInfoConfig,
[INFO] [stderr]    |     ^^^^^^
[INFO] [stderr]    |
[INFO] [stderr]    = note: `#[warn(dead_code)]` on by default
[INFO] [stderr] 
[INFO] [stderr] warning: `qaul_info` (lib) generated 1 warning
[INFO] [stderr] warning: `qaul_info` (lib test) generated 1 warning (1 duplicate)
[INFO] [stderr] warning: unused variable: `signature`
[INFO] [stderr]    --> native/libqaul/src/router/info.rs:225:44
[INFO] [stderr]     |
[INFO] [stderr] 225 |             Ok(RouterInfoContainer { data, signature }) => {
[INFO] [stderr]     |                                            ^^^^^^^^^ help: try ignoring the field: `signature: _`
[INFO] [stderr]     |
[INFO] [stderr]     = note: `#[warn(unused_variables)]` on by default
[INFO] [stderr] 
[INFO] [stderr] warning: associated function `delete` is never used
[INFO] [stderr]   --> native/libqaul/src/router/neighbours.rs:72:12
[INFO] [stderr]    |
[INFO] [stderr] 72 |     pub fn delete( module: ConnectionModule, node_id: PeerId ) {
[INFO] [stderr]    |            ^^^^^^
[INFO] [stderr]    |
[INFO] [stderr]    = note: `#[warn(dead_code)]` on by default
[INFO] [stderr] 
[INFO] [stderr] warning: `libqaul` (lib) generated 2 warnings (run `cargo fix --lib -p libqaul` to apply 1 suggestion)
[INFO] [stderr] warning: `libqaul` (lib test) generated 2 warnings (2 duplicates)
[INFO] [stderr]     Finished test [unoptimized + debuginfo] target(s) in 0.29s
[INFO] [stderr] warning: the following packages contain code that will be rejected by a future version of Rust: nom v5.1.2, snow v0.8.0
[INFO] [stderr] note: to see what the problems were, use the option `--future-incompat-report`, or run `cargo report future-incompatibilities --id 1`
[INFO] [stderr]      Running unittests src/lib.rs (/opt/rustwide/target/debug/deps/libqaul-95622c2e2be24b81)
[INFO] [stdout] 
[INFO] [stdout] running 0 tests
[INFO] [stdout] 
[INFO] [stdout] test result: ok. 0 passed; 0 failed; 0 ignored; 0 measured; 0 filtered out; finished in 0.00s
[INFO] [stdout] 
[INFO] [stderr]      Running unittests src/lib.rs (/opt/rustwide/target/debug/deps/qaul_ffi-f877c1c0197e6272)
[INFO] [stdout] 
[INFO] [stdout] running 0 tests
[INFO] [stdout] 
[INFO] [stdout] test result: ok. 0 passed; 0 failed; 0 ignored; 0 measured; 0 filtered out; finished in 0.00s
[INFO] [stdout] 
[INFO] [stderr]      Running unittests src/lib.rs (/opt/rustwide/target/debug/deps/qaul_info-d1ec46e02930050e)
[INFO] [stdout] 
[INFO] [stderr]    Doc-tests libqaul
[INFO] [stdout] running 0 tests
[INFO] [stdout] 
[INFO] [stdout] test result: ok. 0 passed; 0 failed; 0 ignored; 0 measured; 0 filtered out; finished in 0.00s
[INFO] [stdout] 
[INFO] [stdout] 
[INFO] [stdout] running 5 tests
[INFO] [stdout] test src/router/info.rs - router::info::RouterInfo::cli (line 249) ... FAILED
[INFO] [stdout] test src/router/neighbours.rs - router::neighbours::Neighbours::cli (line 137) ... FAILED
[INFO] [stdout] test src/router/connections.rs - router::connections::ConnectionTable::cli (line 315) ... FAILED
[INFO] [stderr] error: doctest failed, to rerun pass `-p libqaul --doc`
[INFO] [stdout] test src/router/table.rs - router::table::RoutingTable::cli (line 112) ... FAILED
[INFO] [stdout] test src/router/users.rs - router::users::Users::cli (line 110) ... FAILED
[INFO] [stdout] 
[INFO] [stdout] failures:
[INFO] [stdout] 
[INFO] [stdout] ---- src/router/info.rs - router::info::RouterInfo::cli (line 249) stdout ----
[INFO] [stdout] error: expected one of `!`, `.`, `::`, `;`, `?`, `{`, `}`, or an operator, found `info`
[INFO] [stdout]  --> src/router/info.rs:250:8
[INFO] [stdout]   |
[INFO] [stdout] 3 | router info list
[INFO] [stdout]   |        ^^^^ expected one of 8 possible tokens
[INFO] [stdout] 
[INFO] [stdout] error: aborting due to previous error
[INFO] [stdout] 
[INFO] [stdout] Couldn't compile the test.
[INFO] [stdout] ---- src/router/neighbours.rs - router::neighbours::Neighbours::cli (line 137) stdout ----
[INFO] [stdout] error: expected one of `!`, `.`, `::`, `;`, `?`, `{`, `}`, or an operator, found `neighbours`
[INFO] [stdout]  --> src/router/neighbours.rs:138:8
[INFO] [stdout]   |
[INFO] [stdout] 3 | router neighbours list
[INFO] [stdout]   |        ^^^^^^^^^^ expected one of 8 possible tokens
[INFO] [stdout] 
[INFO] [stdout] error: aborting due to previous error
[INFO] [stdout] 
[INFO] [stdout] Couldn't compile the test.
[INFO] [stdout] ---- src/router/connections.rs - router::connections::ConnectionTable::cli (line 315) stdout ----
[INFO] [stdout] error: expected one of `!`, `.`, `::`, `;`, `?`, `{`, `}`, or an operator, found `connections`
[INFO] [stdout]  --> src/router/connections.rs:316:8
[INFO] [stdout]   |
[INFO] [stdout] 3 | router connections list
[INFO] [stdout]   |        ^^^^^^^^^^^ expected one of 8 possible tokens
[INFO] [stdout] 
[INFO] [stdout] error: aborting due to previous error
[INFO] [stdout] 
[INFO] [stdout] Couldn't compile the test.
[INFO] [stdout] ---- src/router/table.rs - router::table::RoutingTable::cli (line 112) stdout ----
[INFO] [stdout] error: expected one of `!`, `.`, `::`, `;`, `?`, `{`, `}`, or an operator, found `table`
[INFO] [stdout]  --> src/router/table.rs:113:8
[INFO] [stdout]   |
[INFO] [stdout] 3 | router table list
[INFO] [stdout]   |        ^^^^^ expected one of 8 possible tokens
[INFO] [stdout] 
[INFO] [stdout] error: aborting due to previous error
[INFO] [stdout] 
[INFO] [stdout] Couldn't compile the test.
[INFO] [stdout] ---- src/router/users.rs - router::users::Users::cli (line 110) stdout ----
[INFO] [stdout] error: expected one of `!`, `.`, `::`, `;`, `?`, `{`, `}`, or an operator, found `users`
[INFO] [stdout]  --> src/router/users.rs:111:8
[INFO] [stdout]   |
[INFO] [stdout] 3 | router users list
[INFO] [stdout]   |        ^^^^^ expected one of 8 possible tokens
[INFO] [stdout] 
[INFO] [stdout] error: aborting due to previous error
[INFO] [stdout] 
[INFO] [stdout] Couldn't compile the test.
[INFO] [stdout] 
[INFO] [stdout] failures:
[INFO] [stdout]     src/router/connections.rs - router::connections::ConnectionTable::cli (line 315)
[INFO] [stdout]     src/router/info.rs - router::info::RouterInfo::cli (line 249)
[INFO] [stdout]     src/router/neighbours.rs - router::neighbours::Neighbours::cli (line 137)
[INFO] [stdout]     src/router/table.rs - router::table::RoutingTable::cli (line 112)
[INFO] [stdout]     src/router/users.rs - router::users::Users::cli (line 110)
[INFO] [stdout] 
[INFO] [stdout] test result: FAILED. 0 passed; 5 failed; 0 ignored; 0 measured; 0 filtered out; finished in 0.05s
[INFO] [stdout] 
[INFO] running `Command { std: "docker" "inspect" "14126e8b4cd96c8d7d9d69afcbf6df817c37d2e9eee0504fbd514a253bec67da", kill_on_drop: false }`
[INFO] running `Command { std: "docker" "rm" "-f" "14126e8b4cd96c8d7d9d69afcbf6df817c37d2e9eee0504fbd514a253bec67da", kill_on_drop: false }`
[INFO] [stdout] 14126e8b4cd96c8d7d9d69afcbf6df817c37d2e9eee0504fbd514a253bec67da
