[INFO] cloning repository https://github.com/theosirian/minesweeper-wgpu
[INFO] running `Command { std: "git" "-c" "credential.helper=" "-c" "credential.helper=/workspace/cargo-home/bin/git-credential-null" "clone" "--bare" "https://github.com/theosirian/minesweeper-wgpu" "/workspace/cache/git-repos/https%3A%2F%2Fgithub.com%2Ftheosirian%2Fminesweeper-wgpu", kill_on_drop: false }`
[INFO] [stderr] Cloning into bare repository '/workspace/cache/git-repos/https%3A%2F%2Fgithub.com%2Ftheosirian%2Fminesweeper-wgpu'...
[INFO] running `Command { std: "git" "rev-parse" "HEAD", kill_on_drop: false }`
[INFO] [stdout] 30d6c9c3edb3b003167302e94d694b8a7cbc2f1a
[INFO] testing theosirian/minesweeper-wgpu against beta-2023-04-20 for beta-1.70-1
[INFO] running `Command { std: "git" "clone" "/workspace/cache/git-repos/https%3A%2F%2Fgithub.com%2Ftheosirian%2Fminesweeper-wgpu" "/workspace/builds/worker-7-tc2/source", kill_on_drop: false }`
[INFO] [stderr] Cloning into '/workspace/builds/worker-7-tc2/source'...
[INFO] [stderr] done.
[INFO] validating manifest of git repo https://github.com/theosirian/minesweeper-wgpu on toolchain beta-2023-04-20
[INFO] running `Command { std: CARGO_HOME="/workspace/cargo-home" RUSTUP_HOME="/workspace/rustup-home" "/workspace/cargo-home/bin/cargo" "+beta-2023-04-20" "metadata" "--manifest-path" "Cargo.toml" "--no-deps", kill_on_drop: false }`
[INFO] started tweaking git repo https://github.com/theosirian/minesweeper-wgpu
[INFO] finished tweaking git repo https://github.com/theosirian/minesweeper-wgpu
[INFO] tweaked toml for git repo https://github.com/theosirian/minesweeper-wgpu written to /workspace/builds/worker-7-tc2/source/Cargo.toml
[INFO] crate git repo https://github.com/theosirian/minesweeper-wgpu already has a lockfile, it will not be regenerated
[INFO] running `Command { std: CARGO_HOME="/workspace/cargo-home" RUSTUP_HOME="/workspace/rustup-home" "/workspace/cargo-home/bin/cargo" "+beta-2023-04-20" "fetch" "--manifest-path" "Cargo.toml", kill_on_drop: false }`
[INFO] [stderr]     Updating crates.io index
[INFO] [stderr]  Downloading crates ...
[INFO] [stderr]   Downloaded instant v0.1.3
[INFO] [stderr]   Downloaded gfx-backend-empty v0.5.0
[INFO] [stderr]   Downloaded wgpu-core v0.5.4
[INFO] [stderr]   Downloaded gfx-backend-metal v0.5.2
[INFO] [stderr]   Downloaded gfx-backend-dx11 v0.5.1
[INFO] [stderr]   Downloaded winit v0.22.1
[INFO] [stderr]   Downloaded cocoa v0.20.0
[INFO] [stderr]   Downloaded gfx-backend-dx12 v0.5.3
[INFO] [stderr]   Downloaded wgpu v0.5.0
[INFO] [stderr]   Downloaded wgpu-native v0.5.0
[INFO] [stderr]   Downloaded gfx-backend-vulkan v0.5.6
[INFO] [stderr]   Downloaded wgpu-types v0.5.0
[INFO] [stderr]   Downloaded piston_meta v1.0.0
[INFO] [stderr]   Downloaded dyon v0.44.0
[INFO] [stderr]   Downloaded assets_manager v0.2.2
[INFO] [stderr]   Downloaded ash v0.30.0
[INFO] [stderr]   Downloaded gfx-hal v0.5.0
[INFO] [stderr]   Downloaded glsl-to-spirv v0.1.7
[INFO] running `Command { std: "docker" "create" "-v" "/var/lib/crater-agent-workspace/builds/worker-7-tc2/target:/opt/rustwide/target:rw,Z" "-v" "/var/lib/crater-agent-workspace/builds/worker-7-tc2/source:/opt/rustwide/workdir:ro,Z" "-v" "/var/lib/crater-agent-workspace/cargo-home:/opt/rustwide/cargo-home:ro,Z" "-v" "/var/lib/crater-agent-workspace/rustup-home:/opt/rustwide/rustup-home:ro,Z" "-e" "SOURCE_DIR=/opt/rustwide/workdir" "-e" "CARGO_TARGET_DIR=/opt/rustwide/target" "-e" "CARGO_HOME=/opt/rustwide/cargo-home" "-e" "RUSTUP_HOME=/opt/rustwide/rustup-home" "-w" "/opt/rustwide/workdir" "-m" "1610612736" "--user" "0:0" "--network" "none" "ghcr.io/rust-lang/crates-build-env/linux@sha256:5ff2268d62e97bff2cde7d5815dd6ed5b47097566f13b8d0ca110b04b60e07ed" "/opt/rustwide/cargo-home/bin/cargo" "+beta-2023-04-20" "metadata" "--no-deps" "--format-version=1", kill_on_drop: false }`
[INFO] [stdout] 533043eddb458279da1d770c9d74e9d6998491c0b56662b6f639af715b082986
[INFO] running `Command { std: "docker" "start" "-a" "533043eddb458279da1d770c9d74e9d6998491c0b56662b6f639af715b082986", kill_on_drop: false }`
[INFO] running `Command { std: "docker" "inspect" "533043eddb458279da1d770c9d74e9d6998491c0b56662b6f639af715b082986", kill_on_drop: false }`
[INFO] running `Command { std: "docker" "rm" "-f" "533043eddb458279da1d770c9d74e9d6998491c0b56662b6f639af715b082986", kill_on_drop: false }`
[INFO] [stdout] 533043eddb458279da1d770c9d74e9d6998491c0b56662b6f639af715b082986
[INFO] running `Command { std: "docker" "create" "-v" "/var/lib/crater-agent-workspace/builds/worker-7-tc2/target:/opt/rustwide/target:rw,Z" "-v" "/var/lib/crater-agent-workspace/builds/worker-7-tc2/source:/opt/rustwide/workdir:ro,Z" "-v" "/var/lib/crater-agent-workspace/cargo-home:/opt/rustwide/cargo-home:ro,Z" "-v" "/var/lib/crater-agent-workspace/rustup-home:/opt/rustwide/rustup-home:ro,Z" "-e" "SOURCE_DIR=/opt/rustwide/workdir" "-e" "CARGO_TARGET_DIR=/opt/rustwide/target" "-e" "CARGO_INCREMENTAL=0" "-e" "RUST_BACKTRACE=full" "-e" "RUSTFLAGS=--cap-lints=warn" "-e" "RUSTDOCFLAGS=--cap-lints=warn" "-e" "CARGO_HOME=/opt/rustwide/cargo-home" "-e" "RUSTUP_HOME=/opt/rustwide/rustup-home" "-w" "/opt/rustwide/workdir" "-m" "1610612736" "--user" "0:0" "--network" "none" "ghcr.io/rust-lang/crates-build-env/linux@sha256:5ff2268d62e97bff2cde7d5815dd6ed5b47097566f13b8d0ca110b04b60e07ed" "/opt/rustwide/cargo-home/bin/cargo" "+beta-2023-04-20" "build" "--frozen" "--message-format=json", kill_on_drop: false }`
[INFO] [stdout] b30bbb1def11e363e76be3bfaac4c214ed3aef8958037e8813fbbbd78e2ebf27
[INFO] running `Command { std: "docker" "start" "-a" "b30bbb1def11e363e76be3bfaac4c214ed3aef8958037e8813fbbbd78e2ebf27", kill_on_drop: false }`
[INFO] [stderr]    Compiling libc v0.2.69
[INFO] [stderr]    Compiling cfg-if v0.1.10
[INFO] [stderr]    Compiling autocfg v1.0.0
[INFO] [stderr]    Compiling byteorder v1.3.4
[INFO] [stderr]    Compiling lazy_static v1.4.0
[INFO] [stderr]    Compiling cc v1.0.50
[INFO] [stderr]    Compiling proc-macro2 v1.0.12
[INFO] [stderr]    Compiling unicode-xid v0.2.0
[INFO] [stderr]    Compiling log v0.4.8
[INFO] [stderr]    Compiling syn v1.0.19
[INFO] [stderr]    Compiling bitflags v1.2.1
[INFO] [stderr]    Compiling slab v0.4.2
[INFO] [stderr]    Compiling pkg-config v0.3.17
[INFO] [stderr]    Compiling scopeguard v1.1.0
[INFO] [stderr]    Compiling maybe-uninit v2.0.0
[INFO] [stderr]    Compiling crossbeam-utils v0.7.2
[INFO] [stderr]    Compiling smallvec v1.4.0
[INFO] [stderr]    Compiling num-traits v0.2.11
[INFO] [stderr]    Compiling futures v0.1.29
[INFO] [stderr]    Compiling quote v1.0.4
[INFO] [stderr]    Compiling semver-parser v0.7.0
[INFO] [stderr]    Compiling either v1.5.3
[INFO] [stderr]    Compiling semver v0.9.0
[INFO] [stderr]    Compiling libloading v0.5.2
[INFO] [stderr]    Compiling rustc_version v0.2.3
[INFO] [stderr]    Compiling iovec v0.1.4
[INFO] [stderr]    Compiling net2 v0.2.34
[INFO] [stderr]    Compiling memoffset v0.5.4
[INFO] [stderr]    Compiling version_check v0.9.1
[INFO] [stderr]    Compiling getrandom v0.1.14
[INFO] [stderr]    Compiling bytes v0.4.12
[INFO] [stderr]    Compiling mio v0.6.22
[INFO] [stderr]    Compiling num_cpus v1.13.0
[INFO] [stderr]    Compiling lock_api v0.3.4
[INFO] [stderr]    Compiling crossbeam-epoch v0.8.2
[INFO] [stderr]    Compiling autocfg v0.1.7
[INFO] [stderr]    Compiling rand_core v0.4.2
[INFO] [stderr]    Compiling proc-macro2 v0.4.30
[INFO] [stderr]    Compiling fnv v1.0.6
[INFO] [stderr]    Compiling unicode-xid v0.1.0
[INFO] [stderr]    Compiling matches v0.1.8
[INFO] [stderr]    Compiling rand_core v0.5.1
[INFO] [stderr]    Compiling unicode-bidi v0.3.4
[INFO] [stderr]    Compiling unicode-normalization v0.1.12
[INFO] [stderr]    Compiling xml-rs v0.8.3
[INFO] [stderr]    Compiling void v1.0.2
[INFO] [stderr]    Compiling crossbeam-deque v0.7.3
[INFO] [stderr]    Compiling tokio-executor v0.1.10
[INFO] [stderr]    Compiling quote v0.6.13
[INFO] [stderr]    Compiling parking_lot_core v0.6.2
[INFO] [stderr]    Compiling crossbeam-queue v0.2.1
[INFO] [stderr]    Compiling raw-window-handle v0.3.3
[INFO] [stderr]    Compiling itoa v0.4.5
[INFO] [stderr]    Compiling adler32 v1.0.4
[INFO] [stderr]    Compiling ppv-lite86 v0.2.6
[INFO] [stderr]    Compiling wayland-scanner v0.23.6
[INFO] [stderr]    Compiling rand_pcg v0.2.1
[INFO] [stderr]    Compiling rand_core v0.3.1
[INFO] [stderr]    Compiling parking_lot v0.9.0
[INFO] [stderr]    Compiling smallvec v0.6.13
[INFO] [stderr]    Compiling typenum v1.12.0
[INFO] [stderr]    Compiling nix v0.14.1
[INFO] [stderr]    Compiling rand_chacha v0.2.2
[INFO] [stderr]    Compiling gfx-hal v0.5.0
[INFO] [stderr]    Compiling tokio-io v0.1.13
[INFO] [stderr]    Compiling rand v0.7.3
[INFO] [stderr]    Compiling unicase v2.6.0
[INFO] [stderr]    Compiling backtrace-sys v0.1.37
[INFO] [stderr]    Compiling siphasher v0.3.3
[INFO] [stderr]    Compiling serde v1.0.106
[INFO] [stderr]    Compiling crc32fast v1.2.0
[INFO] [stderr]    Compiling synstructure v0.12.3
[INFO] [stderr]    Compiling phf_shared v0.8.0
[INFO] [stderr]    Compiling idna v0.1.5
[INFO] [stderr]    Compiling tokio-sync v0.1.8
[INFO] [stderr]    Compiling rand_pcg v0.1.2
[INFO] [stderr]    Compiling rand_chacha v0.1.1
[INFO] [stderr]    Compiling dlib v0.4.1
[INFO] [stderr]    Compiling error-chain v0.12.2
[INFO] [stderr]    Compiling approx v0.3.2
[INFO] [stderr]    Compiling x11 v2.18.2
[INFO] [stderr]    Compiling indexmap v1.3.2
[INFO] [stderr]    Compiling percent-encoding v1.0.1
[INFO] [stderr]    Compiling failure_derive v0.1.8
[INFO] [stderr]    Compiling lazycell v1.2.1
[INFO] [stderr]    Compiling ryu v1.0.4
[INFO] [stderr]    Compiling percent-encoding v2.1.0
[INFO] [stderr]    Compiling mio-extras v2.0.6
[INFO] [stderr]    Compiling url v1.7.2
[INFO] [stderr]    Compiling wayland-sys v0.23.6
[INFO] [stderr]    Compiling tokio-reactor v0.1.12
[INFO] [stderr]    Compiling generic-array v0.9.0
[INFO] [stderr]    Compiling wayland-client v0.23.6
[INFO] [stderr]    Compiling http v0.1.21
[INFO] [stderr]    Compiling miniz_oxide v0.3.6
[INFO] [stderr]    Compiling idna v0.2.0
[INFO] [stderr]    Compiling rand v0.6.5
[INFO] [stderr]    Compiling ordered-float v1.0.2
[INFO] [stderr]    Compiling serde_derive v1.0.106
[INFO] [stderr]    Compiling peek-poke-derive v0.2.1
[INFO] [stderr]    Compiling parking_lot_core v0.7.2
[INFO] [stderr]    Compiling time v0.1.43
[INFO] [stderr]    Compiling alsa-sys v0.1.2
[INFO] [stderr]    Compiling stb_truetype v0.3.1
[INFO] [stderr]    Compiling fxhash v0.2.1
[INFO] [stderr]    Compiling num-integer v0.1.42
[INFO] [stderr]    Compiling atom v0.3.5
[INFO] [stderr]    Compiling httparse v1.3.4
[INFO] [stderr]    Compiling memchr v2.3.3
[INFO] [stderr]    Compiling proc-macro-nested v0.1.4
[INFO] [stderr]    Compiling rustc-demangle v0.1.16
[INFO] [stderr]    Compiling arrayref v0.3.6
[INFO] [stderr]    Compiling byte-tools v0.2.0
[INFO] [stderr]    Compiling regex-syntax v0.6.17
[INFO] [stderr]    Compiling rayon-core v1.7.0
[INFO] [stderr]    Compiling vec_map v0.8.2
[INFO] [stderr]    Compiling block-buffer v0.3.3
[INFO] [stderr]    Compiling backtrace v0.3.46
[INFO] [stderr]    Compiling hibitset v0.6.3
[INFO] [stderr]    Compiling rusttype v0.8.3
[INFO] [stderr]    Compiling peek-poke v0.2.0
[INFO] [stderr]    Compiling wayland-commons v0.23.6
[INFO] [stderr]    Compiling calloop v0.4.4
[INFO] [stderr]    Compiling parking_lot v0.10.2
[INFO] [stderr]    Compiling url v2.1.1
[INFO] [stderr]    Compiling mime_guess v2.0.3
[INFO] [stderr]    Compiling tokio-tcp v0.1.4
[INFO] [stderr]    Compiling digest v0.7.6
[INFO] [stderr]    Compiling regex v1.3.7
[INFO] [stderr]    Compiling wayland-protocols v0.23.6
[INFO] [stderr]    Compiling phf_generator v0.8.0
[INFO] [stderr]    Compiling rand_xorshift v0.1.1
[INFO] [stderr]    Compiling rand_isaac v0.1.1
[INFO] [stderr]    Compiling rand_hc v0.1.0
[INFO] [stderr]    Compiling tokio-threadpool v0.1.18
[INFO] [stderr]    Compiling tokio-current-thread v0.1.7
[INFO] [stderr]    Compiling tokio-timer v0.2.13
[INFO] [stderr]    Compiling rand_jitter v0.1.4
[INFO] [stderr]    Compiling rand_os v0.1.3
[INFO] [stderr]    Compiling tokio-buf v0.1.1
[INFO] [stderr]    Compiling string v0.2.1
[INFO] [stderr]    Compiling ash v0.30.0
[INFO] [stderr]    Compiling hyper v0.12.35
[INFO] [stderr]    Compiling libudev-sys v0.1.4
[INFO] [stderr]    Compiling minimp3-sys v0.3.2
[INFO] [stderr]    Compiling futures-sink v0.3.4
[INFO] [stderr]    Compiling same-file v1.0.6
[INFO] [stderr]    Compiling fake-simd v0.1.2
[INFO] [stderr]    Compiling try-lock v0.2.2
[INFO] [stderr]    Compiling encoding_rs v0.8.22
[INFO] [stderr]    Compiling arrayvec v0.5.1
[INFO] [stderr]    Compiling futures-core v0.3.4
[INFO] [stderr]    Compiling proc-macro-hack v0.5.15
[INFO] [stderr]    Compiling downcast-rs v1.1.1
[INFO] [stderr]    Compiling nix v0.15.0
[INFO] [stderr]    Compiling futures-channel v0.3.4
[INFO] [stderr]    Compiling want v0.2.0
[INFO] [stderr]    Compiling sha2 v0.7.1
[INFO] [stderr]    Compiling walkdir v2.3.1
[INFO] [stderr]    Compiling h2 v0.1.26
[INFO] [stderr]    Compiling http-body v0.1.0
[INFO] [stderr]    Compiling tokio v0.1.22
[INFO] [stderr]    Compiling futures-macro v0.3.4
[INFO] [stderr]    Compiling publicsuffix v1.5.4
[INFO] [stderr]    Compiling phf_codegen v0.8.0
[INFO] [stderr]    Compiling failure v0.1.8
[INFO] [stderr]    Compiling rusttype v0.7.9
[INFO] [stderr]    Compiling wgpu-types v0.5.0
[INFO] [stderr]    Compiling gfx-memory v0.1.3
[INFO] [stderr]    Compiling gfx-descriptor v0.1.0
[INFO] [stderr]    Compiling cookie v0.12.0
[INFO] [stderr]    Compiling thiserror-impl v1.0.16
[INFO] [stderr]    Compiling gfx-backend-empty v0.5.0
[INFO] [stderr]    Compiling futures-cpupool v0.1.8
[INFO] [stderr]    Compiling line_drawing v0.7.0
[INFO] [stderr]    Compiling x11-dl v2.18.5
[INFO] [stderr]    Compiling cmake v0.1.42
[INFO] [stderr]    Compiling num-rational v0.2.4
[INFO] [stderr]    Compiling serde_json v1.0.52
[INFO] [stderr]    Compiling num-iter v0.1.40
[INFO] [stderr]    Compiling try_from v0.3.2
[INFO] [stderr]    Compiling lzw v0.10.0
[INFO] [stderr]    Compiling copyless v0.1.4
[INFO] [stderr]    Compiling pin-utils v0.1.0
[INFO] [stderr]    Compiling dtoa v0.4.5
[INFO] [stderr]    Compiling xdg v2.2.0
[INFO] [stderr]    Compiling range v1.0.0
[INFO] [stderr]    Compiling futures-io v0.3.4
[INFO] [stderr]    Compiling mime v0.3.16
[INFO] [stderr]    Compiling cpal v0.11.0
[INFO] [stderr]    Compiling futures-task v0.3.4
[INFO] [stderr]    Compiling thiserror v1.0.16
[INFO] [stderr]    Compiling andrew v0.2.1
[INFO] [stderr]    Compiling read_token v1.0.0
[INFO] [stderr]    Compiling cookie_store v0.7.0
[INFO] [stderr]    Compiling futures-util v0.3.4
[INFO] [stderr]    Compiling serde_urlencoded v0.5.5
[INFO] [stderr]    Compiling glsl-to-spirv v0.1.7
[INFO] [stderr]    Compiling rayon v1.3.0
[INFO] [stderr]    Compiling gfx-backend-vulkan v0.5.6
[INFO] [stderr]    Compiling palette v0.5.0
[INFO] [stderr]    Compiling uuid v0.7.4
[INFO] [stderr]    Compiling wgpu-core v0.5.4
[INFO] [stderr]    Compiling flate2 v1.0.14
[INFO] [stderr]    Compiling inflate v0.4.5
[INFO] [stderr]    Compiling deflate v0.8.4
[INFO] [stderr]    Compiling slice-deque v0.3.0
[INFO] [stderr]    Compiling memmap v0.7.0
[INFO] [stderr]    Compiling ogg v0.7.0
[INFO] [stderr]    Compiling base64 v0.10.1
[INFO] [stderr]    Compiling piston-float v1.0.0
[INFO] [stderr]    Compiling tinyvec v0.3.3
[INFO] [stderr]    Compiling uuid v0.8.1
[INFO] [stderr]    Compiling color_quant v1.0.1
[INFO] [stderr]    Compiling remove_dir_all v0.5.2
[INFO] [stderr]    Compiling wgpu-native v0.5.0
[INFO] [stderr]    Compiling tempfile v3.1.0
[INFO] [stderr]    Compiling gif v0.10.3
[INFO] [stderr]    Compiling lewton v0.10.1
[INFO] [stderr]    Compiling gilrs-core v0.2.5
[INFO] [stderr]    Compiling reqwest v0.9.24
[INFO] [stderr]    Compiling vecmath v1.0.0
[INFO] [stderr]    Compiling png v0.16.3
[INFO] [stderr]    Compiling minimp3 v0.3.5
[INFO] [stderr]    Compiling jpeg-decoder v0.1.19
[INFO] [stderr]    Compiling futures-executor v0.3.4
[INFO] [stderr]    Compiling piston_meta v1.0.0
[INFO] [stderr]    Compiling tiff v0.4.0
[INFO] [stderr]    Compiling palette_derive v0.5.0
[INFO] [stderr]    Compiling phf v0.8.0
[INFO] [stderr]    Compiling instant v0.1.3
[INFO] [stderr]    Compiling scoped_threadpool v0.1.9
[INFO] [stderr]    Compiling read_color v1.0.0
[INFO] [stderr]    Compiling claxon v0.4.2
[INFO] [stderr]    Compiling hound v3.4.0
[INFO] [stderr]    Compiling advancedresearch-tree_mem_sort v0.2.0
[INFO] [stderr]    Compiling ahash v0.3.4
[INFO] [stderr]    Compiling bytemuck v1.2.0
[INFO] [stderr]    Compiling dyon v0.44.0
[INFO] [stderr]    Compiling rodio v0.11.0
[INFO] [stderr]    Compiling image v0.23.4
[INFO] [stderr]    Compiling assets_manager v0.2.2
[INFO] [stderr]    Compiling futures v0.3.4
[INFO] [stderr]    Compiling gilrs v0.7.4
[INFO] [stderr]    Compiling wgpu v0.5.0
[INFO] [stderr] error: failed to run custom build command for `glsl-to-spirv v0.1.7`
[INFO] [stderr] note: To improve backtraces for build dependencies, set the CARGO_PROFILE_DEV_BUILD_OVERRIDE_DEBUG=true environment variable to enable debug information generation.
[INFO] [stderr] 
[INFO] [stderr] Caused by:
[INFO] [stderr]   process didn't exit successfully: `/opt/rustwide/target/debug/build/glsl-to-spirv-6c74fa9bd8a6568f/build-script-build` (exit status: 101)
[INFO] [stderr]   --- stdout
[INFO] [stderr]   cargo:rerun-if-changed=build/glslangValidator.exe
[INFO] [stderr]   running: cd "/opt/rustwide/target/debug/build/glsl-to-spirv-8ab59f4a0c70f1dc/out/build" && CMAKE_PREFIX_PATH="" "cmake" "/opt/rustwide/cargo-home/registry/src/index.crates.io-6f17d22bba15001f/glsl-to-spirv-0.1.7/glslang" "-DCMAKE_INSTALL_PREFIX=/opt/rustwide/target/debug/build/glsl-to-spirv-8ab59f4a0c70f1dc/out" "-DCMAKE_C_FLAGS= -ffunction-sections -fdata-sections -fPIC -m64" "-DCMAKE_C_COMPILER=/usr/bin/cc" "-DCMAKE_CXX_FLAGS= -ffunction-sections -fdata-sections -fPIC -m64" "-DCMAKE_CXX_COMPILER=/usr/bin/c++" "-DCMAKE_BUILD_TYPE=Debug"
[INFO] [stderr]   -- The C compiler identification is GNU 11.3.0
[INFO] [stderr]   -- The CXX compiler identification is GNU 11.3.0
[INFO] [stderr]   -- Detecting C compiler ABI info
[INFO] [stderr]   -- Detecting C compiler ABI info - done
[INFO] [stderr]   -- Check for working C compiler: /usr/bin/cc - skipped
[INFO] [stderr]   -- Detecting C compile features
[INFO] [stderr]   -- Detecting C compile features - done
[INFO] [stderr]   -- Detecting CXX compiler ABI info
[INFO] [stderr]   -- Detecting CXX compiler ABI info - done
[INFO] [stderr]   -- Check for working CXX compiler: /usr/bin/c++ - skipped
[INFO] [stderr]   -- Detecting CXX compile features
[INFO] [stderr]   -- Detecting CXX compile features - done
[INFO] [stderr]   -- Google Mock was not found - tests based on that will not build
[INFO] [stderr]   -- Configuring done
[INFO] [stderr]   -- Generating done
[INFO] [stderr]   -- Build files have been written to: /opt/rustwide/target/debug/build/glsl-to-spirv-8ab59f4a0c70f1dc/out/build
[INFO] [stderr]   running: cd "/opt/rustwide/target/debug/build/glsl-to-spirv-8ab59f4a0c70f1dc/out/build" && MAKEFLAGS="-j --jobserver-fds=7,8 --jobserver-auth=7,8" "cmake" "--build" "." "--target" "install" "--config" "Debug" "--"
[INFO] [stderr]   [  1%] Building CXX object hlsl/CMakeFiles/HLSL.dir/hlslAttributes.cpp.o
[INFO] [stderr]   [  3%] Building CXX object hlsl/CMakeFiles/HLSL.dir/hlslParseHelper.cpp.o
[INFO] [stderr]   [  5%] Building CXX object glslang/OSDependent/Unix/CMakeFiles/OSDependent.dir/ossource.cpp.o
[INFO] [stderr]   [  7%] Linking CXX static library libOSDependent.a
[INFO] [stderr]   [  7%] Built target OSDependent
[INFO] [stderr]   [  8%] Building CXX object OGLCompilersDLL/CMakeFiles/OGLCompiler.dir/InitializeDll.cpp.o
[INFO] [stderr]   [ 10%] Linking CXX static library libOGLCompiler.a
[INFO] [stderr]   [ 10%] Built target OGLCompiler
[INFO] [stderr]   [ 12%] Building CXX object StandAlone/CMakeFiles/glslang-default-resource-limits.dir/ResourceLimits.cpp.o
[INFO] [stderr]   [ 14%] Building CXX object SPIRV/CMakeFiles/SPVRemapper.dir/SPVRemapper.cpp.o
[INFO] [stderr]   [ 15%] Linking CXX static library libglslang-default-resource-limits.a
[INFO] [stderr]   [ 15%] Built target glslang-default-resource-limits
[INFO] [stderr]   [ 17%] Building CXX object SPIRV/CMakeFiles/SPVRemapper.dir/doc.cpp.o
[INFO] [stderr]   [ 19%] Building CXX object hlsl/CMakeFiles/HLSL.dir/hlslScanContext.cpp.o
[INFO] [stderr]   [ 21%] Building CXX object hlsl/CMakeFiles/HLSL.dir/hlslOpMap.cpp.o
[INFO] [stderr]   [ 22%] Building CXX object hlsl/CMakeFiles/HLSL.dir/hlslTokenStream.cpp.o
[INFO] [stderr]   [ 24%] Linking CXX static library libSPVRemapper.a
[INFO] [stderr]   [ 24%] Built target SPVRemapper
[INFO] [stderr] 
[INFO] [stderr]   --- stderr
[INFO] [stderr]   fatal: not a git repository (or any parent up to mount point /opt/rustwide)
[INFO] [stderr]   Stopping at filesystem boundary (GIT_DISCOVERY_ACROSS_FILESYSTEM not set).
[INFO] [stderr]   CMake Warning (dev) at /usr/share/cmake-3.22/Modules/GNUInstallDirs.cmake:239 (message):
[INFO] [stderr]     Unable to determine default CMAKE_INSTALL_LIBDIR directory because no
[INFO] [stderr]     target architecture is known.  Please enable at least one language before
[INFO] [stderr]     including GNUInstallDirs.
[INFO] [stderr]   Call Stack (most recent call first):
[INFO] [stderr]     CMakeLists.txt:7 (include)
[INFO] [stderr]   This warning is for project developers.  Use -Wno-dev to suppress it.
[INFO] [stderr] 
[INFO] [stderr]   c++: fatal error: Killed signal terminated program cc1plus
[INFO] [stderr]   compilation terminated.
[INFO] [stderr]   gmake[2]: *** [hlsl/CMakeFiles/HLSL.dir/build.make:90: hlsl/CMakeFiles/HLSL.dir/hlslParseHelper.cpp.o] Error 1
[INFO] [stderr]   gmake[2]: *** Waiting for unfinished jobs....
[INFO] [stderr]   gmake[1]: *** [CMakeFiles/Makefile2:1210: hlsl/CMakeFiles/HLSL.dir/all] Error 2
[INFO] [stderr]   gmake: *** [Makefile:146: all] Error 2
[INFO] [stderr]   thread 'main' panicked at '
[INFO] [stderr]   command did not execute successfully, got: exit status: 2
[INFO] [stderr] 
[INFO] [stderr]   build script failed, must exit now', /opt/rustwide/cargo-home/registry/src/index.crates.io-6f17d22bba15001f/cmake-0.1.42/src/lib.rs:861:5
[INFO] [stderr]   stack backtrace:
[INFO] [stderr]      0:     0x55e68974aada - std::backtrace_rs::backtrace::libunwind::trace::h2f05d0192276a8f6
[INFO] [stderr]                                  at /rustc/1b7dd2252b99671ce5d1cb9664c5f8636329436d/library/std/src/../../backtrace/src/backtrace/libunwind.rs:93:5
[INFO] [stderr]      1:     0x55e68974aada - std::backtrace_rs::backtrace::trace_unsynchronized::hedc23dff7a1af150
[INFO] [stderr]                                  at /rustc/1b7dd2252b99671ce5d1cb9664c5f8636329436d/library/std/src/../../backtrace/src/backtrace/mod.rs:66:5
[INFO] [stderr]      2:     0x55e68974aada - std::sys_common::backtrace::_print_fmt::h17541ef7592f3ce2
[INFO] [stderr]                                  at /rustc/1b7dd2252b99671ce5d1cb9664c5f8636329436d/library/std/src/sys_common/backtrace.rs:65:5
[INFO] [stderr]      3:     0x55e68974aada - <std::sys_common::backtrace::_print::DisplayBacktrace as core::fmt::Display>::fmt::h20f75df5ab0c0792
[INFO] [stderr]                                  at /rustc/1b7dd2252b99671ce5d1cb9664c5f8636329436d/library/std/src/sys_common/backtrace.rs:44:22
[INFO] [stderr]      4:     0x55e68976b41f - core::fmt::write::h78109e6f466b3af6
[INFO] [stderr]                                  at /rustc/1b7dd2252b99671ce5d1cb9664c5f8636329436d/library/core/src/fmt/mod.rs:1254:17
[INFO] [stderr]      5:     0x55e689747b85 - std::io::Write::write_fmt::hc59e1b02dd273c8a
[INFO] [stderr]                                  at /rustc/1b7dd2252b99671ce5d1cb9664c5f8636329436d/library/std/src/io/mod.rs:1698:15
[INFO] [stderr]      6:     0x55e68974a8a5 - std::sys_common::backtrace::_print::h8dac57a9f8fbf9a5
[INFO] [stderr]                                  at /rustc/1b7dd2252b99671ce5d1cb9664c5f8636329436d/library/std/src/sys_common/backtrace.rs:47:5
[INFO] [stderr]      7:     0x55e68974a8a5 - std::sys_common::backtrace::print::hf9ecbf41d1aa712f
[INFO] [stderr]                                  at /rustc/1b7dd2252b99671ce5d1cb9664c5f8636329436d/library/std/src/sys_common/backtrace.rs:34:9
[INFO] [stderr]      8:     0x55e68974c04e - std::panicking::default_hook::{{closure}}::h04c07acfc84ca028
[INFO] [stderr]                                  at /rustc/1b7dd2252b99671ce5d1cb9664c5f8636329436d/library/std/src/panicking.rs:269:22
[INFO] [stderr]      9:     0x55e68974bdf5 - std::panicking::default_hook::h01f6bb23e1eceb2c
[INFO] [stderr]                                  at /rustc/1b7dd2252b99671ce5d1cb9664c5f8636329436d/library/std/src/panicking.rs:288:9
[INFO] [stderr]     10:     0x55e68974c5ae - std::panicking::rust_panic_with_hook::h2bb3722bbaf2f6df
[INFO] [stderr]                                  at /rustc/1b7dd2252b99671ce5d1cb9664c5f8636329436d/library/std/src/panicking.rs:691:13
[INFO] [stderr]     11:     0x55e68974c4a9 - std::panicking::begin_panic_handler::{{closure}}::h91bc7f36a4be011b
[INFO] [stderr]                                  at /rustc/1b7dd2252b99671ce5d1cb9664c5f8636329436d/library/std/src/panicking.rs:582:13
[INFO] [stderr]     12:     0x55e68974af46 - std::sys_common::backtrace::__rust_end_short_backtrace::h8b3d3717114f9e59
[INFO] [stderr]                                  at /rustc/1b7dd2252b99671ce5d1cb9664c5f8636329436d/library/std/src/sys_common/backtrace.rs:150:18
[INFO] [stderr]     13:     0x55e68974c202 - rust_begin_unwind
[INFO] [stderr]                                  at /rustc/1b7dd2252b99671ce5d1cb9664c5f8636329436d/library/std/src/panicking.rs:578:5
[INFO] [stderr]     14:     0x55e6896e1783 - core::panicking::panic_fmt::hfd368e3fbdabea26
[INFO] [stderr]                                  at /rustc/1b7dd2252b99671ce5d1cb9664c5f8636329436d/library/core/src/panicking.rs:67:14
[INFO] [stderr]     15:     0x55e6896f233f - cmake::fail::h4b385d39a48673d1
[INFO] [stderr]     16:     0x55e6896f1da3 - cmake::run::haf3500e822070df3
[INFO] [stderr]     17:     0x55e6896ef4a2 - cmake::Config::build::h460dde98bce9dec5
[INFO] [stderr]     18:     0x55e6896e3f93 - cmake::build::h960b439a0f00c8ca
[INFO] [stderr]     19:     0x55e6896e3612 - build_script_build::main::h12be542779b59456
[INFO] [stderr]     20:     0x55e6896e4733 - core::ops::function::FnOnce::call_once::h8378027da37a5527
[INFO] [stderr]     21:     0x55e6896e2d86 - std::sys_common::backtrace::__rust_begin_short_backtrace::haa2e2dcecb2c2cf8
[INFO] [stderr]     22:     0x55e6896e2ba9 - std::rt::lang_start::{{closure}}::hc40d653da87f9d82
[INFO] [stderr]     23:     0x55e689743f1e - core::ops::function::impls::<impl core::ops::function::FnOnce<A> for &F>::call_once::h2eb19b8ce4148df4
[INFO] [stderr]                                  at /rustc/1b7dd2252b99671ce5d1cb9664c5f8636329436d/library/core/src/ops/function.rs:287:13
[INFO] [stderr]     24:     0x55e689743f1e - std::panicking::try::do_call::h2e900feff5d504c5
[INFO] [stderr]                                  at /rustc/1b7dd2252b99671ce5d1cb9664c5f8636329436d/library/std/src/panicking.rs:485:40
[INFO] [stderr]     25:     0x55e689743f1e - std::panicking::try::h8854836cb85aa9f2
[INFO] [stderr]                                  at /rustc/1b7dd2252b99671ce5d1cb9664c5f8636329436d/library/std/src/panicking.rs:449:19
[INFO] [stderr]     26:     0x55e689743f1e - std::panic::catch_unwind::h706025dd4c48f64b
[INFO] [stderr]                                  at /rustc/1b7dd2252b99671ce5d1cb9664c5f8636329436d/library/std/src/panic.rs:140:14
[INFO] [stderr]     27:     0x55e689743f1e - std::rt::lang_start_internal::{{closure}}::h7be5b97f4a07a91a
[INFO] [stderr]                                  at /rustc/1b7dd2252b99671ce5d1cb9664c5f8636329436d/library/std/src/rt.rs:148:48
[INFO] [stderr]     28:     0x55e689743f1e - std::panicking::try::do_call::h59847e9d0a176965
[INFO] [stderr]                                  at /rustc/1b7dd2252b99671ce5d1cb9664c5f8636329436d/library/std/src/panicking.rs:485:40
[INFO] [stderr]     29:     0x55e689743f1e - std::panicking::try::h399a918ba8522823
[INFO] [stderr]                                  at /rustc/1b7dd2252b99671ce5d1cb9664c5f8636329436d/library/std/src/panicking.rs:449:19
[INFO] [stderr]     30:     0x55e689743f1e - std::panic::catch_unwind::hca7ca6c55b2a2e26
[INFO] [stderr]                                  at /rustc/1b7dd2252b99671ce5d1cb9664c5f8636329436d/library/std/src/panic.rs:140:14
[INFO] [stderr]     31:     0x55e689743f1e - std::rt::lang_start_internal::h2c807a81560459eb
[INFO] [stderr]                                  at /rustc/1b7dd2252b99671ce5d1cb9664c5f8636329436d/library/std/src/rt.rs:148:20
[INFO] [stderr]     32:     0x55e6896e2b87 - std::rt::lang_start::h226e3d436fed3af7
[INFO] [stderr]     33:     0x55e6896e3825 - main
[INFO] [stderr]     34:     0x7f35cdf98d90 - <unknown>
[INFO] [stderr]     35:     0x7f35cdf98e40 - __libc_start_main
[INFO] [stderr]     36:     0x55e6896e1cb5 - _start
[INFO] [stderr]     37:                0x0 - <unknown>
[INFO] [stderr] warning: build failed, waiting for other jobs to finish...
[INFO] running `Command { std: "docker" "inspect" "b30bbb1def11e363e76be3bfaac4c214ed3aef8958037e8813fbbbd78e2ebf27", kill_on_drop: false }`
[INFO] running `Command { std: "docker" "rm" "-f" "b30bbb1def11e363e76be3bfaac4c214ed3aef8958037e8813fbbbd78e2ebf27", kill_on_drop: false }`
[INFO] [stdout] b30bbb1def11e363e76be3bfaac4c214ed3aef8958037e8813fbbbd78e2ebf27
