[INFO] fetching crate mockall 0.11.4...
[INFO] testing mockall-0.11.4 against 1.69.0 for beta-1.70-1
[INFO] extracting crate mockall 0.11.4 into /workspace/builds/worker-4-tc1/source
[INFO] validating manifest of crates.io crate mockall 0.11.4 on toolchain 1.69.0
[INFO] running `Command { std: CARGO_HOME="/workspace/cargo-home" RUSTUP_HOME="/workspace/rustup-home" "/workspace/cargo-home/bin/cargo" "+1.69.0" "metadata" "--manifest-path" "Cargo.toml" "--no-deps", kill_on_drop: false }`
[INFO] started tweaking crates.io crate mockall 0.11.4
[INFO] removed 1 missing examples
[INFO] finished tweaking crates.io crate mockall 0.11.4
[INFO] tweaked toml for crates.io crate mockall 0.11.4 written to /workspace/builds/worker-4-tc1/source/Cargo.toml
[INFO] crate crates.io crate mockall 0.11.4 already has a lockfile, it will not be regenerated
[INFO] running `Command { std: CARGO_HOME="/workspace/cargo-home" RUSTUP_HOME="/workspace/rustup-home" "/workspace/cargo-home/bin/cargo" "+1.69.0" "fetch" "--manifest-path" "Cargo.toml", kill_on_drop: false }`
[INFO] [stderr]  Downloading crates ...
[INFO] [stderr]   Downloaded mockall_double v0.3.0
[INFO] running `Command { std: "docker" "create" "-v" "/var/lib/crater-agent-workspace/builds/worker-4-tc1/target:/opt/rustwide/target:rw,Z" "-v" "/var/lib/crater-agent-workspace/builds/worker-4-tc1/source:/opt/rustwide/workdir:ro,Z" "-v" "/var/lib/crater-agent-workspace/cargo-home:/opt/rustwide/cargo-home:ro,Z" "-v" "/var/lib/crater-agent-workspace/rustup-home:/opt/rustwide/rustup-home:ro,Z" "-e" "SOURCE_DIR=/opt/rustwide/workdir" "-e" "CARGO_TARGET_DIR=/opt/rustwide/target" "-e" "CARGO_HOME=/opt/rustwide/cargo-home" "-e" "RUSTUP_HOME=/opt/rustwide/rustup-home" "-w" "/opt/rustwide/workdir" "-m" "1610612736" "--user" "0:0" "--network" "none" "ghcr.io/rust-lang/crates-build-env/linux@sha256:5ff2268d62e97bff2cde7d5815dd6ed5b47097566f13b8d0ca110b04b60e07ed" "/opt/rustwide/cargo-home/bin/cargo" "+1.69.0" "metadata" "--no-deps" "--format-version=1", kill_on_drop: false }`
[INFO] [stdout] 28b8a26f653b28e9d1417a88b2e28bc06e91c365ed29b17394fadb84fa85858e
[INFO] running `Command { std: "docker" "start" "-a" "28b8a26f653b28e9d1417a88b2e28bc06e91c365ed29b17394fadb84fa85858e", kill_on_drop: false }`
[INFO] running `Command { std: "docker" "inspect" "28b8a26f653b28e9d1417a88b2e28bc06e91c365ed29b17394fadb84fa85858e", kill_on_drop: false }`
[INFO] running `Command { std: "docker" "rm" "-f" "28b8a26f653b28e9d1417a88b2e28bc06e91c365ed29b17394fadb84fa85858e", kill_on_drop: false }`
[INFO] [stdout] 28b8a26f653b28e9d1417a88b2e28bc06e91c365ed29b17394fadb84fa85858e
[INFO] running `Command { std: "docker" "create" "-v" "/var/lib/crater-agent-workspace/builds/worker-4-tc1/target:/opt/rustwide/target:rw,Z" "-v" "/var/lib/crater-agent-workspace/builds/worker-4-tc1/source:/opt/rustwide/workdir:ro,Z" "-v" "/var/lib/crater-agent-workspace/cargo-home:/opt/rustwide/cargo-home:ro,Z" "-v" "/var/lib/crater-agent-workspace/rustup-home:/opt/rustwide/rustup-home:ro,Z" "-e" "SOURCE_DIR=/opt/rustwide/workdir" "-e" "CARGO_TARGET_DIR=/opt/rustwide/target" "-e" "CARGO_INCREMENTAL=0" "-e" "RUST_BACKTRACE=full" "-e" "RUSTFLAGS=--cap-lints=warn" "-e" "RUSTDOCFLAGS=--cap-lints=warn" "-e" "CARGO_HOME=/opt/rustwide/cargo-home" "-e" "RUSTUP_HOME=/opt/rustwide/rustup-home" "-w" "/opt/rustwide/workdir" "-m" "1610612736" "--user" "0:0" "--network" "none" "ghcr.io/rust-lang/crates-build-env/linux@sha256:5ff2268d62e97bff2cde7d5815dd6ed5b47097566f13b8d0ca110b04b60e07ed" "/opt/rustwide/cargo-home/bin/cargo" "+1.69.0" "build" "--frozen" "--message-format=json", kill_on_drop: false }`
[INFO] [stdout] febc49a1fdb5bd2fb6180f135af06203e18f287e277f0793e027040243af8498
[INFO] running `Command { std: "docker" "start" "-a" "febc49a1fdb5bd2fb6180f135af06203e18f287e277f0793e027040243af8498", kill_on_drop: false }`
[INFO] [stderr]    Compiling proc-macro2 v1.0.54
[INFO] [stderr]    Compiling memchr v2.5.0
[INFO] [stderr]    Compiling autocfg v1.1.0
[INFO] [stderr]    Compiling unicode-ident v1.0.8
[INFO] [stderr]    Compiling quote v1.0.26
[INFO] [stderr]    Compiling syn v1.0.109
[INFO] [stderr]    Compiling either v1.8.1
[INFO] [stderr]    Compiling regex-syntax v0.6.29
[INFO] [stderr]    Compiling predicates-core v1.0.3
[INFO] [stderr]    Compiling normalize-line-endings v0.3.0
[INFO] [stderr]    Compiling termtree v0.2.4
[INFO] [stderr]    Compiling difflib v0.4.0
[INFO] [stderr]    Compiling lazy_static v1.4.0
[INFO] [stderr]    Compiling downcast v0.11.0
[INFO] [stderr]    Compiling fragile v2.0.0
[INFO] [stderr]    Compiling itertools v0.10.5
[INFO] [stderr]    Compiling predicates-tree v1.0.5
[INFO] [stderr]    Compiling num-traits v0.2.15
[INFO] [stderr]    Compiling aho-corasick v0.7.20
[INFO] [stderr]    Compiling float-cmp v0.9.0
[INFO] [stderr]    Compiling regex v1.7.3
[INFO] [stderr]    Compiling predicates v2.1.0
[INFO] [stderr]    Compiling mockall_derive v0.11.4
[INFO] [stderr]    Compiling mockall v0.11.4 (/opt/rustwide/workdir)
[INFO] [stderr]     Finished dev [unoptimized + debuginfo] target(s) in 12.13s
[INFO] running `Command { std: "docker" "inspect" "febc49a1fdb5bd2fb6180f135af06203e18f287e277f0793e027040243af8498", kill_on_drop: false }`
[INFO] running `Command { std: "docker" "rm" "-f" "febc49a1fdb5bd2fb6180f135af06203e18f287e277f0793e027040243af8498", kill_on_drop: false }`
[INFO] [stdout] febc49a1fdb5bd2fb6180f135af06203e18f287e277f0793e027040243af8498
[INFO] running `Command { std: "docker" "create" "-v" "/var/lib/crater-agent-workspace/builds/worker-4-tc1/target:/opt/rustwide/target:rw,Z" "-v" "/var/lib/crater-agent-workspace/builds/worker-4-tc1/source:/opt/rustwide/workdir:ro,Z" "-v" "/var/lib/crater-agent-workspace/cargo-home:/opt/rustwide/cargo-home:ro,Z" "-v" "/var/lib/crater-agent-workspace/rustup-home:/opt/rustwide/rustup-home:ro,Z" "-e" "SOURCE_DIR=/opt/rustwide/workdir" "-e" "CARGO_TARGET_DIR=/opt/rustwide/target" "-e" "CARGO_INCREMENTAL=0" "-e" "RUST_BACKTRACE=full" "-e" "RUSTFLAGS=--cap-lints=warn" "-e" "RUSTDOCFLAGS=--cap-lints=warn" "-e" "CARGO_HOME=/opt/rustwide/cargo-home" "-e" "RUSTUP_HOME=/opt/rustwide/rustup-home" "-w" "/opt/rustwide/workdir" "-m" "1610612736" "--user" "0:0" "--network" "none" "ghcr.io/rust-lang/crates-build-env/linux@sha256:5ff2268d62e97bff2cde7d5815dd6ed5b47097566f13b8d0ca110b04b60e07ed" "/opt/rustwide/cargo-home/bin/cargo" "+1.69.0" "test" "--frozen" "--no-run" "--message-format=json", kill_on_drop: false }`
[INFO] [stdout] e5e9f8bd31fa09984e80436513e20da64210406035f89b3d2c3ffeb488f929d2
[INFO] running `Command { std: "docker" "start" "-a" "e5e9f8bd31fa09984e80436513e20da64210406035f89b3d2c3ffeb488f929d2", kill_on_drop: false }`
[INFO] [stderr]    Compiling futures-core v0.3.27
[INFO] [stderr]    Compiling futures-channel v0.3.27
[INFO] [stderr]    Compiling futures-task v0.3.21
[INFO] [stderr]    Compiling pin-project-lite v0.2.9
[INFO] [stderr]    Compiling futures-sink v0.3.27
[INFO] [stderr]    Compiling futures-util v0.3.21
[INFO] [stderr]    Compiling futures-io v0.3.27
[INFO] [stderr]    Compiling serde v1.0.158
[INFO] [stderr]    Compiling slab v0.4.8
[INFO] [stderr]    Compiling pin-utils v0.1.0
[INFO] [stderr]    Compiling serde_json v1.0.94
[INFO] [stderr]    Compiling async-trait v0.1.66
[INFO] [stderr]    Compiling serde_derive v1.0.156
[INFO] [stderr]    Compiling futures-macro v0.3.21
[INFO] [stderr]    Compiling once_cell v1.14.0
[INFO] [stderr]    Compiling tracing-attributes v0.1.23
[INFO] [stderr]    Compiling itoa v1.0.6
[INFO] [stderr]    Compiling ryu v1.0.13
[INFO] [stderr]    Compiling mockall_double v0.3.0
[INFO] [stderr]    Compiling tracing-core v0.1.30
[INFO] [stderr]    Compiling tracing v0.1.37
[INFO] [stderr]    Compiling futures-executor v0.3.21
[INFO] [stderr]    Compiling futures v0.3.21
[INFO] [stderr]    Compiling mockall v0.11.4 (/opt/rustwide/workdir)
[INFO] [stderr]     Finished test [unoptimized + debuginfo] target(s) in 6.63s
[INFO] running `Command { std: "docker" "inspect" "e5e9f8bd31fa09984e80436513e20da64210406035f89b3d2c3ffeb488f929d2", kill_on_drop: false }`
[INFO] running `Command { std: "docker" "rm" "-f" "e5e9f8bd31fa09984e80436513e20da64210406035f89b3d2c3ffeb488f929d2", kill_on_drop: false }`
[INFO] [stdout] e5e9f8bd31fa09984e80436513e20da64210406035f89b3d2c3ffeb488f929d2
[INFO] running `Command { std: "docker" "create" "-v" "/var/lib/crater-agent-workspace/builds/worker-4-tc1/target:/opt/rustwide/target:rw,Z" "-v" "/var/lib/crater-agent-workspace/builds/worker-4-tc1/source:/opt/rustwide/workdir:ro,Z" "-v" "/var/lib/crater-agent-workspace/cargo-home:/opt/rustwide/cargo-home:ro,Z" "-v" "/var/lib/crater-agent-workspace/rustup-home:/opt/rustwide/rustup-home:ro,Z" "-e" "SOURCE_DIR=/opt/rustwide/workdir" "-e" "CARGO_TARGET_DIR=/opt/rustwide/target" "-e" "CARGO_INCREMENTAL=0" "-e" "RUST_BACKTRACE=full" "-e" "RUSTFLAGS=--cap-lints=warn" "-e" "RUSTDOCFLAGS=--cap-lints=warn" "-e" "CARGO_HOME=/opt/rustwide/cargo-home" "-e" "RUSTUP_HOME=/opt/rustwide/rustup-home" "-w" "/opt/rustwide/workdir" "-m" "1610612736" "--user" "0:0" "--network" "none" "ghcr.io/rust-lang/crates-build-env/linux@sha256:5ff2268d62e97bff2cde7d5815dd6ed5b47097566f13b8d0ca110b04b60e07ed" "/opt/rustwide/cargo-home/bin/cargo" "+1.69.0" "test" "--frozen", kill_on_drop: false }`
[INFO] [stdout] dcf362625d0fbfcc3232a1c089ef96cd87964780bfd8e5512645d6445718b613
[INFO] running `Command { std: "docker" "start" "-a" "dcf362625d0fbfcc3232a1c089ef96cd87964780bfd8e5512645d6445718b613", kill_on_drop: false }`
[INFO] [stderr]     Finished test [unoptimized + debuginfo] target(s) in 0.03s
[INFO] [stderr]      Running unittests src/lib.rs (/opt/rustwide/target/debug/deps/mockall-1f0104882dac271c)
[INFO] [stdout] 
[INFO] [stdout] running 0 tests
[INFO] [stdout] 
[INFO] [stdout] test result: ok. 0 passed; 0 failed; 0 ignored; 0 measured; 0 filtered out; finished in 0.00s
[INFO] [stdout] 
[INFO] [stderr]    Doc-tests mockall
[INFO] [stdout] 
[INFO] [stdout] running 50 tests
[INFO] [stdout] test src/lib.rs - (line 1046) - compile ... ok
[INFO] [stdout] test src/lib.rs - (line 1069) ... ok
[INFO] [stdout] test src/lib.rs - (line 162) ... FAILED
[INFO] [stdout] test src/lib.rs - (line 188) ... FAILED
[INFO] [stdout] test src/lib.rs - (line 499) ... FAILED
[INFO] [stdout] test src/lib.rs - (line 514) ... FAILED
[INFO] [stdout] test src/lib.rs - (line 54) ... FAILED
[INFO] [stdout] test src/lib.rs - (line 260) ... FAILED
[INFO] [stdout] test src/lib.rs - (line 541) ... FAILED
[INFO] [stdout] test src/lib.rs - (line 237) ... FAILED
[INFO] [stdout] test src/lib.rs - (line 566) - compile fail ... ok
[INFO] [stdout] test src/lib.rs - (line 211) ... FAILED
[INFO] [stdout] test src/lib.rs - (line 607) ... FAILED
[INFO] [stdout] test src/lib.rs - (line 683) ... FAILED
[INFO] [stdout] test src/lib.rs - (line 637) - compile ... FAILED
[INFO] [stdout] test src/lib.rs - (line 581) - compile fail ... ok
[INFO] [stdout] test src/lib.rs - (line 737) ... FAILED
[INFO] [stdout] test src/lib.rs - (line 711) ... FAILED
[INFO] [stdout] test src/lib.rs - (line 759) ... FAILED
[INFO] [stdout] test src/lib.rs - (line 817) ... FAILED
[INFO] [stdout] test src/lib.rs - (line 780) ... FAILED
[INFO] [stdout] test src/lib.rs - (line 845) ... FAILED
[INFO] [stdout] test src/lib.rs - (line 89) ... FAILED
[INFO] [stdout] test src/lib.rs - (line 860) ... FAILED
[INFO] [stdout] test src/lib.rs - (line 894) ... FAILED
[INFO] [stdout] test src/lib.rs - (line 915) ... FAILED
[INFO] [stdout] test src/lib.rs - (line 933) ... FAILED
[INFO] [stdout] test src/lib.rs - (line 969) ... FAILED
[INFO] [stdout] test src/lib.rs - automock (line 1186) ... FAILED
[INFO] [stdout] test src/lib.rs - Sequence (line 1638) ... FAILED
[INFO] [stdout] test src/lib.rs - automock (line 1197) ... FAILED
[INFO] [stdout] test src/lib.rs - automock (line 1229) ... FAILED
[INFO] [stdout] test src/lib.rs - automock (line 1210) ... FAILED
[INFO] [stdout] test src/lib.rs - automock (line 1241) ... FAILED
[INFO] [stdout] test src/lib.rs - mock (line 1280) ... FAILED
[INFO] [stdout] test src/lib.rs - mock (line 1297) ... FAILED
[INFO] [stdout] test src/lib.rs - mock (line 1327) - compile fail ... ok
[INFO] [stdout] test src/lib.rs - (line 413) ... FAILED
[INFO] [stdout] test src/lib.rs - (line 1007) ... FAILED
[INFO] [stdout] test src/lib.rs - mock (line 1316) ... ok
[INFO] [stdout] test src/lib.rs - mock (line 1339) ... ok
[INFO] [stdout] test src/lib.rs - (line 108) ... ok
[INFO] [stdout] test src/lib.rs - (line 128) ... ok
[INFO] [stdout] test src/lib.rs - (line 1101) ... ok
[INFO] [stdout] test src/lib.rs - (line 438) ... ok
[INFO] [stdout] test src/lib.rs - (line 466) ... ok
[INFO] [stdout] test src/lib.rs - (line 385) ... ok
[INFO] [stdout] test src/lib.rs - (line 282) ... ok
[INFO] [stdout] test src/lib.rs - (line 344) ... ok
[INFO] [stdout] test src/lib.rs - (line 360) ... ok
[INFO] [stdout] 
[INFO] [stdout] failures:
[INFO] [stdout] 
[INFO] [stdout] ---- src/lib.rs - (line 162) stdout ----
[INFO] [stdout] Couldn't compile the test.
[INFO] [stdout] ---- src/lib.rs - (line 188) stdout ----
[INFO] [stdout] Couldn't compile the test.
[INFO] [stdout] ---- src/lib.rs - (line 499) stdout ----
[INFO] [stdout] Couldn't compile the test.
[INFO] [stdout] ---- src/lib.rs - (line 514) stdout ----
[INFO] [stdout] Couldn't compile the test.
[INFO] [stdout] ---- src/lib.rs - (line 54) stdout ----
[INFO] [stdout] warning: trait objects without an explicit `dyn` are deprecated
[INFO] [stdout]   --> src/lib.rs:62:23
[INFO] [stdout]    |
[INFO] [stdout] 11 | fn call_with_four(x: &MyTrait) -> u32 {
[INFO] [stdout]    |                       ^^^^^^^
[INFO] [stdout]    |
[INFO] [stdout]    = warning: this is accepted in the current edition (Rust 2018) but is a hard error in Rust 2021!
[INFO] [stdout]    = note: for more information, see <https://doc.rust-lang.org/nightly/edition-guide/rust-2021/warnings-promoted-to-error.html>
[INFO] [stdout]    = note: `#[warn(bare_trait_objects)]` on by default
[INFO] [stdout] help: use `dyn`
[INFO] [stdout]    |
[INFO] [stdout] 11 | fn call_with_four(x: &dyn MyTrait) -> u32 {
[INFO] [stdout]    |                       +++
[INFO] [stdout] 
[INFO] [stdout] Couldn't compile the test.
[INFO] [stdout] ---- src/lib.rs - (line 260) stdout ----
[INFO] [stdout] Couldn't compile the test.
[INFO] [stdout] ---- src/lib.rs - (line 541) stdout ----
[INFO] [stdout] Couldn't compile the test.
[INFO] [stdout] ---- src/lib.rs - (line 237) stdout ----
[INFO] [stdout] Couldn't compile the test.
[INFO] [stdout] ---- src/lib.rs - (line 211) stdout ----
[INFO] [stdout] Couldn't compile the test.
[INFO] [stdout] ---- src/lib.rs - (line 607) stdout ----
[INFO] [stdout] Couldn't compile the test.
[INFO] [stdout] ---- src/lib.rs - (line 683) stdout ----
[INFO] [stdout] Couldn't compile the test.
[INFO] [stdout] ---- src/lib.rs - (line 637) stdout ----
[INFO] [stdout] Couldn't compile the test.
[INFO] [stdout] ---- src/lib.rs - (line 737) stdout ----
[INFO] [stdout] Couldn't compile the test.
[INFO] [stdout] ---- src/lib.rs - (line 711) stdout ----
[INFO] [stdout] Couldn't compile the test.
[INFO] [stdout] ---- src/lib.rs - (line 759) stdout ----
[INFO] [stdout] Couldn't compile the test.
[INFO] [stdout] ---- src/lib.rs - (line 817) stdout ----
[INFO] [stdout] Couldn't compile the test.
[INFO] [stdout] ---- src/lib.rs - (line 780) stdout ----
[INFO] [stdout] Couldn't compile the test.
[INFO] [stdout] ---- src/lib.rs - (line 845) stdout ----
[INFO] [stdout] Couldn't compile the test.
[INFO] [stdout] ---- src/lib.rs - (line 89) stdout ----
[INFO] [stdout] Couldn't compile the test.
[INFO] [stdout] ---- src/lib.rs - (line 860) stdout ----
[INFO] [stdout] Couldn't compile the test.
[INFO] [stdout] ---- src/lib.rs - (line 894) stdout ----
[INFO] [stdout] Couldn't compile the test.
[INFO] [stdout] ---- src/lib.rs - (line 915) stdout ----
[INFO] [stdout] Couldn't compile the test.
[INFO] [stdout] ---- src/lib.rs - (line 933) stdout ----
[INFO] [stdout] Couldn't compile the test.
[INFO] [stdout] ---- src/lib.rs - (line 969) stdout ----
[INFO] [stdout] Couldn't compile the test.
[INFO] [stdout] ---- src/lib.rs - automock (line 1186) stdout ----
[INFO] [stdout] Couldn't compile the test.
[INFO] [stdout] ---- src/lib.rs - Sequence (line 1638) stdout ----
[INFO] [stdout] Couldn't compile the test.
[INFO] [stdout] ---- src/lib.rs - automock (line 1197) stdout ----
[INFO] [stdout] Couldn't compile the test.
[INFO] [stdout] ---- src/lib.rs - automock (line 1229) stdout ----
[INFO] [stdout] Couldn't compile the test.
[INFO] [stdout] ---- src/lib.rs - automock (line 1210) stdout ----
[INFO] [stdout] Couldn't compile the test.
[INFO] [stdout] ---- src/lib.rs - automock (line 1241) stdout ----
[INFO] [stdout] Couldn't compile the test.
[INFO] [stdout] ---- src/lib.rs - mock (line 1280) stdout ----
[INFO] [stdout] Couldn't compile the test.
[INFO] [stdout] ---- src/lib.rs - mock (line 1297) stdout ----
[INFO] [stdout] Couldn't compile the test.
[INFO] [stdout] ---- src/lib.rs - (line 413) stdout ----
[INFO] [stdout] Couldn't compile the test.
[INFO] [stdout] ---- src/lib.rs - (line 1007) stdout ----
[INFO] [stdout] Couldn't compile the test.
[INFO] [stdout] 
[INFO] [stdout] failures:
[INFO] [stdout]     src/lib.rs - (line 1007)
[INFO] [stdout]     src/lib.rs - (line 162)
[INFO] [stdout]     src/lib.rs - (line 188)
[INFO] [stdout]     src/lib.rs - (line 211)
[INFO] [stdout]     src/lib.rs - (line 237)
[INFO] [stdout]     src/lib.rs - (line 260)
[INFO] [stdout]     src/lib.rs - (line 413)
[INFO] [stdout]     src/lib.rs - (line 499)
[INFO] [stdout]     src/lib.rs - (line 514)
[INFO] [stdout]     src/lib.rs - (line 54)
[INFO] [stdout]     src/lib.rs - (line 541)
[INFO] [stdout]     src/lib.rs - (line 607)
[INFO] [stdout]     src/lib.rs - (line 637)
[INFO] [stdout]     src/lib.rs - (line 683)
[INFO] [stdout]     src/lib.rs - (line 711)
[INFO] [stdout]     src/lib.rs - (line 737)
[INFO] [stdout]     src/lib.rs - (line 759)
[INFO] [stdout]     src/lib.rs - (line 780)
[INFO] [stdout]     src/lib.rs - (line 817)
[INFO] [stdout]     src/lib.rs - (line 845)
[INFO] [stdout]     src/lib.rs - (line 860)
[INFO] [stdout]     src/lib.rs - (line 89)
[INFO] [stdout]     src/lib.rs - (line 894)
[INFO] [stdout]     src/lib.rs - (line 915)
[INFO] [stdout]     src/lib.rs - (line 933)
[INFO] [stdout]     src/lib.rs - (line 969)
[INFO] [stdout]     src/lib.rs - Sequence (line 1638)
[INFO] [stdout]     src/lib.rs - automock (line 1186)
[INFO] [stdout]     src/lib.rs - automock (line 1197)
[INFO] [stdout]     src/lib.rs - automock (line 1210)
[INFO] [stdout]     src/lib.rs - automock (line 1229)
[INFO] [stdout]     src/lib.rs - automock (line 1241)
[INFO] [stdout]     src/lib.rs - mock (line 1280)
[INFO] [stdout]     src/lib.rs - mock (line 1297)
[INFO] [stdout] 
[INFO] [stdout] test result: FAILED. 16 passed; 34 failed; 0 ignored; 0 measured; 0 filtered out; finished in 5.74s
[INFO] [stdout] 
[INFO] [stderr] error: doctest failed, to rerun pass `--doc`
[INFO] running `Command { std: "docker" "inspect" "dcf362625d0fbfcc3232a1c089ef96cd87964780bfd8e5512645d6445718b613", kill_on_drop: false }`
[INFO] running `Command { std: "docker" "rm" "-f" "dcf362625d0fbfcc3232a1c089ef96cd87964780bfd8e5512645d6445718b613", kill_on_drop: false }`
[INFO] [stdout] dcf362625d0fbfcc3232a1c089ef96cd87964780bfd8e5512645d6445718b613
