[INFO] fetching crate discv5 0.2.2...
[INFO] testing discv5-0.2.2 against beta-2023-04-20 for beta-1.70-1
[INFO] extracting crate discv5 0.2.2 into /workspace/builds/worker-3-tc2/source
[INFO] validating manifest of crates.io crate discv5 0.2.2 on toolchain beta-2023-04-20
[INFO] running `Command { std: CARGO_HOME="/workspace/cargo-home" RUSTUP_HOME="/workspace/rustup-home" "/workspace/cargo-home/bin/cargo" "+beta-2023-04-20" "metadata" "--manifest-path" "Cargo.toml" "--no-deps", kill_on_drop: false }`
[INFO] started tweaking crates.io crate discv5 0.2.2
[INFO] finished tweaking crates.io crate discv5 0.2.2
[INFO] tweaked toml for crates.io crate discv5 0.2.2 written to /workspace/builds/worker-3-tc2/source/Cargo.toml
[INFO] crate crates.io crate discv5 0.2.2 already has a lockfile, it will not be regenerated
[INFO] running `Command { std: CARGO_HOME="/workspace/cargo-home" RUSTUP_HOME="/workspace/rustup-home" "/workspace/cargo-home/bin/cargo" "+beta-2023-04-20" "fetch" "--manifest-path" "Cargo.toml", kill_on_drop: false }`
[INFO] [stderr]     Updating crates.io index
[INFO] [stderr]  Downloading crates ...
[INFO] [stderr]   Downloaded more-asserts v0.2.2
[INFO] [stderr]   Downloaded parking_lot_core v0.8.6
[INFO] [stderr]   Downloaded prost-derive v0.11.8
[INFO] [stderr]   Downloaded delay_map v0.3.0
[INFO] [stderr]   Downloaded rustc-hex v2.1.0
[INFO] [stderr]   Downloaded libsecp256k1-gen-genmult v0.3.0
[INFO] [stderr]   Downloaded prettyplease v0.1.25
[INFO] [stderr]   Downloaded hashlink v0.7.0
[INFO] [stderr]   Downloaded asn1_der v0.7.5
[INFO] [stderr]   Downloaded ed25519-dalek v1.0.1
[INFO] [stderr]   Downloaded enr v0.7.0
[INFO] [stderr]   Downloaded ed25519 v1.5.3
[INFO] [stderr]   Downloaded toml v0.5.11
[INFO] [stderr]   Downloaded hkdf v0.12.3
[INFO] [stderr]   Downloaded tokio-util v0.6.10
[INFO] [stderr]   Downloaded multihash v0.16.3
[INFO] [stderr]   Downloaded p256 v0.11.1
[INFO] [stderr]   Downloaded prost-types v0.11.8
[INFO] [stderr]   Downloaded libp2p-core v0.36.0
[INFO] [stderr]   Downloaded prost-build v0.11.8
[INFO] [stderr]   Downloaded rlp v0.5.2
[INFO] [stderr]   Downloaded libsecp256k1-core v0.3.0
[INFO] [stderr]   Downloaded libsecp256k1 v0.7.1
[INFO] [stderr]   Downloaded core2 v0.4.0
[INFO] [stderr]   Downloaded multistream-select v0.11.0
[INFO] [stderr]   Downloaded multimap v0.8.3
[INFO] [stderr]   Downloaded lru v0.7.8
[INFO] [stderr]   Downloaded simple_logger v1.16.0
[INFO] [stderr]   Downloaded zeroize_derive v1.3.3
[INFO] [stderr]   Downloaded hmac v0.8.1
[INFO] [stderr]   Downloaded hmac-drbg v0.3.0
[INFO] [stderr]   Downloaded libsecp256k1-gen-ecmult v0.3.0
[INFO] [stderr]   Downloaded multihash-derive v0.8.1
[INFO] [stderr]   Downloaded rw-stream-sink v0.3.0
[INFO] [stderr]   Downloaded unsigned-varint v0.7.1
[INFO] [stderr]   Downloaded bs58 v0.4.0
[INFO] [stderr]   Downloaded multiaddr v0.14.0
[INFO] [stderr]   Downloaded io-lifetimes v1.0.7
[INFO] [stderr]   Downloaded prost v0.11.8
[INFO] [stderr]   Downloaded quickcheck v0.9.2
[INFO] running `Command { std: "docker" "create" "-v" "/var/lib/crater-agent-workspace/builds/worker-3-tc2/target:/opt/rustwide/target:rw,Z" "-v" "/var/lib/crater-agent-workspace/builds/worker-3-tc2/source:/opt/rustwide/workdir:ro,Z" "-v" "/var/lib/crater-agent-workspace/cargo-home:/opt/rustwide/cargo-home:ro,Z" "-v" "/var/lib/crater-agent-workspace/rustup-home:/opt/rustwide/rustup-home:ro,Z" "-e" "SOURCE_DIR=/opt/rustwide/workdir" "-e" "CARGO_TARGET_DIR=/opt/rustwide/target" "-e" "CARGO_HOME=/opt/rustwide/cargo-home" "-e" "RUSTUP_HOME=/opt/rustwide/rustup-home" "-w" "/opt/rustwide/workdir" "-m" "1610612736" "--user" "0:0" "--network" "none" "ghcr.io/rust-lang/crates-build-env/linux@sha256:5ff2268d62e97bff2cde7d5815dd6ed5b47097566f13b8d0ca110b04b60e07ed" "/opt/rustwide/cargo-home/bin/cargo" "+beta-2023-04-20" "metadata" "--no-deps" "--format-version=1", kill_on_drop: false }`
[INFO] [stdout] 3617a07bde3bb5357390b4307062462d9a93e4322a3009b72b8baa23ce8ecb47
[INFO] running `Command { std: "docker" "start" "-a" "3617a07bde3bb5357390b4307062462d9a93e4322a3009b72b8baa23ce8ecb47", kill_on_drop: false }`
[INFO] running `Command { std: "docker" "inspect" "3617a07bde3bb5357390b4307062462d9a93e4322a3009b72b8baa23ce8ecb47", kill_on_drop: false }`
[INFO] running `Command { std: "docker" "rm" "-f" "3617a07bde3bb5357390b4307062462d9a93e4322a3009b72b8baa23ce8ecb47", kill_on_drop: false }`
[INFO] [stdout] 3617a07bde3bb5357390b4307062462d9a93e4322a3009b72b8baa23ce8ecb47
[INFO] running `Command { std: "docker" "create" "-v" "/var/lib/crater-agent-workspace/builds/worker-3-tc2/target:/opt/rustwide/target:rw,Z" "-v" "/var/lib/crater-agent-workspace/builds/worker-3-tc2/source:/opt/rustwide/workdir:ro,Z" "-v" "/var/lib/crater-agent-workspace/cargo-home:/opt/rustwide/cargo-home:ro,Z" "-v" "/var/lib/crater-agent-workspace/rustup-home:/opt/rustwide/rustup-home:ro,Z" "-e" "SOURCE_DIR=/opt/rustwide/workdir" "-e" "CARGO_TARGET_DIR=/opt/rustwide/target" "-e" "CARGO_INCREMENTAL=0" "-e" "RUST_BACKTRACE=full" "-e" "RUSTFLAGS=--cap-lints=warn" "-e" "RUSTDOCFLAGS=--cap-lints=warn" "-e" "CARGO_HOME=/opt/rustwide/cargo-home" "-e" "RUSTUP_HOME=/opt/rustwide/rustup-home" "-w" "/opt/rustwide/workdir" "-m" "1610612736" "--user" "0:0" "--network" "none" "ghcr.io/rust-lang/crates-build-env/linux@sha256:5ff2268d62e97bff2cde7d5815dd6ed5b47097566f13b8d0ca110b04b60e07ed" "/opt/rustwide/cargo-home/bin/cargo" "+beta-2023-04-20" "build" "--frozen" "--message-format=json", kill_on_drop: false }`
[INFO] [stdout] 48f2e3c302d455a299fe166a43c8e8fdbf0071857703fd744e63a16f88193131
[INFO] running `Command { std: "docker" "start" "-a" "48f2e3c302d455a299fe166a43c8e8fdbf0071857703fd744e63a16f88193131", kill_on_drop: false }`
[INFO] [stderr]    Compiling libc v0.2.140
[INFO] [stderr]    Compiling proc-macro2 v1.0.52
[INFO] [stderr]    Compiling syn v1.0.109
[INFO] [stderr]    Compiling subtle v2.4.1
[INFO] [stderr]    Compiling unicode-xid v0.2.4
[INFO] [stderr]    Compiling smallvec v1.10.0
[INFO] [stderr]    Compiling pin-project-lite v0.2.9
[INFO] [stderr]    Compiling futures-core v0.3.27
[INFO] [stderr]    Compiling once_cell v1.17.1
[INFO] [stderr]    Compiling lock_api v0.4.9
[INFO] [stderr]    Compiling slab v0.4.8
[INFO] [stderr]    Compiling getrandom v0.1.16
[INFO] [stderr]    Compiling const-oid v0.9.2
[INFO] [stderr]    Compiling parking_lot_core v0.9.7
[INFO] [stderr]    Compiling scopeguard v1.1.0
[INFO] [stderr]    Compiling block-buffer v0.10.4
[INFO] [stderr]    Compiling crypto-common v0.1.6
[INFO] [stderr]    Compiling futures-sink v0.3.27
[INFO] [stderr]    Compiling base64ct v1.6.0
[INFO] [stderr]    Compiling bytes v1.4.0
[INFO] [stderr]    Compiling tokio v1.26.0
[INFO] [stderr]    Compiling digest v0.10.6
[INFO] [stderr]    Compiling futures-channel v0.3.27
[INFO] [stderr]    Compiling futures-task v0.3.27
[INFO] [stderr]    Compiling futures-util v0.3.27
[INFO] [stderr]    Compiling digest v0.9.0
[INFO] [stderr]    Compiling futures-io v0.3.27
[INFO] [stderr]    Compiling hmac v0.12.1
[INFO] [stderr]    Compiling byteorder v1.4.3
[INFO] [stderr]    Compiling pin-utils v0.1.0
[INFO] [stderr]    Compiling regex-syntax v0.6.28
[INFO] [stderr]    Compiling serde v1.0.156
[INFO] [stderr]    Compiling tracing-core v0.1.30
[INFO] [stderr]    Compiling universal-hash v0.4.1
[INFO] [stderr]    Compiling cipher v0.3.0
[INFO] [stderr]    Compiling crunchy v0.2.2
[INFO] [stderr]    Compiling parking_lot_core v0.8.6
[INFO] [stderr]    Compiling sha2 v0.9.9
[INFO] [stderr]    Compiling sha2 v0.10.6
[INFO] [stderr]    Compiling polyval v0.5.3
[INFO] [stderr]    Compiling aho-corasick v0.7.20
[INFO] [stderr]    Compiling instant v0.1.12
[INFO] [stderr]    Compiling ctr v0.8.0
[INFO] [stderr]    Compiling overload v0.1.1
[INFO] [stderr]    Compiling keccak v0.1.3
[INFO] [stderr]    Compiling rustc-hex v2.1.0
[INFO] [stderr]    Compiling nu-ansi-term v0.46.0
[INFO] [stderr]    Compiling aes v0.7.5
[INFO] [stderr]    Compiling quote v1.0.26
[INFO] [stderr]    Compiling rlp v0.5.2
[INFO] [stderr]    Compiling tracing-log v0.1.3
[INFO] [stderr]    Compiling sha3 v0.10.6
[INFO] [stderr]    Compiling ghash v0.4.4
[INFO] [stderr]    Compiling sharded-slab v0.1.4
[INFO] [stderr]    Compiling thread_local v1.1.7
[INFO] [stderr]    Compiling aead v0.4.3
[INFO] [stderr]    Compiling bs58 v0.4.0
[INFO] [stderr]    Compiling uint v0.9.5
[INFO] [stderr]    Compiling hkdf v0.12.3
[INFO] [stderr]    Compiling fnv v1.0.7
[INFO] [stderr]    Compiling getrandom v0.2.8
[INFO] [stderr]    Compiling mio v0.8.6
[INFO] [stderr]    Compiling signal-hook-registry v1.4.1
[INFO] [stderr]    Compiling socket2 v0.4.9
[INFO] [stderr]    Compiling num_cpus v1.15.0
[INFO] [stderr]    Compiling aes-gcm v0.9.4
[INFO] [stderr]    Compiling rand_core v0.6.4
[INFO] [stderr]    Compiling rand_core v0.5.1
[INFO] [stderr]    Compiling parking_lot v0.12.1
[INFO] [stderr]    Compiling ahash v0.7.6
[INFO] [stderr]    Compiling rand_chacha v0.2.2
[INFO] [stderr]    Compiling parking_lot v0.11.2
[INFO] [stderr]    Compiling arrayvec v0.7.2
[INFO] [stderr]    Compiling signature v1.6.4
[INFO] [stderr]    Compiling ff v0.12.1
[INFO] [stderr]    Compiling rand v0.7.3
[INFO] [stderr]    Compiling rand_chacha v0.3.1
[INFO] [stderr]    Compiling hashbrown v0.11.2
[INFO] [stderr]    Compiling ed25519 v1.5.3
[INFO] [stderr]    Compiling group v0.12.1
[INFO] [stderr]    Compiling hashbrown v0.12.3
[INFO] [stderr]    Compiling rand v0.8.5
[INFO] [stderr]    Compiling more-asserts v0.2.2
[INFO] [stderr]    Compiling regex-automata v0.1.10
[INFO] [stderr]    Compiling regex v1.7.1
[INFO] [stderr]    Compiling lru v0.7.8
[INFO] [stderr]    Compiling hashlink v0.7.0
[INFO] [stderr]    Compiling matchers v0.1.0
[INFO] [stderr]    Compiling synstructure v0.12.6
[INFO] [stderr]    Compiling zeroize_derive v1.3.3
[INFO] [stderr]    Compiling tokio-macros v1.8.2
[INFO] [stderr]    Compiling futures-macro v0.3.27
[INFO] [stderr]    Compiling tracing-attributes v0.1.23
[INFO] [stderr]    Compiling zeroize v1.5.7
[INFO] [stderr]    Compiling der v0.6.1
[INFO] [stderr]    Compiling crypto-bigint v0.4.9
[INFO] [stderr]    Compiling curve25519-dalek v3.2.0
[INFO] [stderr]    Compiling tracing v0.1.37
[INFO] [stderr]    Compiling tracing-subscriber v0.3.16
[INFO] [stderr]    Compiling rfc6979 v0.3.1
[INFO] [stderr]    Compiling spki v0.6.0
[INFO] [stderr]    Compiling pkcs8 v0.9.0
[INFO] [stderr]    Compiling ed25519-dalek v1.0.1
[INFO] [stderr]    Compiling sec1 v0.3.0
[INFO] [stderr]    Compiling elliptic-curve v0.12.3
[INFO] [stderr]    Compiling ecdsa v0.14.8
[INFO] [stderr]    Compiling k256 v0.11.6
[INFO] [stderr]    Compiling enr v0.7.0
[INFO] [stderr]    Compiling futures-executor v0.3.27
[INFO] [stderr]    Compiling futures v0.3.27
[INFO] [stderr]    Compiling tokio-util v0.7.7
[INFO] [stderr]    Compiling tokio-util v0.6.10
[INFO] [stderr]    Compiling tokio-stream v0.1.12
[INFO] [stderr]    Compiling delay_map v0.3.0
[INFO] [stderr]    Compiling discv5 v0.2.2 (/opt/rustwide/workdir)
[INFO] [stderr]     Finished dev [unoptimized + debuginfo] target(s) in 31.25s
[INFO] running `Command { std: "docker" "inspect" "48f2e3c302d455a299fe166a43c8e8fdbf0071857703fd744e63a16f88193131", kill_on_drop: false }`
[INFO] running `Command { std: "docker" "rm" "-f" "48f2e3c302d455a299fe166a43c8e8fdbf0071857703fd744e63a16f88193131", kill_on_drop: false }`
[INFO] [stdout] 48f2e3c302d455a299fe166a43c8e8fdbf0071857703fd744e63a16f88193131
[INFO] running `Command { std: "docker" "create" "-v" "/var/lib/crater-agent-workspace/builds/worker-3-tc2/target:/opt/rustwide/target:rw,Z" "-v" "/var/lib/crater-agent-workspace/builds/worker-3-tc2/source:/opt/rustwide/workdir:ro,Z" "-v" "/var/lib/crater-agent-workspace/cargo-home:/opt/rustwide/cargo-home:ro,Z" "-v" "/var/lib/crater-agent-workspace/rustup-home:/opt/rustwide/rustup-home:ro,Z" "-e" "SOURCE_DIR=/opt/rustwide/workdir" "-e" "CARGO_TARGET_DIR=/opt/rustwide/target" "-e" "CARGO_INCREMENTAL=0" "-e" "RUST_BACKTRACE=full" "-e" "RUSTFLAGS=--cap-lints=warn" "-e" "RUSTDOCFLAGS=--cap-lints=warn" "-e" "CARGO_HOME=/opt/rustwide/cargo-home" "-e" "RUSTUP_HOME=/opt/rustwide/rustup-home" "-w" "/opt/rustwide/workdir" "-m" "1610612736" "--user" "0:0" "--network" "none" "ghcr.io/rust-lang/crates-build-env/linux@sha256:5ff2268d62e97bff2cde7d5815dd6ed5b47097566f13b8d0ca110b04b60e07ed" "/opt/rustwide/cargo-home/bin/cargo" "+beta-2023-04-20" "test" "--frozen" "--no-run" "--message-format=json", kill_on_drop: false }`
[INFO] [stdout] d6d0b2477c21e4c187c9b8c8a1cde879f26affa5db74e79326701d3ac524fcea
[INFO] running `Command { std: "docker" "start" "-a" "d6d0b2477c21e4c187c9b8c8a1cde879f26affa5db74e79326701d3ac524fcea", kill_on_drop: false }`
[INFO] [stderr]     Blocking waiting for file lock on package cache
[INFO] [stderr]    Compiling proc-macro-error-attr v1.0.4
[INFO] [stderr]    Compiling atty v0.2.14
[INFO] [stderr]    Compiling proc-macro-error v1.0.4
[INFO] [stderr]    Compiling indexmap v1.9.2
[INFO] [stderr]    Compiling time-macros v0.2.8
[INFO] [stderr]    Compiling termcolor v1.2.0
[INFO] [stderr]    Compiling heck v0.4.1
[INFO] [stderr]    Compiling itoa v1.0.6
[INFO] [stderr]    Compiling os_str_bytes v6.4.1
[INFO] [stderr]    Compiling env_logger v0.7.1
[INFO] [stderr]    Compiling humantime v2.1.0
[INFO] [stderr]    Compiling textwrap v0.16.0
[INFO] [stderr]    Compiling bitflags v1.3.2
[INFO] [stderr]    Compiling strsim v0.10.0
[INFO] [stderr]    Compiling rand_xorshift v0.3.0
[INFO] [stderr]    Compiling hex-literal v0.3.4
[INFO] [stderr]    Compiling colored v1.9.3
[INFO] [stderr]    Compiling clap_lex v0.2.4
[INFO] [stderr]    Compiling env_logger v0.9.3
[INFO] [stderr]    Compiling quickcheck v0.9.2
[INFO] [stderr]    Compiling clap_derive v3.2.18
[INFO] [stderr]    Compiling time v0.3.20
[INFO] [stderr]    Compiling simple_logger v1.16.0
[INFO] [stderr]    Compiling clap v3.2.23
[INFO] [stderr]    Compiling discv5 v0.2.2 (/opt/rustwide/workdir)
[INFO] [stderr]     Finished test [unoptimized + debuginfo] target(s) in 30.60s
[INFO] running `Command { std: "docker" "inspect" "d6d0b2477c21e4c187c9b8c8a1cde879f26affa5db74e79326701d3ac524fcea", kill_on_drop: false }`
[INFO] running `Command { std: "docker" "rm" "-f" "d6d0b2477c21e4c187c9b8c8a1cde879f26affa5db74e79326701d3ac524fcea", kill_on_drop: false }`
[INFO] [stdout] d6d0b2477c21e4c187c9b8c8a1cde879f26affa5db74e79326701d3ac524fcea
[INFO] running `Command { std: "docker" "create" "-v" "/var/lib/crater-agent-workspace/builds/worker-3-tc2/target:/opt/rustwide/target:rw,Z" "-v" "/var/lib/crater-agent-workspace/builds/worker-3-tc2/source:/opt/rustwide/workdir:ro,Z" "-v" "/var/lib/crater-agent-workspace/cargo-home:/opt/rustwide/cargo-home:ro,Z" "-v" "/var/lib/crater-agent-workspace/rustup-home:/opt/rustwide/rustup-home:ro,Z" "-e" "SOURCE_DIR=/opt/rustwide/workdir" "-e" "CARGO_TARGET_DIR=/opt/rustwide/target" "-e" "CARGO_INCREMENTAL=0" "-e" "RUST_BACKTRACE=full" "-e" "RUSTFLAGS=--cap-lints=warn" "-e" "RUSTDOCFLAGS=--cap-lints=warn" "-e" "CARGO_HOME=/opt/rustwide/cargo-home" "-e" "RUSTUP_HOME=/opt/rustwide/rustup-home" "-w" "/opt/rustwide/workdir" "-m" "1610612736" "--user" "0:0" "--network" "none" "ghcr.io/rust-lang/crates-build-env/linux@sha256:5ff2268d62e97bff2cde7d5815dd6ed5b47097566f13b8d0ca110b04b60e07ed" "/opt/rustwide/cargo-home/bin/cargo" "+beta-2023-04-20" "test" "--frozen", kill_on_drop: false }`
[INFO] [stdout] a6ae3f3ca33a4ba2ea8ab2c96f74d75f8a1faea9bda37ea66aa392a3f73ae025
[INFO] running `Command { std: "docker" "start" "-a" "a6ae3f3ca33a4ba2ea8ab2c96f74d75f8a1faea9bda37ea66aa392a3f73ae025", kill_on_drop: false }`
[INFO] [stderr]     Finished test [unoptimized + debuginfo] target(s) in 0.30s
[INFO] [stderr]      Running unittests src/lib.rs (/opt/rustwide/target/debug/deps/discv5-25715b530db0e41b)
[INFO] [stdout] 
[INFO] [stdout] running 87 tests
[INFO] [stdout] test handler::crypto::tests::ref_encryption ... ok
[INFO] [stdout] test handler::crypto::tests::ref_key_derivation ... ok
[INFO] [stdout] test handler::tests::test_active_requests_insert ... ok
[INFO] [stdout] test handler::crypto::tests::ref_test_ecdh ... ok
[INFO] [stdout] test handler::crypto::tests::encrypt_decrypt ... ok
[INFO] [stdout] test handler::crypto::tests::ref_nonce_signing ... ok
[INFO] [stdout] test handler::crypto::tests::decrypt_ref_test_ping ... ok
[INFO] [stdout] test ipmode::tests::dual_stack_enr_contactable_addresses ... ok
[INFO] [stdout] test handler::crypto::tests::derive_symmetric_keys ... ok
[INFO] [stdout] test ipmode::tests::ipv4_only_enr_contactable_addresses ... ok
[INFO] [stdout] test discv5::test::test_bucket_limits ... ok
[INFO] [stdout] test kbucket::bucket::tests::full_bucket_applied_no_duplicates ... ok
[INFO] [stdout] test kbucket::bucket::tests::full_bucket_discard_pending ... ok
[INFO] [stdout] test kbucket::bucket::tests::full_bucket ... ok
[INFO] [stdout] test kbucket::bucket::tests::table_update_status_connection ... ok
[INFO] [stdout] test ipmode::tests::ipv6_only_enr_contactable_addresses ... ok
[INFO] [stdout] test kbucket::key::tests::identity ... ok
[INFO] [stdout] test kbucket::key::tests::symmetry ... ok
[INFO] [stdout] test kbucket::key::tests::triangle_inequality ... ok
[INFO] [stdout] test kbucket::bucket::tests::bucket_update_value_with_filtering ... ok
[INFO] [stdout] test ipmode::tests::empty_enr_no_contactable_address ... ok
[INFO] [stdout] test handler::tests::simple_session_message ... ok
[INFO] [stdout] test kbucket::bucket::tests::bucket_max_incoming_nodes ... ok
[INFO] [stdout] test kbucket::bucket::tests::ordering ... ok
[INFO] [stdout] test kbucket::tests::update_local_id_fails ... ok
[INFO] [stdout] test kbucket::tests::applied_pending ... ok
[INFO] [stdout] test kbucket::tests::closest ... ok
[INFO] [stdout] test discv5::test::test_table_limits ... ok
[INFO] [stdout] test kbucket::tests::closest_local ... ok
[INFO] [stdout] test kbucket::tests::basic_closest ... ok
[INFO] [stdout] test lru_time_cache::tests::get ... ok
[INFO] [stdout] test lru_time_cache::tests::get_mut ... ok
[INFO] [stdout] test kbucket::key::tests::unidirectionality ... ok
[INFO] [stdout] test kbucket::bucket::tests::bucket_update_status ... ok
[INFO] [stdout] test lru_time_cache::tests::len ... ok
[INFO] [stdout] test lru_time_cache::tests::peek ... ok
[INFO] [stdout] test lru_time_cache::tests::remove ... ok
[INFO] [stdout] test lru_time_cache::tests::insert ... ok
[INFO] [stdout] test packet::tests::packet_decode_ref_ping ... ok
[INFO] [stdout] test packet::tests::packet_decode_invalid_packet_size ... ok
[INFO] [stdout] test packet::tests::packet_decode_ref_ping_handshake ... ok
[INFO] [stdout] test packet::tests::packet_encode_decode_random ... ok
[INFO] [stdout] test packet::tests::packet_encode_decode_whoareyou ... ok
[INFO] [stdout] test lru_time_cache::tests::capacity ... ok
[INFO] [stdout] test packet::tests::packet_encode_handshake ... ok
[INFO] [stdout] test packet::tests::packet_ref_test_encode_message ... ok
[INFO] [stdout] test packet::tests::packet_encode_random ... ok
[INFO] [stdout] test query_pool::peers::closest::tests::new_query ... ok
[INFO] [stdout] test packet::tests::packet_encode_handshake_enr ... ok
[INFO] [stdout] test packet::tests::packet_decode_ref_ping_handshake_enr ... ok
[INFO] [stdout] test packet::tests::packet_ref_test_encode_whoareyou ... ok
[INFO] [stdout] test query_pool::peers::closest::tests::timeout ... ok
[INFO] [stdout] test discv5::test::test_discovery_three_peers ... ok
[INFO] [stdout] test lru_time_cache::tests::ttl::peek ... ok
[INFO] [stdout] test packet::tests::encode_decode_auth_packet ... ok
[INFO] [stdout] test rpc::tests::encode_decode_find_node_request ... ok
[INFO] [stdout] test lru_time_cache::tests::ttl::ttl ... ok
[INFO] [stdout] test rpc::tests::encode_decode_ping_request ... ok
[INFO] [stdout] test query_pool::peers::closest::tests::no_duplicates ... ok
[INFO] [stdout] test lru_time_cache::tests::ttl::len ... ok
[INFO] [stdout] test lru_time_cache::tests::ttl::get ... ok
[INFO] [stdout] test kbucket::bucket::tests::random_actions_with_filtering ... ok
[INFO] [stdout] test rpc::tests::ref_test_encode_response_ping ... ok
[INFO] [stdout] test rpc::tests::ref_test_encode_request_ping ... ok
[INFO] [stdout] test rpc::tests::ref_test_encode_response_nodes_multiple ... ok
[INFO] [stdout] test rpc::tests::encode_decode_ping_response ... ok
[INFO] [stdout] test rpc::tests::encode_decode_ticket_request ... ok
[INFO] [stdout] test rpc::tests::ref_test_encode_request_findnode ... ok
[INFO] [stdout] test service::ip_vote::tests::test_below_threshold ... ok
[INFO] [stdout] test service::ip_vote::tests::test_majority_vote ... ok
[INFO] [stdout] test rpc::tests::encode_decode_nodes_response ... ok
[INFO] [stdout] test socket::filter::rate_limiter::tests::it_works_a ... ok
[INFO] [stdout] test service::ip_vote::tests::test_three_way_vote_draw ... ok
[INFO] [stdout] test service::query_info::tests::test_log2distance ... ok
[INFO] [stdout] test rpc::tests::ref_test_encode_response_nodes_empty ... ok
[INFO] [stdout] test service::query_info::tests::test_log2distance_upper ... ok
[INFO] [stdout] test socket::filter::rate_limiter::tests::it_works_b ... ok
[INFO] [stdout] test service::query_info::tests::test_log2distance_lower ... ok
[INFO] [stdout] test rpc::tests::ref_test_encode_response_nodes ... ok
[INFO] [stdout] test rpc::tests::ref_decode_response_nodes_multiple ... ok
[INFO] [stdout] test service::test::test_updating_connection_on_ping ... ok
[INFO] [stdout] test handler::tests::multiple_messages ... FAILED
[INFO] [stdout] test discv5::test::test_findnode_query_with_target ... ok
[INFO] [stdout] test query_pool::peers::closest::tests::termination_and_parallelism ... ok
[INFO] [stdout] test discv5::test::test_findnode_query ... ok
[INFO] [stdout] test discv5::test::test_discovery_star_topology ... ok
[INFO] [stdout] test discv5::test::test_predicate_search ... ok
[INFO] [stdout] 
[INFO] [stdout] failures:
[INFO] [stdout] 
[INFO] [stdout] ---- handler::tests::multiple_messages stdout ----
[INFO] [stdout] thread 'handler::tests::multiple_messages' panicked at 'Test timed out', src/handler/tests.rs:217:13
[INFO] [stdout] stack backtrace:
[INFO] [stdout]    0:     0x5607af91167a - std::backtrace_rs::backtrace::libunwind::trace::h2f05d0192276a8f6
[INFO] [stdout]                                at /rustc/1b7dd2252b99671ce5d1cb9664c5f8636329436d/library/std/src/../../backtrace/src/backtrace/libunwind.rs:93:5
[INFO] [stdout]    1:     0x5607af91167a - std::backtrace_rs::backtrace::trace_unsynchronized::hedc23dff7a1af150
[INFO] [stdout]                                at /rustc/1b7dd2252b99671ce5d1cb9664c5f8636329436d/library/std/src/../../backtrace/src/backtrace/mod.rs:66:5
[INFO] [stdout]    2:     0x5607af91167a - std::sys_common::backtrace::_print_fmt::h17541ef7592f3ce2
[INFO] [stdout]                                at /rustc/1b7dd2252b99671ce5d1cb9664c5f8636329436d/library/std/src/sys_common/backtrace.rs:65:5
[INFO] [stdout]    3:     0x5607af91167a - <std::sys_common::backtrace::_print::DisplayBacktrace as core::fmt::Display>::fmt::h20f75df5ab0c0792
[INFO] [stdout]                                at /rustc/1b7dd2252b99671ce5d1cb9664c5f8636329436d/library/std/src/sys_common/backtrace.rs:44:22
[INFO] [stdout]    4:     0x5607af939fef - core::fmt::write::h78109e6f466b3af6
[INFO] [stdout]                                at /rustc/1b7dd2252b99671ce5d1cb9664c5f8636329436d/library/core/src/fmt/mod.rs:1254:17
[INFO] [stdout]    5:     0x5607af90e505 - std::io::Write::write_fmt::hd24bfb68a1b35a25
[INFO] [stdout]                                at /rustc/1b7dd2252b99671ce5d1cb9664c5f8636329436d/library/std/src/io/mod.rs:1698:15
[INFO] [stdout]    6:     0x5607af911445 - std::sys_common::backtrace::_print::h8dac57a9f8fbf9a5
[INFO] [stdout]                                at /rustc/1b7dd2252b99671ce5d1cb9664c5f8636329436d/library/std/src/sys_common/backtrace.rs:47:5
[INFO] [stdout]    7:     0x5607af911445 - std::sys_common::backtrace::print::hf9ecbf41d1aa712f
[INFO] [stdout]                                at /rustc/1b7dd2252b99671ce5d1cb9664c5f8636329436d/library/std/src/sys_common/backtrace.rs:34:9
[INFO] [stdout]    8:     0x5607af9130fe - std::panicking::default_hook::{{closure}}::h04c07acfc84ca028
[INFO] [stdout]                                at /rustc/1b7dd2252b99671ce5d1cb9664c5f8636329436d/library/std/src/panicking.rs:269:22
[INFO] [stdout]    9:     0x5607af912e31 - std::panicking::default_hook::h01f6bb23e1eceb2c
[INFO] [stdout]                                at /rustc/1b7dd2252b99671ce5d1cb9664c5f8636329436d/library/std/src/panicking.rs:285:9
[INFO] [stdout]   10:     0x5607af508adb - <alloc::boxed::Box<F,A> as core::ops::function::Fn<Args>>::call::h87fe9f7b2fd49e4c
[INFO] [stdout]                                at /rustc/1b7dd2252b99671ce5d1cb9664c5f8636329436d/library/alloc/src/boxed.rs:1987:9
[INFO] [stdout]   11:     0x5607af508adb - test::test_main::{{closure}}::he94d679243a7531b
[INFO] [stdout]                                at /rustc/1b7dd2252b99671ce5d1cb9664c5f8636329436d/library/test/src/lib.rs:134:21
[INFO] [stdout]   12:     0x5607af9137e4 - <alloc::boxed::Box<F,A> as core::ops::function::Fn<Args>>::call::h3f2d6d8b14c4769f
[INFO] [stdout]                                at /rustc/1b7dd2252b99671ce5d1cb9664c5f8636329436d/library/alloc/src/boxed.rs:1987:9
[INFO] [stdout]   13:     0x5607af9137e4 - std::panicking::rust_panic_with_hook::h2bb3722bbaf2f6df
[INFO] [stdout]                                at /rustc/1b7dd2252b99671ce5d1cb9664c5f8636329436d/library/std/src/panicking.rs:695:13
[INFO] [stdout]   14:     0x5607af7e23ea - std::panicking::begin_panic::{{closure}}::h38f1a8b5052f841a
[INFO] [stdout]                                at /rustc/1b7dd2252b99671ce5d1cb9664c5f8636329436d/library/std/src/panicking.rs:611:9
[INFO] [stdout]   15:     0x5607af7e1b1d - std::sys_common::backtrace::__rust_end_short_backtrace::h972d8afb5b67e41a
[INFO] [stdout]                                at /rustc/1b7dd2252b99671ce5d1cb9664c5f8636329436d/library/std/src/sys_common/backtrace.rs:150:18
[INFO] [stdout]   16:     0x5607af7e2327 - std::panicking::begin_panic::h2678547263925694
[INFO] [stdout]                                at /rustc/1b7dd2252b99671ce5d1cb9664c5f8636329436d/library/std/src/panicking.rs:610:12
[INFO] [stdout]   17:     0x5607af27e70b - discv5::handler::tests::multiple_messages::{{closure}}::heaa0c34e61286480
[INFO] [stdout]                                at /opt/rustwide/workdir/src/handler/tests.rs:217:13
[INFO] [stdout]   18:     0x5607af134028 - <core::pin::Pin<P> as core::future::future::Future>::poll::hf4d756fc48c777cf
[INFO] [stdout]                                at /rustc/1b7dd2252b99671ce5d1cb9664c5f8636329436d/library/core/src/future/future.rs:125:9
[INFO] [stdout]   19:     0x5607af133f1b - <core::pin::Pin<P> as core::future::future::Future>::poll::h3a9ceb1c3e5196a8
[INFO] [stdout]                                at /rustc/1b7dd2252b99671ce5d1cb9664c5f8636329436d/library/core/src/future/future.rs:125:9
[INFO] [stdout]   20:     0x5607af2cbe54 - tokio::runtime::scheduler::current_thread::CoreGuard::block_on::{{closure}}::{{closure}}::{{closure}}::h41581014fc78ecd7
[INFO] [stdout]                                at /opt/rustwide/cargo-home/registry/src/index.crates.io-6f17d22bba15001f/tokio-1.26.0/src/runtime/scheduler/current_thread.rs:541:57
[INFO] [stdout]   21:     0x5607af2cbd01 - tokio::runtime::coop::with_budget::h5cf17e1625a79f98
[INFO] [stdout]                                at /opt/rustwide/cargo-home/registry/src/index.crates.io-6f17d22bba15001f/tokio-1.26.0/src/runtime/coop.rs:107:5
[INFO] [stdout]   22:     0x5607af2cbd01 - tokio::runtime::coop::budget::h7b65a14df14be043
[INFO] [stdout]                                at /opt/rustwide/cargo-home/registry/src/index.crates.io-6f17d22bba15001f/tokio-1.26.0/src/runtime/coop.rs:73:5
[INFO] [stdout]   23:     0x5607af2cbd01 - tokio::runtime::scheduler::current_thread::CoreGuard::block_on::{{closure}}::{{closure}}::h0b07d3c75e3a1d8f
[INFO] [stdout]                                at /opt/rustwide/cargo-home/registry/src/index.crates.io-6f17d22bba15001f/tokio-1.26.0/src/runtime/scheduler/current_thread.rs:541:25
[INFO] [stdout]   24:     0x5607af2ca799 - tokio::runtime::scheduler::current_thread::Context::enter::hf09f5d957c0a2246
[INFO] [stdout]                                at /opt/rustwide/cargo-home/registry/src/index.crates.io-6f17d22bba15001f/tokio-1.26.0/src/runtime/scheduler/current_thread.rs:350:19
[INFO] [stdout]   25:     0x5607af2cb29a - tokio::runtime::scheduler::current_thread::CoreGuard::block_on::{{closure}}::hbc2a236cc3e5209d
[INFO] [stdout]                                at /opt/rustwide/cargo-home/registry/src/index.crates.io-6f17d22bba15001f/tokio-1.26.0/src/runtime/scheduler/current_thread.rs:540:36
[INFO] [stdout]   26:     0x5607af2cafab - tokio::runtime::scheduler::current_thread::CoreGuard::enter::{{closure}}::hb355423e926586f7
[INFO] [stdout]                                at /opt/rustwide/cargo-home/registry/src/index.crates.io-6f17d22bba15001f/tokio-1.26.0/src/runtime/scheduler/current_thread.rs:615:57
[INFO] [stdout]   27:     0x5607af262ccd - tokio::macros::scoped_tls::ScopedKey<T>::set::he75a1c79d439d74c
[INFO] [stdout]                                at /opt/rustwide/cargo-home/registry/src/index.crates.io-6f17d22bba15001f/tokio-1.26.0/src/macros/scoped_tls.rs:61:9
[INFO] [stdout]   28:     0x5607af2cad46 - tokio::runtime::scheduler::current_thread::CoreGuard::enter::h18e2eb3ff448dc67
[INFO] [stdout]                                at /opt/rustwide/cargo-home/registry/src/index.crates.io-6f17d22bba15001f/tokio-1.26.0/src/runtime/scheduler/current_thread.rs:615:27
[INFO] [stdout]   29:     0x5607af2cafdc - tokio::runtime::scheduler::current_thread::CoreGuard::block_on::h5ffc1b7b76733397
[INFO] [stdout]                                at /opt/rustwide/cargo-home/registry/src/index.crates.io-6f17d22bba15001f/tokio-1.26.0/src/runtime/scheduler/current_thread.rs:530:19
[INFO] [stdout]   30:     0x5607af2c9a5d - tokio::runtime::scheduler::current_thread::CurrentThread::block_on::h76fe97197bf6e92f
[INFO] [stdout]                                at /opt/rustwide/cargo-home/registry/src/index.crates.io-6f17d22bba15001f/tokio-1.26.0/src/runtime/scheduler/current_thread.rs:154:24
[INFO] [stdout]   31:     0x5607af263e05 - tokio::runtime::runtime::Runtime::block_on::h8a615c0382565980
[INFO] [stdout]                                at /opt/rustwide/cargo-home/registry/src/index.crates.io-6f17d22bba15001f/tokio-1.26.0/src/runtime/runtime.rs:302:47
[INFO] [stdout]   32:     0x5607af27ca47 - discv5::handler::tests::multiple_messages::h77639bf4aa9f4dd0
[INFO] [stdout]                                at /opt/rustwide/workdir/src/handler/tests.rs:213:5
[INFO] [stdout]   33:     0x5607af27c8c7 - discv5::handler::tests::multiple_messages::{{closure}}::h7593ee128d7c2b9c
[INFO] [stdout]                                at /opt/rustwide/workdir/src/handler/tests.rs:107:30
[INFO] [stdout]   34:     0x5607af35fdf5 - core::ops::function::FnOnce::call_once::h944cfe88f7374e4e
[INFO] [stdout]                                at /rustc/1b7dd2252b99671ce5d1cb9664c5f8636329436d/library/core/src/ops/function.rs:250:5
[INFO] [stdout]   35:     0x5607af50d9af - core::ops::function::FnOnce::call_once::ha6a70e79f7481a7e
[INFO] [stdout]                                at /rustc/1b7dd2252b99671ce5d1cb9664c5f8636329436d/library/core/src/ops/function.rs:250:5
[INFO] [stdout]   36:     0x5607af50d9af - test::__rust_begin_short_backtrace::hce33033019b61e69
[INFO] [stdout]                                at /rustc/1b7dd2252b99671ce5d1cb9664c5f8636329436d/library/test/src/lib.rs:655:18
[INFO] [stdout]   37:     0x5607af4db19c - test::run_test::{{closure}}::h858d3528838ae3e5
[INFO] [stdout]                                at /rustc/1b7dd2252b99671ce5d1cb9664c5f8636329436d/library/test/src/lib.rs:646:30
[INFO] [stdout]   38:     0x5607af4db19c - core::ops::function::FnOnce::call_once{{vtable.shim}}::he8ac2b00f01ae79e
[INFO] [stdout]                                at /rustc/1b7dd2252b99671ce5d1cb9664c5f8636329436d/library/core/src/ops/function.rs:250:5
[INFO] [stdout]   39:     0x5607af50ca86 - <alloc::boxed::Box<F,A> as core::ops::function::FnOnce<Args>>::call_once::h8093d25b522725ef
[INFO] [stdout]                                at /rustc/1b7dd2252b99671ce5d1cb9664c5f8636329436d/library/alloc/src/boxed.rs:1973:9
[INFO] [stdout]   40:     0x5607af50ca86 - <core::panic::unwind_safe::AssertUnwindSafe<F> as core::ops::function::FnOnce<()>>::call_once::h5c334c204e4a3913
[INFO] [stdout]                                at /rustc/1b7dd2252b99671ce5d1cb9664c5f8636329436d/library/core/src/panic/unwind_safe.rs:271:9
[INFO] [stdout]   41:     0x5607af50ca86 - std::panicking::try::do_call::ha8b740c7b9478074
[INFO] [stdout]                                at /rustc/1b7dd2252b99671ce5d1cb9664c5f8636329436d/library/std/src/panicking.rs:485:40
[INFO] [stdout]   42:     0x5607af50ca86 - std::panicking::try::h5d34f63d0e41b64e
[INFO] [stdout]                                at /rustc/1b7dd2252b99671ce5d1cb9664c5f8636329436d/library/std/src/panicking.rs:449:19
[INFO] [stdout]   43:     0x5607af50ca86 - std::panic::catch_unwind::hcfbb511e1aa7fc67
[INFO] [stdout]                                at /rustc/1b7dd2252b99671ce5d1cb9664c5f8636329436d/library/std/src/panic.rs:140:14
[INFO] [stdout]   44:     0x5607af50ca86 - test::run_test_in_process::h9abda90f802eaf21
[INFO] [stdout]                                at /rustc/1b7dd2252b99671ce5d1cb9664c5f8636329436d/library/test/src/lib.rs:678:27
[INFO] [stdout]   45:     0x5607af50ca86 - test::run_test::run_test_inner::{{closure}}::h0f058de91f6c6edf
[INFO] [stdout]                                at /rustc/1b7dd2252b99671ce5d1cb9664c5f8636329436d/library/test/src/lib.rs:572:39
[INFO] [stdout]   46:     0x5607af4d59a5 - test::run_test::run_test_inner::{{closure}}::h5ca48a4c59c6c1fb
[INFO] [stdout]                                at /rustc/1b7dd2252b99671ce5d1cb9664c5f8636329436d/library/test/src/lib.rs:599:37
[INFO] [stdout]   47:     0x5607af4d59a5 - std::sys_common::backtrace::__rust_begin_short_backtrace::h32bd51e1495d4a33
[INFO] [stdout]                                at /rustc/1b7dd2252b99671ce5d1cb9664c5f8636329436d/library/std/src/sys_common/backtrace.rs:134:18
[INFO] [stdout]   48:     0x5607af4daee1 - std::thread::Builder::spawn_unchecked_::{{closure}}::{{closure}}::hc086fae9b128b2db
[INFO] [stdout]                                at /rustc/1b7dd2252b99671ce5d1cb9664c5f8636329436d/library/std/src/thread/mod.rs:526:17
[INFO] [stdout]   49:     0x5607af4daee1 - <core::panic::unwind_safe::AssertUnwindSafe<F> as core::ops::function::FnOnce<()>>::call_once::hb66571888d270d43
[INFO] [stdout]                                at /rustc/1b7dd2252b99671ce5d1cb9664c5f8636329436d/library/core/src/panic/unwind_safe.rs:271:9
[INFO] [stdout]   50:     0x5607af4daee1 - std::panicking::try::do_call::h4fa2ef4f6e51fecf
[INFO] [stdout]                                at /rustc/1b7dd2252b99671ce5d1cb9664c5f8636329436d/library/std/src/panicking.rs:485:40
[INFO] [stdout]   51:     0x5607af4daee1 - std::panicking::try::h1e9e22b8584489b5
[INFO] [stdout]                                at /rustc/1b7dd2252b99671ce5d1cb9664c5f8636329436d/library/std/src/panicking.rs:449:19
[INFO] [stdout]   52:     0x5607af4daee1 - std::panic::catch_unwind::h44698a3de0e0769e
[INFO] [stdout]                                at /rustc/1b7dd2252b99671ce5d1cb9664c5f8636329436d/library/std/src/panic.rs:140:14
[INFO] [stdout]   53:     0x5607af4daee1 - std::thread::Builder::spawn_unchecked_::{{closure}}::h50153abde3fe239e
[INFO] [stdout]                                at /rustc/1b7dd2252b99671ce5d1cb9664c5f8636329436d/library/std/src/thread/mod.rs:525:30
[INFO] [stdout]   54:     0x5607af4daee1 - core::ops::function::FnOnce::call_once{{vtable.shim}}::hbe5bbf6f38394364
[INFO] [stdout]                                at /rustc/1b7dd2252b99671ce5d1cb9664c5f8636329436d/library/core/src/ops/function.rs:250:5
[INFO] [stdout]   55:     0x5607af917f95 - <alloc::boxed::Box<F,A> as core::ops::function::FnOnce<Args>>::call_once::h0d83cb2920a49046
[INFO] [stdout]                                at /rustc/1b7dd2252b99671ce5d1cb9664c5f8636329436d/library/alloc/src/boxed.rs:1973:9
[INFO] [stdout]   56:     0x5607af917f95 - <alloc::boxed::Box<F,A> as core::ops::function::FnOnce<Args>>::call_once::hbe0a008aa7d9ef59
[INFO] [stdout]                                at /rustc/1b7dd2252b99671ce5d1cb9664c5f8636329436d/library/alloc/src/boxed.rs:1973:9
[INFO] [stdout]   57:     0x5607af917f95 - std::sys::unix::thread::Thread::new::thread_start::h3a466996bdf6b1f9
[INFO] [stdout]                                at /rustc/1b7dd2252b99671ce5d1cb9664c5f8636329436d/library/std/src/sys/unix/thread.rs:108:17
[INFO] [stdout]   58:     0x7f2be4114b43 - <unknown>
[INFO] [stdout]   59:     0x7f2be41a5bb4 - __clone
[INFO] [stdout]   60:                0x0 - <unknown>
[INFO] [stdout] 
[INFO] [stdout] 
[INFO] [stdout] failures:
[INFO] [stdout]     handler::tests::multiple_messages
[INFO] [stdout] 
[INFO] [stdout] test result: FAILED. 86 passed; 1 failed; 0 ignored; 0 measured; 0 filtered out; finished in 1.21s
[INFO] [stdout] 
[INFO] [stderr] error: test failed, to rerun pass `--lib`
[INFO] running `Command { std: "docker" "inspect" "a6ae3f3ca33a4ba2ea8ab2c96f74d75f8a1faea9bda37ea66aa392a3f73ae025", kill_on_drop: false }`
[INFO] running `Command { std: "docker" "rm" "-f" "a6ae3f3ca33a4ba2ea8ab2c96f74d75f8a1faea9bda37ea66aa392a3f73ae025", kill_on_drop: false }`
[INFO] [stdout] a6ae3f3ca33a4ba2ea8ab2c96f74d75f8a1faea9bda37ea66aa392a3f73ae025
