[INFO] fetching crate calar 0.1.1...
[INFO] testing calar-0.1.1 against beta-2023-04-20 for beta-1.70-1
[INFO] extracting crate calar 0.1.1 into /workspace/builds/worker-6-tc2/source
[INFO] validating manifest of crates.io crate calar 0.1.1 on toolchain beta-2023-04-20
[INFO] running `Command { std: CARGO_HOME="/workspace/cargo-home" RUSTUP_HOME="/workspace/rustup-home" "/workspace/cargo-home/bin/cargo" "+beta-2023-04-20" "metadata" "--manifest-path" "Cargo.toml" "--no-deps", kill_on_drop: false }`
[INFO] started tweaking crates.io crate calar 0.1.1
[INFO] finished tweaking crates.io crate calar 0.1.1
[INFO] tweaked toml for crates.io crate calar 0.1.1 written to /workspace/builds/worker-6-tc2/source/Cargo.toml
[INFO] crate crates.io crate calar 0.1.1 already has a lockfile, it will not be regenerated
[INFO] running `Command { std: CARGO_HOME="/workspace/cargo-home" RUSTUP_HOME="/workspace/rustup-home" "/workspace/cargo-home/bin/cargo" "+beta-2023-04-20" "fetch" "--manifest-path" "Cargo.toml", kill_on_drop: false }`
[INFO] [stderr]     Updating crates.io index
[INFO] [stderr]  Downloading crates ...
[INFO] [stderr]   Downloaded io-lifetimes v1.0.8
[INFO] [stderr]   Downloaded iso8601 v0.6.1
[INFO] [stderr]   Downloaded clap_lex v0.3.3
[INFO] [stderr]   Downloaded is-terminal v0.4.5
[INFO] [stderr]   Downloaded chrono-tz-build v0.1.0
[INFO] [stderr]   Downloaded toml v0.7.3
[INFO] [stderr]   Downloaded directories v4.0.1
[INFO] [stderr]   Downloaded bitflags v2.0.1
[INFO] [stderr]   Downloaded zstd-safe v6.0.4+zstd.1.5.4
[INFO] [stderr]   Downloaded phf_codegen v0.11.1
[INFO] [stderr]   Downloaded icalendar v0.15.4
[INFO] [stderr]   Downloaded serde_spanned v0.6.1
[INFO] [stderr]   Downloaded clap v4.1.11
[INFO] [stderr]   Downloaded rustix v0.36.10
[INFO] [stderr]   Downloaded zstd-sys v2.0.7+zstd.1.5.4
[INFO] [stderr]   Downloaded chrono-tz v0.8.1
[INFO] running `Command { std: "docker" "create" "-v" "/var/lib/crater-agent-workspace/builds/worker-6-tc2/target:/opt/rustwide/target:rw,Z" "-v" "/var/lib/crater-agent-workspace/builds/worker-6-tc2/source:/opt/rustwide/workdir:ro,Z" "-v" "/var/lib/crater-agent-workspace/cargo-home:/opt/rustwide/cargo-home:ro,Z" "-v" "/var/lib/crater-agent-workspace/rustup-home:/opt/rustwide/rustup-home:ro,Z" "-e" "SOURCE_DIR=/opt/rustwide/workdir" "-e" "CARGO_TARGET_DIR=/opt/rustwide/target" "-e" "CARGO_HOME=/opt/rustwide/cargo-home" "-e" "RUSTUP_HOME=/opt/rustwide/rustup-home" "-w" "/opt/rustwide/workdir" "-m" "1610612736" "--user" "0:0" "--network" "none" "ghcr.io/rust-lang/crates-build-env/linux@sha256:5ff2268d62e97bff2cde7d5815dd6ed5b47097566f13b8d0ca110b04b60e07ed" "/opt/rustwide/cargo-home/bin/cargo" "+beta-2023-04-20" "metadata" "--no-deps" "--format-version=1", kill_on_drop: false }`
[INFO] [stdout] 2782a118e81b975587602eda4f5f3b4bcad8254f06b6e7a378b40a39ebf9ac4c
[INFO] running `Command { std: "docker" "start" "-a" "2782a118e81b975587602eda4f5f3b4bcad8254f06b6e7a378b40a39ebf9ac4c", kill_on_drop: false }`
[INFO] running `Command { std: "docker" "inspect" "2782a118e81b975587602eda4f5f3b4bcad8254f06b6e7a378b40a39ebf9ac4c", kill_on_drop: false }`
[INFO] running `Command { std: "docker" "rm" "-f" "2782a118e81b975587602eda4f5f3b4bcad8254f06b6e7a378b40a39ebf9ac4c", kill_on_drop: false }`
[INFO] [stdout] 2782a118e81b975587602eda4f5f3b4bcad8254f06b6e7a378b40a39ebf9ac4c
[INFO] running `Command { std: "docker" "create" "-v" "/var/lib/crater-agent-workspace/builds/worker-6-tc2/target:/opt/rustwide/target:rw,Z" "-v" "/var/lib/crater-agent-workspace/builds/worker-6-tc2/source:/opt/rustwide/workdir:ro,Z" "-v" "/var/lib/crater-agent-workspace/cargo-home:/opt/rustwide/cargo-home:ro,Z" "-v" "/var/lib/crater-agent-workspace/rustup-home:/opt/rustwide/rustup-home:ro,Z" "-e" "SOURCE_DIR=/opt/rustwide/workdir" "-e" "CARGO_TARGET_DIR=/opt/rustwide/target" "-e" "CARGO_INCREMENTAL=0" "-e" "RUST_BACKTRACE=full" "-e" "RUSTFLAGS=--cap-lints=warn" "-e" "RUSTDOCFLAGS=--cap-lints=warn" "-e" "CARGO_HOME=/opt/rustwide/cargo-home" "-e" "RUSTUP_HOME=/opt/rustwide/rustup-home" "-w" "/opt/rustwide/workdir" "-m" "1610612736" "--user" "0:0" "--network" "none" "ghcr.io/rust-lang/crates-build-env/linux@sha256:5ff2268d62e97bff2cde7d5815dd6ed5b47097566f13b8d0ca110b04b60e07ed" "/opt/rustwide/cargo-home/bin/cargo" "+beta-2023-04-20" "build" "--frozen" "--message-format=json", kill_on_drop: false }`
[INFO] [stdout] 3d087d471a7a127ac69ab42e819b6243062d6790646c474b4e91107190312d7b
[INFO] running `Command { std: "docker" "start" "-a" "3d087d471a7a127ac69ab42e819b6243062d6790646c474b4e91107190312d7b", kill_on_drop: false }`
[INFO] [stderr]    Compiling libc v0.2.140
[INFO] [stderr]    Compiling log v0.4.17
[INFO] [stderr]    Compiling once_cell v1.17.1
[INFO] [stderr]    Compiling syn v1.0.109
[INFO] [stderr]    Compiling tokio v1.26.0
[INFO] [stderr]    Compiling aho-corasick v0.7.20
[INFO] [stderr]    Compiling futures-task v0.3.27
[INFO] [stderr]    Compiling futures-util v0.3.27
[INFO] [stderr]    Compiling siphasher v0.3.10
[INFO] [stderr]    Compiling typenum v1.16.0
[INFO] [stderr]    Compiling rand_core v0.6.4
[INFO] [stderr]    Compiling bytestring v1.3.0
[INFO] [stderr]    Compiling unicase v2.6.0
[INFO] [stderr]    Compiling num-traits v0.2.15
[INFO] [stderr]    Compiling zstd-safe v6.0.4+zstd.1.5.4
[INFO] [stderr]    Compiling tracing-core v0.1.30
[INFO] [stderr]    Compiling phf_shared v0.11.1
[INFO] [stderr]    Compiling rand v0.8.5
[INFO] [stderr]    Compiling alloc-no-stdlib v2.0.4
[INFO] [stderr]    Compiling local-waker v0.1.3
[INFO] [stderr]    Compiling serde v1.0.157
[INFO] [stderr]    Compiling openssl v0.10.46
[INFO] [stderr]    Compiling alloc-stdlib v0.2.2
[INFO] [stderr]    Compiling phf v0.11.1
[INFO] [stderr]    Compiling ahash v0.8.3
[INFO] [stderr]    Compiling ppv-lite86 v0.2.17
[INFO] [stderr]    Compiling unicode-bidi v0.3.12
[INFO] [stderr]    Compiling jobserver v0.1.26
[INFO] [stderr]    Compiling io-lifetimes v1.0.8
[INFO] [stderr]    Compiling mime v0.3.16
[INFO] [stderr]    Compiling phf_generator v0.11.1
[INFO] [stderr]    Compiling cc v1.0.79
[INFO] [stderr]    Compiling tracing v0.1.37
[INFO] [stderr]    Compiling regex v1.7.1
[INFO] [stderr]    Compiling phf_codegen v0.11.1
[INFO] [stderr]    Compiling idna v0.3.0
[INFO] [stderr]    Compiling miniz_oxide v0.6.2
[INFO] [stderr]    Compiling generic-array v0.14.6
[INFO] [stderr]    Compiling time-macros v0.2.8
[INFO] [stderr]    Compiling brotli-decompressor v2.3.4
[INFO] [stderr]    Compiling actix-service v2.0.2
[INFO] [stderr]    Compiling actix-utils v3.0.1
[INFO] [stderr]    Compiling cookie v0.16.2
[INFO] [stderr]    Compiling parking_lot_core v0.9.7
[INFO] [stderr]    Compiling socket2 v0.4.9
[INFO] [stderr]    Compiling signal-hook-registry v1.4.1
[INFO] [stderr]    Compiling mio v0.8.6
[INFO] [stderr]    Compiling parking_lot v0.12.1
[INFO] [stderr]    Compiling getrandom v0.2.8
[INFO] [stderr]    Compiling openssl-sys v0.9.81
[INFO] [stderr]    Compiling zstd-sys v2.0.7+zstd.1.5.4
[INFO] [stderr]    Compiling block-buffer v0.10.4
[INFO] [stderr]    Compiling crypto-common v0.1.6
[INFO] [stderr]    Compiling parse-zoneinfo v0.3.0
[INFO] [stderr]    Compiling digest v0.10.6
[INFO] [stderr]    Compiling rand_chacha v0.3.1
[INFO] [stderr]    Compiling convert_case v0.4.0
[INFO] [stderr]    Compiling rustix v0.36.10
[INFO] [stderr]    Compiling want v0.3.0
[INFO] [stderr]    Compiling brotli v3.3.4
[INFO] [stderr]    Compiling sha1 v0.10.5
[INFO] [stderr]    Compiling chrono-tz-build v0.1.0
[INFO] [stderr]    Compiling native-tls v0.2.11
[INFO] [stderr]    Compiling local-channel v0.1.3
[INFO] [stderr]    Compiling time v0.3.20
[INFO] [stderr]    Compiling num-integer v0.1.45
[INFO] [stderr]    Compiling flate2 v1.0.25
[INFO] [stderr]    Compiling url v2.3.1
[INFO] [stderr]    Compiling num_cpus v1.15.0
[INFO] [stderr]    Compiling time v0.1.45
[INFO] [stderr]    Compiling mime_guess v2.0.4
[INFO] [stderr]    Compiling proc-macro-error-attr v1.0.4
[INFO] [stderr]    Compiling linux-raw-sys v0.1.4
[INFO] [stderr]    Compiling iana-time-zone v0.1.53
[INFO] [stderr]    Compiling actix-router v0.5.1
[INFO] [stderr]    Compiling minimal-lexical v0.2.1
[INFO] [stderr]    Compiling language-tags v0.3.2
[INFO] [stderr]    Compiling chrono v0.4.24
[INFO] [stderr]    Compiling proc-macro-error v1.0.4
[INFO] [stderr]    Compiling ahash v0.7.6
[INFO] [stderr]    Compiling nom v7.1.3
[INFO] [stderr]    Compiling serde_spanned v0.6.1
[INFO] [stderr]    Compiling toml_datetime v0.6.1
[INFO] [stderr]    Compiling winnow v0.3.6
[INFO] [stderr]    Compiling os_str_bytes v6.4.1
[INFO] [stderr]    Compiling heck v0.4.1
[INFO] [stderr]    Compiling clap_lex v0.3.3
[INFO] [stderr]    Compiling chrono-tz v0.8.1
[INFO] [stderr]    Compiling uuid v1.3.0
[INFO] [stderr]    Compiling dirs-sys v0.3.7
[INFO] [stderr]    Compiling askama_escape v0.10.3
[INFO] [stderr]    Compiling bitflags v2.0.1
[INFO] [stderr]    Compiling termcolor v1.2.0
[INFO] [stderr]    Compiling http-range v0.1.5
[INFO] [stderr]    Compiling ipnet v2.7.1
[INFO] [stderr]    Compiling directories v4.0.1
[INFO] [stderr]    Compiling is-terminal v0.4.5
[INFO] [stderr]    Compiling iso8601 v0.6.1
[INFO] [stderr]    Compiling tokio-util v0.7.7
[INFO] [stderr]    Compiling openssl-macros v0.1.0
[INFO] [stderr]    Compiling actix-rt v2.8.0
[INFO] [stderr]    Compiling derive_more v0.99.17
[INFO] [stderr]    Compiling actix-server v2.2.0
[INFO] [stderr]    Compiling actix-macros v0.2.3
[INFO] [stderr]    Compiling actix-web-codegen v4.2.0
[INFO] [stderr]    Compiling h2 v0.3.16
[INFO] [stderr]    Compiling actix-codec v0.5.0
[INFO] [stderr]    Compiling toml_edit v0.19.7
[INFO] [stderr]    Compiling clap_derive v4.1.9
[INFO] [stderr]    Compiling toml v0.7.3
[INFO] [stderr]    Compiling zstd v0.12.3+zstd.1.5.2
[INFO] [stderr]    Compiling clap v4.1.11
[INFO] [stderr]    Compiling tokio-native-tls v0.3.1
[INFO] [stderr]    Compiling icalendar v0.15.4
[INFO] [stderr]    Compiling hyper v0.14.25
[INFO] [stderr]    Compiling actix-http v3.3.1
[INFO] [stderr]    Compiling actix-web v4.3.1
[INFO] [stderr]    Compiling hyper-tls v0.5.0
[INFO] [stderr]    Compiling reqwest v0.11.14
[INFO] [stderr]    Compiling actix-files v0.6.2
[INFO] [stderr]    Compiling calar v0.1.1 (/opt/rustwide/workdir)
[INFO] [stderr]     Finished dev [unoptimized + debuginfo] target(s) in 31.17s
[INFO] running `Command { std: "docker" "inspect" "3d087d471a7a127ac69ab42e819b6243062d6790646c474b4e91107190312d7b", kill_on_drop: false }`
[INFO] running `Command { std: "docker" "rm" "-f" "3d087d471a7a127ac69ab42e819b6243062d6790646c474b4e91107190312d7b", kill_on_drop: false }`
[INFO] [stdout] 3d087d471a7a127ac69ab42e819b6243062d6790646c474b4e91107190312d7b
[INFO] running `Command { std: "docker" "create" "-v" "/var/lib/crater-agent-workspace/builds/worker-6-tc2/target:/opt/rustwide/target:rw,Z" "-v" "/var/lib/crater-agent-workspace/builds/worker-6-tc2/source:/opt/rustwide/workdir:ro,Z" "-v" "/var/lib/crater-agent-workspace/cargo-home:/opt/rustwide/cargo-home:ro,Z" "-v" "/var/lib/crater-agent-workspace/rustup-home:/opt/rustwide/rustup-home:ro,Z" "-e" "SOURCE_DIR=/opt/rustwide/workdir" "-e" "CARGO_TARGET_DIR=/opt/rustwide/target" "-e" "CARGO_INCREMENTAL=0" "-e" "RUST_BACKTRACE=full" "-e" "RUSTFLAGS=--cap-lints=warn" "-e" "RUSTDOCFLAGS=--cap-lints=warn" "-e" "CARGO_HOME=/opt/rustwide/cargo-home" "-e" "RUSTUP_HOME=/opt/rustwide/rustup-home" "-w" "/opt/rustwide/workdir" "-m" "1610612736" "--user" "0:0" "--network" "none" "ghcr.io/rust-lang/crates-build-env/linux@sha256:5ff2268d62e97bff2cde7d5815dd6ed5b47097566f13b8d0ca110b04b60e07ed" "/opt/rustwide/cargo-home/bin/cargo" "+beta-2023-04-20" "test" "--frozen" "--no-run" "--message-format=json", kill_on_drop: false }`
[INFO] [stdout] 750d3ff76aea9a7a93348ffabf5771c359bc4f85b72a1373f62a7052bfa22b34
[INFO] running `Command { std: "docker" "start" "-a" "750d3ff76aea9a7a93348ffabf5771c359bc4f85b72a1373f62a7052bfa22b34", kill_on_drop: false }`
[INFO] [stderr]    Compiling calar v0.1.1 (/opt/rustwide/workdir)
[INFO] [stderr]     Finished test [unoptimized + debuginfo] target(s) in 4.68s
[INFO] running `Command { std: "docker" "inspect" "750d3ff76aea9a7a93348ffabf5771c359bc4f85b72a1373f62a7052bfa22b34", kill_on_drop: false }`
[INFO] running `Command { std: "docker" "rm" "-f" "750d3ff76aea9a7a93348ffabf5771c359bc4f85b72a1373f62a7052bfa22b34", kill_on_drop: false }`
[INFO] [stdout] 750d3ff76aea9a7a93348ffabf5771c359bc4f85b72a1373f62a7052bfa22b34
[INFO] running `Command { std: "docker" "create" "-v" "/var/lib/crater-agent-workspace/builds/worker-6-tc2/target:/opt/rustwide/target:rw,Z" "-v" "/var/lib/crater-agent-workspace/builds/worker-6-tc2/source:/opt/rustwide/workdir:ro,Z" "-v" "/var/lib/crater-agent-workspace/cargo-home:/opt/rustwide/cargo-home:ro,Z" "-v" "/var/lib/crater-agent-workspace/rustup-home:/opt/rustwide/rustup-home:ro,Z" "-e" "SOURCE_DIR=/opt/rustwide/workdir" "-e" "CARGO_TARGET_DIR=/opt/rustwide/target" "-e" "CARGO_INCREMENTAL=0" "-e" "RUST_BACKTRACE=full" "-e" "RUSTFLAGS=--cap-lints=warn" "-e" "RUSTDOCFLAGS=--cap-lints=warn" "-e" "CARGO_HOME=/opt/rustwide/cargo-home" "-e" "RUSTUP_HOME=/opt/rustwide/rustup-home" "-w" "/opt/rustwide/workdir" "-m" "1610612736" "--user" "0:0" "--network" "none" "ghcr.io/rust-lang/crates-build-env/linux@sha256:5ff2268d62e97bff2cde7d5815dd6ed5b47097566f13b8d0ca110b04b60e07ed" "/opt/rustwide/cargo-home/bin/cargo" "+beta-2023-04-20" "test" "--frozen", kill_on_drop: false }`
[INFO] [stdout] 5e8ed92f39a11f10ccc0de62cb21f24dbb0b6a3f7b6c6d5acbe08becd3c8b027
[INFO] running `Command { std: "docker" "start" "-a" "5e8ed92f39a11f10ccc0de62cb21f24dbb0b6a3f7b6c6d5acbe08becd3c8b027", kill_on_drop: false }`
[INFO] [stderr]     Blocking waiting for file lock on package cache
[INFO] [stderr]     Finished test [unoptimized + debuginfo] target(s) in 0.45s
[INFO] [stderr]      Running unittests src/main.rs (/opt/rustwide/target/debug/deps/calar-f191dd6a5ce2c105)
[INFO] [stdout] 
[INFO] [stdout] running 4 tests
[INFO] [stdout] test tracto::tests::try_fetch_departments ... FAILED
[INFO] [stdout] test tracto::tests::try_fetch_schedule_2 ... FAILED
[INFO] [stdout] test tracto::tests::try_fetch_schedule_1 ... FAILED
[INFO] [stdout] test tracto::tests::try_fetch_schedule_3 ... FAILED
[INFO] [stdout] 
[INFO] [stdout] failures:
[INFO] [stdout] 
[INFO] [stdout] ---- tracto::tests::try_fetch_departments stdout ----
[INFO] [stdout] Error: reqwest::Error { kind: Request, url: Url { scheme: "https", cannot_be_a_base: false, username: "", password: None, host: Some(Domain("scribaproject.space")), port: None, path: "/api/v1.0//departments", query: None, fragment: None }, source: hyper::Error(Connect, ConnectError("dns error", Custom { kind: Uncategorized, error: "failed to lookup address information: Temporary failure in name resolution" })) }
[INFO] [stdout] 
[INFO] [stdout] ---- tracto::tests::try_fetch_schedule_2 stdout ----
[INFO] [stdout] Error: reqwest::Error { kind: Request, url: Url { scheme: "https", cannot_be_a_base: false, username: "", password: None, host: Some(Domain("scribaproject.space")), port: None, path: "/api/v1.0//schedule/full/knt/351", query: None, fragment: None }, source: hyper::Error(Connect, ConnectError("dns error", Custom { kind: Uncategorized, error: "failed to lookup address information: Temporary failure in name resolution" })) }
[INFO] [stdout] 
[INFO] [stdout] ---- tracto::tests::try_fetch_schedule_1 stdout ----
[INFO] [stdout] Error: reqwest::Error { kind: Request, url: Url { scheme: "https", cannot_be_a_base: false, username: "", password: None, host: Some(Domain("scribaproject.space")), port: None, path: "/api/v1.0//schedule/full/knt/351", query: None, fragment: None }, source: hyper::Error(Connect, ConnectError("dns error", Custom { kind: Uncategorized, error: "failed to lookup address information: Temporary failure in name resolution" })) }
[INFO] [stdout] 
[INFO] [stdout] ---- tracto::tests::try_fetch_schedule_3 stdout ----
[INFO] [stdout] Error: reqwest::Error { kind: Request, url: Url { scheme: "https", cannot_be_a_base: false, username: "", password: None, host: Some(Domain("scribaproject.space")), port: None, path: "/api/v1.0//schedule/full/knt/351", query: None, fragment: None }, source: hyper::Error(Connect, ConnectError("dns error", Custom { kind: Uncategorized, error: "failed to lookup address information: Temporary failure in name resolution" })) }
[INFO] [stdout] 
[INFO] [stdout] 
[INFO] [stdout] failures:
[INFO] [stdout]     tracto::tests::try_fetch_departments
[INFO] [stdout]     tracto::tests::try_fetch_schedule_1
[INFO] [stdout]     tracto::tests::try_fetch_schedule_2
[INFO] [stdout]     tracto::tests::try_fetch_schedule_3
[INFO] [stdout] 
[INFO] [stdout] test result: FAILED. 0 passed; 4 failed; 0 ignored; 0 measured; 0 filtered out; finished in 0.38s
[INFO] [stdout] 
[INFO] [stderr] error: test failed, to rerun pass `--bin calar`
[INFO] running `Command { std: "docker" "inspect" "5e8ed92f39a11f10ccc0de62cb21f24dbb0b6a3f7b6c6d5acbe08becd3c8b027", kill_on_drop: false }`
[INFO] running `Command { std: "docker" "rm" "-f" "5e8ed92f39a11f10ccc0de62cb21f24dbb0b6a3f7b6c6d5acbe08becd3c8b027", kill_on_drop: false }`
[INFO] [stdout] 5e8ed92f39a11f10ccc0de62cb21f24dbb0b6a3f7b6c6d5acbe08becd3c8b027
