[INFO] fetching crate autosar-data 0.3.0...
[INFO] testing autosar-data-0.3.0 against 1.69.0 for beta-1.70-1
[INFO] extracting crate autosar-data 0.3.0 into /workspace/builds/worker-7-tc1/source
[INFO] validating manifest of crates.io crate autosar-data 0.3.0 on toolchain 1.69.0
[INFO] running `Command { std: CARGO_HOME="/workspace/cargo-home" RUSTUP_HOME="/workspace/rustup-home" "/workspace/cargo-home/bin/cargo" "+1.69.0" "metadata" "--manifest-path" "Cargo.toml" "--no-deps", kill_on_drop: false }`
[INFO] started tweaking crates.io crate autosar-data 0.3.0
[INFO] removed 1 missing examples
[INFO] finished tweaking crates.io crate autosar-data 0.3.0
[INFO] tweaked toml for crates.io crate autosar-data 0.3.0 written to /workspace/builds/worker-7-tc1/source/Cargo.toml
[INFO] crate crates.io crate autosar-data 0.3.0 already has a lockfile, it will not be regenerated
[INFO] running `Command { std: CARGO_HOME="/workspace/cargo-home" RUSTUP_HOME="/workspace/rustup-home" "/workspace/cargo-home/bin/cargo" "+1.69.0" "fetch" "--manifest-path" "Cargo.toml", kill_on_drop: false }`
[INFO] [stderr]  Downloading crates ...
[INFO] [stderr]   Downloaded parking_lot_core v0.9.4
[INFO] [stderr]   Downloaded autosar-data-specification v0.3.0
[INFO] running `Command { std: "docker" "create" "-v" "/var/lib/crater-agent-workspace/builds/worker-7-tc1/target:/opt/rustwide/target:rw,Z" "-v" "/var/lib/crater-agent-workspace/builds/worker-7-tc1/source:/opt/rustwide/workdir:ro,Z" "-v" "/var/lib/crater-agent-workspace/cargo-home:/opt/rustwide/cargo-home:ro,Z" "-v" "/var/lib/crater-agent-workspace/rustup-home:/opt/rustwide/rustup-home:ro,Z" "-e" "SOURCE_DIR=/opt/rustwide/workdir" "-e" "CARGO_TARGET_DIR=/opt/rustwide/target" "-e" "CARGO_HOME=/opt/rustwide/cargo-home" "-e" "RUSTUP_HOME=/opt/rustwide/rustup-home" "-w" "/opt/rustwide/workdir" "-m" "1610612736" "--user" "0:0" "--network" "none" "ghcr.io/rust-lang/crates-build-env/linux@sha256:5ff2268d62e97bff2cde7d5815dd6ed5b47097566f13b8d0ca110b04b60e07ed" "/opt/rustwide/cargo-home/bin/cargo" "+1.69.0" "metadata" "--no-deps" "--format-version=1", kill_on_drop: false }`
[INFO] [stdout] 09db808d2391ae80721e25494dd1e60add913221a63aa0496525d3b517165ba6
[INFO] running `Command { std: "docker" "start" "-a" "09db808d2391ae80721e25494dd1e60add913221a63aa0496525d3b517165ba6", kill_on_drop: false }`
[INFO] running `Command { std: "docker" "inspect" "09db808d2391ae80721e25494dd1e60add913221a63aa0496525d3b517165ba6", kill_on_drop: false }`
[INFO] running `Command { std: "docker" "rm" "-f" "09db808d2391ae80721e25494dd1e60add913221a63aa0496525d3b517165ba6", kill_on_drop: false }`
[INFO] [stdout] 09db808d2391ae80721e25494dd1e60add913221a63aa0496525d3b517165ba6
[INFO] running `Command { std: "docker" "create" "-v" "/var/lib/crater-agent-workspace/builds/worker-7-tc1/target:/opt/rustwide/target:rw,Z" "-v" "/var/lib/crater-agent-workspace/builds/worker-7-tc1/source:/opt/rustwide/workdir:ro,Z" "-v" "/var/lib/crater-agent-workspace/cargo-home:/opt/rustwide/cargo-home:ro,Z" "-v" "/var/lib/crater-agent-workspace/rustup-home:/opt/rustwide/rustup-home:ro,Z" "-e" "SOURCE_DIR=/opt/rustwide/workdir" "-e" "CARGO_TARGET_DIR=/opt/rustwide/target" "-e" "CARGO_INCREMENTAL=0" "-e" "RUST_BACKTRACE=full" "-e" "RUSTFLAGS=--cap-lints=warn" "-e" "RUSTDOCFLAGS=--cap-lints=warn" "-e" "CARGO_HOME=/opt/rustwide/cargo-home" "-e" "RUSTUP_HOME=/opt/rustwide/rustup-home" "-w" "/opt/rustwide/workdir" "-m" "1610612736" "--user" "0:0" "--network" "none" "ghcr.io/rust-lang/crates-build-env/linux@sha256:5ff2268d62e97bff2cde7d5815dd6ed5b47097566f13b8d0ca110b04b60e07ed" "/opt/rustwide/cargo-home/bin/cargo" "+1.69.0" "build" "--frozen" "--message-format=json", kill_on_drop: false }`
[INFO] [stdout] b30a58dc0fc5ca4b8c7636a544b0807b59eb77902cf9a1e3b183bc43a34b0311
[INFO] running `Command { std: "docker" "start" "-a" "b30a58dc0fc5ca4b8c7636a544b0807b59eb77902cf9a1e3b183bc43a34b0311", kill_on_drop: false }`
[INFO] [stderr]    Compiling proc-macro2 v1.0.47
[INFO] [stderr]    Compiling quote v1.0.21
[INFO] [stderr]    Compiling unicode-ident v1.0.5
[INFO] [stderr]    Compiling libc v0.2.135
[INFO] [stderr]    Compiling syn v1.0.102
[INFO] [stderr]    Compiling parking_lot_core v0.9.4
[INFO] [stderr]    Compiling smallvec v1.10.0
[INFO] [stderr]    Compiling thiserror v1.0.37
[INFO] [stderr]    Compiling rustc-hash v1.1.0
[INFO] [stderr]    Compiling autosar-data-specification v0.3.0
[INFO] [stderr]    Compiling parking_lot v0.12.1
[INFO] [stderr]    Compiling thiserror-impl v1.0.37
[INFO] [stderr]    Compiling autosar-data v0.3.0 (/opt/rustwide/workdir)
[INFO] [stderr]     Finished dev [unoptimized + debuginfo] target(s) in 19.46s
[INFO] running `Command { std: "docker" "inspect" "b30a58dc0fc5ca4b8c7636a544b0807b59eb77902cf9a1e3b183bc43a34b0311", kill_on_drop: false }`
[INFO] running `Command { std: "docker" "rm" "-f" "b30a58dc0fc5ca4b8c7636a544b0807b59eb77902cf9a1e3b183bc43a34b0311", kill_on_drop: false }`
[INFO] [stdout] b30a58dc0fc5ca4b8c7636a544b0807b59eb77902cf9a1e3b183bc43a34b0311
[INFO] running `Command { std: "docker" "create" "-v" "/var/lib/crater-agent-workspace/builds/worker-7-tc1/target:/opt/rustwide/target:rw,Z" "-v" "/var/lib/crater-agent-workspace/builds/worker-7-tc1/source:/opt/rustwide/workdir:ro,Z" "-v" "/var/lib/crater-agent-workspace/cargo-home:/opt/rustwide/cargo-home:ro,Z" "-v" "/var/lib/crater-agent-workspace/rustup-home:/opt/rustwide/rustup-home:ro,Z" "-e" "SOURCE_DIR=/opt/rustwide/workdir" "-e" "CARGO_TARGET_DIR=/opt/rustwide/target" "-e" "CARGO_INCREMENTAL=0" "-e" "RUST_BACKTRACE=full" "-e" "RUSTFLAGS=--cap-lints=warn" "-e" "RUSTDOCFLAGS=--cap-lints=warn" "-e" "CARGO_HOME=/opt/rustwide/cargo-home" "-e" "RUSTUP_HOME=/opt/rustwide/rustup-home" "-w" "/opt/rustwide/workdir" "-m" "1610612736" "--user" "0:0" "--network" "none" "ghcr.io/rust-lang/crates-build-env/linux@sha256:5ff2268d62e97bff2cde7d5815dd6ed5b47097566f13b8d0ca110b04b60e07ed" "/opt/rustwide/cargo-home/bin/cargo" "+1.69.0" "test" "--frozen" "--no-run" "--message-format=json", kill_on_drop: false }`
[INFO] [stdout] b9b9266728f1df0987bdff281b49761b1e601d142db85b48f14b643ce7b6bc21
[INFO] running `Command { std: "docker" "start" "-a" "b9b9266728f1df0987bdff281b49761b1e601d142db85b48f14b643ce7b6bc21", kill_on_drop: false }`
[INFO] [stderr]    Compiling autosar-data v0.3.0 (/opt/rustwide/workdir)
[INFO] [stderr]     Finished test [unoptimized + debuginfo] target(s) in 2.05s
[INFO] running `Command { std: "docker" "inspect" "b9b9266728f1df0987bdff281b49761b1e601d142db85b48f14b643ce7b6bc21", kill_on_drop: false }`
[INFO] running `Command { std: "docker" "rm" "-f" "b9b9266728f1df0987bdff281b49761b1e601d142db85b48f14b643ce7b6bc21", kill_on_drop: false }`
[INFO] [stdout] b9b9266728f1df0987bdff281b49761b1e601d142db85b48f14b643ce7b6bc21
[INFO] running `Command { std: "docker" "create" "-v" "/var/lib/crater-agent-workspace/builds/worker-7-tc1/target:/opt/rustwide/target:rw,Z" "-v" "/var/lib/crater-agent-workspace/builds/worker-7-tc1/source:/opt/rustwide/workdir:ro,Z" "-v" "/var/lib/crater-agent-workspace/cargo-home:/opt/rustwide/cargo-home:ro,Z" "-v" "/var/lib/crater-agent-workspace/rustup-home:/opt/rustwide/rustup-home:ro,Z" "-e" "SOURCE_DIR=/opt/rustwide/workdir" "-e" "CARGO_TARGET_DIR=/opt/rustwide/target" "-e" "CARGO_INCREMENTAL=0" "-e" "RUST_BACKTRACE=full" "-e" "RUSTFLAGS=--cap-lints=warn" "-e" "RUSTDOCFLAGS=--cap-lints=warn" "-e" "CARGO_HOME=/opt/rustwide/cargo-home" "-e" "RUSTUP_HOME=/opt/rustwide/rustup-home" "-w" "/opt/rustwide/workdir" "-m" "1610612736" "--user" "0:0" "--network" "none" "ghcr.io/rust-lang/crates-build-env/linux@sha256:5ff2268d62e97bff2cde7d5815dd6ed5b47097566f13b8d0ca110b04b60e07ed" "/opt/rustwide/cargo-home/bin/cargo" "+1.69.0" "test" "--frozen", kill_on_drop: false }`
[INFO] [stdout] 0c0e619736406b0515d4a194dfc7144590d9946466d5674d99389fc647e8f943
[INFO] running `Command { std: "docker" "start" "-a" "0c0e619736406b0515d4a194dfc7144590d9946466d5674d99389fc647e8f943", kill_on_drop: false }`
[INFO] [stderr]     Finished test [unoptimized + debuginfo] target(s) in 0.02s
[INFO] [stderr]      Running unittests src/lib.rs (/opt/rustwide/target/debug/deps/autosar_data-303e5da63fd729d0)
[INFO] [stdout] 
[INFO] [stdout] running 69 tests
[INFO] [stdout] test arxmlfile::test::create ... ok
[INFO] [stdout] test arxmlfile::test::filename ... ok
[INFO] [stdout] test arxmlfile::test::references ... ok
[INFO] [stdout] test autosarproject::test::create_file ... ok
[INFO] [stdout] test autosarproject::test::refcount ... ok
[INFO] [stdout] test autosarproject::test::load_file ... ok
[INFO] [stdout] test arxmlfile::test::version ... ok
[INFO] [stdout] test arxmlfile::test::serialize ... ok
[INFO] [stdout] test chardata::test::check_version_compatibility ... ok
[INFO] [stdout] test chardata::test::check_value ... ok
[INFO] [stdout] test chardata::test::get_value ... ok
[INFO] [stdout] test element::test::element_type ... ok
[INFO] [stdout] test autosarproject::test::remove_file ... ok
[INFO] [stdout] test element::test::find_element_insert_pos ... ok
[INFO] [stdout] test chardata::test::serialize ... ok
[INFO] [stdout] test element::test::content_type ... ok
[INFO] [stdout] test element::test::file ... ok
[INFO] [stdout] test autosarproject::test::serialize_files ... ok
[INFO] [stdout] test element::test::get_sub_element ... ok
[INFO] [stdout] test chardata::test::parse ... ok
[INFO] [stdout] test autosarproject::test::load_buffer ... ok
[INFO] [stdout] test element::test::mixed_character_content ... ok
[INFO] [stdout] test autosarproject::test::identifiables_iterator ... ok
[INFO] [stdout] test autosarproject::test::check_references ... ok
[INFO] [stdout] test element::test::modify_character_data ... ok
[INFO] [stdout] test element::test::move_element_position ... ok
[INFO] [stdout] test lexer::test::test_incomplete_data ... ok
[INFO] [stdout] test iterators::test::test_elements_dfs_iterator ... ok
[INFO] [stdout] test lexer::test::test_basic_functionality ... ok
[INFO] [stdout] test lexer::test::test_invalid_comment ... ok
[INFO] [stdout] test element::test::element_deletion ... ok
[INFO] [stdout] test lexer::test::test_invalid_element ... ok
[INFO] [stdout] test element::test::get_set_reference_target ... ok
[INFO] [stdout] test element::test::move_element_local ... ok
[INFO] [stdout] test element::test::list_valid_sub_elements ... ok
[INFO] [stdout] test element::test::move_element_full ... ok
[INFO] [stdout] test lexer::test::test_invalid_processing_instruction ... ok
[INFO] [stdout] test lexer::test::test_invalid_xml_header ... ok
[INFO] [stdout] test parser::test::test_character_content_forbidden ... ok
[INFO] [stdout] test element::test::serialize ... ok
[INFO] [stdout] test parser::test::test_additional_data_error ... ok
[INFO] [stdout] test element::test::mixed_content ... ok
[INFO] [stdout] test element::test::check_version_compatibility ... ok
[INFO] [stdout] test element::test::element_copy ... ok
[INFO] [stdout] test parser::test::test_invalid_end_element ... ok
[INFO] [stdout] test parser::test::test_incorrect_end_element ... ok
[INFO] [stdout] test parser::test::test_invalid_begin_element ... ok
[INFO] [stdout] test parser::test::test_incorrect_begin_element ... ok
[INFO] [stdout] test parser::test::test_element_version_error ... ok
[INFO] [stdout] test parser::test::test_invalid_header ... ok
[INFO] [stdout] test parser::test::test_basic_functionality ... ok
[INFO] [stdout] test parser::test::test_required_attribute_missing ... ok
[INFO] [stdout] test parser::test::test_enum_item_version ... ok
[INFO] [stdout] test parser::test::test_required_sub_element_missing ... ok
[INFO] [stdout] test parser::test::test_regex_match_error ... ok
[INFO] [stdout] test parser::test::unescape_entities ... ok
[INFO] [stdout] test parser::test::test_invalid_enum_item ... ok
[INFO] [stdout] test parser::test::test_too_many_sub_elements ... ok
[INFO] [stdout] test parser::test::test_unexpected_end_of_file ... ok
[INFO] [stdout] test parser::test::test_unknown_attribute ... ok
[INFO] [stdout] test parser::test::test_unknown_enum_item ... ok
[INFO] [stdout] test parser::test::test_utf8_error ... ok
[INFO] [stdout] test parser::test::test_choice_conflict ... ok
[INFO] [stdout] test parser::test::test_unknown_version ... ok
[INFO] [stdout] test parser::test::test_invalid_number ... ok
[INFO] [stdout] test parser::test::test_string_value_too_long ... ok
[INFO] [stdout] test element::test::element_rename ... ok
[INFO] [stdout] test element::test::attributes ... ok
[INFO] [stdout] test element::test::element_creation ... ok
[INFO] [stdout] 
[INFO] [stdout] test result: ok. 69 passed; 0 failed; 0 ignored; 0 measured; 0 filtered out; finished in 0.05s
[INFO] [stdout] 
[INFO] [stderr]    Doc-tests autosar-data
[INFO] [stdout] 
[INFO] [stdout] running 64 tests
[INFO] [stdout] test src/arxmlfile.rs - arxmlfile::ArxmlFile::project (line 149) ... FAILED
[INFO] [stdout] test src/arxmlfile.rs - arxmlfile::ArxmlFile::elements_dfs (line 189) ... FAILED
[INFO] [stdout] test src/arxmlfile.rs - arxmlfile::ArxmlFile::downgrade (line 230) ... FAILED
[INFO] [stdout] test src/autosarproject.rs - autosarproject::AutosarProject::load_arxml_file (line 169) - compile ... ok
[INFO] [stdout] test src/autosarproject.rs - autosarproject::AutosarProject::load_named_arxml_buffer (line 85) - compile ... ok
[INFO] [stdout] test src/arxmlfile.rs - arxmlfile::ArxmlFile::filename (line 47) ... FAILED
[INFO] [stdout] test src/arxmlfile.rs - arxmlfile::ArxmlFile::set_filename (line 63) ... FAILED
[INFO] [stdout] test src/autosarproject.rs - autosarproject::AutosarProject::remove_file (line 221) ... FAILED
[INFO] [stdout] test src/arxmlfile.rs - arxmlfile::ArxmlFile::set_version (line 99) ... FAILED
[INFO] [stdout] test src/autosarproject.rs - autosarproject::AutosarProject::serialize_files (line 256) ... FAILED
[INFO] [stdout] test src/arxmlfile.rs - arxmlfile::ArxmlFile::version (line 80) ... FAILED
[INFO] [stdout] test src/arxmlfile.rs - arxmlfile::ArxmlFile::check_version_compatibility (line 135) ... FAILED
[INFO] [stdout] test src/element.rs - element::Element::attribute_string (line 1192) ... FAILED
[INFO] [stdout] test src/autosarproject.rs - autosarproject::AutosarProject::write (line 285) ... FAILED
[INFO] [stdout] test src/element.rs - element::Element::attribute_value (line 1178) ... FAILED
[INFO] [stdout] test src/element.rs - element::Element::attributes (line 1158) ... FAILED
[INFO] [stdout] test src/element.rs - element::Element::character_data (line 1019) ... FAILED
[INFO] [stdout] test src/element.rs - element::Element::content (line 1049) ... FAILED
[INFO] [stdout] test src/element.rs - element::Element::create_copied_sub_element (line 446) ... FAILED
[INFO] [stdout] test src/element.rs - element::Element::content_type (line 249) ... FAILED
[INFO] [stdout] test src/element.rs - element::Element::create_named_sub_element_at (line 391) ... FAILED
[INFO] [stdout] test src/element.rs - element::Element::create_copied_sub_element_at (line 493) ... FAILED
[INFO] [stdout] test src/element.rs - element::Element::create_named_sub_element (line 349) ... FAILED
[INFO] [stdout] test src/element.rs - element::Element::create_sub_element (line 275) ... FAILED
[INFO] [stdout] test src/element.rs - element::Element::create_sub_element_at (line 310) ... FAILED
[INFO] [stdout] test src/element.rs - element::Element::downgrade (line 1074) ... FAILED
[INFO] [stdout] test src/element.rs - element::Element::element_name (line 43) ... FAILED
[INFO] [stdout] test src/element.rs - element::Element::element_type (line 61) ... FAILED
[INFO] [stdout] test src/element.rs - element::Element::elements_dfs (line 1141) ... FAILED
[INFO] [stdout] test src/element.rs - element::Element::get_reference_target (line 742) ... FAILED
[INFO] [stdout] test src/element.rs - element::Element::file (line 206) ... FAILED
[INFO] [stdout] test src/element.rs - element::Element::insert_character_content_item (line 937) ... FAILED
[INFO] [stdout] test src/element.rs - element::Element::get_sub_element (line 1108) ... FAILED
[INFO] [stdout] test src/element.rs - element::Element::is_identifiable (line 144) ... FAILED
[INFO] [stdout] test src/element.rs - element::Element::is_reference (line 163) ... FAILED
[INFO] [stdout] test src/element.rs - element::Element::item_name (line 80) ... FAILED
[INFO] [stdout] test src/element.rs - element::Element::list_valid_sub_elements (line 1445) ... FAILED
[INFO] [stdout] test src/element.rs - element::Element::move_element_here (line 536) ... FAILED
[INFO] [stdout] test src/element.rs - element::Element::move_element_here_at (line 585) ... FAILED
[INFO] [stdout] test src/element.rs - element::Element::parent (line 15) ... FAILED
[INFO] [stdout] test src/element.rs - element::Element::path (line 180) ... FAILED
[INFO] [stdout] test src/element.rs - element::Element::remove_attribute (line 1259) ... FAILED
[INFO] [stdout] test src/element.rs - element::Element::remove_character_content_item (line 979) ... FAILED
[INFO] [stdout] test src/element.rs - element::Element::remove_character_data (line 885) ... FAILED
[INFO] [stdout] test src/element.rs - element::Element::remove_sub_element (line 639) ... FAILED
[INFO] [stdout] test src/element.rs - element::Element::serialize (line 1277) ... FAILED
[INFO] [stdout] test src/element.rs - element::Element::set_attribute (line 1209) ... FAILED
[INFO] [stdout] test src/element.rs - element::Element::set_attribute_string (line 1234) ... FAILED
[INFO] [stdout] test src/element.rs - element::Element::set_character_data (line 799) ... FAILED
[INFO] [stdout] test src/lib.rs - (line 17) - compile ... ok
[INFO] [stdout] test src/element.rs - element::Element::set_item_name (line 110) ... FAILED
[INFO] [stdout] test src/element.rs - element::Element::set_reference_target (line 669) ... FAILED
[INFO] [stdout] test src/element.rs - element::Element::set_item_name (line 99) ... FAILED
[INFO] [stdout] test src/element.rs - element::Element::sub_elements (line 1089) ... FAILED
[INFO] [stdout] test src/autosarproject.rs - autosarproject::AutosarProject::identifiable_elements (line 394) ... ok
[INFO] [stdout] test src/arxmlfile.rs - arxmlfile::ArxmlFile::serialize (line 206) ... ok
[INFO] [stdout] test src/autosarproject.rs - autosarproject::AutosarProject::files (line 313) ... ok
[INFO] [stdout] test src/autosarproject.rs - autosarproject::AutosarProject::get_references_to (line 421) ... ok
[INFO] [stdout] test src/autosarproject.rs - autosarproject::AutosarProject::new (line 12) ... ok
[INFO] [stdout] test src/autosarproject.rs - autosarproject::AutosarProject::create_file (line 39) ... ok
[INFO] [stdout] test src/arxmlfile.rs - arxmlfile::ArxmlFile::root_element (line 174) ... ok
[INFO] [stdout] test src/autosarproject.rs - autosarproject::AutosarProject::elements_dfs (line 369) ... ok
[INFO] [stdout] test src/autosarproject.rs - autosarproject::AutosarProject::check_references (line 446) ... ok
[INFO] [stdout] test src/autosarproject.rs - autosarproject::AutosarProject::get_element_by_path (line 338) ... ok
[INFO] [stdout] 
[INFO] [stdout] failures:
[INFO] [stdout] 
[INFO] [stdout] ---- src/arxmlfile.rs - arxmlfile::ArxmlFile::project (line 149) stdout ----
[INFO] [stdout] Couldn't compile the test.
[INFO] [stdout] ---- src/arxmlfile.rs - arxmlfile::ArxmlFile::elements_dfs (line 189) stdout ----
[INFO] [stdout] Couldn't compile the test.
[INFO] [stdout] ---- src/arxmlfile.rs - arxmlfile::ArxmlFile::downgrade (line 230) stdout ----
[INFO] [stdout] Couldn't compile the test.
[INFO] [stdout] ---- src/arxmlfile.rs - arxmlfile::ArxmlFile::filename (line 47) stdout ----
[INFO] [stdout] Couldn't compile the test.
[INFO] [stdout] ---- src/arxmlfile.rs - arxmlfile::ArxmlFile::set_filename (line 63) stdout ----
[INFO] [stdout] Couldn't compile the test.
[INFO] [stdout] ---- src/autosarproject.rs - autosarproject::AutosarProject::remove_file (line 221) stdout ----
[INFO] [stdout] Couldn't compile the test.
[INFO] [stdout] ---- src/arxmlfile.rs - arxmlfile::ArxmlFile::set_version (line 99) stdout ----
[INFO] [stdout] Couldn't compile the test.
[INFO] [stdout] ---- src/autosarproject.rs - autosarproject::AutosarProject::serialize_files (line 256) stdout ----
[INFO] [stdout] Couldn't compile the test.
[INFO] [stdout] ---- src/arxmlfile.rs - arxmlfile::ArxmlFile::version (line 80) stdout ----
[INFO] [stdout] Couldn't compile the test.
[INFO] [stdout] ---- src/arxmlfile.rs - arxmlfile::ArxmlFile::check_version_compatibility (line 135) stdout ----
[INFO] [stdout] Couldn't compile the test.
[INFO] [stdout] ---- src/element.rs - element::Element::attribute_string (line 1192) stdout ----
[INFO] [stdout] Couldn't compile the test.
[INFO] [stdout] ---- src/autosarproject.rs - autosarproject::AutosarProject::write (line 285) stdout ----
[INFO] [stdout] Couldn't compile the test.
[INFO] [stdout] ---- src/element.rs - element::Element::attribute_value (line 1178) stdout ----
[INFO] [stdout] Couldn't compile the test.
[INFO] [stdout] ---- src/element.rs - element::Element::attributes (line 1158) stdout ----
[INFO] [stdout] Couldn't compile the test.
[INFO] [stdout] ---- src/element.rs - element::Element::character_data (line 1019) stdout ----
[INFO] [stdout] Couldn't compile the test.
[INFO] [stdout] ---- src/element.rs - element::Element::content (line 1049) stdout ----
[INFO] [stdout] Couldn't compile the test.
[INFO] [stdout] ---- src/element.rs - element::Element::create_copied_sub_element (line 446) stdout ----
[INFO] [stdout] Couldn't compile the test.
[INFO] [stdout] ---- src/element.rs - element::Element::content_type (line 249) stdout ----
[INFO] [stdout] Couldn't compile the test.
[INFO] [stdout] ---- src/element.rs - element::Element::create_named_sub_element_at (line 391) stdout ----
[INFO] [stdout] Couldn't compile the test.
[INFO] [stdout] ---- src/element.rs - element::Element::create_copied_sub_element_at (line 493) stdout ----
[INFO] [stdout] Couldn't compile the test.
[INFO] [stdout] ---- src/element.rs - element::Element::create_named_sub_element (line 349) stdout ----
[INFO] [stdout] Couldn't compile the test.
[INFO] [stdout] ---- src/element.rs - element::Element::create_sub_element (line 275) stdout ----
[INFO] [stdout] Couldn't compile the test.
[INFO] [stdout] ---- src/element.rs - element::Element::create_sub_element_at (line 310) stdout ----
[INFO] [stdout] Couldn't compile the test.
[INFO] [stdout] ---- src/element.rs - element::Element::downgrade (line 1074) stdout ----
[INFO] [stdout] Couldn't compile the test.
[INFO] [stdout] ---- src/element.rs - element::Element::element_name (line 43) stdout ----
[INFO] [stdout] Couldn't compile the test.
[INFO] [stdout] ---- src/element.rs - element::Element::element_type (line 61) stdout ----
[INFO] [stdout] Couldn't compile the test.
[INFO] [stdout] ---- src/element.rs - element::Element::elements_dfs (line 1141) stdout ----
[INFO] [stdout] Couldn't compile the test.
[INFO] [stdout] ---- src/element.rs - element::Element::get_reference_target (line 742) stdout ----
[INFO] [stdout] Couldn't compile the test.
[INFO] [stdout] ---- src/element.rs - element::Element::file (line 206) stdout ----
[INFO] [stdout] Couldn't compile the test.
[INFO] [stdout] ---- src/element.rs - element::Element::insert_character_content_item (line 937) stdout ----
[INFO] [stdout] Couldn't compile the test.
[INFO] [stdout] ---- src/element.rs - element::Element::get_sub_element (line 1108) stdout ----
[INFO] [stdout] Couldn't compile the test.
[INFO] [stdout] ---- src/element.rs - element::Element::is_identifiable (line 144) stdout ----
[INFO] [stdout] Couldn't compile the test.
[INFO] [stdout] ---- src/element.rs - element::Element::is_reference (line 163) stdout ----
[INFO] [stdout] Couldn't compile the test.
[INFO] [stdout] ---- src/element.rs - element::Element::item_name (line 80) stdout ----
[INFO] [stdout] Couldn't compile the test.
[INFO] [stdout] ---- src/element.rs - element::Element::list_valid_sub_elements (line 1445) stdout ----
[INFO] [stdout] Couldn't compile the test.
[INFO] [stdout] ---- src/element.rs - element::Element::move_element_here (line 536) stdout ----
[INFO] [stdout] Couldn't compile the test.
[INFO] [stdout] ---- src/element.rs - element::Element::move_element_here_at (line 585) stdout ----
[INFO] [stdout] Couldn't compile the test.
[INFO] [stdout] ---- src/element.rs - element::Element::parent (line 15) stdout ----
[INFO] [stdout] Couldn't compile the test.
[INFO] [stdout] ---- src/element.rs - element::Element::path (line 180) stdout ----
[INFO] [stdout] Couldn't compile the test.
[INFO] [stdout] ---- src/element.rs - element::Element::remove_attribute (line 1259) stdout ----
[INFO] [stdout] Couldn't compile the test.
[INFO] [stdout] ---- src/element.rs - element::Element::remove_character_content_item (line 979) stdout ----
[INFO] [stdout] Couldn't compile the test.
[INFO] [stdout] ---- src/element.rs - element::Element::remove_character_data (line 885) stdout ----
[INFO] [stdout] Couldn't compile the test.
[INFO] [stdout] ---- src/element.rs - element::Element::remove_sub_element (line 639) stdout ----
[INFO] [stdout] Couldn't compile the test.
[INFO] [stdout] ---- src/element.rs - element::Element::serialize (line 1277) stdout ----
[INFO] [stdout] Couldn't compile the test.
[INFO] [stdout] ---- src/element.rs - element::Element::set_attribute (line 1209) stdout ----
[INFO] [stdout] Couldn't compile the test.
[INFO] [stdout] ---- src/element.rs - element::Element::set_attribute_string (line 1234) stdout ----
[INFO] [stdout] Couldn't compile the test.
[INFO] [stdout] ---- src/element.rs - element::Element::set_character_data (line 799) stdout ----
[INFO] [stdout] Couldn't compile the test.
[INFO] [stdout] ---- src/element.rs - element::Element::set_item_name (line 110) stdout ----
[INFO] [stdout] Couldn't compile the test.
[INFO] [stdout] ---- src/element.rs - element::Element::set_reference_target (line 669) stdout ----
[INFO] [stdout] Couldn't compile the test.
[INFO] [stdout] ---- src/element.rs - element::Element::set_item_name (line 99) stdout ----
[INFO] [stdout] Couldn't compile the test.
[INFO] [stdout] ---- src/element.rs - element::Element::sub_elements (line 1089) stdout ----
[INFO] [stdout] Couldn't compile the test.
[INFO] [stdout] 
[INFO] [stdout] failures:
[INFO] [stdout]     src/arxmlfile.rs - arxmlfile::ArxmlFile::check_version_compatibility (line 135)
[INFO] [stdout]     src/arxmlfile.rs - arxmlfile::ArxmlFile::downgrade (line 230)
[INFO] [stdout]     src/arxmlfile.rs - arxmlfile::ArxmlFile::elements_dfs (line 189)
[INFO] [stdout]     src/arxmlfile.rs - arxmlfile::ArxmlFile::filename (line 47)
[INFO] [stdout]     src/arxmlfile.rs - arxmlfile::ArxmlFile::project (line 149)
[INFO] [stdout]     src/arxmlfile.rs - arxmlfile::ArxmlFile::set_filename (line 63)
[INFO] [stdout]     src/arxmlfile.rs - arxmlfile::ArxmlFile::set_version (line 99)
[INFO] [stdout]     src/arxmlfile.rs - arxmlfile::ArxmlFile::version (line 80)
[INFO] [stdout]     src/autosarproject.rs - autosarproject::AutosarProject::remove_file (line 221)
[INFO] [stdout]     src/autosarproject.rs - autosarproject::AutosarProject::serialize_files (line 256)
[INFO] [stdout]     src/autosarproject.rs - autosarproject::AutosarProject::write (line 285)
[INFO] [stdout]     src/element.rs - element::Element::attribute_string (line 1192)
[INFO] [stdout]     src/element.rs - element::Element::attribute_value (line 1178)
[INFO] [stdout]     src/element.rs - element::Element::attributes (line 1158)
[INFO] [stdout]     src/element.rs - element::Element::character_data (line 1019)
[INFO] [stdout]     src/element.rs - element::Element::content (line 1049)
[INFO] [stdout]     src/element.rs - element::Element::content_type (line 249)
[INFO] [stdout]     src/element.rs - element::Element::create_copied_sub_element (line 446)
[INFO] [stdout]     src/element.rs - element::Element::create_copied_sub_element_at (line 493)
[INFO] [stdout]     src/element.rs - element::Element::create_named_sub_element (line 349)
[INFO] [stdout]     src/element.rs - element::Element::create_named_sub_element_at (line 391)
[INFO] [stdout]     src/element.rs - element::Element::create_sub_element (line 275)
[INFO] [stdout]     src/element.rs - element::Element::create_sub_element_at (line 310)
[INFO] [stdout]     src/element.rs - element::Element::downgrade (line 1074)
[INFO] [stdout]     src/element.rs - element::Element::element_name (line 43)
[INFO] [stdout]     src/element.rs - element::Element::element_type (line 61)
[INFO] [stdout]     src/element.rs - element::Element::elements_dfs (line 1141)
[INFO] [stdout]     src/element.rs - element::Element::file (line 206)
[INFO] [stdout]     src/element.rs - element::Element::get_reference_target (line 742)
[INFO] [stdout]     src/element.rs - element::Element::get_sub_element (line 1108)
[INFO] [stdout]     src/element.rs - element::Element::insert_character_content_item (line 937)
[INFO] [stdout]     src/element.rs - element::Element::is_identifiable (line 144)
[INFO] [stdout]     src/element.rs - element::Element::is_reference (line 163)
[INFO] [stdout]     src/element.rs - element::Element::item_name (line 80)
[INFO] [stdout]     src/element.rs - element::Element::list_valid_sub_elements (line 1445)
[INFO] [stdout]     src/element.rs - element::Element::move_element_here (line 536)
[INFO] [stdout]     src/element.rs - element::Element::move_element_here_at (line 585)
[INFO] [stdout]     src/element.rs - element::Element::parent (line 15)
[INFO] [stdout]     src/element.rs - element::Element::path (line 180)
[INFO] [stdout]     src/element.rs - element::Element::remove_attribute (line 1259)
[INFO] [stdout]     src/element.rs - element::Element::remove_character_content_item (line 979)
[INFO] [stdout]     src/element.rs - element::Element::remove_character_data (line 885)
[INFO] [stdout]     src/element.rs - element::Element::remove_sub_element (line 639)
[INFO] [stdout]     src/element.rs - element::Element::serialize (line 1277)
[INFO] [stdout]     src/element.rs - element::Element::set_attribute (line 1209)
[INFO] [stdout]     src/element.rs - element::Element::set_attribute_string (line 1234)
[INFO] [stdout]     src/element.rs - element::Element::set_character_data (line 799)
[INFO] [stdout]     src/element.rs - element::Element::set_item_name (line 110)
[INFO] [stdout]     src/element.rs - element::Element::set_item_name (line 99)
[INFO] [stdout]     src/element.rs - element::Element::set_reference_target (line 669)
[INFO] [stdout]     src/element.rs - element::Element::sub_elements (line 1089)
[INFO] [stdout] 
[INFO] [stdout] test result: FAILED. 13 passed; 51 failed; 0 ignored; 0 measured; 0 filtered out; finished in 6.77s
[INFO] [stdout] 
[INFO] [stderr] error: doctest failed, to rerun pass `--doc`
[INFO] running `Command { std: "docker" "inspect" "0c0e619736406b0515d4a194dfc7144590d9946466d5674d99389fc647e8f943", kill_on_drop: false }`
[INFO] running `Command { std: "docker" "rm" "-f" "0c0e619736406b0515d4a194dfc7144590d9946466d5674d99389fc647e8f943", kill_on_drop: false }`
[INFO] [stdout] 0c0e619736406b0515d4a194dfc7144590d9946466d5674d99389fc647e8f943
