[INFO] cloning repository https://github.com/realaravinth/libmedium
[INFO] running `Command { std: "git" "-c" "credential.helper=" "-c" "credential.helper=/workspace/cargo-home/bin/git-credential-null" "clone" "--bare" "https://github.com/realaravinth/libmedium" "/workspace/cache/git-repos/https%3A%2F%2Fgithub.com%2Frealaravinth%2Flibmedium", kill_on_drop: false }`
[INFO] [stderr] Cloning into bare repository '/workspace/cache/git-repos/https%3A%2F%2Fgithub.com%2Frealaravinth%2Flibmedium'...
[INFO] running `Command { std: "git" "rev-parse" "HEAD", kill_on_drop: false }`
[INFO] [stdout] 0af4aa94c22efc5776ea4d2258d543a485561e84
[INFO] testing realaravinth/libmedium against beta-2023-04-20 for beta-1.70-1
[INFO] running `Command { std: "git" "clone" "/workspace/cache/git-repos/https%3A%2F%2Fgithub.com%2Frealaravinth%2Flibmedium" "/workspace/builds/worker-4-tc2/source", kill_on_drop: false }`
[INFO] [stderr] Cloning into '/workspace/builds/worker-4-tc2/source'...
[INFO] [stderr] done.
[INFO] validating manifest of git repo https://github.com/realaravinth/libmedium on toolchain beta-2023-04-20
[INFO] running `Command { std: CARGO_HOME="/workspace/cargo-home" RUSTUP_HOME="/workspace/rustup-home" "/workspace/cargo-home/bin/cargo" "+beta-2023-04-20" "metadata" "--manifest-path" "Cargo.toml" "--no-deps", kill_on_drop: false }`
[INFO] started tweaking git repo https://github.com/realaravinth/libmedium
[INFO] finished tweaking git repo https://github.com/realaravinth/libmedium
[INFO] tweaked toml for git repo https://github.com/realaravinth/libmedium written to /workspace/builds/worker-4-tc2/source/Cargo.toml
[INFO] crate git repo https://github.com/realaravinth/libmedium already has a lockfile, it will not be regenerated
[INFO] running `Command { std: CARGO_HOME="/workspace/cargo-home" RUSTUP_HOME="/workspace/rustup-home" "/workspace/cargo-home/bin/cargo" "+beta-2023-04-20" "fetch" "--manifest-path" "Cargo.toml", kill_on_drop: false }`
[INFO] [stderr] warning: unused manifest key: dependencies.reqwest.bincode
[INFO] [stderr] warning: unused manifest key: dependencies.reqwest.futures
[INFO] [stderr] warning: unused manifest key: dependencies.reqwest.sled
[INFO] [stderr]  Downloading crates ...
[INFO] [stderr]   Downloaded graphql_query_derive v0.12.0
[INFO] [stderr]   Downloaded time-macros v0.2.7
[INFO] [stderr]   Downloaded sailfish-macros v0.6.0
[INFO] [stderr]   Downloaded sailfish v0.6.0
[INFO] [stderr]   Downloaded sailfish-compiler v0.6.0
[INFO] [stderr]   Downloaded graphql_client v0.12.0
[INFO] [stderr]   Downloaded plist v1.4.0
[INFO] running `Command { std: "docker" "create" "-v" "/var/lib/crater-agent-workspace/builds/worker-4-tc2/target:/opt/rustwide/target:rw,Z" "-v" "/var/lib/crater-agent-workspace/builds/worker-4-tc2/source:/opt/rustwide/workdir:ro,Z" "-v" "/var/lib/crater-agent-workspace/cargo-home:/opt/rustwide/cargo-home:ro,Z" "-v" "/var/lib/crater-agent-workspace/rustup-home:/opt/rustwide/rustup-home:ro,Z" "-e" "SOURCE_DIR=/opt/rustwide/workdir" "-e" "CARGO_TARGET_DIR=/opt/rustwide/target" "-e" "CARGO_HOME=/opt/rustwide/cargo-home" "-e" "RUSTUP_HOME=/opt/rustwide/rustup-home" "-w" "/opt/rustwide/workdir" "-m" "1610612736" "--user" "0:0" "--network" "none" "ghcr.io/rust-lang/crates-build-env/linux@sha256:5ff2268d62e97bff2cde7d5815dd6ed5b47097566f13b8d0ca110b04b60e07ed" "/opt/rustwide/cargo-home/bin/cargo" "+beta-2023-04-20" "metadata" "--no-deps" "--format-version=1", kill_on_drop: false }`
[INFO] [stdout] 7e3baf322e5988305fb6dd3ae95ebbe91841a1fceb5d98bcbfc220d8f0ed4d6c
[INFO] running `Command { std: "docker" "start" "-a" "7e3baf322e5988305fb6dd3ae95ebbe91841a1fceb5d98bcbfc220d8f0ed4d6c", kill_on_drop: false }`
[INFO] running `Command { std: "docker" "inspect" "7e3baf322e5988305fb6dd3ae95ebbe91841a1fceb5d98bcbfc220d8f0ed4d6c", kill_on_drop: false }`
[INFO] running `Command { std: "docker" "rm" "-f" "7e3baf322e5988305fb6dd3ae95ebbe91841a1fceb5d98bcbfc220d8f0ed4d6c", kill_on_drop: false }`
[INFO] [stdout] 7e3baf322e5988305fb6dd3ae95ebbe91841a1fceb5d98bcbfc220d8f0ed4d6c
[INFO] running `Command { std: "docker" "create" "-v" "/var/lib/crater-agent-workspace/builds/worker-4-tc2/target:/opt/rustwide/target:rw,Z" "-v" "/var/lib/crater-agent-workspace/builds/worker-4-tc2/source:/opt/rustwide/workdir:ro,Z" "-v" "/var/lib/crater-agent-workspace/cargo-home:/opt/rustwide/cargo-home:ro,Z" "-v" "/var/lib/crater-agent-workspace/rustup-home:/opt/rustwide/rustup-home:ro,Z" "-e" "SOURCE_DIR=/opt/rustwide/workdir" "-e" "CARGO_TARGET_DIR=/opt/rustwide/target" "-e" "CARGO_INCREMENTAL=0" "-e" "RUST_BACKTRACE=full" "-e" "RUSTFLAGS=--cap-lints=warn" "-e" "RUSTDOCFLAGS=--cap-lints=warn" "-e" "CARGO_HOME=/opt/rustwide/cargo-home" "-e" "RUSTUP_HOME=/opt/rustwide/rustup-home" "-w" "/opt/rustwide/workdir" "-m" "1610612736" "--user" "0:0" "--network" "none" "ghcr.io/rust-lang/crates-build-env/linux@sha256:5ff2268d62e97bff2cde7d5815dd6ed5b47097566f13b8d0ca110b04b60e07ed" "/opt/rustwide/cargo-home/bin/cargo" "+beta-2023-04-20" "build" "--frozen" "--message-format=json", kill_on_drop: false }`
[INFO] [stdout] 12ad83de364a3f82093bdf90da3b4e70688263b628496e2584ace0548b1a5ebf
[INFO] running `Command { std: "docker" "start" "-a" "12ad83de364a3f82093bdf90da3b4e70688263b628496e2584ace0548b1a5ebf", kill_on_drop: false }`
[INFO] [stderr] warning: unused manifest key: dependencies.reqwest.bincode
[INFO] [stderr] warning: unused manifest key: dependencies.reqwest.futures
[INFO] [stderr] warning: unused manifest key: dependencies.reqwest.sled
[INFO] [stderr]     Blocking waiting for file lock on package cache
[INFO] [stderr]    Compiling libc v0.2.139
[INFO] [stderr]    Compiling autocfg v1.1.0
[INFO] [stderr]    Compiling cfg-if v1.0.0
[INFO] [stderr]    Compiling proc-macro2 v1.0.51
[INFO] [stderr]    Compiling unicode-ident v1.0.6
[INFO] [stderr]    Compiling quote v1.0.23
[INFO] [stderr]    Compiling syn v1.0.107
[INFO] [stderr]    Compiling memchr v2.5.0
[INFO] [stderr]    Compiling pin-project-lite v0.2.9
[INFO] [stderr]    Compiling pkg-config v0.3.26
[INFO] [stderr]    Compiling serde_derive v1.0.152
[INFO] [stderr]    Compiling log v0.4.17
[INFO] [stderr]    Compiling itoa v1.0.5
[INFO] [stderr]    Compiling serde v1.0.152
[INFO] [stderr]    Compiling version_check v0.9.4
[INFO] [stderr]    Compiling bytes v1.4.0
[INFO] [stderr]    Compiling futures-core v0.3.26
[INFO] [stderr]    Compiling once_cell v1.17.1
[INFO] [stderr]    Compiling smallvec v1.10.0
[INFO] [stderr]    Compiling scopeguard v1.1.0
[INFO] [stderr]    Compiling parking_lot_core v0.9.7
[INFO] [stderr]    Compiling futures-sink v0.3.26
[INFO] [stderr]    Compiling bitflags v1.3.2
[INFO] [stderr]    Compiling futures-channel v0.3.26
[INFO] [stderr]    Compiling fnv v1.0.7
[INFO] [stderr]    Compiling futures-task v0.3.26
[INFO] [stderr]    Compiling lock_api v0.4.9
[INFO] [stderr]    Compiling tokio v1.25.0
[INFO] [stderr]    Compiling slab v0.4.7
[INFO] [stderr]    Compiling futures-util v0.3.26
[INFO] [stderr]    Compiling tracing-core v0.1.30
[INFO] [stderr]    Compiling http v0.2.8
[INFO] [stderr]    Compiling pin-utils v0.1.0
[INFO] [stderr]    Compiling ryu v1.0.12
[INFO] [stderr]    Compiling futures-io v0.3.26
[INFO] [stderr]    Compiling indexmap v1.9.2
[INFO] [stderr]    Compiling regex-syntax v0.6.28
[INFO] [stderr]    Compiling hashbrown v0.12.3
[INFO] [stderr]    Compiling typenum v1.16.0
[INFO] [stderr]    Compiling aho-corasick v0.7.20
[INFO] [stderr]    Compiling serde_json v1.0.93
[INFO] [stderr]    Compiling generic-array v0.14.6
[INFO] [stderr]    Compiling percent-encoding v2.2.0
[INFO] [stderr]    Compiling httparse v1.8.0
[INFO] [stderr]    Compiling tracing v0.1.37
[INFO] [stderr]    Compiling num-traits v0.2.15
[INFO] [stderr]    Compiling jobserver v0.1.25
[INFO] [stderr]    Compiling socket2 v0.4.7
[INFO] [stderr]    Compiling signal-hook-registry v1.4.1
[INFO] [stderr]    Compiling mio v0.8.6
[INFO] [stderr]    Compiling cc v1.0.79
[INFO] [stderr]    Compiling parking_lot v0.12.1
[INFO] [stderr]    Compiling tinyvec_macros v0.1.1
[INFO] [stderr]    Compiling crc32fast v1.3.2
[INFO] [stderr]    Compiling openssl v0.10.45
[INFO] [stderr]    Compiling foreign-types-shared v0.1.1
[INFO] [stderr]    Compiling thiserror v1.0.38
[INFO] [stderr]    Compiling foreign-types v0.3.2
[INFO] [stderr]    Compiling tinyvec v1.6.0
[INFO] [stderr]    Compiling getrandom v0.2.8
[INFO] [stderr]    Compiling bytestring v1.2.0
[INFO] [stderr]    Compiling native-tls v0.2.11
[INFO] [stderr]    Compiling paste v1.0.11
[INFO] [stderr]    Compiling httpdate v1.0.2
[INFO] [stderr]    Compiling lazy_static v1.4.0
[INFO] [stderr]    Compiling time-core v0.1.0
[INFO] [stderr]    Compiling void v1.0.2
[INFO] [stderr]    Compiling time-macros v0.2.7
[INFO] [stderr]    Compiling unreachable v1.0.0
[INFO] [stderr]    Compiling form_urlencoded v1.1.0
[INFO] [stderr]    Compiling zstd-safe v6.0.4+zstd.1.5.4
[INFO] [stderr]    Compiling try-lock v0.2.4
[INFO] [stderr]    Compiling unicode-bidi v0.3.10
[INFO] [stderr]    Compiling either v1.8.1
[INFO] [stderr]    Compiling local-waker v0.1.3
[INFO] [stderr]    Compiling adler v1.0.2
[INFO] [stderr]    Compiling openssl-probe v0.1.5
[INFO] [stderr]    Compiling byteorder v1.4.3
[INFO] [stderr]    Compiling alloc-no-stdlib v2.0.4
[INFO] [stderr]    Compiling ascii v0.9.3
[INFO] [stderr]    Compiling alloc-stdlib v0.2.2
[INFO] [stderr]    Compiling miniz_oxide v0.6.2
[INFO] [stderr]    Compiling openssl-sys v0.9.80
[INFO] [stderr]    Compiling regex v1.7.1
[INFO] [stderr]    Compiling zstd-sys v2.0.7+zstd.1.5.4
[INFO] [stderr]    Compiling block-buffer v0.10.3
[INFO] [stderr]    Compiling unicode-normalization v0.1.22
[INFO] [stderr]    Compiling crypto-common v0.1.6
[INFO] [stderr]    Compiling onig_sys v69.8.1
[INFO] [stderr]    Compiling combine v3.8.1
[INFO] [stderr]    Compiling want v0.3.0
[INFO] [stderr]    Compiling rand_core v0.6.4
[INFO] [stderr]    Compiling http-body v0.4.5
[INFO] [stderr]    Compiling idna v0.3.0
[INFO] [stderr]    Compiling ahash v0.7.6
[INFO] [stderr]    Compiling memoffset v0.7.1
[INFO] [stderr]    Compiling encoding_rs v0.8.32
[INFO] [stderr]    Compiling ppv-lite86 v0.2.17
[INFO] [stderr]    Compiling parking_lot_core v0.8.6
[INFO] [stderr]    Compiling crossbeam-utils v0.8.14
[INFO] [stderr]    Compiling lexical-core v0.7.6
[INFO] [stderr]    Compiling sailfish-compiler v0.6.0
[INFO] [stderr]    Compiling mime v0.3.16
[INFO] [stderr]    Compiling time v0.3.19
[INFO] [stderr]    Compiling base64 v0.21.0
[INFO] [stderr]    Compiling tower-service v0.3.2
[INFO] [stderr]    Compiling rand_chacha v0.3.1
[INFO] [stderr]    Compiling actix-service v2.0.2
[INFO] [stderr]    Compiling url v2.3.1
[INFO] [stderr]    Compiling flate2 v1.0.25
[INFO] [stderr]    Compiling digest v0.10.6
[INFO] [stderr]    Compiling brotli-decompressor v2.3.4
[INFO] [stderr]    Compiling actix-utils v3.0.1
[INFO] [stderr]    Compiling filetime v0.2.20
[INFO] [stderr]    Compiling cookie v0.16.2
[INFO] [stderr]    Compiling nom v5.1.2
[INFO] [stderr]    Compiling crossbeam-epoch v0.9.13
[INFO] [stderr]    Compiling num-integer v0.1.45
[INFO] [stderr]    Compiling instant v0.1.12
[INFO] [stderr]    Compiling convert_case v0.4.0
[INFO] [stderr]    Compiling static_assertions v1.1.0
[INFO] [stderr]    Compiling home v0.5.4
[INFO] [stderr]    Compiling arrayvec v0.5.2
[INFO] [stderr]    Compiling tokio-util v0.7.7
[INFO] [stderr]    Compiling quick-error v1.2.3
[INFO] [stderr]    Compiling linked-hash-map v0.5.6
[INFO] [stderr]    Compiling cpufeatures v0.2.5
[INFO] [stderr]    Compiling safemem v0.3.3
[INFO] [stderr]    Compiling heck v0.4.1
[INFO] [stderr]    Compiling sha1 v0.10.5
[INFO] [stderr]    Compiling line-wrap v0.1.1
[INFO] [stderr]    Compiling yaml-rust v0.4.5
[INFO] [stderr]    Compiling humantime v1.3.0
[INFO] [stderr]    Compiling rand v0.8.5
[INFO] [stderr]    Compiling brotli v3.3.4
[INFO] [stderr]    Compiling actix-codec v0.5.0
[INFO] [stderr]    Compiling num-traits v0.1.43
[INFO] [stderr]    Compiling num_cpus v1.15.0
[INFO] [stderr]    Compiling atty v0.2.14
[INFO] [stderr]    Compiling quick-xml v0.26.0
[INFO] [stderr]    Compiling sailfish v0.6.0
[INFO] [stderr]    Compiling ipnet v2.7.1
[INFO] [stderr]    Compiling language-tags v0.3.2
[INFO] [stderr]    Compiling termcolor v1.2.0
[INFO] [stderr]    Compiling base64 v0.13.1
[INFO] [stderr]    Compiling serde v0.8.23
[INFO] [stderr]    Compiling same-file v1.0.6
[INFO] [stderr]    Compiling env_logger v0.7.1
[INFO] [stderr]    Compiling walkdir v2.3.2
[INFO] [stderr]    Compiling fxhash v0.2.1
[INFO] [stderr]    Compiling parking_lot v0.11.2
[INFO] [stderr]    Compiling fs2 v0.4.3
[INFO] [stderr]    Compiling time v0.1.45
[INFO] [stderr]    Compiling rust-ini v0.13.0
[INFO] [stderr]    Compiling iana-time-zone v0.1.53
[INFO] [stderr]    Compiling libmedium v0.1.0 (/opt/rustwide/workdir)
[INFO] [stderr]    Compiling itoap v1.0.1
[INFO] [stderr]    Compiling sled v0.34.7
[INFO] [stderr]    Compiling pretty_env_logger v0.4.0
[INFO] [stderr]    Compiling chrono v0.4.23
[INFO] [stderr]    Compiling futures-macro v0.3.26
[INFO] [stderr]    Compiling thiserror-impl v1.0.38
[INFO] [stderr]    Compiling openssl-macros v0.1.0
[INFO] [stderr]    Compiling actix-macros v0.2.3
[INFO] [stderr]    Compiling derive_more v0.99.17
[INFO] [stderr]    Compiling serde-hjson v0.9.1
[INFO] [stderr]    Compiling actix-rt v2.8.0
[INFO] [stderr]    Compiling graphql-parser v0.4.0
[INFO] [stderr]    Compiling onig v6.4.0
[INFO] [stderr]    Compiling zstd v0.12.3+zstd.1.5.2
[INFO] [stderr]    Compiling tokio-native-tls v0.3.1
[INFO] [stderr]    Compiling h2 v0.3.15
[INFO] [stderr]    Compiling local-channel v0.1.3
[INFO] [stderr]    Compiling futures-executor v0.3.26
[INFO] [stderr]    Compiling actix-server v2.2.0
[INFO] [stderr]    Compiling futures v0.3.26
[INFO] [stderr]    Compiling toml v0.5.11
[INFO] [stderr]    Compiling actix-router v0.5.1
[INFO] [stderr]    Compiling serde_urlencoded v0.7.1
[INFO] [stderr]    Compiling graphql-introspection-query v0.2.0
[INFO] [stderr]    Compiling plist v1.4.0
[INFO] [stderr]    Compiling bincode v1.3.3
[INFO] [stderr]    Compiling actix-web-codegen v4.1.0
[INFO] [stderr]    Compiling actix-web-codegen-const-routes v0.1.0 (https://github.com/realaravinth/actix-web-codegen-const-routes#1cc9b8db)
[INFO] [stderr]    Compiling graphql_client_codegen v0.12.0
[INFO] [stderr]    Compiling syntect v5.0.0
[INFO] [stderr]    Compiling config v0.11.0
[INFO] [stderr]    Compiling hyper v0.14.24
[INFO] [stderr]    Compiling actix-http v3.3.0
[INFO] [stderr]    Compiling sailfish-macros v0.6.0
[INFO] [stderr]    Compiling actix-web v4.3.0
[INFO] [stderr]    Compiling hyper-tls v0.5.0
[INFO] [stderr]    Compiling reqwest v0.11.14
[INFO] [stderr]    Compiling graphql_query_derive v0.12.0
[INFO] [stderr]    Compiling graphql_client v0.12.0
[INFO] [stdout] warning: use of deprecated method `chrono::TimeZone::timestamp_millis`: use `timestamp_millis_opt()` instead
[INFO] [stdout]    --> src/proxy.rs:206:10
[INFO] [stdout]     |
[INFO] [stdout] 206 |         .timestamp_millis(post_data.created_at)
[INFO] [stdout]     |          ^^^^^^^^^^^^^^^^
[INFO] [stdout]     |
[INFO] [stdout]     = note: `#[warn(deprecated)]` on by default
[INFO] [stdout] 
[INFO] [stdout] 
[INFO] [stdout] warning: unused variable: `id`
[INFO] [stdout]    --> src/proxy.rs:123:9
[INFO] [stdout]     |
[INFO] [stdout] 123 |     pub id: String,
[INFO] [stdout]     |         ^^ help: try ignoring the field: `id: _`
[INFO] [stdout]     |
[INFO] [stdout]     = note: `#[warn(unused_variables)]` on by default
[INFO] [stdout] 
[INFO] [stdout] 
[INFO] [stdout] warning: unused variable: `gists`
[INFO] [stdout]    --> src/proxy.rs:124:9
[INFO] [stdout]     |
[INFO] [stdout] 124 |     pub gists: Option<Vec<(String, crate::data::GistContent)>>,
[INFO] [stdout]     |         ^^^^^ help: try ignoring the field: `gists: _`
[INFO] [stdout] 
[INFO] [stdout] 
[INFO] [stdout] warning: unused variable: `open_list`
[INFO] [stdout]  --> /opt/rustwide/target/debug/build/sailfish-compiler-4e2422fe94176be1/out/templates/post-b2152009c91fed6f:1:4712
[INFO] [stdout]   |
[INFO] [stdout] 1 | ...ad>\n<body>\n") ; let mut open_list = false ; __sf_rt :: render_text ! (__sf_buf , "\n<main class=\"container\">\n<h1>") ; __sf_rt :: ...
[INFO] [stdout]   |                              ^^^^^^^^^ help: if this is intentional, prefix it with an underscore: `_open_list`
[INFO] [stdout] 
[INFO] [stdout] 
[INFO] [stdout] warning: variable does not need to be mutable
[INFO] [stdout]  --> /opt/rustwide/target/debug/build/sailfish-compiler-4e2422fe94176be1/out/templates/post-b2152009c91fed6f:1:4708
[INFO] [stdout]   |
[INFO] [stdout] 1 | ...nder_text ! (__sf_buf , "\n</head>\n<body>\n") ; let mut open_list = false ; __sf_rt :: render_text ! (__sf_buf , "\n<main class=\"con...
[INFO] [stdout]   |                                                         ----^^^^^^^^^
[INFO] [stdout]   |                                                         |
[INFO] [stdout]   |                                                         help: remove this `mut`
[INFO] [stdout]   |
[INFO] [stdout]   = note: `#[warn(unused_mut)]` on by default
[INFO] [stdout] 
[INFO] [stdout] 
[INFO] [stdout] warning: field `cache` is never read
[INFO] [stdout]   --> src/data.rs:36:5
[INFO] [stdout]    |
[INFO] [stdout] 34 | pub struct Data {
[INFO] [stdout]    |            ---- field in this struct
[INFO] [stdout] 35 |     pub client: Client,
[INFO] [stdout] 36 |     cache: Db,
[INFO] [stdout]    |     ^^^^^
[INFO] [stdout]    |
[INFO] [stdout]    = note: `Data` has a derived impl for the trait `Clone`, but this is intentionally ignored during dead code analysis
[INFO] [stdout]    = note: `#[warn(dead_code)]` on by default
[INFO] [stdout] 
[INFO] [stdout] 
[INFO] [stdout] warning: fields `p` and `gists` are never read
[INFO] [stdout]   --> src/post.rs:37:5
[INFO] [stdout]    |
[INFO] [stdout] 35 | struct Markup<'a, 'b> {
[INFO] [stdout]    |        ------ fields in this struct
[INFO] [stdout] 36 |     markup: &'a GetPostPostContentBodyModelParagraphsMarkups,
[INFO] [stdout] 37 |     p: &'a GetPostPostContentBodyModelParagraphs,
[INFO] [stdout]    |     ^
[INFO] [stdout] 38 |     pos_type: PostitionType,
[INFO] [stdout] 39 |     gists: &'b Option<Vec<(String, crate::data::GistContent)>>,
[INFO] [stdout]    |     ^^^^^
[INFO] [stdout] 
[INFO] [stdout] 
[INFO] [stdout] warning: 7 warnings emitted
[INFO] [stdout] 
[INFO] [stdout] 
[INFO] [stderr]     Finished dev [unoptimized + debuginfo] target(s) in 51.27s
[INFO] [stderr] warning: the following packages contain code that will be rejected by a future version of Rust: nom v5.1.2
[INFO] [stderr] note: to see what the problems were, use the option `--future-incompat-report`, or run `cargo report future-incompatibilities --id 1`
[INFO] running `Command { std: "docker" "inspect" "12ad83de364a3f82093bdf90da3b4e70688263b628496e2584ace0548b1a5ebf", kill_on_drop: false }`
[INFO] running `Command { std: "docker" "rm" "-f" "12ad83de364a3f82093bdf90da3b4e70688263b628496e2584ace0548b1a5ebf", kill_on_drop: false }`
[INFO] [stdout] 12ad83de364a3f82093bdf90da3b4e70688263b628496e2584ace0548b1a5ebf
[INFO] running `Command { std: "docker" "create" "-v" "/var/lib/crater-agent-workspace/builds/worker-4-tc2/target:/opt/rustwide/target:rw,Z" "-v" "/var/lib/crater-agent-workspace/builds/worker-4-tc2/source:/opt/rustwide/workdir:ro,Z" "-v" "/var/lib/crater-agent-workspace/cargo-home:/opt/rustwide/cargo-home:ro,Z" "-v" "/var/lib/crater-agent-workspace/rustup-home:/opt/rustwide/rustup-home:ro,Z" "-e" "SOURCE_DIR=/opt/rustwide/workdir" "-e" "CARGO_TARGET_DIR=/opt/rustwide/target" "-e" "CARGO_INCREMENTAL=0" "-e" "RUST_BACKTRACE=full" "-e" "RUSTFLAGS=--cap-lints=warn" "-e" "RUSTDOCFLAGS=--cap-lints=warn" "-e" "CARGO_HOME=/opt/rustwide/cargo-home" "-e" "RUSTUP_HOME=/opt/rustwide/rustup-home" "-w" "/opt/rustwide/workdir" "-m" "1610612736" "--user" "0:0" "--network" "none" "ghcr.io/rust-lang/crates-build-env/linux@sha256:5ff2268d62e97bff2cde7d5815dd6ed5b47097566f13b8d0ca110b04b60e07ed" "/opt/rustwide/cargo-home/bin/cargo" "+beta-2023-04-20" "test" "--frozen" "--no-run" "--message-format=json", kill_on_drop: false }`
[INFO] [stdout] ffbf6e671aad48b9071a738fa6354b0c9d546eaaae9858d67c03ac9c05b0df72
[INFO] running `Command { std: "docker" "start" "-a" "ffbf6e671aad48b9071a738fa6354b0c9d546eaaae9858d67c03ac9c05b0df72", kill_on_drop: false }`
[INFO] [stderr] warning: unused manifest key: dependencies.reqwest.bincode
[INFO] [stderr] warning: unused manifest key: dependencies.reqwest.futures
[INFO] [stderr] warning: unused manifest key: dependencies.reqwest.sled
[INFO] [stderr]    Compiling libmedium v0.1.0 (/opt/rustwide/workdir)
[INFO] [stdout] warning: use of deprecated method `chrono::TimeZone::timestamp_millis`: use `timestamp_millis_opt()` instead
[INFO] [stdout]    --> src/proxy.rs:206:10
[INFO] [stdout]     |
[INFO] [stdout] 206 |         .timestamp_millis(post_data.created_at)
[INFO] [stdout]     |          ^^^^^^^^^^^^^^^^
[INFO] [stdout]     |
[INFO] [stdout]     = note: `#[warn(deprecated)]` on by default
[INFO] [stdout] 
[INFO] [stdout] 
[INFO] [stdout] warning: unused variable: `id`
[INFO] [stdout]    --> src/proxy.rs:123:9
[INFO] [stdout]     |
[INFO] [stdout] 123 |     pub id: String,
[INFO] [stdout]     |         ^^ help: try ignoring the field: `id: _`
[INFO] [stdout]     |
[INFO] [stdout]     = note: `#[warn(unused_variables)]` on by default
[INFO] [stdout] 
[INFO] [stdout] 
[INFO] [stdout] warning: unused variable: `gists`
[INFO] [stdout]    --> src/proxy.rs:124:9
[INFO] [stdout]     |
[INFO] [stdout] 124 |     pub gists: Option<Vec<(String, crate::data::GistContent)>>,
[INFO] [stdout]     |         ^^^^^ help: try ignoring the field: `gists: _`
[INFO] [stdout] 
[INFO] [stdout] 
[INFO] [stdout] warning: unused variable: `open_list`
[INFO] [stdout]  --> /opt/rustwide/target/debug/build/sailfish-compiler-4e2422fe94176be1/out/templates/post-b2152009c91fed6f:1:4712
[INFO] [stdout]   |
[INFO] [stdout] 1 | ...ad>\n<body>\n") ; let mut open_list = false ; __sf_rt :: render_text ! (__sf_buf , "\n<main class=\"container\">\n<h1>") ; __sf_rt :: ...
[INFO] [stdout]   |                              ^^^^^^^^^ help: if this is intentional, prefix it with an underscore: `_open_list`
[INFO] [stdout] 
[INFO] [stdout] 
[INFO] [stdout] warning: variable does not need to be mutable
[INFO] [stdout]  --> /opt/rustwide/target/debug/build/sailfish-compiler-4e2422fe94176be1/out/templates/post-b2152009c91fed6f:1:4708
[INFO] [stdout]   |
[INFO] [stdout] 1 | ...nder_text ! (__sf_buf , "\n</head>\n<body>\n") ; let mut open_list = false ; __sf_rt :: render_text ! (__sf_buf , "\n<main class=\"con...
[INFO] [stdout]   |                                                         ----^^^^^^^^^
[INFO] [stdout]   |                                                         |
[INFO] [stdout]   |                                                         help: remove this `mut`
[INFO] [stdout]   |
[INFO] [stdout]   = note: `#[warn(unused_mut)]` on by default
[INFO] [stdout] 
[INFO] [stdout] 
[INFO] [stdout] warning: field `cache` is never read
[INFO] [stdout]   --> src/data.rs:36:5
[INFO] [stdout]    |
[INFO] [stdout] 34 | pub struct Data {
[INFO] [stdout]    |            ---- field in this struct
[INFO] [stdout] 35 |     pub client: Client,
[INFO] [stdout] 36 |     cache: Db,
[INFO] [stdout]    |     ^^^^^
[INFO] [stdout]    |
[INFO] [stdout]    = note: `Data` has a derived impl for the trait `Clone`, but this is intentionally ignored during dead code analysis
[INFO] [stdout]    = note: `#[warn(dead_code)]` on by default
[INFO] [stdout] 
[INFO] [stdout] 
[INFO] [stdout] warning: fields `p` and `gists` are never read
[INFO] [stdout]   --> src/post.rs:37:5
[INFO] [stdout]    |
[INFO] [stdout] 35 | struct Markup<'a, 'b> {
[INFO] [stdout]    |        ------ fields in this struct
[INFO] [stdout] 36 |     markup: &'a GetPostPostContentBodyModelParagraphsMarkups,
[INFO] [stdout] 37 |     p: &'a GetPostPostContentBodyModelParagraphs,
[INFO] [stdout]    |     ^
[INFO] [stdout] 38 |     pos_type: PostitionType,
[INFO] [stdout] 39 |     gists: &'b Option<Vec<(String, crate::data::GistContent)>>,
[INFO] [stdout]    |     ^^^^^
[INFO] [stdout] 
[INFO] [stdout] 
[INFO] [stdout] warning: 7 warnings emitted
[INFO] [stdout] 
[INFO] [stdout] 
[INFO] [stderr]     Finished test [unoptimized + debuginfo] target(s) in 11.43s
[INFO] [stderr] warning: the following packages contain code that will be rejected by a future version of Rust: nom v5.1.2
[INFO] [stderr] note: to see what the problems were, use the option `--future-incompat-report`, or run `cargo report future-incompatibilities --id 1`
[INFO] running `Command { std: "docker" "inspect" "ffbf6e671aad48b9071a738fa6354b0c9d546eaaae9858d67c03ac9c05b0df72", kill_on_drop: false }`
[INFO] running `Command { std: "docker" "rm" "-f" "ffbf6e671aad48b9071a738fa6354b0c9d546eaaae9858d67c03ac9c05b0df72", kill_on_drop: false }`
[INFO] [stdout] ffbf6e671aad48b9071a738fa6354b0c9d546eaaae9858d67c03ac9c05b0df72
[INFO] running `Command { std: "docker" "create" "-v" "/var/lib/crater-agent-workspace/builds/worker-4-tc2/target:/opt/rustwide/target:rw,Z" "-v" "/var/lib/crater-agent-workspace/builds/worker-4-tc2/source:/opt/rustwide/workdir:ro,Z" "-v" "/var/lib/crater-agent-workspace/cargo-home:/opt/rustwide/cargo-home:ro,Z" "-v" "/var/lib/crater-agent-workspace/rustup-home:/opt/rustwide/rustup-home:ro,Z" "-e" "SOURCE_DIR=/opt/rustwide/workdir" "-e" "CARGO_TARGET_DIR=/opt/rustwide/target" "-e" "CARGO_INCREMENTAL=0" "-e" "RUST_BACKTRACE=full" "-e" "RUSTFLAGS=--cap-lints=warn" "-e" "RUSTDOCFLAGS=--cap-lints=warn" "-e" "CARGO_HOME=/opt/rustwide/cargo-home" "-e" "RUSTUP_HOME=/opt/rustwide/rustup-home" "-w" "/opt/rustwide/workdir" "-m" "1610612736" "--user" "0:0" "--network" "none" "ghcr.io/rust-lang/crates-build-env/linux@sha256:5ff2268d62e97bff2cde7d5815dd6ed5b47097566f13b8d0ca110b04b60e07ed" "/opt/rustwide/cargo-home/bin/cargo" "+beta-2023-04-20" "test" "--frozen", kill_on_drop: false }`
[INFO] [stdout] 732c02e68f8cdf1b3787fe94bad8eafa89d14bab18884cb3200a2826ea35522f
[INFO] running `Command { std: "docker" "start" "-a" "732c02e68f8cdf1b3787fe94bad8eafa89d14bab18884cb3200a2826ea35522f", kill_on_drop: false }`
[INFO] [stderr] warning: unused manifest key: dependencies.reqwest.bincode
[INFO] [stderr] warning: unused manifest key: dependencies.reqwest.futures
[INFO] [stderr] warning: unused manifest key: dependencies.reqwest.sled
[INFO] [stderr]    Compiling libmedium v0.1.0 (/opt/rustwide/workdir)
[INFO] [stderr] warning: use of deprecated method `chrono::TimeZone::timestamp_millis`: use `timestamp_millis_opt()` instead
[INFO] [stderr]    --> src/proxy.rs:206:10
[INFO] [stderr]     |
[INFO] [stderr] 206 |         .timestamp_millis(post_data.created_at)
[INFO] [stderr]     |          ^^^^^^^^^^^^^^^^
[INFO] [stderr]     |
[INFO] [stderr]     = note: `#[warn(deprecated)]` on by default
[INFO] [stderr] 
[INFO] [stderr] warning: unused variable: `id`
[INFO] [stderr]    --> src/proxy.rs:123:9
[INFO] [stderr]     |
[INFO] [stderr] 123 |     pub id: String,
[INFO] [stderr]     |         ^^ help: try ignoring the field: `id: _`
[INFO] [stderr]     |
[INFO] [stderr]     = note: `#[warn(unused_variables)]` on by default
[INFO] [stderr] 
[INFO] [stderr] warning: unused variable: `gists`
[INFO] [stderr]    --> src/proxy.rs:124:9
[INFO] [stderr]     |
[INFO] [stderr] 124 |     pub gists: Option<Vec<(String, crate::data::GistContent)>>,
[INFO] [stderr]     |         ^^^^^ help: try ignoring the field: `gists: _`
[INFO] [stderr] 
[INFO] [stderr] warning: unused variable: `open_list`
[INFO] [stderr]  --> /opt/rustwide/target/debug/build/sailfish-compiler-4e2422fe94176be1/out/templates/post-b2152009c91fed6f:1:4712
[INFO] [stderr]   |
[INFO] [stderr] 1 | ...ad>\n<body>\n") ; let mut open_list = false ; __sf_rt :: render_text ! (__sf_buf , "\n<main class=\"container\">\n<h1>") ; __sf_rt :: ...
[INFO] [stderr]   |                              ^^^^^^^^^ help: if this is intentional, prefix it with an underscore: `_open_list`
[INFO] [stderr] 
[INFO] [stderr] warning: variable does not need to be mutable
[INFO] [stderr]  --> /opt/rustwide/target/debug/build/sailfish-compiler-4e2422fe94176be1/out/templates/post-b2152009c91fed6f:1:4708
[INFO] [stderr]   |
[INFO] [stderr] 1 | ...nder_text ! (__sf_buf , "\n</head>\n<body>\n") ; let mut open_list = false ; __sf_rt :: render_text ! (__sf_buf , "\n<main class=\"con...
[INFO] [stderr]   |                                                         ----^^^^^^^^^
[INFO] [stderr]   |                                                         |
[INFO] [stderr]   |                                                         help: remove this `mut`
[INFO] [stderr]   |
[INFO] [stderr]   = note: `#[warn(unused_mut)]` on by default
[INFO] [stderr] 
[INFO] [stderr] warning: field `cache` is never read
[INFO] [stderr]   --> src/data.rs:36:5
[INFO] [stderr]    |
[INFO] [stderr] 34 | pub struct Data {
[INFO] [stderr]    |            ---- field in this struct
[INFO] [stderr] 35 |     pub client: Client,
[INFO] [stderr] 36 |     cache: Db,
[INFO] [stderr]    |     ^^^^^
[INFO] [stderr]    |
[INFO] [stderr]    = note: `Data` has a derived impl for the trait `Clone`, but this is intentionally ignored during dead code analysis
[INFO] [stderr]    = note: `#[warn(dead_code)]` on by default
[INFO] [stderr] 
[INFO] [stderr] warning: fields `p` and `gists` are never read
[INFO] [stderr]   --> src/post.rs:37:5
[INFO] [stderr]    |
[INFO] [stderr] 35 | struct Markup<'a, 'b> {
[INFO] [stderr]    |        ------ fields in this struct
[INFO] [stderr] 36 |     markup: &'a GetPostPostContentBodyModelParagraphsMarkups,
[INFO] [stderr] 37 |     p: &'a GetPostPostContentBodyModelParagraphs,
[INFO] [stderr]    |     ^
[INFO] [stderr] 38 |     pos_type: PostitionType,
[INFO] [stderr] 39 |     gists: &'b Option<Vec<(String, crate::data::GistContent)>>,
[INFO] [stderr]    |     ^^^^^
[INFO] [stderr] 
[INFO] [stderr] warning: `libmedium` (bin "libmedium" test) generated 7 warnings (run `cargo fix --bin "libmedium" --tests` to apply 4 suggestions)
[INFO] [stderr]     Finished test [unoptimized + debuginfo] target(s) in 7.28s
[INFO] [stderr] warning: the following packages contain code that will be rejected by a future version of Rust: nom v5.1.2
[INFO] [stderr] note: to see what the problems were, use the option `--future-incompat-report`, or run `cargo report future-incompatibilities --id 1`
[INFO] [stderr]      Running unittests src/main.rs (/opt/rustwide/target/debug/deps/libmedium-a13b13bc8c39626b)
[INFO] [stdout] 
[INFO] [stdout] running 3 tests
[INFO] [stdout] test meta::tests::build_details_works ... ok
[INFO] [stdout] test render_html::tests::cls_tex ... ok
[INFO] [stdout] test proxy::tests::deploy_update_works ... FAILED
[INFO] [stdout] 
[INFO] [stdout] failures:
[INFO] [stdout] 
[INFO] [stdout] ---- proxy::tests::deploy_update_works stdout ----
[INFO] [stdout] thread 'proxy::tests::deploy_update_works' panicked at 'called `Result::unwrap()` on an `Err` value: reqwest::Error { kind: Request, url: Url { scheme: "https", cannot_be_a_base: false, username: "", password: None, host: Some(Domain("medium.com")), port: None, path: "/_/graphql", query: None, fragment: None }, source: hyper::Error(Connect, ConnectError("dns error", Custom { kind: Uncategorized, error: "failed to lookup address information: Temporary failure in name resolution" })) }', src/data.rs:156:22
[INFO] [stdout] stack backtrace:
[INFO] [stdout]    0:     0x56076101a12a - std::backtrace_rs::backtrace::libunwind::trace::h2f05d0192276a8f6
[INFO] [stdout]                                at /rustc/1b7dd2252b99671ce5d1cb9664c5f8636329436d/library/std/src/../../backtrace/src/backtrace/libunwind.rs:93:5
[INFO] [stdout]    1:     0x56076101a12a - std::backtrace_rs::backtrace::trace_unsynchronized::hedc23dff7a1af150
[INFO] [stdout]                                at /rustc/1b7dd2252b99671ce5d1cb9664c5f8636329436d/library/std/src/../../backtrace/src/backtrace/mod.rs:66:5
[INFO] [stdout]    2:     0x56076101a12a - std::sys_common::backtrace::_print_fmt::h17541ef7592f3ce2
[INFO] [stdout]                                at /rustc/1b7dd2252b99671ce5d1cb9664c5f8636329436d/library/std/src/sys_common/backtrace.rs:65:5
[INFO] [stdout]    3:     0x56076101a12a - <std::sys_common::backtrace::_print::DisplayBacktrace as core::fmt::Display>::fmt::h20f75df5ab0c0792
[INFO] [stdout]                                at /rustc/1b7dd2252b99671ce5d1cb9664c5f8636329436d/library/std/src/sys_common/backtrace.rs:44:22
[INFO] [stdout]    4:     0x560761044a9f - core::fmt::write::h78109e6f466b3af6
[INFO] [stdout]                                at /rustc/1b7dd2252b99671ce5d1cb9664c5f8636329436d/library/core/src/fmt/mod.rs:1254:17
[INFO] [stdout]    5:     0x560761015f65 - std::io::Write::write_fmt::hd24bfb68a1b35a25
[INFO] [stdout]                                at /rustc/1b7dd2252b99671ce5d1cb9664c5f8636329436d/library/std/src/io/mod.rs:1698:15
[INFO] [stdout]    6:     0x560761019ef5 - std::sys_common::backtrace::_print::h8dac57a9f8fbf9a5
[INFO] [stdout]                                at /rustc/1b7dd2252b99671ce5d1cb9664c5f8636329436d/library/std/src/sys_common/backtrace.rs:47:5
[INFO] [stdout]    7:     0x560761019ef5 - std::sys_common::backtrace::print::hf9ecbf41d1aa712f
[INFO] [stdout]                                at /rustc/1b7dd2252b99671ce5d1cb9664c5f8636329436d/library/std/src/sys_common/backtrace.rs:34:9
[INFO] [stdout]    8:     0x56076101bbae - std::panicking::default_hook::{{closure}}::h04c07acfc84ca028
[INFO] [stdout]                                at /rustc/1b7dd2252b99671ce5d1cb9664c5f8636329436d/library/std/src/panicking.rs:269:22
[INFO] [stdout]    9:     0x56076101b8e1 - std::panicking::default_hook::h01f6bb23e1eceb2c
[INFO] [stdout]                                at /rustc/1b7dd2252b99671ce5d1cb9664c5f8636329436d/library/std/src/panicking.rs:285:9
[INFO] [stdout]   10:     0x56076056f0eb - <alloc::boxed::Box<F,A> as core::ops::function::Fn<Args>>::call::h87fe9f7b2fd49e4c
[INFO] [stdout]                                at /rustc/1b7dd2252b99671ce5d1cb9664c5f8636329436d/library/alloc/src/boxed.rs:1987:9
[INFO] [stdout]   11:     0x56076056f0eb - test::test_main::{{closure}}::he94d679243a7531b
[INFO] [stdout]                                at /rustc/1b7dd2252b99671ce5d1cb9664c5f8636329436d/library/test/src/lib.rs:134:21
[INFO] [stdout]   12:     0x56076101c294 - <alloc::boxed::Box<F,A> as core::ops::function::Fn<Args>>::call::h3f2d6d8b14c4769f
[INFO] [stdout]                                at /rustc/1b7dd2252b99671ce5d1cb9664c5f8636329436d/library/alloc/src/boxed.rs:1987:9
[INFO] [stdout]   13:     0x56076101c294 - std::panicking::rust_panic_with_hook::h2bb3722bbaf2f6df
[INFO] [stdout]                                at /rustc/1b7dd2252b99671ce5d1cb9664c5f8636329436d/library/std/src/panicking.rs:695:13
[INFO] [stdout]   14:     0x56076101c009 - std::panicking::begin_panic_handler::{{closure}}::h91bc7f36a4be011b
[INFO] [stdout]                                at /rustc/1b7dd2252b99671ce5d1cb9664c5f8636329436d/library/std/src/panicking.rs:582:13
[INFO] [stdout]   15:     0x56076101a596 - std::sys_common::backtrace::__rust_end_short_backtrace::h8b3d3717114f9e59
[INFO] [stdout]                                at /rustc/1b7dd2252b99671ce5d1cb9664c5f8636329436d/library/std/src/sys_common/backtrace.rs:150:18
[INFO] [stdout]   16:     0x56076101bd62 - rust_begin_unwind
[INFO] [stdout]                                at /rustc/1b7dd2252b99671ce5d1cb9664c5f8636329436d/library/std/src/panicking.rs:578:5
[INFO] [stdout]   17:     0x560760441c03 - core::panicking::panic_fmt::hfd368e3fbdabea26
[INFO] [stdout]                                at /rustc/1b7dd2252b99671ce5d1cb9664c5f8636329436d/library/core/src/panicking.rs:67:14
[INFO] [stdout]   18:     0x5607604421a3 - core::result::unwrap_failed::he54eb4b2f125b26f
[INFO] [stdout]                                at /rustc/1b7dd2252b99671ce5d1cb9664c5f8636329436d/library/core/src/result.rs:1687:5
[INFO] [stdout]   19:     0x5607604d8c60 - core::result::Result<T,E>::unwrap::h3931a4101a3cdffb
[INFO] [stdout]                                at /rustc/1b7dd2252b99671ce5d1cb9664c5f8636329436d/library/core/src/result.rs:1089:23
[INFO] [stdout]   20:     0x56076051a5b6 - libmedium::data::Data::get_post::{{closure}}::h291ad94538158499
[INFO] [stdout]                                at /opt/rustwide/workdir/src/data.rs:154:27
[INFO] [stdout]   21:     0x56076050e518 - <libmedium::proxy::page as actix_web::service::HttpServiceFactory>::register::page::{{closure}}::h1c0ec9d844b3b3e0
[INFO] [stdout]                                at /opt/rustwide/workdir/src/proxy.rs:178:38
[INFO] [stdout]   22:     0x56076052aa40 - actix_web::handler::handler_service::{{closure}}::{{closure}}::h5cf945974e47c05b
[INFO] [stdout]                                at /opt/rustwide/cargo-home/registry/src/index.crates.io-6f17d22bba15001f/actix-web-4.3.0/src/handler.rs:106:21
[INFO] [stdout]   23:     0x560760b8965e - <core::pin::Pin<P> as core::future::future::Future>::poll::h9a036b9120fabd25
[INFO] [stdout]                                at /rustc/1b7dd2252b99671ce5d1cb9664c5f8636329436d/library/core/src/future/future.rs:125:9
[INFO] [stdout]   24:     0x560760b91525 - <actix_web::resource::Resource<T> as actix_web::service::HttpServiceFactory>::register::{{closure}}::{{closure}}::hfe27f6abf260432c
[INFO] [stdout]                                at /opt/rustwide/cargo-home/registry/src/index.crates.io-6f17d22bba15001f/actix-web-4.3.0/src/resource.rs:414:27
[INFO] [stdout]   25:     0x560760b8965e - <core::pin::Pin<P> as core::future::future::Future>::poll::h9a036b9120fabd25
[INFO] [stdout]                                at /rustc/1b7dd2252b99671ce5d1cb9664c5f8636329436d/library/core/src/future/future.rs:125:9
[INFO] [stdout]   26:     0x5607604cbf31 - actix_web::test::test_utils::call_service::{{closure}}::hf7998f3886fca620
[INFO] [stdout]                                at /opt/rustwide/cargo-home/registry/src/index.crates.io-6f17d22bba15001f/actix-web-4.3.0/src/test/test_utils.rs:99:9
[INFO] [stdout]   27:     0x56076050fcbc - libmedium::proxy::tests::deploy_update_works::{{closure}}::hdebe51c1091f7e6c
[INFO] [stdout]                                at /opt/rustwide/workdir/src/proxy.rs:264:89
[INFO] [stdout]   28:     0x56076047edb2 - <tokio::task::local::RunUntil<T> as core::future::future::Future>::poll::{{closure}}::h4de5df03b59eeea3
[INFO] [stdout]                                at /opt/rustwide/cargo-home/registry/src/index.crates.io-6f17d22bba15001f/tokio-1.25.0/src/task/local.rs:923:42
[INFO] [stdout]   29:     0x56076047d1c1 - tokio::task::local::LocalSet::with::{{closure}}::hbb25f73dbf6af1c0
[INFO] [stdout]                                at /opt/rustwide/cargo-home/registry/src/index.crates.io-6f17d22bba15001f/tokio-1.25.0/src/task/local.rs:684:13
[INFO] [stdout]   30:     0x5607604d3d79 - std::thread::local::LocalKey<T>::try_with::h4f58f40a08d3a097
[INFO] [stdout]                                at /rustc/1b7dd2252b99671ce5d1cb9664c5f8636329436d/library/std/src/thread/local.rs:252:16
[INFO] [stdout]   31:     0x5607604d397a - std::thread::local::LocalKey<T>::with::h28336adf710d7d82
[INFO] [stdout]                                at /rustc/1b7dd2252b99671ce5d1cb9664c5f8636329436d/library/std/src/thread/local.rs:228:9
[INFO] [stdout]   32:     0x56076047cfbb - tokio::task::local::LocalSet::with::hc659608f056b31f5
[INFO] [stdout]                                at /opt/rustwide/cargo-home/registry/src/index.crates.io-6f17d22bba15001f/tokio-1.25.0/src/task/local.rs:667:9
[INFO] [stdout]   33:     0x56076047ecba - <tokio::task::local::RunUntil<T> as core::future::future::Future>::poll::h6dbeb8ab88bf17fe
[INFO] [stdout]                                at /opt/rustwide/cargo-home/registry/src/index.crates.io-6f17d22bba15001f/tokio-1.25.0/src/task/local.rs:913:9
[INFO] [stdout]   34:     0x56076047d7c5 - tokio::task::local::LocalSet::run_until::{{closure}}::h301e8df3a9799ce5
[INFO] [stdout]                                at /opt/rustwide/cargo-home/registry/src/index.crates.io-6f17d22bba15001f/tokio-1.25.0/src/task/local.rs:573:18
[INFO] [stdout]   35:     0x5607604a2c4b - <core::pin::Pin<P> as core::future::future::Future>::poll::h513b5db52eef27e1
[INFO] [stdout]                                at /rustc/1b7dd2252b99671ce5d1cb9664c5f8636329436d/library/core/src/future/future.rs:125:9
[INFO] [stdout]   36:     0x5607604a27e4 - tokio::runtime::scheduler::current_thread::CoreGuard::block_on::{{closure}}::{{closure}}::{{closure}}::hba12dd025feccaa2
[INFO] [stdout]                                at /opt/rustwide/cargo-home/registry/src/index.crates.io-6f17d22bba15001f/tokio-1.25.0/src/runtime/scheduler/current_thread.rs:541:57
[INFO] [stdout]   37:     0x5607604a2411 - tokio::runtime::coop::with_budget::h7070a9bbb71cdc72
[INFO] [stdout]                                at /opt/rustwide/cargo-home/registry/src/index.crates.io-6f17d22bba15001f/tokio-1.25.0/src/runtime/coop.rs:102:5
[INFO] [stdout]   38:     0x5607604a2411 - tokio::runtime::coop::budget::h70fe1b8f375a7cb1
[INFO] [stdout]                                at /opt/rustwide/cargo-home/registry/src/index.crates.io-6f17d22bba15001f/tokio-1.25.0/src/runtime/coop.rs:68:5
[INFO] [stdout]   39:     0x5607604a2411 - tokio::runtime::scheduler::current_thread::CoreGuard::block_on::{{closure}}::{{closure}}::h377bb1771db7850d
[INFO] [stdout]                                at /opt/rustwide/cargo-home/registry/src/index.crates.io-6f17d22bba15001f/tokio-1.25.0/src/runtime/scheduler/current_thread.rs:541:25
[INFO] [stdout]   40:     0x56076049f2a9 - tokio::runtime::scheduler::current_thread::Context::enter::h1900cdd1266e8c47
[INFO] [stdout]                                at /opt/rustwide/cargo-home/registry/src/index.crates.io-6f17d22bba15001f/tokio-1.25.0/src/runtime/scheduler/current_thread.rs:350:19
[INFO] [stdout]   41:     0x5607604a197a - tokio::runtime::scheduler::current_thread::CoreGuard::block_on::{{closure}}::hb18238d99a6277a0
[INFO] [stdout]                                at /opt/rustwide/cargo-home/registry/src/index.crates.io-6f17d22bba15001f/tokio-1.25.0/src/runtime/scheduler/current_thread.rs:540:36
[INFO] [stdout]   42:     0x5607604a0a9b - tokio::runtime::scheduler::current_thread::CoreGuard::enter::{{closure}}::h84bdbee613d449c2
[INFO] [stdout]                                at /opt/rustwide/cargo-home/registry/src/index.crates.io-6f17d22bba15001f/tokio-1.25.0/src/runtime/scheduler/current_thread.rs:615:57
[INFO] [stdout]   43:     0x56076050686d - tokio::macros::scoped_tls::ScopedKey<T>::set::h52c99751ad4e89ca
[INFO] [stdout]                                at /opt/rustwide/cargo-home/registry/src/index.crates.io-6f17d22bba15001f/tokio-1.25.0/src/macros/scoped_tls.rs:61:9
[INFO] [stdout]   44:     0x5607604a0406 - tokio::runtime::scheduler::current_thread::CoreGuard::enter::h043b3622d81247ce
[INFO] [stdout]                                at /opt/rustwide/cargo-home/registry/src/index.crates.io-6f17d22bba15001f/tokio-1.25.0/src/runtime/scheduler/current_thread.rs:615:27
[INFO] [stdout]   45:     0x5607604a0b2c - tokio::runtime::scheduler::current_thread::CoreGuard::block_on::hdbfacb14b851f0ab
[INFO] [stdout]                                at /opt/rustwide/cargo-home/registry/src/index.crates.io-6f17d22bba15001f/tokio-1.25.0/src/runtime/scheduler/current_thread.rs:530:19
[INFO] [stdout]   46:     0x56076049e7eb - tokio::runtime::scheduler::current_thread::CurrentThread::block_on::h2284f3e7421668f7
[INFO] [stdout]                                at /opt/rustwide/cargo-home/registry/src/index.crates.io-6f17d22bba15001f/tokio-1.25.0/src/runtime/scheduler/current_thread.rs:154:24
[INFO] [stdout]   47:     0x5607604c6f5d - tokio::runtime::runtime::Runtime::block_on::h1932b958c3dfec36
[INFO] [stdout]                                at /opt/rustwide/cargo-home/registry/src/index.crates.io-6f17d22bba15001f/tokio-1.25.0/src/runtime/runtime.rs:282:47
[INFO] [stdout]   48:     0x56076047d2c3 - tokio::task::local::LocalSet::block_on::h957040f73256e679
[INFO] [stdout]                                at /opt/rustwide/cargo-home/registry/src/index.crates.io-6f17d22bba15001f/tokio-1.25.0/src/task/local.rs:534:9
[INFO] [stdout]   49:     0x5607604b14da - actix_rt::runtime::Runtime::block_on::h7c7eaa6d454f7fd0
[INFO] [stdout]                                at /opt/rustwide/cargo-home/registry/src/index.crates.io-6f17d22bba15001f/actix-rt-2.8.0/src/runtime.rs:82:9
[INFO] [stdout]   50:     0x560760528d1a - actix_rt::system::SystemRunner::block_on::hf81823531c3933d3
[INFO] [stdout]                                at /opt/rustwide/cargo-home/registry/src/index.crates.io-6f17d22bba15001f/actix-rt-2.8.0/src/system.rs:210:9
[INFO] [stdout]   51:     0x56076050f3a8 - libmedium::proxy::tests::deploy_update_works::h2e85c978026d8aa2
[INFO] [stdout]                                at /opt/rustwide/workdir/src/proxy.rs:251:5
[INFO] [stdout]   52:     0x56076050f357 - libmedium::proxy::tests::deploy_update_works::{{closure}}::hff17c90d4e5f2a22
[INFO] [stdout]                                at /opt/rustwide/workdir/src/proxy.rs:251:5
[INFO] [stdout]   53:     0x5607604b2b75 - core::ops::function::FnOnce::call_once::hc10443d8159d7ecc
[INFO] [stdout]                                at /rustc/1b7dd2252b99671ce5d1cb9664c5f8636329436d/library/core/src/ops/function.rs:250:5
[INFO] [stdout]   54:     0x560760573fbf - core::ops::function::FnOnce::call_once::ha6a70e79f7481a7e
[INFO] [stdout]                                at /rustc/1b7dd2252b99671ce5d1cb9664c5f8636329436d/library/core/src/ops/function.rs:250:5
[INFO] [stdout]   55:     0x560760573fbf - test::__rust_begin_short_backtrace::hce33033019b61e69
[INFO] [stdout]                                at /rustc/1b7dd2252b99671ce5d1cb9664c5f8636329436d/library/test/src/lib.rs:655:18
[INFO] [stdout]   56:     0x5607605417ac - test::run_test::{{closure}}::h858d3528838ae3e5
[INFO] [stdout]                                at /rustc/1b7dd2252b99671ce5d1cb9664c5f8636329436d/library/test/src/lib.rs:646:30
[INFO] [stdout]   57:     0x5607605417ac - core::ops::function::FnOnce::call_once{{vtable.shim}}::he8ac2b00f01ae79e
[INFO] [stdout]                                at /rustc/1b7dd2252b99671ce5d1cb9664c5f8636329436d/library/core/src/ops/function.rs:250:5
[INFO] [stdout]   58:     0x560760573096 - <alloc::boxed::Box<F,A> as core::ops::function::FnOnce<Args>>::call_once::h8093d25b522725ef
[INFO] [stdout]                                at /rustc/1b7dd2252b99671ce5d1cb9664c5f8636329436d/library/alloc/src/boxed.rs:1973:9
[INFO] [stdout]   59:     0x560760573096 - <core::panic::unwind_safe::AssertUnwindSafe<F> as core::ops::function::FnOnce<()>>::call_once::h5c334c204e4a3913
[INFO] [stdout]                                at /rustc/1b7dd2252b99671ce5d1cb9664c5f8636329436d/library/core/src/panic/unwind_safe.rs:271:9
[INFO] [stdout]   60:     0x560760573096 - std::panicking::try::do_call::ha8b740c7b9478074
[INFO] [stdout]                                at /rustc/1b7dd2252b99671ce5d1cb9664c5f8636329436d/library/std/src/panicking.rs:485:40
[INFO] [stdout]   61:     0x560760573096 - std::panicking::try::h5d34f63d0e41b64e
[INFO] [stdout]                                at /rustc/1b7dd2252b99671ce5d1cb9664c5f8636329436d/library/std/src/panicking.rs:449:19
[INFO] [stdout]   62:     0x560760573096 - std::panic::catch_unwind::hcfbb511e1aa7fc67
[INFO] [stdout]                                at /rustc/1b7dd2252b99671ce5d1cb9664c5f8636329436d/library/std/src/panic.rs:140:14
[INFO] [stdout]   63:     0x560760573096 - test::run_test_in_process::h9abda90f802eaf21
[INFO] [stdout]                                at /rustc/1b7dd2252b99671ce5d1cb9664c5f8636329436d/library/test/src/lib.rs:678:27
[INFO] [stdout]   64:     0x560760573096 - test::run_test::run_test_inner::{{closure}}::h0f058de91f6c6edf
[INFO] [stdout]                                at /rustc/1b7dd2252b99671ce5d1cb9664c5f8636329436d/library/test/src/lib.rs:572:39
[INFO] [stdout]   65:     0x56076053bfb5 - test::run_test::run_test_inner::{{closure}}::h5ca48a4c59c6c1fb
[INFO] [stdout]                                at /rustc/1b7dd2252b99671ce5d1cb9664c5f8636329436d/library/test/src/lib.rs:599:37
[INFO] [stdout]   66:     0x56076053bfb5 - std::sys_common::backtrace::__rust_begin_short_backtrace::h32bd51e1495d4a33
[INFO] [stdout]                                at /rustc/1b7dd2252b99671ce5d1cb9664c5f8636329436d/library/std/src/sys_common/backtrace.rs:134:18
[INFO] [stdout]   67:     0x5607605414f1 - std::thread::Builder::spawn_unchecked_::{{closure}}::{{closure}}::hc086fae9b128b2db
[INFO] [stdout]                                at /rustc/1b7dd2252b99671ce5d1cb9664c5f8636329436d/library/std/src/thread/mod.rs:526:17
[INFO] [stdout]   68:     0x5607605414f1 - <core::panic::unwind_safe::AssertUnwindSafe<F> as core::ops::function::FnOnce<()>>::call_once::hb66571888d270d43
[INFO] [stdout]                                at /rustc/1b7dd2252b99671ce5d1cb9664c5f8636329436d/library/core/src/panic/unwind_safe.rs:271:9
[INFO] [stdout]   69:     0x5607605414f1 - std::panicking::try::do_call::h4fa2ef4f6e51fecf
[INFO] [stdout]                                at /rustc/1b7dd2252b99671ce5d1cb9664c5f8636329436d/library/std/src/panicking.rs:485:40
[INFO] [stdout]   70:     0x5607605414f1 - std::panicking::try::h1e9e22b8584489b5
[INFO] [stdout]                                at /rustc/1b7dd2252b99671ce5d1cb9664c5f8636329436d/library/std/src/panicking.rs:449:19
[INFO] [stdout]   71:     0x5607605414f1 - std::panic::catch_unwind::h44698a3de0e0769e
[INFO] [stdout]                                at /rustc/1b7dd2252b99671ce5d1cb9664c5f8636329436d/library/std/src/panic.rs:140:14
[INFO] [stdout]   72:     0x5607605414f1 - std::thread::Builder::spawn_unchecked_::{{closure}}::h50153abde3fe239e
[INFO] [stdout]                                at /rustc/1b7dd2252b99671ce5d1cb9664c5f8636329436d/library/std/src/thread/mod.rs:525:30
[INFO] [stdout]   73:     0x5607605414f1 - core::ops::function::FnOnce::call_once{{vtable.shim}}::hbe5bbf6f38394364
[INFO] [stdout]                                at /rustc/1b7dd2252b99671ce5d1cb9664c5f8636329436d/library/core/src/ops/function.rs:250:5
[INFO] [stdout]   74:     0x5607610219a5 - <alloc::boxed::Box<F,A> as core::ops::function::FnOnce<Args>>::call_once::h0d83cb2920a49046
[INFO] [stdout]                                at /rustc/1b7dd2252b99671ce5d1cb9664c5f8636329436d/library/alloc/src/boxed.rs:1973:9
[INFO] [stdout]   75:     0x5607610219a5 - <alloc::boxed::Box<F,A> as core::ops::function::FnOnce<Args>>::call_once::hbe0a008aa7d9ef59
[INFO] [stdout]                                at /rustc/1b7dd2252b99671ce5d1cb9664c5f8636329436d/library/alloc/src/boxed.rs:1973:9
[INFO] [stdout]   76:     0x5607610219a5 - std::sys::unix::thread::Thread::new::thread_start::h3a466996bdf6b1f9
[INFO] [stdout]                                at /rustc/1b7dd2252b99671ce5d1cb9664c5f8636329436d/library/std/src/sys/unix/thread.rs:108:17
[INFO] [stdout]   77:     0x7f09313f2b43 - <unknown>
[INFO] [stdout]   78:     0x7f0931483bb4 - __clone
[INFO] [stdout]   79:                0x0 - <unknown>
[INFO] [stdout] 
[INFO] [stdout] 
[INFO] [stdout] failures:
[INFO] [stdout]     proxy::tests::deploy_update_works
[INFO] [stdout] 
[INFO] [stdout] test result: FAILED. 2 passed; 1 failed; 0 ignored; 0 measured; 0 filtered out; finished in 0.23s
[INFO] [stdout] 
[INFO] [stderr] error: test failed, to rerun pass `--bin libmedium`
[INFO] running `Command { std: "docker" "inspect" "732c02e68f8cdf1b3787fe94bad8eafa89d14bab18884cb3200a2826ea35522f", kill_on_drop: false }`
[INFO] running `Command { std: "docker" "rm" "-f" "732c02e68f8cdf1b3787fe94bad8eafa89d14bab18884cb3200a2826ea35522f", kill_on_drop: false }`
[INFO] [stdout] 732c02e68f8cdf1b3787fe94bad8eafa89d14bab18884cb3200a2826ea35522f
