[INFO] cloning repository https://github.com/priority-msg-store/priority-msg-store-lib
[INFO] running `Command { std: "git" "-c" "credential.helper=" "-c" "credential.helper=/workspace/cargo-home/bin/git-credential-null" "clone" "--bare" "https://github.com/priority-msg-store/priority-msg-store-lib" "/workspace/cache/git-repos/https%3A%2F%2Fgithub.com%2Fpriority-msg-store%2Fpriority-msg-store-lib", kill_on_drop: false }`
[INFO] [stderr] Cloning into bare repository '/workspace/cache/git-repos/https%3A%2F%2Fgithub.com%2Fpriority-msg-store%2Fpriority-msg-store-lib'...
[INFO] running `Command { std: "git" "rev-parse" "HEAD", kill_on_drop: false }`
[INFO] [stdout] 0c28fc3e2e5edf1c69c413129b613b5f3200feb9
[INFO] testing priority-msg-store/priority-msg-store-lib against beta-2023-04-20 for beta-1.70-1
[INFO] running `Command { std: "git" "clone" "/workspace/cache/git-repos/https%3A%2F%2Fgithub.com%2Fpriority-msg-store%2Fpriority-msg-store-lib" "/workspace/builds/worker-4-tc2/source", kill_on_drop: false }`
[INFO] [stderr] Cloning into '/workspace/builds/worker-4-tc2/source'...
[INFO] [stderr] done.
[INFO] validating manifest of git repo https://github.com/priority-msg-store/priority-msg-store-lib on toolchain beta-2023-04-20
[INFO] running `Command { std: CARGO_HOME="/workspace/cargo-home" RUSTUP_HOME="/workspace/rustup-home" "/workspace/cargo-home/bin/cargo" "+beta-2023-04-20" "metadata" "--manifest-path" "Cargo.toml" "--no-deps", kill_on_drop: false }`
[INFO] started tweaking git repo https://github.com/priority-msg-store/priority-msg-store-lib
[INFO] finished tweaking git repo https://github.com/priority-msg-store/priority-msg-store-lib
[INFO] tweaked toml for git repo https://github.com/priority-msg-store/priority-msg-store-lib written to /workspace/builds/worker-4-tc2/source/Cargo.toml
[INFO] crate git repo https://github.com/priority-msg-store/priority-msg-store-lib already has a lockfile, it will not be regenerated
[INFO] running `Command { std: CARGO_HOME="/workspace/cargo-home" RUSTUP_HOME="/workspace/rustup-home" "/workspace/cargo-home/bin/cargo" "+beta-2023-04-20" "fetch" "--manifest-path" "Cargo.toml", kill_on_drop: false }`
[INFO] [stderr]     Updating crates.io index
[INFO] [stderr]  Downloading crates ...
[INFO] [stderr]   Downloaded leveldb v0.8.6
[INFO] [stderr]   Downloaded ffi-opaque v2.0.1
[INFO] [stderr]   Downloaded actix-http v2.2.2
[INFO] [stderr]   Downloaded actix-web v3.3.3
[INFO] [stderr]   Downloaded db-key v0.0.5
[INFO] [stderr]   Downloaded leveldb-sys v2.0.9
[INFO] running `Command { std: "docker" "create" "-v" "/var/lib/crater-agent-workspace/builds/worker-4-tc2/target:/opt/rustwide/target:rw,Z" "-v" "/var/lib/crater-agent-workspace/builds/worker-4-tc2/source:/opt/rustwide/workdir:ro,Z" "-v" "/var/lib/crater-agent-workspace/cargo-home:/opt/rustwide/cargo-home:ro,Z" "-v" "/var/lib/crater-agent-workspace/rustup-home:/opt/rustwide/rustup-home:ro,Z" "-e" "SOURCE_DIR=/opt/rustwide/workdir" "-e" "CARGO_TARGET_DIR=/opt/rustwide/target" "-e" "CARGO_HOME=/opt/rustwide/cargo-home" "-e" "RUSTUP_HOME=/opt/rustwide/rustup-home" "-w" "/opt/rustwide/workdir" "-m" "1610612736" "--user" "0:0" "--network" "none" "ghcr.io/rust-lang/crates-build-env/linux@sha256:5ff2268d62e97bff2cde7d5815dd6ed5b47097566f13b8d0ca110b04b60e07ed" "/opt/rustwide/cargo-home/bin/cargo" "+beta-2023-04-20" "metadata" "--no-deps" "--format-version=1", kill_on_drop: false }`
[INFO] [stdout] 328b0f97111469caf849cd29aef22d0febe51312ba669945015d97f143be9a49
[INFO] running `Command { std: "docker" "start" "-a" "328b0f97111469caf849cd29aef22d0febe51312ba669945015d97f143be9a49", kill_on_drop: false }`
[INFO] running `Command { std: "docker" "inspect" "328b0f97111469caf849cd29aef22d0febe51312ba669945015d97f143be9a49", kill_on_drop: false }`
[INFO] running `Command { std: "docker" "rm" "-f" "328b0f97111469caf849cd29aef22d0febe51312ba669945015d97f143be9a49", kill_on_drop: false }`
[INFO] [stdout] 328b0f97111469caf849cd29aef22d0febe51312ba669945015d97f143be9a49
[INFO] running `Command { std: "docker" "create" "-v" "/var/lib/crater-agent-workspace/builds/worker-4-tc2/target:/opt/rustwide/target:rw,Z" "-v" "/var/lib/crater-agent-workspace/builds/worker-4-tc2/source:/opt/rustwide/workdir:ro,Z" "-v" "/var/lib/crater-agent-workspace/cargo-home:/opt/rustwide/cargo-home:ro,Z" "-v" "/var/lib/crater-agent-workspace/rustup-home:/opt/rustwide/rustup-home:ro,Z" "-e" "SOURCE_DIR=/opt/rustwide/workdir" "-e" "CARGO_TARGET_DIR=/opt/rustwide/target" "-e" "CARGO_INCREMENTAL=0" "-e" "RUST_BACKTRACE=full" "-e" "RUSTFLAGS=--cap-lints=warn" "-e" "RUSTDOCFLAGS=--cap-lints=warn" "-e" "CARGO_HOME=/opt/rustwide/cargo-home" "-e" "RUSTUP_HOME=/opt/rustwide/rustup-home" "-w" "/opt/rustwide/workdir" "-m" "1610612736" "--user" "0:0" "--network" "none" "ghcr.io/rust-lang/crates-build-env/linux@sha256:5ff2268d62e97bff2cde7d5815dd6ed5b47097566f13b8d0ca110b04b60e07ed" "/opt/rustwide/cargo-home/bin/cargo" "+beta-2023-04-20" "build" "--frozen" "--message-format=json", kill_on_drop: false }`
[INFO] [stdout] 297de896c1f696901a386400186add600e2b283967ca932d4c1c94edf772b85f
[INFO] running `Command { std: "docker" "start" "-a" "297de896c1f696901a386400186add600e2b283967ca932d4c1c94edf772b85f", kill_on_drop: false }`
[INFO] [stderr]    Compiling libc v0.2.119
[INFO] [stderr]    Compiling proc-macro2 v1.0.36
[INFO] [stderr]    Compiling unicode-xid v0.2.2
[INFO] [stderr]    Compiling cfg-if v1.0.0
[INFO] [stderr]    Compiling syn v1.0.86
[INFO] [stderr]    Compiling log v0.4.14
[INFO] [stderr]    Compiling memchr v2.4.1
[INFO] [stderr]    Compiling lazy_static v1.4.0
[INFO] [stderr]    Compiling autocfg v1.1.0
[INFO] [stderr]    Compiling futures-core v0.3.21
[INFO] [stderr]    Compiling futures-sink v0.3.21
[INFO] [stderr]    Compiling slab v0.4.5
[INFO] [stderr]    Compiling pin-project-lite v0.2.8
[INFO] [stderr]    Compiling futures-channel v0.3.21
[INFO] [stderr]    Compiling scopeguard v1.1.0
[INFO] [stderr]    Compiling futures-task v0.3.21
[INFO] [stderr]    Compiling futures-io v0.3.21
[INFO] [stderr]    Compiling futures-util v0.3.21
[INFO] [stderr]    Compiling fnv v1.0.7
[INFO] [stderr]    Compiling smallvec v1.8.0
[INFO] [stderr]    Compiling pin-utils v0.1.0
[INFO] [stderr]    Compiling cfg-if v0.1.10
[INFO] [stderr]    Compiling version_check v0.9.4
[INFO] [stderr]    Compiling lock_api v0.4.6
[INFO] [stderr]    Compiling bytes v1.1.0
[INFO] [stderr]    Compiling bytes v0.5.6
[INFO] [stderr]    Compiling pin-project-lite v0.1.12
[INFO] [stderr]    Compiling serde_derive v1.0.136
[INFO] [stderr]    Compiling parking_lot_core v0.8.5
[INFO] [stderr]    Compiling pin-project-internal v0.4.29
[INFO] [stderr]    Compiling itoa v1.0.1
[INFO] [stderr]    Compiling instant v0.1.12
[INFO] [stderr]    Compiling serde v1.0.136
[INFO] [stderr]    Compiling ppv-lite86 v0.2.16
[INFO] [stderr]    Compiling getrandom v0.1.16
[INFO] [stderr]    Compiling convert_case v0.4.0
[INFO] [stderr]    Compiling percent-encoding v2.1.0
[INFO] [stderr]    Compiling matches v0.1.9
[INFO] [stderr]    Compiling bitflags v1.3.2
[INFO] [stderr]    Compiling tinyvec_macros v0.1.0
[INFO] [stderr]    Compiling copyless v0.1.5
[INFO] [stderr]    Compiling tinyvec v1.5.1
[INFO] [stderr]    Compiling either v1.6.1
[INFO] [stderr]    Compiling http v0.2.6
[INFO] [stderr]    Compiling form_urlencoded v1.0.1
[INFO] [stderr]    Compiling standback v0.2.17
[INFO] [stderr]    Compiling quote v1.0.15
[INFO] [stderr]    Compiling indexmap v1.8.0
[INFO] [stderr]    Compiling tracing-core v0.1.22
[INFO] [stderr]    Compiling typenum v1.15.0
[INFO] [stderr]    Compiling unicode-segmentation v1.9.0
[INFO] [stderr]    Compiling async-trait v0.1.52
[INFO] [stderr]    Compiling unicode-bidi v0.3.7
[INFO] [stderr]    Compiling proc-macro-hack v0.5.19
[INFO] [stderr]    Compiling generic-array v0.14.5
[INFO] [stderr]    Compiling match_cfg v0.1.0
[INFO] [stderr]    Compiling hashbrown v0.11.2
[INFO] [stderr]    Compiling num_cpus v1.13.1
[INFO] [stderr]    Compiling signal-hook-registry v1.4.0
[INFO] [stderr]    Compiling iovec v0.1.4
[INFO] [stderr]    Compiling net2 v0.2.37
[INFO] [stderr]    Compiling heck v0.3.3
[INFO] [stderr]    Compiling tracing v0.1.31
[INFO] [stderr]    Compiling mio v0.6.23
[INFO] [stderr]    Compiling threadpool v1.8.1
[INFO] [stderr]    Compiling unicode-normalization v0.1.19
[INFO] [stderr]    Compiling rand_core v0.5.1
[INFO] [stderr]    Compiling parking_lot v0.11.2
[INFO] [stderr]    Compiling rand_chacha v0.2.2
[INFO] [stderr]    Compiling hostname v0.3.1
[INFO] [stderr]    Compiling httparse v1.6.0
[INFO] [stderr]    Compiling const_fn v0.4.9
[INFO] [stderr]    Compiling linked-hash-map v0.5.4
[INFO] [stderr]    Compiling quick-error v1.2.3
[INFO] [stderr]    Compiling mio-uds v0.6.8
[INFO] [stderr]    Compiling rand v0.7.3
[INFO] [stderr]    Compiling resolv-conf v0.7.0
[INFO] [stderr]    Compiling lru-cache v0.1.2
[INFO] [stderr]    Compiling idna v0.2.3
[INFO] [stderr]    Compiling tokio v0.2.25
[INFO] [stderr]    Compiling aho-corasick v0.7.18
[INFO] [stderr]    Compiling time v0.2.27
[INFO] [stderr]    Compiling miniz_oxide v0.4.4
[INFO] [stderr]    Compiling alloc-no-stdlib v2.0.3
[INFO] [stderr]    Compiling ryu v1.0.9
[INFO] [stderr]    Compiling serde_json v1.0.79
[INFO] [stderr]    Compiling regex-syntax v0.6.25
[INFO] [stderr]    Compiling crc32fast v1.3.2
[INFO] [stderr]    Compiling alloc-stdlib v0.2.1
[INFO] [stderr]    Compiling url v2.2.2
[INFO] [stderr]    Compiling cookie v0.14.4
[INFO] [stderr]    Compiling once_cell v1.9.0
[INFO] [stderr]    Compiling cc v1.0.73
[INFO] [stderr]    Compiling crossbeam-utils v0.8.7
[INFO] [stderr]    Compiling encoding_rs v0.8.30
[INFO] [stderr]    Compiling parking_lot_core v0.9.1
[INFO] [stderr]    Compiling adler v1.0.2
[INFO] [stderr]    Compiling digest v0.9.0
[INFO] [stderr]    Compiling block-buffer v0.9.0
[INFO] [stderr]    Compiling brotli-decompressor v2.3.2
[INFO] [stderr]    Compiling memoffset v0.6.5
[INFO] [stderr]    Compiling byteorder v1.4.3
[INFO] [stderr]    Compiling cpufeatures v0.2.1
[INFO] [stderr]    Compiling opaque-debug v0.3.0
[INFO] [stderr]    Compiling cmake v0.1.48
[INFO] [stderr]    Compiling sha-1 v0.9.8
[INFO] [stderr]    Compiling fxhash v0.2.1
[INFO] [stderr]    Compiling socket2 v0.3.19
[INFO] [stderr]    Compiling crossbeam-utils v0.7.2
[INFO] [stderr]    Compiling flate2 v1.0.22
[INFO] [stderr]    Compiling crossbeam-epoch v0.9.8
[INFO] [stderr]    Compiling language-tags v0.2.2
[INFO] [stderr]    Compiling msg_store_uuid v0.1.0 (/opt/rustwide/workdir/msg_store_uuid)
[INFO] [stderr]    Compiling mime v0.3.16
[INFO] [stderr]    Compiling base64 v0.13.0
[INFO] [stderr]    Compiling itoa v0.4.8
[INFO] [stderr]    Compiling regex v1.5.4
[INFO] [stderr]    Compiling leveldb-sys v2.0.9
[INFO] [stderr]    Compiling maybe-uninit v2.0.0
[INFO] [stderr]    Compiling msg-store v0.9.1 (/opt/rustwide/workdir/msg-store)
[INFO] [stderr]    Compiling brotli v3.3.3
[INFO] [stderr]    Compiling parking_lot v0.12.0
[INFO] [stderr]    Compiling socket2 v0.4.4
[INFO] [stderr]    Compiling mio v0.8.2
[INFO] [stderr]    Compiling bytestring v1.0.0
[INFO] [stderr]    Compiling rayon-core v1.9.1
[INFO] [stderr]    Compiling ffi-opaque v2.0.1
[INFO] [stderr]    Compiling getrandom v0.2.4
[INFO] [stderr]    Compiling db-key v0.0.5
[INFO] [stderr]    Compiling rand_core v0.6.3
[INFO] [stderr]    Compiling crossbeam-channel v0.5.4
[INFO] [stderr]    Compiling crossbeam-deque v0.8.1
[INFO] [stderr]    Compiling atty v0.2.14
[INFO] [stderr]    Compiling crossbeam-channel v0.4.4
[INFO] [stderr]    Compiling rayon v1.5.1
[INFO] [stderr]    Compiling unchecked-index v0.2.2
[INFO] [stderr]    Compiling tokio-util v0.3.1
[INFO] [stderr]    Compiling unicode-width v0.1.9
[INFO] [stderr]    Compiling try-lock v0.2.3
[INFO] [stderr]    Compiling twoway v0.2.2
[INFO] [stderr]    Compiling want v0.3.0
[INFO] [stderr]    Compiling textwrap v0.11.0
[INFO] [stderr]    Compiling rand_chacha v0.3.1
[INFO] [stderr]    Compiling http-body v0.4.4
[INFO] [stderr]    Compiling rand v0.4.6
[INFO] [stderr]    Compiling humantime v2.1.0
[INFO] [stderr]    Compiling remove_dir_all v0.5.3
[INFO] [stderr]    Compiling ansi_term v0.12.1
[INFO] [stderr]    Compiling strsim v0.8.0
[INFO] [stderr]    Compiling termcolor v1.1.2
[INFO] [stderr]    Compiling httpdate v1.0.2
[INFO] [stderr]    Compiling vec_map v0.8.2
[INFO] [stderr]    Compiling tower-service v0.3.1
[INFO] [stderr]    Compiling rand v0.8.5
[INFO] [stderr]    Compiling dirs v1.0.5
[INFO] [stderr]    Compiling clap v2.34.0
[INFO] [stderr]    Compiling env_logger v0.9.0
[INFO] [stderr]    Compiling tempdir v0.3.7
[INFO] [stderr]    Compiling futures-macro v0.3.21
[INFO] [stderr]    Compiling derive_more v0.99.17
[INFO] [stderr]    Compiling actix-macros v0.1.3
[INFO] [stderr]    Compiling thiserror-impl v1.0.30
[INFO] [stderr]    Compiling enum-as-inner v0.3.3
[INFO] [stderr]    Compiling time-macros-impl v0.1.2
[INFO] [stderr]    Compiling pin-project-internal v1.0.10
[INFO] [stderr]    Compiling tokio-macros v1.7.0
[INFO] [stderr]    Compiling actix-web-codegen v0.4.0
[INFO] [stderr]    Compiling actix_derive v0.5.0
[INFO] [stderr]    Compiling time-macros v0.1.1
[INFO] [stderr]    Compiling tokio v1.17.0
[INFO] [stderr]    Compiling pin-project v1.0.10
[INFO] [stderr]    Compiling tracing-futures v0.2.5
[INFO] [stderr]    Compiling pin-project v0.4.29
[INFO] [stderr]    Compiling thiserror v1.0.30
[INFO] [stderr]    Compiling actix-codec v0.3.0
[INFO] [stderr]    Compiling actix-threadpool v0.3.3
[INFO] [stderr]    Compiling futures-executor v0.3.21
[INFO] [stderr]    Compiling actix-rt v1.1.1
[INFO] [stderr]    Compiling actix-service v1.0.6
[INFO] [stderr]    Compiling h2 v0.2.7
[INFO] [stderr]    Compiling futures v0.3.21
[INFO] [stderr]    Compiling trust-dns-proto v0.19.7
[INFO] [stderr]    Compiling actix-utils v2.0.0
[INFO] [stderr]    Compiling actix-server v1.0.4
[INFO] [stderr]    Compiling actix-tls v2.0.0
[INFO] [stderr]    Compiling tokio-util v0.6.9
[INFO] [stderr]    Compiling h2 v0.3.12
[INFO] [stderr]    Compiling leveldb v0.8.6
[INFO] [stderr]    Compiling actix-testing v1.0.1
[INFO] [stderr]    Compiling serde_urlencoded v0.7.1
[INFO] [stderr]    Compiling bincode v1.3.3
[INFO] [stderr]    Compiling actix-router v0.2.7
[INFO] [stderr]    Compiling trust-dns-resolver v0.19.7
[INFO] [stderr]    Compiling msg_store_database_plugin v0.1.0 (/opt/rustwide/workdir/msg_store_database_plugin)
[INFO] [stderr]    Compiling msg_store_database_in_memory_plugin v0.1.0 (/opt/rustwide/workdir/msg_store_database_in_memory_plugin)
[INFO] [stderr]    Compiling msg_store_database_leveldb_plugin v0.1.0 (/opt/rustwide/workdir/msg_store_database_leveldb_plugin)
[INFO] [stderr]    Compiling actix-connect v2.0.0
[INFO] [stderr]    Compiling actix v0.10.0
[INFO] [stderr]    Compiling msg_store_server_api v0.1.1 (/opt/rustwide/workdir/msg_store_server_api)
[INFO] [stderr]    Compiling actix-http v2.2.2
[INFO] [stderr]    Compiling hyper v0.14.17
[INFO] [stderr]    Compiling awc v2.0.3
[INFO] [stderr]    Compiling actix-web v3.3.3
[INFO] [stderr]    Compiling actix-web-actors v3.0.0
[INFO] [stderr]    Compiling actix-multipart v0.3.0
[INFO] [stderr]    Compiling msg-store-http-server v0.1.5 (/opt/rustwide/workdir/msg-store-http-server)
[INFO] [stderr]    Compiling msg-store-http-server-stresser v0.1.0 (/opt/rustwide/workdir/msg-store-http-server-stresser)
[INFO] [stdout] warning: function `send_message` is never used
[INFO] [stdout]    --> msg-store-http-server-stresser/src/main.rs:110:10
[INFO] [stdout]     |
[INFO] [stdout] 110 | async fn send_message() {
[INFO] [stdout]     |          ^^^^^^^^^^^^
[INFO] [stdout]     |
[INFO] [stdout]     = note: `#[warn(dead_code)]` on by default
[INFO] [stdout] 
[INFO] [stdout] 
[INFO] [stdout] warning: function `start_server` is never used
[INFO] [stdout]    --> msg-store-http-server-stresser/src/main.rs:121:10
[INFO] [stdout]     |
[INFO] [stdout] 121 | async fn start_server(msg_store_dir: PathBuf) -> JoinHandle<Output> {
[INFO] [stdout]     |          ^^^^^^^^^^^^
[INFO] [stdout] 
[INFO] [stdout] 
[INFO] [stdout] warning: 2 warnings emitted
[INFO] [stdout] 
[INFO] [stdout] 
[INFO] [stderr]     Finished dev [unoptimized + debuginfo] target(s) in 1m 00s
[INFO] running `Command { std: "docker" "inspect" "297de896c1f696901a386400186add600e2b283967ca932d4c1c94edf772b85f", kill_on_drop: false }`
[INFO] running `Command { std: "docker" "rm" "-f" "297de896c1f696901a386400186add600e2b283967ca932d4c1c94edf772b85f", kill_on_drop: false }`
[INFO] [stdout] 297de896c1f696901a386400186add600e2b283967ca932d4c1c94edf772b85f
[INFO] running `Command { std: "docker" "create" "-v" "/var/lib/crater-agent-workspace/builds/worker-4-tc2/target:/opt/rustwide/target:rw,Z" "-v" "/var/lib/crater-agent-workspace/builds/worker-4-tc2/source:/opt/rustwide/workdir:ro,Z" "-v" "/var/lib/crater-agent-workspace/cargo-home:/opt/rustwide/cargo-home:ro,Z" "-v" "/var/lib/crater-agent-workspace/rustup-home:/opt/rustwide/rustup-home:ro,Z" "-e" "SOURCE_DIR=/opt/rustwide/workdir" "-e" "CARGO_TARGET_DIR=/opt/rustwide/target" "-e" "CARGO_INCREMENTAL=0" "-e" "RUST_BACKTRACE=full" "-e" "RUSTFLAGS=--cap-lints=warn" "-e" "RUSTDOCFLAGS=--cap-lints=warn" "-e" "CARGO_HOME=/opt/rustwide/cargo-home" "-e" "RUSTUP_HOME=/opt/rustwide/rustup-home" "-w" "/opt/rustwide/workdir" "-m" "1610612736" "--user" "0:0" "--network" "none" "ghcr.io/rust-lang/crates-build-env/linux@sha256:5ff2268d62e97bff2cde7d5815dd6ed5b47097566f13b8d0ca110b04b60e07ed" "/opt/rustwide/cargo-home/bin/cargo" "+beta-2023-04-20" "test" "--frozen" "--no-run" "--message-format=json", kill_on_drop: false }`
[INFO] [stdout] b67009d0a47f4b3adc38d26280a3b3d4d79a86de502de56bc4ed064167b88b1d
[INFO] running `Command { std: "docker" "start" "-a" "b67009d0a47f4b3adc38d26280a3b3d4d79a86de502de56bc4ed064167b88b1d", kill_on_drop: false }`
[INFO] [stderr]    Compiling msg_store_server_api v0.1.1 (/opt/rustwide/workdir/msg_store_server_api)
[INFO] [stderr]    Compiling msg_store_database_leveldb_plugin v0.1.0 (/opt/rustwide/workdir/msg_store_database_leveldb_plugin)
[INFO] [stderr]    Compiling msg_store_database_in_memory_plugin v0.1.0 (/opt/rustwide/workdir/msg_store_database_in_memory_plugin)
[INFO] [stderr]    Compiling msg_store_database_plugin v0.1.0 (/opt/rustwide/workdir/msg_store_database_plugin)
[INFO] [stderr]    Compiling msg-store v0.9.1 (/opt/rustwide/workdir/msg-store)
[INFO] [stderr]    Compiling msg_store_uuid v0.1.0 (/opt/rustwide/workdir/msg_store_uuid)
[INFO] [stderr]    Compiling msg-store-http-server v0.1.5 (/opt/rustwide/workdir/msg-store-http-server)
[INFO] [stderr]    Compiling msg-store-http-server-stresser v0.1.0 (/opt/rustwide/workdir/msg-store-http-server-stresser)
[INFO] [stdout] warning: function `send_message` is never used
[INFO] [stdout]    --> msg-store-http-server-stresser/src/main.rs:110:10
[INFO] [stdout]     |
[INFO] [stdout] 110 | async fn send_message() {
[INFO] [stdout]     |          ^^^^^^^^^^^^
[INFO] [stdout]     |
[INFO] [stdout]     = note: `#[warn(dead_code)]` on by default
[INFO] [stdout] 
[INFO] [stdout] 
[INFO] [stdout] warning: function `start_server` is never used
[INFO] [stdout]    --> msg-store-http-server-stresser/src/main.rs:121:10
[INFO] [stdout]     |
[INFO] [stdout] 121 | async fn start_server(msg_store_dir: PathBuf) -> JoinHandle<Output> {
[INFO] [stdout]     |          ^^^^^^^^^^^^
[INFO] [stdout] 
[INFO] [stdout] 
[INFO] [stdout] warning: 2 warnings emitted
[INFO] [stdout] 
[INFO] [stdout] 
[INFO] [stderr]     Finished test [unoptimized + debuginfo] target(s) in 5.14s
[INFO] running `Command { std: "docker" "inspect" "b67009d0a47f4b3adc38d26280a3b3d4d79a86de502de56bc4ed064167b88b1d", kill_on_drop: false }`
[INFO] running `Command { std: "docker" "rm" "-f" "b67009d0a47f4b3adc38d26280a3b3d4d79a86de502de56bc4ed064167b88b1d", kill_on_drop: false }`
[INFO] [stdout] b67009d0a47f4b3adc38d26280a3b3d4d79a86de502de56bc4ed064167b88b1d
[INFO] running `Command { std: "docker" "create" "-v" "/var/lib/crater-agent-workspace/builds/worker-4-tc2/target:/opt/rustwide/target:rw,Z" "-v" "/var/lib/crater-agent-workspace/builds/worker-4-tc2/source:/opt/rustwide/workdir:ro,Z" "-v" "/var/lib/crater-agent-workspace/cargo-home:/opt/rustwide/cargo-home:ro,Z" "-v" "/var/lib/crater-agent-workspace/rustup-home:/opt/rustwide/rustup-home:ro,Z" "-e" "SOURCE_DIR=/opt/rustwide/workdir" "-e" "CARGO_TARGET_DIR=/opt/rustwide/target" "-e" "CARGO_INCREMENTAL=0" "-e" "RUST_BACKTRACE=full" "-e" "RUSTFLAGS=--cap-lints=warn" "-e" "RUSTDOCFLAGS=--cap-lints=warn" "-e" "CARGO_HOME=/opt/rustwide/cargo-home" "-e" "RUSTUP_HOME=/opt/rustwide/rustup-home" "-w" "/opt/rustwide/workdir" "-m" "1610612736" "--user" "0:0" "--network" "none" "ghcr.io/rust-lang/crates-build-env/linux@sha256:5ff2268d62e97bff2cde7d5815dd6ed5b47097566f13b8d0ca110b04b60e07ed" "/opt/rustwide/cargo-home/bin/cargo" "+beta-2023-04-20" "test" "--frozen", kill_on_drop: false }`
[INFO] [stdout] c88e28227a15409fc4610833da6a6062d1677b1528fd67f06eaf5b5e95be25ab
[INFO] running `Command { std: "docker" "start" "-a" "c88e28227a15409fc4610833da6a6062d1677b1528fd67f06eaf5b5e95be25ab", kill_on_drop: false }`
[INFO] [stderr] warning: function `send_message` is never used
[INFO] [stderr]    --> msg-store-http-server-stresser/src/main.rs:110:10
[INFO] [stderr]     |
[INFO] [stderr] 110 | async fn send_message() {
[INFO] [stderr]     |          ^^^^^^^^^^^^
[INFO] [stderr]     |
[INFO] [stderr]     = note: `#[warn(dead_code)]` on by default
[INFO] [stderr] 
[INFO] [stderr] warning: function `start_server` is never used
[INFO] [stderr]    --> msg-store-http-server-stresser/src/main.rs:121:10
[INFO] [stderr]     |
[INFO] [stderr] 121 | async fn start_server(msg_store_dir: PathBuf) -> JoinHandle<Output> {
[INFO] [stderr]     |          ^^^^^^^^^^^^
[INFO] [stderr] 
[INFO] [stderr] warning: `msg-store-http-server-stresser` (bin "msg-store-http-server-stresser" test) generated 2 warnings
[INFO] [stderr]     Finished test [unoptimized + debuginfo] target(s) in 0.20s
[INFO] [stderr]      Running unittests src/lib.rs (/opt/rustwide/target/debug/deps/msg_store-4203bfad5fad7dff)
[INFO] [stdout] 
[INFO] [stdout] running 39 tests
[INFO] [stdout] test tests::add::should_create_group_with_defaults ... ok
[INFO] [stdout] test tests::add::should_increase_store_byte_size ... ok
[INFO] [stdout] test tests::add::should_prune_oldest_lowest_pri_msg_in_the_store_when_exceeding_store_max_byte_size ... ok
[INFO] [stdout] test tests::add::should_increase_group_byte_size ... ok
[INFO] [stdout] test tests::add::should_prune_group_byte_size_to_10_when_group_max_byte_size_exists ... ok
[INFO] [stdout] test tests::del_group::should_decrease_byte_size ... ok
[INFO] [stdout] test tests::add::should_prune_oldest_msg_in_a_group_when_exceeding_group_max_byte_size ... ok
[INFO] [stdout] test tests::delete_group_defaults::should_update_existing_group ... ok
[INFO] [stdout] test tests::get::should_return_msg ... ok
[INFO] [stdout] test tests::del_group::should_remove_empty_group ... ok
[INFO] [stdout] test tests::del::should_remove_empty_group ... ok
[INFO] [stdout] test tests::add::should_return_add_result_with_pruned_msgs ... ok
[INFO] [stdout] test tests::add::should_return_msg_to_large_for_group_err ... ok
[INFO] [stdout] test tests::del::should_decrease_byte_size ... ok
[INFO] [stdout] test tests::get::should_return_highest_pri_msg ... ok
[INFO] [stdout] test tests::get::should_return_lowest_pri_msg ... ok
[INFO] [stdout] test tests::add::should_prune_store_byte_size_to_10_when_group_max_byte_size_exists ... ok
[INFO] [stdout] test tests::add::should_return_msg_lacks_priority_err ... ok
[INFO] [stdout] test tests::get::should_return_oldest_msg_in_group ... ok
[INFO] [stdout] test tests::get_n::should_return_9_messages_lt_4 ... ok
[INFO] [stdout] test tests::get_n::should_return_n_msg_uuids ... ok
[INFO] [stdout] test tests::update_group_defaults::should_update_existing_group ... ok
[INFO] [stdout] test tests::get_metadata::should_return_2_message_data_points_with_range_starting_at_2 ... ok
[INFO] [stdout] test tests::get_n::should_return_8_messages_lt_the_pri_2_message ... ok
[INFO] [stdout] test tests::get_metadata::should_return_2_message_data_points ... ok
[INFO] [stdout] test tests::get::should_return_youngest_msg ... ok
[INFO] [stdout] test tests::add::should_return_msg_to_large_for_store_err ... ok
[INFO] [stdout] test tests::update_group_defaults::should_prune_group_after_update ... ok
[INFO] [stdout] test tests::add::should_prune_oldest_msg_in_a_group_when_exceeding_store_max_byte_size ... ok
[INFO] [stdout] test tests::get::should_return_youngest_msg_in_group ... ok
[INFO] [stdout] test tests::add::should_prune_store_byte_size_to_10_when_store_max_byte_size_exists ... ok
[INFO] [stdout] test tests::update_group_defaults::should_update_store_config ... ok
[INFO] [stdout] test tests::get::should_return_oldest_msg ... ok
[INFO] [stdout] test tests::add::should_reinsert_group_after_errors ... ok
[INFO] [stdout] test tests::uuid::should_convert_a_str_to_uuid ... ok
[INFO] [stdout] test tests::uuid::should_reflect_node_id ... ok
[INFO] [stdout] test tests::update_store_defaults::should_remove_empty_group_after_update ... ok
[INFO] [stdout] test tests::update_store_defaults::should_update_store_config ... ok
[INFO] [stdout] test tests::update_store_defaults::should_prune_store_after_update ... ok
[INFO] [stdout] 
[INFO] [stdout] test result: ok. 39 passed; 0 failed; 0 ignored; 0 measured; 0 filtered out; finished in 0.07s
[INFO] [stdout] 
[INFO] [stderr]      Running unittests src/main.rs (/opt/rustwide/target/debug/deps/msg_store_http_server-7ab2dab175589c52)
[INFO] [stdout] 
[INFO] [stdout] running 0 tests
[INFO] [stdout] 
[INFO] [stdout] test result: ok. 0 passed; 0 failed; 0 ignored; 0 measured; 0 filtered out; finished in 0.00s
[INFO] [stdout] 
[INFO] [stderr]      Running unittests src/main.rs (/opt/rustwide/target/debug/deps/msg_store_http_server_stresser-702fd5c5a56a897f)
[INFO] [stdout] 
[INFO] [stdout] running 0 tests
[INFO] [stdout] 
[INFO] [stdout] test result: ok. 0 passed; 0 failed; 0 ignored; 0 measured; 0 filtered out; finished in 0.00s
[INFO] [stdout] 
[INFO] [stderr]      Running unittests src/lib.rs (/opt/rustwide/target/debug/deps/msg_store_database_in_memory_plugin-77818e59739e1568)
[INFO] [stdout] 
[INFO] [stdout] running 0 tests
[INFO] [stdout] 
[INFO] [stdout] test result: ok. 0 passed; 0 failed; 0 ignored; 0 measured; 0 filtered out; finished in 0.00s
[INFO] [stdout] 
[INFO] [stderr]      Running unittests src/lib.rs (/opt/rustwide/target/debug/deps/msg_store_database_leveldb_plugin-02ae4e1be6ab710f)
[INFO] [stdout] 
[INFO] [stdout] running 1 test
[INFO] [stdout] test tests::it_works ... ok
[INFO] [stdout] 
[INFO] [stdout] test result: ok. 1 passed; 0 failed; 0 ignored; 0 measured; 0 filtered out; finished in 0.07s
[INFO] [stdout] 
[INFO] [stderr]      Running unittests src/lib.rs (/opt/rustwide/target/debug/deps/msg_store_database_plugin-b5be677bf7f4ff2c)
[INFO] [stdout] 
[INFO] [stderr]      Running unittests src/lib.rs (/opt/rustwide/target/debug/deps/msg_store_server_api-2c98c524b163c173)
[INFO] [stdout] running 0 tests
[INFO] [stdout] 
[INFO] [stdout] test result: ok. 0 passed; 0 failed; 0 ignored; 0 measured; 0 filtered out; finished in 0.00s
[INFO] [stdout] 
[INFO] [stdout] 
[INFO] [stdout] running 6 tests
[INFO] [stdout] test msg::tests::should_reject_messages ... ok
[INFO] [stdout] test msg::tests::should_add_get_and_rm_msg ... ok
[INFO] [stdout] test store::tests::should_put_defaults_in_store ... ok
[INFO] [stdout] test group_defaults::tests::should_put_defaults_in_store ... ok
[INFO] [stdout] test export::tests::should_export_msgs ... ok
[INFO] [stdout] test export::tests::should_export_file_based_msgs ... ok
[INFO] [stdout] 
[INFO] [stdout] test result: ok. 6 passed; 0 failed; 0 ignored; 0 measured; 0 filtered out; finished in 0.10s
[INFO] [stderr]      Running unittests src/lib.rs (/opt/rustwide/target/debug/deps/msg_store_uuid-0affaff9677d4131)
[INFO] [stdout] 
[INFO] [stdout] 
[INFO] [stdout] running 0 tests
[INFO] [stdout] 
[INFO] [stdout] test result: ok. 0 passed; 0 failed; 0 ignored; 0 measured; 0 filtered out; finished in 0.00s
[INFO] [stdout] 
[INFO] [stderr]    Doc-tests msg-store
[INFO] [stdout] 
[INFO] [stdout] running 9 tests
[INFO] [stdout] test src/lib.rs - Store::delete_group_defaults (line 808) ... ok
[INFO] [stdout] test src/lib.rs - Store::get (line 568) ... ok
[INFO] [stdout] test src/lib.rs - Store::add_with_uuid (line 430) ... ok
[INFO] [stdout] test src/lib.rs - Store::update_group_defaults (line 777) ... ok
[INFO] [stdout] test src/lib.rs - Store::del (line 486) ... ok
[INFO] [stdout] test src/lib.rs - Store::get_metadata (line 708) ... FAILED
[INFO] [stdout] test src/lib.rs - Store::add (line 392) ... ok
[INFO] [stdout] test src/lib.rs - Store::update_store_defaults (line 845) ... ok
[INFO] [stderr] error: doctest failed, to rerun pass `-p msg-store --doc`
[INFO] [stdout] test src/lib.rs - Store::del_group (line 537) ... ok
[INFO] [stdout] 
[INFO] [stdout] failures:
[INFO] [stdout] 
[INFO] [stdout] ---- src/lib.rs - Store::get_metadata (line 708) stdout ----
[INFO] [stdout] Test executable failed (exit status: 101).
[INFO] [stdout] 
[INFO] [stdout] stderr:
[INFO] [stdout] thread 'main' panicked at 'assertion failed: `(left == right)`
[INFO] [stdout]   left: `Uuid { priority: 1, timestamp: 1682867696, sequence: 2, node_id: 0 }`,
[INFO] [stdout]  right: `Uuid { priority: 1, timestamp: 1682867696, sequence: 4, node_id: 0 }`', src/lib.rs:13:1
[INFO] [stdout] stack backtrace:
[INFO] [stdout]    0:     0x55d2efd3c37a - std::backtrace_rs::backtrace::libunwind::trace::h2f05d0192276a8f6
[INFO] [stdout]                                at /rustc/1b7dd2252b99671ce5d1cb9664c5f8636329436d/library/std/src/../../backtrace/src/backtrace/libunwind.rs:93:5
[INFO] [stdout]    1:     0x55d2efd3c37a - std::backtrace_rs::backtrace::trace_unsynchronized::hedc23dff7a1af150
[INFO] [stdout]                                at /rustc/1b7dd2252b99671ce5d1cb9664c5f8636329436d/library/std/src/../../backtrace/src/backtrace/mod.rs:66:5
[INFO] [stdout]    2:     0x55d2efd3c37a - std::sys_common::backtrace::_print_fmt::h17541ef7592f3ce2
[INFO] [stdout]                                at /rustc/1b7dd2252b99671ce5d1cb9664c5f8636329436d/library/std/src/sys_common/backtrace.rs:65:5
[INFO] [stdout]    3:     0x55d2efd3c37a - <std::sys_common::backtrace::_print::DisplayBacktrace as core::fmt::Display>::fmt::h20f75df5ab0c0792
[INFO] [stdout]                                at /rustc/1b7dd2252b99671ce5d1cb9664c5f8636329436d/library/std/src/sys_common/backtrace.rs:44:22
[INFO] [stdout]    4:     0x55d2efd5676f - core::fmt::write::h78109e6f466b3af6
[INFO] [stdout]                                at /rustc/1b7dd2252b99671ce5d1cb9664c5f8636329436d/library/core/src/fmt/mod.rs:1254:17
[INFO] [stdout]    5:     0x55d2efd3a115 - std::io::Write::write_fmt::hc59e1b02dd273c8a
[INFO] [stdout]                                at /rustc/1b7dd2252b99671ce5d1cb9664c5f8636329436d/library/std/src/io/mod.rs:1698:15
[INFO] [stdout]    6:     0x55d2efd3c145 - std::sys_common::backtrace::_print::h8dac57a9f8fbf9a5
[INFO] [stdout]                                at /rustc/1b7dd2252b99671ce5d1cb9664c5f8636329436d/library/std/src/sys_common/backtrace.rs:47:5
[INFO] [stdout]    7:     0x55d2efd3c145 - std::sys_common::backtrace::print::hf9ecbf41d1aa712f
[INFO] [stdout]                                at /rustc/1b7dd2252b99671ce5d1cb9664c5f8636329436d/library/std/src/sys_common/backtrace.rs:34:9
[INFO] [stdout]    8:     0x55d2efd3d6ce - std::panicking::default_hook::{{closure}}::h04c07acfc84ca028
[INFO] [stdout]                                at /rustc/1b7dd2252b99671ce5d1cb9664c5f8636329436d/library/std/src/panicking.rs:269:22
[INFO] [stdout]    9:     0x55d2efd3d475 - std::panicking::default_hook::h01f6bb23e1eceb2c
[INFO] [stdout]                                at /rustc/1b7dd2252b99671ce5d1cb9664c5f8636329436d/library/std/src/panicking.rs:288:9
[INFO] [stdout]   10:     0x55d2efd3dc2e - std::panicking::rust_panic_with_hook::h2bb3722bbaf2f6df
[INFO] [stdout]                                at /rustc/1b7dd2252b99671ce5d1cb9664c5f8636329436d/library/std/src/panicking.rs:691:13
[INFO] [stdout]   11:     0x55d2efd3db29 - std::panicking::begin_panic_handler::{{closure}}::h91bc7f36a4be011b
[INFO] [stdout]                                at /rustc/1b7dd2252b99671ce5d1cb9664c5f8636329436d/library/std/src/panicking.rs:582:13
[INFO] [stdout]   12:     0x55d2efd3c7e6 - std::sys_common::backtrace::__rust_end_short_backtrace::h8b3d3717114f9e59
[INFO] [stdout]                                at /rustc/1b7dd2252b99671ce5d1cb9664c5f8636329436d/library/std/src/sys_common/backtrace.rs:150:18
[INFO] [stdout]   13:     0x55d2efd3d882 - rust_begin_unwind
[INFO] [stdout]                                at /rustc/1b7dd2252b99671ce5d1cb9664c5f8636329436d/library/std/src/panicking.rs:578:5
[INFO] [stdout]   14:     0x55d2efcdff33 - core::panicking::panic_fmt::hfd368e3fbdabea26
[INFO] [stdout]                                at /rustc/1b7dd2252b99671ce5d1cb9664c5f8636329436d/library/core/src/panicking.rs:67:14
[INFO] [stdout]   15:     0x55d2efce01af - core::panicking::assert_failed_inner::haef49168e1798a91
[INFO] [stdout]   16:     0x55d2efce0c46 - core::panicking::assert_failed::h9e4cbe91cb7fa537
[INFO] [stdout]   17:     0x55d2efce2909 - rust_out::main::_doctest_main_src_lib_rs_708_0::h4cc199f45a541e40
[INFO] [stdout]   18:     0x55d2efce2476 - rust_out::main::h2731449a68dfa004
[INFO] [stdout]   19:     0x55d2efce07c3 - core::ops::function::FnOnce::call_once::hd1715aa1b26fc35c
[INFO] [stdout]   20:     0x55d2efce06f6 - std::sys_common::backtrace::__rust_begin_short_backtrace::h8d2b4d09ce515535
[INFO] [stdout]   21:     0x55d2efce0749 - std::rt::lang_start::{{closure}}::hc9a918c63b0dc835
[INFO] [stdout]   22:     0x55d2efd3841e - core::ops::function::impls::<impl core::ops::function::FnOnce<A> for &F>::call_once::h2eb19b8ce4148df4
[INFO] [stdout]                                at /rustc/1b7dd2252b99671ce5d1cb9664c5f8636329436d/library/core/src/ops/function.rs:287:13
[INFO] [stdout]   23:     0x55d2efd3841e - std::panicking::try::do_call::h2e900feff5d504c5
[INFO] [stdout]                                at /rustc/1b7dd2252b99671ce5d1cb9664c5f8636329436d/library/std/src/panicking.rs:485:40
[INFO] [stdout]   24:     0x55d2efd3841e - std::panicking::try::h8854836cb85aa9f2
[INFO] [stdout]                                at /rustc/1b7dd2252b99671ce5d1cb9664c5f8636329436d/library/std/src/panicking.rs:449:19
[INFO] [stdout]   25:     0x55d2efd3841e - std::panic::catch_unwind::h706025dd4c48f64b
[INFO] [stdout]                                at /rustc/1b7dd2252b99671ce5d1cb9664c5f8636329436d/library/std/src/panic.rs:140:14
[INFO] [stdout]   26:     0x55d2efd3841e - std::rt::lang_start_internal::{{closure}}::h7be5b97f4a07a91a
[INFO] [stdout]                                at /rustc/1b7dd2252b99671ce5d1cb9664c5f8636329436d/library/std/src/rt.rs:148:48
[INFO] [stdout]   27:     0x55d2efd3841e - std::panicking::try::do_call::h59847e9d0a176965
[INFO] [stdout]                                at /rustc/1b7dd2252b99671ce5d1cb9664c5f8636329436d/library/std/src/panicking.rs:485:40
[INFO] [stdout]   28:     0x55d2efd3841e - std::panicking::try::h399a918ba8522823
[INFO] [stdout]                                at /rustc/1b7dd2252b99671ce5d1cb9664c5f8636329436d/library/std/src/panicking.rs:449:19
[INFO] [stdout]   29:     0x55d2efd3841e - std::panic::catch_unwind::hca7ca6c55b2a2e26
[INFO] [stdout]                                at /rustc/1b7dd2252b99671ce5d1cb9664c5f8636329436d/library/std/src/panic.rs:140:14
[INFO] [stdout]   30:     0x55d2efd3841e - std::rt::lang_start_internal::h2c807a81560459eb
[INFO] [stdout]                                at /rustc/1b7dd2252b99671ce5d1cb9664c5f8636329436d/library/std/src/rt.rs:148:20
[INFO] [stdout]   31:     0x55d2efce0727 - std::rt::lang_start::hc4bd3329ce767e23
[INFO] [stdout]   32:     0x55d2efce2ad5 - main
[INFO] [stdout]   33:     0x7f6f35fdcd90 - <unknown>
[INFO] [stdout]   34:     0x7f6f35fdce40 - __libc_start_main
[INFO] [stdout]   35:     0x55d2efce0465 - _start
[INFO] [stdout]   36:                0x0 - <unknown>
[INFO] [stdout] 
[INFO] [stdout] 
[INFO] [stdout] 
[INFO] [stdout] failures:
[INFO] [stdout]     src/lib.rs - Store::get_metadata (line 708)
[INFO] [stdout] 
[INFO] [stdout] test result: FAILED. 8 passed; 1 failed; 0 ignored; 0 measured; 0 filtered out; finished in 0.69s
[INFO] [stdout] 
[INFO] running `Command { std: "docker" "inspect" "c88e28227a15409fc4610833da6a6062d1677b1528fd67f06eaf5b5e95be25ab", kill_on_drop: false }`
[INFO] running `Command { std: "docker" "rm" "-f" "c88e28227a15409fc4610833da6a6062d1677b1528fd67f06eaf5b5e95be25ab", kill_on_drop: false }`
[INFO] [stdout] c88e28227a15409fc4610833da6a6062d1677b1528fd67f06eaf5b5e95be25ab
