[INFO] fetching crate rv 0.15.0...
[INFO] testing rv-0.15.0 against beta-2023-04-20 for beta-1.70-1
[INFO] extracting crate rv 0.15.0 into /workspace/builds/worker-5-tc2/source
[INFO] validating manifest of crates.io crate rv 0.15.0 on toolchain beta-2023-04-20
[INFO] running `Command { std: CARGO_HOME="/workspace/cargo-home" RUSTUP_HOME="/workspace/rustup-home" "/workspace/cargo-home/bin/cargo" "+beta-2023-04-20" "metadata" "--manifest-path" "Cargo.toml" "--no-deps", kill_on_drop: false }`
[INFO] started tweaking crates.io crate rv 0.15.0
[INFO] finished tweaking crates.io crate rv 0.15.0
[INFO] tweaked toml for crates.io crate rv 0.15.0 written to /workspace/builds/worker-5-tc2/source/Cargo.toml
[INFO] crate crates.io crate rv 0.15.0 already has a lockfile, it will not be regenerated
[INFO] running `Command { std: CARGO_HOME="/workspace/cargo-home" RUSTUP_HOME="/workspace/rustup-home" "/workspace/cargo-home/bin/cargo" "+beta-2023-04-20" "fetch" "--manifest-path" "Cargo.toml", kill_on_drop: false }`
[INFO] [stderr]     Updating crates.io index
[INFO] [stderr]  Downloading crates ...
[INFO] [stderr]   Downloaded serde_yaml v0.9.17
[INFO] [stderr]   Downloaded order-stat v0.1.3
[INFO] [stderr]   Downloaded peroxide-ad v0.3.0
[INFO] [stderr]   Downloaded puruspe v0.2.0
[INFO] [stderr]   Downloaded nalgebra v0.32.1
[INFO] [stderr]   Downloaded slog-json v2.6.1
[INFO] [stderr]   Downloaded indoc v2.0.0
[INFO] [stderr]   Downloaded peroxide v0.32.1
[INFO] [stderr]   Downloaded special v0.10.2
[INFO] [stderr]   Downloaded argmin v0.8.1
[INFO] [stderr]   Downloaded argmin-math v0.3.0
[INFO] [stderr]   Downloaded assert v0.7.4
[INFO] [stderr]   Downloaded nalgebra-macros v0.2.0
[INFO] [stderr]   Downloaded simba v0.8.0
[INFO] [stderr]   Downloaded thread-tree v0.3.3
[INFO] running `Command { std: "docker" "create" "-v" "/var/lib/crater-agent-workspace/builds/worker-5-tc2/target:/opt/rustwide/target:rw,Z" "-v" "/var/lib/crater-agent-workspace/builds/worker-5-tc2/source:/opt/rustwide/workdir:ro,Z" "-v" "/var/lib/crater-agent-workspace/cargo-home:/opt/rustwide/cargo-home:ro,Z" "-v" "/var/lib/crater-agent-workspace/rustup-home:/opt/rustwide/rustup-home:ro,Z" "-e" "SOURCE_DIR=/opt/rustwide/workdir" "-e" "CARGO_TARGET_DIR=/opt/rustwide/target" "-e" "CARGO_HOME=/opt/rustwide/cargo-home" "-e" "RUSTUP_HOME=/opt/rustwide/rustup-home" "-w" "/opt/rustwide/workdir" "-m" "1610612736" "--user" "0:0" "--network" "none" "ghcr.io/rust-lang/crates-build-env/linux@sha256:5ff2268d62e97bff2cde7d5815dd6ed5b47097566f13b8d0ca110b04b60e07ed" "/opt/rustwide/cargo-home/bin/cargo" "+beta-2023-04-20" "metadata" "--no-deps" "--format-version=1", kill_on_drop: false }`
[INFO] [stdout] 1f45a0011988590f06d53469f21b968a1bf10a5360c67743e3cbcc3e06d2c748
[INFO] running `Command { std: "docker" "start" "-a" "1f45a0011988590f06d53469f21b968a1bf10a5360c67743e3cbcc3e06d2c748", kill_on_drop: false }`
[INFO] running `Command { std: "docker" "inspect" "1f45a0011988590f06d53469f21b968a1bf10a5360c67743e3cbcc3e06d2c748", kill_on_drop: false }`
[INFO] running `Command { std: "docker" "rm" "-f" "1f45a0011988590f06d53469f21b968a1bf10a5360c67743e3cbcc3e06d2c748", kill_on_drop: false }`
[INFO] [stdout] 1f45a0011988590f06d53469f21b968a1bf10a5360c67743e3cbcc3e06d2c748
[INFO] running `Command { std: "docker" "create" "-v" "/var/lib/crater-agent-workspace/builds/worker-5-tc2/target:/opt/rustwide/target:rw,Z" "-v" "/var/lib/crater-agent-workspace/builds/worker-5-tc2/source:/opt/rustwide/workdir:ro,Z" "-v" "/var/lib/crater-agent-workspace/cargo-home:/opt/rustwide/cargo-home:ro,Z" "-v" "/var/lib/crater-agent-workspace/rustup-home:/opt/rustwide/rustup-home:ro,Z" "-e" "SOURCE_DIR=/opt/rustwide/workdir" "-e" "CARGO_TARGET_DIR=/opt/rustwide/target" "-e" "CARGO_INCREMENTAL=0" "-e" "RUST_BACKTRACE=full" "-e" "RUSTFLAGS=--cap-lints=warn" "-e" "RUSTDOCFLAGS=--cap-lints=warn" "-e" "CARGO_HOME=/opt/rustwide/cargo-home" "-e" "RUSTUP_HOME=/opt/rustwide/rustup-home" "-w" "/opt/rustwide/workdir" "-m" "1610612736" "--user" "0:0" "--network" "none" "ghcr.io/rust-lang/crates-build-env/linux@sha256:5ff2268d62e97bff2cde7d5815dd6ed5b47097566f13b8d0ca110b04b60e07ed" "/opt/rustwide/cargo-home/bin/cargo" "+beta-2023-04-20" "build" "--frozen" "--message-format=json", kill_on_drop: false }`
[INFO] [stdout] 64e4067162482a65fe41fbf52bba5b28480a6e862fb191ce62bfef96cb176ff4
[INFO] running `Command { std: "docker" "start" "-a" "64e4067162482a65fe41fbf52bba5b28480a6e862fb191ce62bfef96cb176ff4", kill_on_drop: false }`
[INFO] [stderr]    Compiling libm v0.2.6
[INFO] [stderr]    Compiling num-traits v0.2.15
[INFO] [stderr]    Compiling libc v0.2.139
[INFO] [stderr]    Compiling num-integer v0.1.45
[INFO] [stderr]    Compiling proc-macro2 v1.0.51
[INFO] [stderr]    Compiling unicode-ident v1.0.6
[INFO] [stderr]    Compiling quote v1.0.23
[INFO] [stderr]    Compiling once_cell v1.17.1
[INFO] [stderr]    Compiling ahash v0.8.3
[INFO] [stderr]    Compiling num-bigint v0.4.3
[INFO] [stderr]    Compiling ppv-lite86 v0.2.17
[INFO] [stderr]    Compiling syn v1.0.109
[INFO] [stderr]    Compiling crossbeam-channel v0.5.7
[INFO] [stderr]    Compiling num-iter v0.1.43
[INFO] [stderr]    Compiling getrandom v0.2.8
[INFO] [stderr]    Compiling num-rational v0.4.1
[INFO] [stderr]    Compiling thread-tree v0.3.3
[INFO] [stderr]    Compiling rand_core v0.6.4
[INFO] [stderr]    Compiling num_cpus v1.15.0
[INFO] [stderr]    Compiling rand_chacha v0.3.1
[INFO] [stderr]    Compiling peroxide v0.32.1
[INFO] [stderr]    Compiling doc-comment v0.3.3
[INFO] [stderr]    Compiling rand v0.8.5
[INFO] [stderr]    Compiling rawpointer v0.2.1
[INFO] [stderr]    Compiling hashbrown v0.13.2
[INFO] [stderr]    Compiling matrixmultiply v0.3.2
[INFO] [stderr]    Compiling num-complex v0.4.3
[INFO] [stderr]    Compiling puruspe v0.2.0
[INFO] [stderr]    Compiling order-stat v0.1.3
[INFO] [stderr]    Compiling lru v0.9.0
[INFO] [stderr]    Compiling special v0.10.2
[INFO] [stderr]    Compiling rand_distr v0.4.3
[INFO] [stderr]    Compiling num v0.4.0
[INFO] [stderr]    Compiling peroxide-ad v0.3.0
[INFO] [stderr]    Compiling rv v0.15.0 (/opt/rustwide/workdir)
[INFO] [stderr]     Finished dev [unoptimized + debuginfo] target(s) in 26.93s
[INFO] running `Command { std: "docker" "inspect" "64e4067162482a65fe41fbf52bba5b28480a6e862fb191ce62bfef96cb176ff4", kill_on_drop: false }`
[INFO] running `Command { std: "docker" "rm" "-f" "64e4067162482a65fe41fbf52bba5b28480a6e862fb191ce62bfef96cb176ff4", kill_on_drop: false }`
[INFO] [stdout] 64e4067162482a65fe41fbf52bba5b28480a6e862fb191ce62bfef96cb176ff4
[INFO] running `Command { std: "docker" "create" "-v" "/var/lib/crater-agent-workspace/builds/worker-5-tc2/target:/opt/rustwide/target:rw,Z" "-v" "/var/lib/crater-agent-workspace/builds/worker-5-tc2/source:/opt/rustwide/workdir:ro,Z" "-v" "/var/lib/crater-agent-workspace/cargo-home:/opt/rustwide/cargo-home:ro,Z" "-v" "/var/lib/crater-agent-workspace/rustup-home:/opt/rustwide/rustup-home:ro,Z" "-e" "SOURCE_DIR=/opt/rustwide/workdir" "-e" "CARGO_TARGET_DIR=/opt/rustwide/target" "-e" "CARGO_INCREMENTAL=0" "-e" "RUST_BACKTRACE=full" "-e" "RUSTFLAGS=--cap-lints=warn" "-e" "RUSTDOCFLAGS=--cap-lints=warn" "-e" "CARGO_HOME=/opt/rustwide/cargo-home" "-e" "RUSTUP_HOME=/opt/rustwide/rustup-home" "-w" "/opt/rustwide/workdir" "-m" "1610612736" "--user" "0:0" "--network" "none" "ghcr.io/rust-lang/crates-build-env/linux@sha256:5ff2268d62e97bff2cde7d5815dd6ed5b47097566f13b8d0ca110b04b60e07ed" "/opt/rustwide/cargo-home/bin/cargo" "+beta-2023-04-20" "test" "--frozen" "--no-run" "--message-format=json", kill_on_drop: false }`
[INFO] [stdout] bb4b54ba64ce630f6a18c4599ae12607649aa670ea8a59051ef92b6974fe8a03
[INFO] running `Command { std: "docker" "start" "-a" "bb4b54ba64ce630f6a18c4599ae12607649aa670ea8a59051ef92b6974fe8a03", kill_on_drop: false }`
[INFO] [stderr]    Compiling serde_derive v1.0.152
[INFO] [stderr]    Compiling serde v1.0.152
[INFO] [stderr]    Compiling indexmap v1.9.2
[INFO] [stderr]    Compiling serde_json v1.0.93
[INFO] [stderr]    Compiling rayon-core v1.10.2
[INFO] [stderr]    Compiling ryu v1.0.12
[INFO] [stderr]    Compiling itoa v1.0.5
[INFO] [stderr]    Compiling ciborium-io v0.2.0
[INFO] [stderr]    Compiling os_str_bytes v6.4.1
[INFO] [stderr]    Compiling ciborium-ll v0.2.0
[INFO] [stderr]    Compiling clap_lex v0.2.4
[INFO] [stderr]    Compiling regex-syntax v0.6.28
[INFO] [stderr]    Compiling textwrap v0.16.0
[INFO] [stderr]    Compiling criterion-plot v0.5.0
[INFO] [stderr]    Compiling walkdir v2.3.2
[INFO] [stderr]    Compiling plotters v0.3.4
[INFO] [stderr]    Compiling clap v3.2.23
[INFO] [stderr]    Compiling atty v0.2.14
[INFO] [stderr]    Compiling unsafe-libyaml v0.2.5
[INFO] [stderr]    Compiling anes v0.1.6
[INFO] [stderr]    Compiling rayon v1.6.1
[INFO] [stderr]    Compiling rand_xoshiro v0.6.0
[INFO] [stderr]    Compiling regex v1.7.1
[INFO] [stderr]    Compiling approx v0.5.1
[INFO] [stderr]    Compiling indoc v2.0.0
[INFO] [stderr]    Compiling assert v0.7.4
[INFO] [stderr]    Compiling ciborium v0.2.0
[INFO] [stderr]    Compiling serde_yaml v0.9.17
[INFO] [stderr]    Compiling tinytemplate v1.2.1
[INFO] [stderr]    Compiling criterion v0.4.0
[INFO] [stderr]    Compiling rv v0.15.0 (/opt/rustwide/workdir)
[INFO] [stderr]     Finished test [unoptimized + debuginfo] target(s) in 44.31s
[INFO] running `Command { std: "docker" "inspect" "bb4b54ba64ce630f6a18c4599ae12607649aa670ea8a59051ef92b6974fe8a03", kill_on_drop: false }`
[INFO] running `Command { std: "docker" "rm" "-f" "bb4b54ba64ce630f6a18c4599ae12607649aa670ea8a59051ef92b6974fe8a03", kill_on_drop: false }`
[INFO] [stdout] bb4b54ba64ce630f6a18c4599ae12607649aa670ea8a59051ef92b6974fe8a03
[INFO] running `Command { std: "docker" "create" "-v" "/var/lib/crater-agent-workspace/builds/worker-5-tc2/target:/opt/rustwide/target:rw,Z" "-v" "/var/lib/crater-agent-workspace/builds/worker-5-tc2/source:/opt/rustwide/workdir:ro,Z" "-v" "/var/lib/crater-agent-workspace/cargo-home:/opt/rustwide/cargo-home:ro,Z" "-v" "/var/lib/crater-agent-workspace/rustup-home:/opt/rustwide/rustup-home:ro,Z" "-e" "SOURCE_DIR=/opt/rustwide/workdir" "-e" "CARGO_TARGET_DIR=/opt/rustwide/target" "-e" "CARGO_INCREMENTAL=0" "-e" "RUST_BACKTRACE=full" "-e" "RUSTFLAGS=--cap-lints=warn" "-e" "RUSTDOCFLAGS=--cap-lints=warn" "-e" "CARGO_HOME=/opt/rustwide/cargo-home" "-e" "RUSTUP_HOME=/opt/rustwide/rustup-home" "-w" "/opt/rustwide/workdir" "-m" "1610612736" "--user" "0:0" "--network" "none" "ghcr.io/rust-lang/crates-build-env/linux@sha256:5ff2268d62e97bff2cde7d5815dd6ed5b47097566f13b8d0ca110b04b60e07ed" "/opt/rustwide/cargo-home/bin/cargo" "+beta-2023-04-20" "test" "--frozen", kill_on_drop: false }`
[INFO] [stdout] 997252f4ba62c488ca6cd368ed261427c1a927c557020bdb51c5ab8b448013a1
[INFO] running `Command { std: "docker" "start" "-a" "997252f4ba62c488ca6cd368ed261427c1a927c557020bdb51c5ab8b448013a1", kill_on_drop: false }`
[INFO] [stderr]     Finished test [unoptimized + debuginfo] target(s) in 0.13s
[INFO] [stdout] 
[INFO] [stderr]      Running unittests src/lib.rs (/opt/rustwide/target/debug/deps/rv-e5b0754be6a8a785)
[INFO] [stdout] running 614 tests
[INFO] [stdout] test data::partition::tests::new ... ok
[INFO] [stdout] test data::stat::bernoulli::tests::from_parts_unchecked ... ok
[INFO] [stdout] test data::stat::bernoulli::tests::observe_0 ... ok
[INFO] [stdout] test data::stat::bernoulli::tests::new_should_be_empty ... ok
[INFO] [stdout] test data::stat::bernoulli::tests::observe_1 ... ok
[INFO] [stdout] test data::stat::bernoulli::tests::observe_false ... ok
[INFO] [stdout] test data::stat::categorical::tests::new ... ok
[INFO] [stdout] test data::stat::gaussian::tests::from_parts_unchecked ... ok
[INFO] [stdout] test data::stat::gaussian::tests::suffstat_decrements_correctly ... ok
[INFO] [stdout] test data::stat::gaussian::tests::suffstat_increments_correctly ... ok
[INFO] [stdout] test data::tests::booleable::impl_i16_from_bool ... ok
[INFO] [stdout] test data::tests::booleable::impl_i16_try_into_bool ... ok
[INFO] [stdout] test data::tests::booleable::impl_i32_from_bool ... ok
[INFO] [stdout] test data::tests::booleable::impl_i32_try_into_bool ... ok
[INFO] [stdout] test data::tests::booleable::impl_i64_from_bool ... ok
[INFO] [stdout] test data::tests::booleable::impl_i64_try_into_bool ... ok
[INFO] [stdout] test data::tests::booleable::impl_isize_from_bool ... ok
[INFO] [stdout] test data::tests::booleable::impl_isize_try_into_bool ... ok
[INFO] [stdout] test data::tests::booleable::impl_u16_from_bool ... ok
[INFO] [stdout] test data::tests::booleable::impl_u16_try_into_bool ... ok
[INFO] [stdout] test data::tests::booleable::impl_u32_from_bool ... ok
[INFO] [stdout] test data::tests::booleable::impl_u32_try_into_bool ... ok
[INFO] [stdout] test data::tests::booleable::impl_i8_from_bool ... ok
[INFO] [stdout] test data::tests::booleable::impl_u64_from_bool ... ok
[INFO] [stdout] test data::tests::booleable::impl_u64_try_into_bool ... ok
[INFO] [stdout] test data::tests::booleable::impl_u8_from_bool ... ok
[INFO] [stdout] test data::tests::booleable::impl_u8_try_into_bool ... ok
[INFO] [stdout] test data::tests::booleable::impl_usize_try_into_bool ... ok
[INFO] [stdout] test data::tests::booleable::impl_usize_from_bool ... ok
[INFO] [stdout] test data::tests::booleable::impl_i8_try_into_bool ... ok
[INFO] [stdout] test data::tests::categorical_datum::impl_bool_from_usize ... ok
[INFO] [stdout] test data::tests::categorical_datum::impl_u16_into_usize ... ok
[INFO] [stdout] test data::tests::categorical_datum::impl_u32_from_usize ... ok
[INFO] [stdout] test data::tests::categorical_datum::impl_u32_into_usize ... ok
[INFO] [stdout] test data::tests::categorical_datum::impl_bool_into_usize ... ok
[INFO] [stdout] test data::tests::categorical_datum::impl_u8_from_usize ... ok
[INFO] [stdout] test data::tests::categorical_datum::impl_u8_into_usize ... ok
[INFO] [stdout] test data::tests::categorical_datum::impl_usize_from_usize ... ok
[INFO] [stdout] test dist::bernoulli::tests::cmf_of_false_is_q ... ok
[INFO] [stdout] test dist::bernoulli::tests::cmf_of_one_is_one ... ok
[INFO] [stdout] test data::tests::categorical_datum::impl_u16_from_usize ... ok
[INFO] [stdout] test data::tests::categorical_datum::impl_usize_into_usize ... ok
[INFO] [stdout] test dist::bernoulli::tests::cmf_of_true_is_one ... ok
[INFO] [stdout] test dist::bernoulli::tests::cmf_of_zero_is_q ... ok
[INFO] [stdout] test dist::bernoulli::tests::contains_both_zero_and_one ... ok
[INFO] [stdout] test dist::bernoulli::tests::contains_both_true_and_false ... ok
[INFO] [stdout] test dist::bernoulli::tests::draw_test ... ok
[INFO] [stdout] test data::stat::bernoulli::tests::observe_true ... ok
[INFO] [stdout] test data::stat::categorical::tests::from_parts_unchecked ... ok
[INFO] [stdout] test dist::bernoulli::tests::mean_is_p ... ok
[INFO] [stdout] test dist::bernoulli::tests::median_for_high_p_is_one ... ok
[INFO] [stdout] test dist::bernoulli::tests::median_for_low_p_is_zero ... ok
[INFO] [stdout] test dist::bernoulli::tests::median_for_p_one_half_is_one_half ... ok
[INFO] [stdout] test dist::bernoulli::tests::mode_for_even_p_is_none ... ok
[INFO] [stdout] test dist::bernoulli::tests::mode_for_high_p_is_one ... ok
[INFO] [stdout] test dist::bernoulli::tests::mode_for_high_p_is_true ... ok
[INFO] [stdout] test dist::bernoulli::tests::cmf_less_than_zero_fails - should panic ... ok
[INFO] [stdout] test dist::bernoulli::tests::mode_for_low_p_is_zero ... ok
[INFO] [stdout] test dist::bernoulli::tests::mode_for_low_p_is_false ... ok
[INFO] [stdout] test dist::bernoulli::tests::new ... ok
[INFO] [stdout] test dist::bernoulli::tests::new_should_reject_oob_p ... ok
[INFO] [stdout] test dist::bernoulli::tests::pmf_of_0_should_be_q ... ok
[INFO] [stdout] test dist::bernoulli::tests::new_should_reject_non_finite_p ... ok
[INFO] [stdout] test dist::bernoulli::tests::pmf_of_1_should_be_p ... ok
[INFO] [stdout] test dist::bernoulli::tests::pmf_of_false_should_be_q ... ok
[INFO] [stdout] test dist::bernoulli::tests::ln_pmf_of_false_should_be_ln_q ... ok
[INFO] [stdout] test dist::bernoulli::tests::impls::should_impl_debug_clone_and_partialeq ... ok
[INFO] [stdout] test dist::bernoulli::tests::entropy ... ok
[INFO] [stdout] test dist::bernoulli::tests::ln_pmf_of_1_should_be_ln_p ... ok
[INFO] [stdout] test dist::bernoulli::tests::ln_pmf_of_true_should_be_ln_p ... ok
[INFO] [stdout] test dist::bernoulli::tests::sample_bools_should_draw_the_correct_number_of_samples ... ok
[INFO] [stdout] test dist::bernoulli::tests::sample_ints_should_draw_the_correct_number_of_samples ... ok
[INFO] [stdout] test dist::bernoulli::tests::pmf_of_true_should_be_p ... ok
[INFO] [stdout] test dist::bernoulli::tests::ln_pmf_of_zero_should_be_ln_q ... ok
[INFO] [stdout] test dist::bernoulli::tests::q_should_be_the_compliment_of_p ... ok
[INFO] [stdout] test dist::bernoulli::tests::uniform_kurtosis ... ok
[INFO] [stdout] test dist::bernoulli::tests::uniform_skewness_should_be_zero ... ok
[INFO] [stdout] test dist::bernoulli::tests::unifrom_entropy ... ok
[INFO] [stdout] test dist::bernoulli::tests::variance ... ok
[INFO] [stdout] test dist::bernoulli::tests::variance_for_uniform ... ok
[INFO] [stdout] test dist::beta::bernoulli_prior::tests::posterior_from_data_bool ... ok
[INFO] [stdout] test dist::bernoulli::tests::uniform_p_should_be_one_half ... ok
[INFO] [stdout] test dist::beta::bernoulli_prior::tests::posterior_from_data_u16 ... ok
[INFO] [stdout] test dist::beta::tests::draw_should_resturn_values_within_0_to_1 ... ok
[INFO] [stdout] test dist::beta::tests::cdf_bowl_shaped ... ok
[INFO] [stdout] test dist::beta::tests::cdf_hump_shaped ... ok
[INFO] [stdout] test dist::beta::tests::impls::should_impl_debug_clone_and_partialeq ... ok
[INFO] [stdout] test dist::beta::tests::jeffreys ... ok
[INFO] [stdout] test dist::beta::tests::jeffreysf_skewness_should_be_zero ... ok
[INFO] [stdout] test dist::beta::tests::kurtosis ... ok
[INFO] [stdout] test dist::beta::tests::entropy ... ok
[INFO] [stdout] test dist::beta::tests::jeffreys_mean ... ok
[INFO] [stdout] test dist::bernoulli::tests::set_p ... ok
[INFO] [stdout] test dist::beta::tests::ln_pdf_high_value ... ok
[INFO] [stdout] test dist::beta::tests::mean ... ok
[INFO] [stdout] test dist::bernoulli::tests::skewness ... ok
[INFO] [stdout] test dist::beta::tests::mode_for_alpha_less_than_one_is_none ... ok
[INFO] [stdout] test dist::beta::tests::mode_for_alpha_and_beta_less_than_one_is_none ... ok
[INFO] [stdout] test dist::beta::tests::mode_for_alpha_and_beta_greater_than_one ... ok
[INFO] [stdout] test dist::beta::tests::ln_pdf_center_value ... ok
[INFO] [stdout] test dist::beta::tests::mode_for_alpha_one_and_large_beta ... ok
[INFO] [stdout] test dist::beta::tests::mode_for_beta_less_than_one_is_none ... ok
[INFO] [stdout] test dist::beta::tests::ln_pdf_low_value ... ok
[INFO] [stdout] test dist::beta::tests::pdf_preserved_after_set_reset_alpha ... ok
[INFO] [stdout] test dist::beta::tests::pdf_preserved_after_set_reset_beta ... ok
[INFO] [stdout] test dist::beta::tests::sample_returns_the_correct_number_draws ... ok
[INFO] [stdout] test dist::beta::tests::skewness ... ok
[INFO] [stdout] test dist::beta::tests::uniform_mean ... ok
[INFO] [stdout] test dist::beta::tests::variance ... ok
[INFO] [stdout] test dist::beta_binom::tests::impls::should_impl_debug_clone_and_partialeq ... ok
[INFO] [stdout] test dist::beta::tests::mode_for_large_alpha_and_beta_one ... ok
[INFO] [stdout] test dist::beta::tests::uniform ... ok
[INFO] [stdout] test dist::beta::tests::uniform_skewness_should_be_zero ... ok
[INFO] [stdout] test dist::beta_binom::tests::pmf ... ok
[INFO] [stdout] test dist::binomial::tests::cdf ... ok
[INFO] [stdout] test dist::binomial::tests::draw_test ... ok
[INFO] [stdout] test dist::beta::tests::new ... ok
[INFO] [stdout] test dist::beta_binom::tests::new ... ok
[INFO] [stdout] test dist::beta::tests::beta_u_should_never_draw_1 ... ok
[INFO] [stdout] test dist::binomial::tests::ln_pmf ... ok
[INFO] [stdout] test dist::binomial::tests::new_should_reject_low_p ... ok
[INFO] [stdout] test dist::binomial::tests::mean ... ok
[INFO] [stdout] test dist::binomial::tests::new ... ok
[INFO] [stdout] test dist::binomial::tests::impls::should_impl_debug_clone_and_partialeq ... ok
[INFO] [stdout] test dist::binomial::tests::skewness ... ok
[INFO] [stdout] test dist::binomial::tests::new_should_reject_high_p ... ok
[INFO] [stdout] test dist::binomial::tests::variance ... ok
[INFO] [stdout] test dist::binomial::tests::support ... ok
[INFO] [stdout] test dist::binomial::tests::new_should_reject_n_zero ... ok
[INFO] [stdout] test dist::categorical::tests::draw_should_return_numbers_in_0_to_k ... ok
[INFO] [stdout] test dist::binomial::tests::sample_test ... ok
[INFO] [stdout] test dist::categorical::tests::from_ln_weights_with_zero_weight_should_work ... ok
[INFO] [stdout] test dist::categorical::tests::kl ... ok
[INFO] [stdout] test dist::categorical::tests::ln_f_should_be_ln_weight ... ok
[INFO] [stdout] test dist::binomial::tests::kurtosis ... ok
[INFO] [stdout] test dist::categorical::tests::ln_weights_should_logsumexp_to_1 ... ok
[INFO] [stdout] test dist::categorical::tests::ln_weights_unifor_should_logsumexp_to_1 ... ok
[INFO] [stdout] test dist::categorical::tests::sample_should_return_the_correct_number_of_draws ... ok
[INFO] [stdout] test dist::categorical::tests::mode ... ok
[INFO] [stdout] test dist::categorical::tests::uniform_mode_does_not_exist ... ok
[INFO] [stdout] test dist::categorical::tests::cdf ... ok
[INFO] [stdout] test dist::categorical::tests::impls::should_impl_debug_clone_and_partialeq ... ok
[INFO] [stdout] test dist::categorical::tests::draw_test ... ok
[INFO] [stdout] test dist::categorical::tests::ln_pmf_should_be_ln_weight ... ok
[INFO] [stdout] test dist::cauchy::tests::cdf_at_loc ... ok
[INFO] [stdout] test dist::cauchy::tests::impls::should_impl_debug_clone_and_partialeq ... ok
[INFO] [stdout] test dist::cauchy::tests::inv_cdf ... ok
[INFO] [stdout] test dist::categorical::tests::should_contain_zero_to_one_minus_k ... ok
[INFO] [stdout] test dist::cauchy::tests::ln_pdf_loc_nonzero ... ok
[INFO] [stdout] test dist::cauchy::tests::cdf_off_loc ... ok
[INFO] [stdout] test dist::cauchy::tests::ln_pdf_loc_zero ... ok
[INFO] [stdout] test dist::cauchy::tests::median_should_be_loc ... ok
[INFO] [stdout] test dist::cauchy::tests::mode_should_be_loc ... ok
[INFO] [stdout] test dist::cauchy::tests::non_finite_numbers_should_not_be_in_support ... ok
[INFO] [stdout] test dist::chi_squared::tests::cdf ... ok
[INFO] [stdout] test dist::cauchy::tests::finite_numbers_should_be_in_support ... ok
[INFO] [stdout] test dist::cauchy::tests::entropy ... ok
[INFO] [stdout] test dist::cauchy::tests::inv_cdf_ident ... ok
[INFO] [stdout] test dist::chi_squared::tests::ln_pdf ... ok
[INFO] [stdout] test dist::chi_squared::tests::impls::should_impl_debug_clone_and_partialeq ... ok
[INFO] [stdout] test dist::chi_squared::tests::mean ... ok
[INFO] [stdout] test dist::cauchy::tests::loc_does_not_affect_entropy ... ok
[INFO] [stdout] test dist::chi_squared::tests::new ... ok
[INFO] [stdout] test dist::chi_squared::tests::new_should_reject_k_leq_zero ... ok
[INFO] [stdout] test dist::chi_squared::tests::kurtosis ... ok
[INFO] [stdout] test dist::chi_squared::tests::new_should_reject_non_finite_k ... ok
[INFO] [stdout] test dist::chi_squared::tests::variance ... ok
[INFO] [stdout] test dist::crp::tests::impls::should_impl_debug_clone_and_partialeq ... ok
[INFO] [stdout] test dist::crp::tests::new ... ok
[INFO] [stdout] test dist::dirichlet::categorical_prior::test::symmetric::csd_loglike_value_1 ... ok
[INFO] [stdout] test dist::dirichlet::categorical_prior::test::symmetric::marginal_likelihood_u8_3 ... ok
[INFO] [stdout] test dist::dirichlet::categorical_prior::test::symmetric::predictive_probability_value_1 ... ok
[INFO] [stdout] test dist::dirichlet::categorical_prior::test::symmetric::predictive_probability_value_2 ... ok
[INFO] [stdout] test dist::dirichlet::categorical_prior::test::symmetric::predictive_probability_value_3 ... ok
[INFO] [stdout] test dist::dirichlet::categorical_prior::test::symmetric::predictive_probability_value_4 ... ok
[INFO] [stdout] test dist::dirichlet::categorical_prior::test::symmetric::symmetric_posterior_draw_log_weights_should_all_be_negative ... ok
[INFO] [stdout] test dist::dirichlet::categorical_prior::test::symmetric::symmetric_posterior_draw_log_weights_should_be_unique ... ok
[INFO] [stdout] test dist::dirichlet::categorical_prior::test::symmetric::symmetric_prior_draw_log_weights_should_all_be_negative ... ok
[INFO] [stdout] test dist::dirichlet::categorical_prior::test::symmetric::symmetric_prior_draw_log_weights_should_be_unique ... ok
[INFO] [stdout] test dist::dirichlet::tests::dir::draws_should_be_in_support ... ok
[INFO] [stdout] test dist::dirichlet::tests::dir::impls::should_impl_debug_clone_and_partialeq ... ok
[INFO] [stdout] test dist::dirichlet::tests::dir::improperly_sized_points_should_not_be_in_support ... ok
[INFO] [stdout] test dist::dirichlet::tests::dir::log_pdf ... ok
[INFO] [stdout] test dist::dirichlet::tests::dir::log_pdf_jeffreys ... ok
[INFO] [stdout] test dist::dirichlet::tests::dir::log_pdf_symemtric ... ok
[INFO] [stdout] test dist::dirichlet::tests::dir::properly_sized_points_off_simplex_should_not_be_in_support ... ok
[INFO] [stdout] test dist::dirichlet::tests::dir::properly_sized_points_on_simplex_should_be_in_support ... ok
[INFO] [stdout] test dist::dirichlet::tests::dir::sample_should_return_the_proper_number_of_draws ... ok
[INFO] [stdout] test dist::dirichlet::tests::symdir::draws_should_be_in_support ... ok
[INFO] [stdout] test dist::dirichlet::tests::symdir::impls::should_impl_debug_clone_and_partialeq ... ok
[INFO] [stdout] test dist::dirichlet::tests::symdir::ln_f_is_same_after_reset_checked_alpha_identically ... ok
[INFO] [stdout] test dist::dirichlet::tests::symdir::ln_f_is_same_after_reset_unchecked_alpha_identically ... ok
[INFO] [stdout] test dist::dirichlet::tests::symdir::log_pdf_jeffreys ... ok
[INFO] [stdout] test dist::dirichlet::tests::symdir::properly_sized_points_off_simplex_should_not_be_in_support ... ok
[INFO] [stdout] test dist::dirichlet::tests::symdir::sample_should_return_the_proper_number_of_draws ... ok
[INFO] [stdout] test dist::discrete_uniform::tests::cdf ... ok
[INFO] [stdout] test dist::discrete_uniform::tests::cdf_inv_cdf_ident ... ok
[INFO] [stdout] test dist::dirichlet::categorical_prior::test::symmetric::marginal_likelihood_u8_1 ... ok
[INFO] [stdout] test dist::dirichlet::categorical_prior::test::symmetric::marginal_likelihood_u8_2 ... ok
[INFO] [stdout] test dist::discrete_uniform::tests::entropy ... ok
[INFO] [stdout] test dist::discrete_uniform::tests::impls::should_impl_debug_clone_and_partialeq ... ok
[INFO] [stdout] test dist::discrete_uniform::tests::mean ... ok
[INFO] [stdout] test dist::discrete_uniform::tests::ln_pmf ... ok
[INFO] [stdout] test dist::discrete_uniform::tests::new ... ok
[INFO] [stdout] test dist::chi_squared::tests::skewness ... ok
[INFO] [stdout] test dist::discrete_uniform::tests::median ... ok
[INFO] [stdout] test dist::discrete_uniform::tests::variance ... ok
[INFO] [stdout] test dist::empirical::tests::gaussian_sample ... ignored, This failure is expected, ln_f should not be used.
[INFO] [stdout] test dist::discrete_uniform::tests::new_rejects_a_equal_to_b ... ok
[INFO] [stdout] test dist::discrete_uniform::tests::new_rejects_a_gt_b ... ok
[INFO] [stdout] test dist::exponential::tests::cdf ... ok
[INFO] [stdout] test dist::exponential::tests::entropy ... ok
[INFO] [stdout] test dist::exponential::tests::kurtosis ... ok
[INFO] [stdout] test dist::exponential::tests::impls::should_impl_debug_clone_and_partialeq ... ok
[INFO] [stdout] test dist::exponential::tests::ln_f ... ok
[INFO] [stdout] test dist::exponential::tests::ln_pdf ... ok
[INFO] [stdout] test dist::exponential::tests::mean ... ok
[INFO] [stdout] test dist::exponential::tests::median ... ok
[INFO] [stdout] test dist::exponential::tests::mode ... ok
[INFO] [stdout] test dist::exponential::tests::new ... ok
[INFO] [stdout] test dist::exponential::tests::new_should_reject_leq_0_rate ... ok
[INFO] [stdout] test dist::exponential::tests::quantile ... ok
[INFO] [stdout] test dist::exponential::tests::new_should_reject_non_finite_rate ... ok
[INFO] [stdout] test dist::exponential::tests::skewness ... ok
[INFO] [stdout] test dist::exponential::tests::variance ... ok
[INFO] [stdout] test dist::gamma::poisson_prior::tests::ln_m_data ... ok
[INFO] [stdout] test dist::gamma::poisson_prior::tests::ln_m_no_data ... ok
[INFO] [stdout] test dist::gamma::poisson_prior::tests::ln_pp_data ... ok
[INFO] [stdout] test dist::gamma::poisson_prior::tests::ln_pp_no_data ... ok
[INFO] [stdout] test dist::gamma::poisson_prior::tests::posterior_from_data ... ok
[INFO] [stdout] test dist::gamma::tests::cdf ... ok
[INFO] [stdout] test dist::gamma::poisson_prior::tests::cannot_draw_zero_rate ... ok
[INFO] [stdout] test dist::gamma::tests::entropy ... ok
[INFO] [stdout] test dist::gamma::tests::impls::should_impl_debug_clone_and_partialeq ... ok
[INFO] [stdout] test dist::gamma::tests::kurtosis ... ok
[INFO] [stdout] test dist::gamma::tests::ln_pdf_at_mean ... ok
[INFO] [stdout] test dist::gamma::tests::ln_pdf_hight_value ... ok
[INFO] [stdout] test dist::gamma::tests::ln_pdf_low_value ... ok
[INFO] [stdout] test dist::gamma::tests::mean_should_be_ratio_of_params ... ok
[INFO] [stdout] test dist::gamma::tests::mode ... ok
[INFO] [stdout] test dist::gamma::tests::mode_undefined_for_shape_less_than_one ... ok
[INFO] [stdout] test dist::gamma::tests::new ... ok
[INFO] [stdout] test dist::gamma::tests::skewness ... ok
[INFO] [stdout] test dist::gamma::tests::variance ... ok
[INFO] [stdout] test dist::gaussian::tests::cdf_at_mean_should_be_one_half ... ok
[INFO] [stdout] test dist::gaussian::tests::cdf_value_at_neg_two ... ok
[INFO] [stdout] test dist::gaussian::tests::cdf_value_at_one ... ok
[INFO] [stdout] test dist::gaussian::tests::draws_should_be_finite ... ok
[INFO] [stdout] test dist::gaussian::tests::entropy ... ok
[INFO] [stdout] test dist::gaussian::tests::impls::should_impl_debug_clone_and_partialeq ... ok
[INFO] [stdout] test dist::gaussian::tests::kl ... ok
[INFO] [stdout] test dist::gaussian::tests::kl_of_idential_dsitrbutions_should_be_zero ... ok
[INFO] [stdout] test dist::gaussian::tests::kurtosis_should_be_zero ... ok
[INFO] [stdout] test dist::gaussian::tests::ln_f_after_set_mu_works ... ok
[INFO] [stdout] test dist::gaussian::tests::ln_f_after_set_sigm_works ... ok
[INFO] [stdout] test dist::gaussian::tests::mean_should_be_mu ... ok
[INFO] [stdout] test dist::gaussian::tests::median_should_be_mu ... ok
[INFO] [stdout] test dist::gaussian::tests::mode_should_be_mu ... ok
[INFO] [stdout] test dist::gaussian::tests::new ... ok
[INFO] [stdout] test dist::gaussian::tests::nonstandard_ln_pdf_off_mean ... ok
[INFO] [stdout] test dist::gaussian::tests::nonstandard_ln_pdf_on_mean ... ok
[INFO] [stdout] test dist::gaussian::tests::quad_on_pdf_agrees_with_cdf_x ... ok
[INFO] [stdout] test dist::gaussian::tests::quantile_agree_with_cdf ... ok
[INFO] [stdout] test dist::gaussian::tests::quantile_at_one_half_should_be_mu ... ok
[INFO] [stdout] test dist::gaussian::tests::sample_length ... ok
[INFO] [stdout] test dist::gaussian::tests::should_contain_finite_values ... ok
[INFO] [stdout] test dist::gaussian::tests::should_not_contain_nan ... ok
[INFO] [stdout] test dist::gaussian::tests::should_not_contain_positive_or_negative_infinity ... ok
[INFO] [stdout] test dist::gaussian::tests::skewness_should_be_zero ... ok
[INFO] [stdout] test dist::gaussian::tests::standard ... ok
[INFO] [stdout] test dist::gaussian::tests::standard_gaussian_entropy ... ok
[INFO] [stdout] test dist::gaussian::tests::standard_gaussian_mean_should_be_zero ... ok
[INFO] [stdout] test dist::gaussian::tests::standard_gaussian_variance_should_be_one ... ok
[INFO] [stdout] test dist::gaussian::tests::standard_ln_pdf_at_zero ... ok
[INFO] [stdout] test dist::gaussian::tests::standard_ln_pdf_off_zero ... ok
[INFO] [stdout] test dist::gaussian::tests::variance_should_be_sigma_squared ... ok
[INFO] [stdout] test dist::geometric::tests::cdf ... ok
[INFO] [stdout] test dist::geometric::tests::draw_test_02 ... ok
[INFO] [stdout] test dist::geometric::tests::draw_test_05 ... ok
[INFO] [stdout] test dist::geometric::tests::impls::should_impl_debug_clone_and_partialeq ... ok
[INFO] [stdout] test dist::geometric::tests::kurtosis ... ok
[INFO] [stdout] test dist::geometric::tests::ln_f_is_same_after_reset_checked_p_identically ... ok
[INFO] [stdout] test dist::geometric::tests::ln_f_is_same_after_reset_unchecked_p_identically ... ok
[INFO] [stdout] test dist::geometric::tests::ln_pdf ... ok
[INFO] [stdout] test dist::geometric::tests::mean ... ok
[INFO] [stdout] test dist::geometric::tests::new ... ok
[INFO] [stdout] test dist::geometric::tests::new_should_reject_non_finite_rate ... ok
[INFO] [stdout] test dist::geometric::tests::new_should_reject_rate_lteq_zero ... ok
[INFO] [stdout] test dist::geometric::tests::skewness ... ok
[INFO] [stdout] test dist::geometric::tests::variance ... ok
[INFO] [stdout] test dist::gev::tests::cdf ... ok
[INFO] [stdout] test dist::chi_squared::tests::draw_test ... ok
[INFO] [stdout] test dist::exponential::tests::draw_test ... ok
[INFO] [stdout] test dist::cauchy::tests::draw_test ... ok
[INFO] [stdout] test dist::gev::tests::entropy ... ok
[INFO] [stdout] test dist::gev::tests::impls::should_impl_debug_clone_and_partialeq ... ok
[INFO] [stdout] test dist::gev::tests::ln_pdf_0 ... ok
[INFO] [stdout] test dist::gev::tests::ln_pdf_minus_one_half ... ok
[INFO] [stdout] test dist::gev::tests::ln_pdf_one_half ... ok
[INFO] [stdout] test dist::gev::tests::median ... ok
[INFO] [stdout] test dist::gev::tests::mode ... ok
[INFO] [stdout] test dist::gev::tests::new ... ok
[INFO] [stdout] test dist::gev::tests::variance ... ok
[INFO] [stdout] test dist::inv_chi_squared::test::cdf_agrees_with_inv_gamma_special_case ... ok
[INFO] [stdout] test dist::inv_chi_squared::test::cdf_limits_are_0_and_1 ... ok
[INFO] [stdout] test dist::gev::tests::draw_0 ... ok
[INFO] [stdout] test dist::inv_chi_squared::test::impls::should_impl_debug_clone_and_partialeq ... ok
[INFO] [stdout] test dist::inv_chi_squared::test::kurtosis ... ok
[INFO] [stdout] test dist::inv_chi_squared::test::mean_is_defined_for_v_gt_2 ... ok
[INFO] [stdout] test dist::inv_chi_squared::test::mean_values ... ok
[INFO] [stdout] test dist::inv_chi_squared::test::new ... ok
[INFO] [stdout] test dist::inv_chi_squared::test::new_should_reject_non_finite_v ... ok
[INFO] [stdout] test dist::inv_chi_squared::test::new_should_reject_v_leq_zero ... ok
[INFO] [stdout] test dist::inv_chi_squared::test::pdf_agrees_with_inv_gamma_special_case ... ok
[INFO] [stdout] test dist::inv_chi_squared::test::skewness ... ok
[INFO] [stdout] test dist::inv_chi_squared::test::variance ... ok
[INFO] [stdout] test dist::beta::tests::draw_test_alpha_beta_lt_one ... ok
[INFO] [stdout] test dist::inv_chi_squared::test::variance_is_defined_for_v_gt_4 ... ok
[INFO] [stdout] test dist::invgamma::tests::cdf_at_mean ... ok
[INFO] [stdout] test dist::invgamma::tests::contains_positive_values ... ok
[INFO] [stdout] test dist::invgamma::tests::does_not_contain_infinity ... ok
[INFO] [stdout] test dist::invgamma::tests::cdf_at_1 ... ok
[INFO] [stdout] test dist::invgamma::tests::does_not_contain_zero ... ok
[INFO] [stdout] test dist::invgamma::tests::draw_always_returns_results_in_support ... ok
[INFO] [stdout] test dist::invgamma::tests::does_not_contain_negative_values ... ok
[INFO] [stdout] test dist::invgamma::tests::impls::should_impl_debug_clone_and_partialeq ... ok
[INFO] [stdout] test dist::invgamma::tests::kurtosis ... ok
[INFO] [stdout] test dist::invgamma::tests::kurtosis_undefined_for_alpha_leq_4 ... ok
[INFO] [stdout] test dist::invgamma::tests::ln_pdf_at_mean ... ok
[INFO] [stdout] test dist::invgamma::tests::ln_pdf_at_mode ... ok
[INFO] [stdout] test dist::invgamma::tests::ln_pdf_at_mode_should_be_higest ... ok
[INFO] [stdout] test dist::invgamma::tests::ln_pdf_low_value ... ok
[INFO] [stdout] test dist::invgamma::tests::mean ... ok
[INFO] [stdout] test dist::invgamma::tests::mean_undefined_for_shape_leq_1 ... ok
[INFO] [stdout] test dist::invgamma::tests::mode ... ok
[INFO] [stdout] test dist::invgamma::tests::new ... ok
[INFO] [stdout] test dist::invgamma::tests::quad_on_pdf_agrees_with_cdf_2 ... ok
[INFO] [stdout] test dist::invgamma::tests::quad_on_pdf_agrees_with_cdf_range ... ok
[INFO] [stdout] test dist::invgamma::tests::sample_return_correct_number_of_draws ... ok
[INFO] [stdout] test dist::invgamma::tests::skewness ... ok
[INFO] [stdout] test dist::invgamma::tests::skewness_undefined_for_alpha_leq_3 ... ok
[INFO] [stdout] test dist::gamma::tests::draw_test ... ok
[INFO] [stdout] test dist::invgamma::tests::variance ... ok
[INFO] [stdout] test dist::invgamma::tests::variance_undefined_for_shape_leq_2 ... ok
[INFO] [stdout] test dist::invgaussian::tests::mode_is_higest_point ... ok
[INFO] [stdout] test dist::invgaussian::tests::quad_on_pdf_agrees_with_cdf_x ... ok
[INFO] [stdout] test dist::ks::test::cdf ... ok
[INFO] [stdout] test dist::discrete_uniform::tests::draw_test ... ok
[INFO] [stdout] test dist::beta::tests::draw_test_alpha_beta_gt_one ... ok
[INFO] [stdout] test dist::ks::test::ln_f ... ok
[INFO] [stdout] test dist::ks::test::invcdf ... ok
[INFO] [stdout] test dist::kumaraswamy::tests::cdf_uniform_midpoint ... ok
[INFO] [stdout] test dist::kumaraswamy::tests::draw_should_resturn_values_within_0_to_1 ... ok
[INFO] [stdout] test dist::kumaraswamy::tests::equivalent_mean_to_beta_when_a_or_b_is_1 ... ok
[INFO] [stdout] test dist::kumaraswamy::tests::equivalent_mode_to_beta_when_a_or_b_is_1 ... ok
[INFO] [stdout] test dist::kumaraswamy::tests::impls::should_impl_debug_clone_and_partialeq ... ok
[INFO] [stdout] test dist::kumaraswamy::tests::mean_for_uniform_should_be_one_half ... ok
[INFO] [stdout] test dist::kumaraswamy::tests::median_for_centered_should_be_one_half ... ok
[INFO] [stdout] test dist::kumaraswamy::tests::no_mode_for_a_and_b_equal_to_1 ... ok
[INFO] [stdout] test dist::kumaraswamy::tests::no_mode_for_a_or_b_less_than_1 ... ok
[INFO] [stdout] test dist::kumaraswamy::tests::pdf_quad_and_cdf_agree ... ok
[INFO] [stdout] test dist::kumaraswamy::tests::sample_returns_the_correct_number_draws ... ok
[INFO] [stdout] test dist::kumaraswamy::tests::set_a ... ok
[INFO] [stdout] test dist::kumaraswamy::tests::set_b ... ok
[INFO] [stdout] test dist::kumaraswamy::tests::uniform_entropy_should_be_higheest ... ok
[INFO] [stdout] test dist::ks::test::draw ... ok
[INFO] [stdout] test dist::laplace::tests::cdf_above_mu ... ok
[INFO] [stdout] test dist::laplace::tests::cdf_at_mu ... ok
[INFO] [stdout] test dist::laplace::tests::cdf_below_mu ... ok
[INFO] [stdout] test dist::laplace::tests::entropy ... ok
[INFO] [stdout] test dist::laplace::tests::impls::should_impl_debug_clone_and_partialeq ... ok
[INFO] [stdout] test dist::laplace::tests::kurtosis ... ok
[INFO] [stdout] test dist::laplace::tests::ln_pdf ... ok
[INFO] [stdout] test dist::laplace::tests::mean ... ok
[INFO] [stdout] test dist::laplace::tests::median ... ok
[INFO] [stdout] test dist::laplace::tests::mode ... ok
[INFO] [stdout] test dist::laplace::tests::new ... ok
[INFO] [stdout] test dist::laplace::tests::new_should_reject_negative_b ... ok
[INFO] [stdout] test dist::laplace::tests::new_should_reject_non_finite_b ... ok
[INFO] [stdout] test dist::laplace::tests::new_should_reject_non_finite_mu ... ok
[INFO] [stdout] test dist::laplace::tests::skewness ... ok
[INFO] [stdout] test dist::laplace::tests::variance ... ok
[INFO] [stdout] test dist::lognormal::tests::cdf_standard_at_one_should_be_one_half ... ok
[INFO] [stdout] test dist::lognormal::tests::cdf_standard_value_at_two ... ok
[INFO] [stdout] test dist::lognormal::tests::draws_should_be_finite ... ok
[INFO] [stdout] test dist::lognormal::tests::entropy ... ok
[INFO] [stdout] test dist::lognormal::tests::entropy_standard ... ok
[INFO] [stdout] test dist::lognormal::tests::impls::should_impl_debug_clone_and_partialeq ... ok
[INFO] [stdout] test dist::lognormal::tests::kurtosis ... ok
[INFO] [stdout] test dist::lognormal::tests::mean ... ok
[INFO] [stdout] test dist::lognormal::tests::median_should_be_exp_mu ... ok
[INFO] [stdout] test dist::lognormal::tests::mode ... ok
[INFO] [stdout] test dist::lognormal::tests::new ... ok
[INFO] [stdout] test dist::lognormal::tests::quantile_agree_with_cdf ... FAILED
[INFO] [stdout] test dist::lognormal::tests::sample_length ... ok
[INFO] [stdout] test dist::lognormal::tests::should_contain_positve_finite_values ... ok
[INFO] [stdout] test dist::lognormal::tests::should_not_contain_nan ... ok
[INFO] [stdout] test dist::lognormal::tests::should_not_contain_negative_or_zero ... ok
[INFO] [stdout] test dist::lognormal::tests::should_not_contain_positive_or_negative_infinity ... ok
[INFO] [stdout] test dist::lognormal::tests::skewness ... ok
[INFO] [stdout] test dist::lognormal::tests::standard_ln_pdf_at_e ... ok
[INFO] [stdout] test dist::lognormal::tests::standard_ln_pdf_at_one ... ok
[INFO] [stdout] test dist::lognormal::tests::variance ... ok
[INFO] [stdout] test dist::mixture::tests::cdf_for_overlapping_gaussians ... ok
[INFO] [stdout] test dist::mixture::tests::cdf_for_symmetric_gaussian_mixture ... ok
[INFO] [stdout] test dist::mixture::tests::combine ... ok
[INFO] [stdout] test dist::mixture::tests::combine_with_all_empty ... ok
[INFO] [stdout] test dist::mixture::tests::combine_with_some_empty ... ok
[INFO] [stdout] test dist::mixture::tests::continuous_pdf ... ok
[INFO] [stdout] test dist::mixture::tests::discrete_pdf ... ok
[INFO] [stdout] test dist::mixture::tests::mean_even_weight ... ok
[INFO] [stdout] test dist::gev::tests::draw_one_half ... ok
[INFO] [stdout] test dist::inv_chi_squared::test::draw_agrees_with_cdf ... ok
[INFO] [stdout] test dist::mixture::tests::mean_uneven_weight ... ok
[INFO] [stdout] test dist::mixture::tests::mixture_impls::categorical_mixture_entropy_0 ... ok
[INFO] [stdout] test dist::mixture::tests::mixture_impls::categorical_mixture_entropy_1 ... ok
[INFO] [stdout] test dist::mixture::tests::mixture_impls::categorical_mixture_entropy_after_combine ... ok
[INFO] [stdout] test dist::mixture::tests::mixture_impls::gauss_2_component_mixture_entropy ... ok
[INFO] [stdout] test dist::mixture::tests::mixture_impls::gauss_mixture_entropy ... ok
[INFO] [stdout] test dist::mixture::tests::mixture_impls::gauss_mixture_quad_bounds_have_zero_pdf ... ok
[INFO] [stdout] test dist::mixture::tests::mixture_impls::poisson_2_entropy ... ok
[INFO] [stdout] test dist::mixture::tests::mixture_impls::spread_out_gauss_mixture_quad_bounds ... ok
[INFO] [stdout] test dist::mixture::tests::new_should_not_allow_bad_weights ... ok
[INFO] [stdout] test dist::mixture::tests::new_should_not_allow_empty_components ... ok
[INFO] [stdout] test dist::mixture::tests::new_should_not_allow_empty_weights ... ok
[INFO] [stdout] test dist::mixture::tests::new_should_not_allow_mismatched_inputs ... ok
[INFO] [stdout] test dist::mixture::tests::uniform_ctor ... ok
[INFO] [stdout] test dist::mixture::tests::variance_even_weight ... ok
[INFO] [stdout] test dist::mixture::tests::variance_uneven_weight ... ok
[INFO] [stdout] test dist::neg_binom::tests::cdf ... ok
[INFO] [stdout] test dist::neg_binom::tests::clone_preserves_pmf ... ok
[INFO] [stdout] test dist::neg_binom::tests::draw_test ... ok
[INFO] [stdout] test dist::neg_binom::tests::f ... ok
[INFO] [stdout] test dist::mixture::tests::mean_of_sample_should_be_weighted_dist_means_nonuniform ... ok
[INFO] [stdout] test dist::neg_binom::tests::kurtosis ... ok
[INFO] [stdout] test dist::neg_binom::tests::ln_f ... ok
[INFO] [stdout] test dist::neg_binom::tests::impls::should_impl_debug_clone_and_partialeq ... ok
[INFO] [stdout] test dist::neg_binom::tests::mean ... ok
[INFO] [stdout] test dist::neg_binom::tests::new_with_good_params ... ok
[INFO] [stdout] test dist::neg_binom::tests::new_with_too_low_or_high_p_errors ... ok
[INFO] [stdout] test dist::neg_binom::tests::new_with_too_low_r_errors ... ok
[INFO] [stdout] test dist::neg_binom::tests::partial_eq ... ok
[INFO] [stdout] test dist::neg_binom::tests::set_p_preserves_pmf ... ok
[INFO] [stdout] test dist::neg_binom::tests::set_p_sets_p ... ok
[INFO] [stdout] test dist::neg_binom::tests::set_p_too_high_errors ... ok
[INFO] [stdout] test dist::neg_binom::tests::set_p_too_low_errors ... ok
[INFO] [stdout] test dist::neg_binom::tests::sample_test ... ok
[INFO] [stdout] test dist::neg_binom::tests::set_r_preserves_pmf ... ok
[INFO] [stdout] test dist::neg_binom::tests::set_r_too_low_errors ... ok
[INFO] [stdout] test dist::neg_binom::tests::set_r_sets_r ... ok
[INFO] [stdout] test dist::neg_binom::tests::variance ... ok
[INFO] [stdout] test dist::neg_binom::tests::skewness ... ok
[INFO] [stdout] test dist::mixture::tests::mean_of_sample_should_be_weighted_dist_means_uniform ... ok
[INFO] [stdout] test dist::invgamma::tests::draw_test ... ok
[INFO] [stdout] test dist::normal_gamma::gaussian_prior::tests::ln_marginal_likelihood_suffstat ... ok
[INFO] [stdout] test dist::normal_gamma::gaussian_prior::tests::ln_marginal_likelihood_suffstat_forgotten ... ok
[INFO] [stdout] test dist::normal_gamma::gaussian_prior::tests::ln_marginal_likelihood_vec_data ... ok
[INFO] [stdout] test dist::kumaraswamy::tests::draws_from_correct_distribution ... ok
[INFO] [stdout] test dist::normal_gamma::gaussian_prior::tests::ln_z_all_ones ... ok
[INFO] [stdout] test dist::normal_gamma::gaussian_prior::tests::ln_z_not_all_ones ... ok
[INFO] [stdout] test dist::normal_gamma::gaussian_prior::tests::posterior_predictive_negative_value ... ok
[INFO] [stdout] test dist::normal_gamma::gaussian_prior::tests::posterior_predictive_positive_value ... ok
[INFO] [stdout] test dist::laplace::tests::draw_test ... ok
[INFO] [stdout] test dist::gev::tests::draw_negative_one_half ... ok
[INFO] [stdout] test dist::normal_inv_chi_squared::gaussian_prior::test::ln_m_vs_reference ... ok
[INFO] [stdout] test dist::invgaussian::tests::draw_vs_kl ... ok
[INFO] [stdout] test dist::normal_inv_chi_squared::gaussian_prior::test::ln_pp_vs_ln_m_single ... ok
[INFO] [stdout] test dist::normal_inv_chi_squared::gaussian_prior::test::ln_m_single_datum_vs_monte_carlo ... ok
[INFO] [stdout] test dist::normal_inv_chi_squared::gaussian_prior::test::ln_pp_vs_t ... ok
[INFO] [stdout] test dist::normal_inv_chi_squared::gaussian_prior::test::post_params_vs_reference ... ok
[INFO] [stdout] test dist::normal_inv_chi_squared::gaussian_prior::test::posterior_of_nothing_is_prior ... ok
[INFO] [stdout] test dist::normal_inv_chi_squared::test::impls::should_impl_debug_clone_and_partialeq ... ok
[INFO] [stdout] test dist::normal_inv_chi_squared::test::ln_f_is_same_after_reset_checked_s2_identically ... ok
[INFO] [stdout] test dist::normal_inv_chi_squared::test::ln_f_is_same_after_reset_checked_v_identically ... ok
[INFO] [stdout] test dist::normal_inv_chi_squared::test::ln_f_is_same_after_reset_unchecked_s2_identically ... ok
[INFO] [stdout] test dist::normal_inv_chi_squared::test::ln_f_is_same_after_reset_unchecked_v_identically ... ok
[INFO] [stdout] test dist::normal_inv_chi_squared::gaussian_prior::test::ln_m_vs_monte_carlo ... ok
[INFO] [stdout] test dist::normal_inv_gamma::gaussian_prior::test::ln_f_vs_reference ... ok
[INFO] [stdout] test dist::normal_inv_chi_squared::gaussian_prior::test::ln_pp_single_vs_monte_carlo ... ok
[INFO] [stdout] test dist::normal_inv_chi_squared::gaussian_prior::test::ln_pp_vs_monte_carlo ... ok
[INFO] [stdout] test dist::normal_inv_gamma::gaussian_prior::test::ln_m_vs_reference ... ok
[INFO] [stdout] test dist::normal_inv_gamma::gaussian_prior::test::ln_pp_vs_ln_m_single ... ok
[INFO] [stdout] test dist::normal_inv_gamma::gaussian_prior::test::ln_pp_vs_monte_carlo ... ok
[INFO] [stdout] test dist::normal_inv_gamma::gaussian_prior::test::ln_pp_vs_t ... ok
[INFO] [stdout] test dist::pareto::tests::cdf_scale_2 ... ok
[INFO] [stdout] test dist::pareto::tests::cdf_shape_2 ... ok
[INFO] [stdout] test dist::normal_inv_gamma::gaussian_prior::test::ln_m_vs_monte_carlo ... ok
[INFO] [stdout] test dist::pareto::tests::entropy ... ok
[INFO] [stdout] test dist::pareto::tests::impls::should_impl_debug_clone_and_partialeq ... ok
[INFO] [stdout] test dist::pareto::tests::kurtosis ... ok
[INFO] [stdout] test dist::pareto::tests::ln_pdf ... ok
[INFO] [stdout] test dist::pareto::tests::mean ... ok
[INFO] [stdout] test dist::pareto::tests::mode ... ok
[INFO] [stdout] test dist::pareto::tests::new ... ok
[INFO] [stdout] test dist::pareto::tests::skewness ... ok
[INFO] [stdout] test dist::pareto::tests::variance ... ok
[INFO] [stdout] test dist::poisson::tests::cdf_high ... ok
[INFO] [stdout] test dist::poisson::tests::cdf_low ... ok
[INFO] [stdout] test dist::poisson::tests::cdf_mid ... ok
[INFO] [stdout] test dist::poisson::tests::draw_test ... ok
[INFO] [stdout] test dist::poisson::tests::entropy_value_checks ... ok
[INFO] [stdout] test dist::poisson::tests::impls::should_impl_debug_clone_and_partialeq ... ok
[INFO] [stdout] test dist::poisson::tests::kl_divergence_vs_brute ... ok
[INFO] [stdout] test dist::poisson::tests::kurtosis ... ok
[INFO] [stdout] test dist::poisson::tests::ln_pmf ... ok
[INFO] [stdout] test dist::poisson::tests::mean ... ok
[INFO] [stdout] test dist::poisson::tests::mode_value_checks ... ok
[INFO] [stdout] test dist::poisson::tests::new ... ok
[INFO] [stdout] test dist::poisson::tests::new_should_reject_non_finite_rate ... ok
[INFO] [stdout] test dist::poisson::tests::new_should_reject_rate_lteq_zero ... ok
[INFO] [stdout] test dist::poisson::tests::pmf_preserved_after_rate_set_reset ... ok
[INFO] [stdout] test dist::poisson::tests::skewness ... ok
[INFO] [stdout] test dist::poisson::tests::variance ... ok
[INFO] [stdout] test dist::scaled_inv_chi_squared::test::cdf_agrees_with_inv_gamma_special_case ... ok
[INFO] [stdout] test dist::scaled_inv_chi_squared::test::cdf_limits_are_0_and_1 ... ok
[INFO] [stdout] test dist::normal_inv_gamma::gaussian_prior::test::ln_m_vs_importance ... ok
[INFO] [stdout] test dist::scaled_inv_chi_squared::test::impls::should_impl_debug_clone_and_partialeq ... ok
[INFO] [stdout] test dist::scaled_inv_chi_squared::test::kurtosis ... ok
[INFO] [stdout] test dist::scaled_inv_chi_squared::test::ln_f_is_same_after_reset_checked_t2_identically ... ok
[INFO] [stdout] test dist::scaled_inv_chi_squared::test::ln_f_is_same_after_reset_checked_v_identically ... ok
[INFO] [stdout] test dist::scaled_inv_chi_squared::test::ln_f_is_same_after_reset_unchecked_t2_identically ... ok
[INFO] [stdout] test dist::scaled_inv_chi_squared::test::ln_f_is_same_after_reset_unchecked_v_identically ... ok
[INFO] [stdout] test dist::scaled_inv_chi_squared::test::mean_is_defined_for_v_gt_2 ... ok
[INFO] [stdout] test dist::scaled_inv_chi_squared::test::mean_values ... ok
[INFO] [stdout] test dist::scaled_inv_chi_squared::test::new ... ok
[INFO] [stdout] test dist::scaled_inv_chi_squared::test::new_should_reject_non_finite_v ... ok
[INFO] [stdout] test dist::scaled_inv_chi_squared::test::new_should_reject_v_leq_zero ... ok
[INFO] [stdout] test dist::scaled_inv_chi_squared::test::pdf_agrees_with_inv_gamma_special_case ... ok
[INFO] [stdout] test dist::scaled_inv_chi_squared::test::skewness ... ok
[INFO] [stdout] test dist::scaled_inv_chi_squared::test::variance ... ok
[INFO] [stdout] test dist::scaled_inv_chi_squared::test::variance_is_defined_for_v_gt_4 ... ok
[INFO] [stdout] test dist::skellam::tests::draw_test ... ok
[INFO] [stdout] test dist::skellam::tests::impls::should_impl_debug_clone_and_partialeq ... ok
[INFO] [stdout] test dist::skellam::tests::kurtosis ... ok
[INFO] [stdout] test dist::skellam::tests::ln_pdf ... ok
[INFO] [stdout] test dist::skellam::tests::mean ... ok
[INFO] [stdout] test dist::skellam::tests::new ... ok
[INFO] [stdout] test dist::skellam::tests::new_should_reject_non_finite_rate ... ok
[INFO] [stdout] test dist::skellam::tests::new_should_reject_rate_lteq_zero ... ok
[INFO] [stdout] test dist::skellam::tests::skewness ... ok
[INFO] [stdout] test dist::skellam::tests::variance ... ok
[INFO] [stdout] test dist::students_t::tests::impls::should_impl_debug_clone_and_partialeq ... ok
[INFO] [stdout] test dist::students_t::tests::ln_pdf ... ok
[INFO] [stdout] test dist::students_t::tests::median ... ok
[INFO] [stdout] test dist::students_t::tests::mode ... ok
[INFO] [stdout] test dist::students_t::tests::new ... ok
[INFO] [stdout] test dist::students_t::tests::new_should_reject_non_finite_v ... ok
[INFO] [stdout] test dist::students_t::tests::new_should_reject_v_leq_zero ... ok
[INFO] [stdout] test dist::students_t::tests::variance ... ok
[INFO] [stdout] test dist::uniform::tests::cdf ... ok
[INFO] [stdout] test dist::uniform::tests::cdf_inv_cdf_ident ... ok
[INFO] [stdout] test dist::pareto::tests::draw_test ... ok
[INFO] [stdout] test dist::uniform::tests::entropy ... ok
[INFO] [stdout] test dist::uniform::tests::impls::should_impl_debug_clone_and_partialeq ... ok
[INFO] [stdout] test dist::uniform::tests::ln_pdf ... ok
[INFO] [stdout] test dist::uniform::tests::mean ... ok
[INFO] [stdout] test dist::uniform::tests::median ... ok
[INFO] [stdout] test dist::uniform::tests::new ... ok
[INFO] [stdout] test dist::uniform::tests::new_rejects_a_equal_to_b ... ok
[INFO] [stdout] test dist::uniform::tests::new_rejects_a_gt_b ... ok
[INFO] [stdout] test dist::uniform::tests::new_rejects_non_finite_a_or_b ... ok
[INFO] [stdout] test dist::uniform::tests::variance ... ok
[INFO] [stdout] test dist::vonmises::tests::all_samples_should_be_supported ... ok
[INFO] [stdout] test dist::vonmises::tests::impls::should_impl_debug_clone_and_partialeq ... ok
[INFO] [stdout] test dist::vonmises::tests::ln_pdf ... ok
[INFO] [stdout] test dist::vonmises::tests::mean ... ok
[INFO] [stdout] test dist::vonmises::tests::median ... ok
[INFO] [stdout] test dist::vonmises::tests::mode ... ok
[INFO] [stdout] test dist::vonmises::tests::new_should_allow_mu_in_0_2pi ... ok
[INFO] [stdout] test dist::vonmises::tests::new_should_not_allow_mu_outside_0_2pi ... ok
[INFO] [stdout] test dist::vonmises::tests::variance ... ok
[INFO] [stdout] test dist::scaled_inv_chi_squared::test::draw_agrees_with_cdf ... ok
[INFO] [stdout] test misc::bessel::tests::bessel_ikv_asymptotic_uniform_checks ... ok
[INFO] [stdout] test misc::bessel::tests::bessel_ikv_temme_checks ... ok
[INFO] [stdout] test misc::bessel::tests::bessel_iv_basic_limits ... ok
[INFO] [stdout] test misc::bessel::tests::bessel_iv_high_order ... ok
[INFO] [stdout] test misc::bessel::tests::bessel_iv_low_order ... ok
[INFO] [stdout] test misc::bessel::tests::bessi0_large ... ok
[INFO] [stdout] test misc::bessel::tests::bessi0_small ... ok
[INFO] [stdout] test misc::bessel::tests::bessi1_large ... ok
[INFO] [stdout] test misc::bessel::tests::bessi1_small ... ok
[INFO] [stdout] test dist::uniform::tests::draw_test ... ok
[INFO] [stdout] test misc::bessel::tests::cf1_ik_checks ... ok
[INFO] [stdout] test misc::bessel::tests::chbevl_val ... ok
[INFO] [stdout] test misc::bessel::tests::temme_ik_series_checks ... ok
[INFO] [stdout] test misc::bessel::tests::cf2_ik_checks ... ok
[INFO] [stdout] test misc::entropy::tests::count_entropy_value ... ok
[INFO] [stdout] test misc::func::tests::argmax_repeated_max ... ok
[INFO] [stdout] test misc::func::tests::argmax_single_elem_is_0 ... ok
[INFO] [stdout] test misc::func::tests::argmax_unique_max ... ok
[INFO] [stdout] test misc::func::tests::bisection_and_stanard_catflip_equivalence ... ok
[INFO] [stdout] test misc::func::tests::ln_fact_agrees_with_naive ... ok
[INFO] [stdout] test misc::func::tests::argmax_empty_is_empty ... ok
[INFO] [stdout] test misc::func::tests::ln_pflip_works_with_zero_weights ... ok
[INFO] [stdout] test misc::func::tests::logsumexp_on_random_values ... ok
[INFO] [stdout] test misc::func::tests::logsumexp_on_vector_of_zeros ... ok
[INFO] [stdout] test misc::func::tests::lnmv_gamma_values ... ok
[INFO] [stdout] test misc::func::tests::logsumexp_should_panic_on_empty - should panic ... ok
[INFO] [stdout] test misc::ks::tests::ks_cdf_large_n ... ok
[INFO] [stdout] test misc::ks::tests::ks_cdf_normal ... ok
[INFO] [stdout] test misc::ks::tests::ks_test_pval ... ok
[INFO] [stdout] test misc::ks::tests::ks_two_sample_asymp ... ok
[INFO] [stdout] test misc::func::tests::logsumexp_returns_only_value_on_one_element_container ... ok
[INFO] [stdout] test misc::legendre::tests::gauss_legendre_quadrature_3rd_order_poly ... ok
[INFO] [stdout] test misc::ks::tests::ks_two_sample_exact ... ok
[INFO] [stdout] test misc::legendre::tests::gauss_legendre_quadrature_cached_3rd_order_poly ... ok
[INFO] [stdout] test misc::x2::tests::gof ... ok
[INFO] [stdout] test misc::seq::tests::test_linspace ... ok
[INFO] [stdout] test dist::vonmises::tests::vm_draw_test ... ok
[INFO] [stdout] test dist::normal_gamma::gaussian_prior::tests::geweke ... ok
[INFO] [stdout] test dist::normal_inv_chi_squared::gaussian_prior::test::geweke ... ok
[INFO] [stdout] test dist::normal_gamma::gaussian_prior::tests::ln_m_vs_importance ... ok
[INFO] [stdout] test dist::normal_inv_gamma::gaussian_prior::test::geweke ... ok
[INFO] [stderr] error: test failed, to rerun pass `--lib`
[INFO] [stdout] test dist::normal_gamma::gaussian_prior::tests::ln_m_vs_monte_carlo ... ok
[INFO] [stdout] 
[INFO] [stdout] failures:
[INFO] [stdout] 
[INFO] [stdout] ---- dist::lognormal::tests::quantile_agree_with_cdf stdout ----
[INFO] [stdout] thread 'dist::lognormal::tests::quantile_agree_with_cdf' panicked at '39.68627416538255 !~ 39.68627416538029', /opt/rustwide/cargo-home/registry/src/index.crates.io-6f17d22bba15001f/assert-0.7.4/src/lib.rs:19:13
[INFO] [stdout] stack backtrace:
[INFO] [stdout]    0:     0x563cb5db056a - std::backtrace_rs::backtrace::libunwind::trace::h2f05d0192276a8f6
[INFO] [stdout]                                at /rustc/1b7dd2252b99671ce5d1cb9664c5f8636329436d/library/std/src/../../backtrace/src/backtrace/libunwind.rs:93:5
[INFO] [stdout]    1:     0x563cb5db056a - std::backtrace_rs::backtrace::trace_unsynchronized::hedc23dff7a1af150
[INFO] [stdout]                                at /rustc/1b7dd2252b99671ce5d1cb9664c5f8636329436d/library/std/src/../../backtrace/src/backtrace/mod.rs:66:5
[INFO] [stdout]    2:     0x563cb5db056a - std::sys_common::backtrace::_print_fmt::h17541ef7592f3ce2
[INFO] [stdout]                                at /rustc/1b7dd2252b99671ce5d1cb9664c5f8636329436d/library/std/src/sys_common/backtrace.rs:65:5
[INFO] [stdout]    3:     0x563cb5db056a - <std::sys_common::backtrace::_print::DisplayBacktrace as core::fmt::Display>::fmt::h20f75df5ab0c0792
[INFO] [stdout]                                at /rustc/1b7dd2252b99671ce5d1cb9664c5f8636329436d/library/std/src/sys_common/backtrace.rs:44:22
[INFO] [stdout]    4:     0x563cb5dd463f - core::fmt::write::h78109e6f466b3af6
[INFO] [stdout]                                at /rustc/1b7dd2252b99671ce5d1cb9664c5f8636329436d/library/core/src/fmt/mod.rs:1254:17
[INFO] [stdout]    5:     0x563cb5dad8b5 - std::io::Write::write_fmt::hd24bfb68a1b35a25
[INFO] [stdout]                                at /rustc/1b7dd2252b99671ce5d1cb9664c5f8636329436d/library/std/src/io/mod.rs:1698:15
[INFO] [stdout]    6:     0x563cb5db0335 - std::sys_common::backtrace::_print::h8dac57a9f8fbf9a5
[INFO] [stdout]                                at /rustc/1b7dd2252b99671ce5d1cb9664c5f8636329436d/library/std/src/sys_common/backtrace.rs:47:5
[INFO] [stdout]    7:     0x563cb5db0335 - std::sys_common::backtrace::print::hf9ecbf41d1aa712f
[INFO] [stdout]                                at /rustc/1b7dd2252b99671ce5d1cb9664c5f8636329436d/library/std/src/sys_common/backtrace.rs:34:9
[INFO] [stdout]    8:     0x563cb5db1fee - std::panicking::default_hook::{{closure}}::h04c07acfc84ca028
[INFO] [stdout]                                at /rustc/1b7dd2252b99671ce5d1cb9664c5f8636329436d/library/std/src/panicking.rs:269:22
[INFO] [stdout]    9:     0x563cb5db1d21 - std::panicking::default_hook::h01f6bb23e1eceb2c
[INFO] [stdout]                                at /rustc/1b7dd2252b99671ce5d1cb9664c5f8636329436d/library/std/src/panicking.rs:285:9
[INFO] [stdout]   10:     0x563cb5d39fdb - <alloc::boxed::Box<F,A> as core::ops::function::Fn<Args>>::call::h87fe9f7b2fd49e4c
[INFO] [stdout]                                at /rustc/1b7dd2252b99671ce5d1cb9664c5f8636329436d/library/alloc/src/boxed.rs:1987:9
[INFO] [stdout]   11:     0x563cb5d39fdb - test::test_main::{{closure}}::he94d679243a7531b
[INFO] [stdout]                                at /rustc/1b7dd2252b99671ce5d1cb9664c5f8636329436d/library/test/src/lib.rs:134:21
[INFO] [stdout]   12:     0x563cb5db26d4 - <alloc::boxed::Box<F,A> as core::ops::function::Fn<Args>>::call::h3f2d6d8b14c4769f
[INFO] [stdout]                                at /rustc/1b7dd2252b99671ce5d1cb9664c5f8636329436d/library/alloc/src/boxed.rs:1987:9
[INFO] [stdout]   13:     0x563cb5db26d4 - std::panicking::rust_panic_with_hook::h2bb3722bbaf2f6df
[INFO] [stdout]                                at /rustc/1b7dd2252b99671ce5d1cb9664c5f8636329436d/library/std/src/panicking.rs:695:13
[INFO] [stdout]   14:     0x563cb5db2449 - std::panicking::begin_panic_handler::{{closure}}::h91bc7f36a4be011b
[INFO] [stdout]                                at /rustc/1b7dd2252b99671ce5d1cb9664c5f8636329436d/library/std/src/panicking.rs:582:13
[INFO] [stdout]   15:     0x563cb5db09d6 - std::sys_common::backtrace::__rust_end_short_backtrace::h8b3d3717114f9e59
[INFO] [stdout]                                at /rustc/1b7dd2252b99671ce5d1cb9664c5f8636329436d/library/std/src/sys_common/backtrace.rs:150:18
[INFO] [stdout]   16:     0x563cb5db21a2 - rust_begin_unwind
[INFO] [stdout]                                at /rustc/1b7dd2252b99671ce5d1cb9664c5f8636329436d/library/std/src/panicking.rs:578:5
[INFO] [stdout]   17:     0x563cb5b6dff3 - core::panicking::panic_fmt::hfd368e3fbdabea26
[INFO] [stdout]                                at /rustc/1b7dd2252b99671ce5d1cb9664c5f8636329436d/library/core/src/panicking.rs:67:14
[INFO] [stdout]   18:     0x563cb5c23d83 - assert::close::h62a0fc3084c72160
[INFO] [stdout]                                at /opt/rustwide/cargo-home/registry/src/index.crates.io-6f17d22bba15001f/assert-0.7.4/src/lib.rs:19:13
[INFO] [stdout]   19:     0x563cb5c7ddff - rv::dist::lognormal::tests::quantile_agree_with_cdf::{{closure}}::h217ce4774f37ddbb
[INFO] [stdout]                                at /opt/rustwide/workdir/src/dist/lognormal.rs:478:13
[INFO] [stdout]   20:     0x563cb5c676d4 - <core::slice::iter::Iter<T> as core::iter::traits::iterator::Iterator>::for_each::h63f752b746d7e8ea
[INFO] [stdout]                                at /rustc/1b7dd2252b99671ce5d1cb9664c5f8636329436d/library/core/src/slice/iter/macros.rs:201:21
[INFO] [stdout]   21:     0x563cb5c7dd70 - rv::dist::lognormal::tests::quantile_agree_with_cdf::h970720d3964e7a47
[INFO] [stdout]                                at /opt/rustwide/workdir/src/dist/lognormal.rs:475:9
[INFO] [stdout]   22:     0x563cb5c7dc67 - rv::dist::lognormal::tests::quantile_agree_with_cdf::{{closure}}::hecbda948d5da3ee6
[INFO] [stdout]                                at /opt/rustwide/workdir/src/dist/lognormal.rs:470:34
[INFO] [stdout]   23:     0x563cb5be7025 - core::ops::function::FnOnce::call_once::h25690914b1bae0df
[INFO] [stdout]                                at /rustc/1b7dd2252b99671ce5d1cb9664c5f8636329436d/library/core/src/ops/function.rs:250:5
[INFO] [stdout]   24:     0x563cb5d3eeaf - core::ops::function::FnOnce::call_once::ha6a70e79f7481a7e
[INFO] [stdout]                                at /rustc/1b7dd2252b99671ce5d1cb9664c5f8636329436d/library/core/src/ops/function.rs:250:5
[INFO] [stdout]   25:     0x563cb5d3eeaf - test::__rust_begin_short_backtrace::hce33033019b61e69
[INFO] [stdout]                                at /rustc/1b7dd2252b99671ce5d1cb9664c5f8636329436d/library/test/src/lib.rs:655:18
[INFO] [stdout]   26:     0x563cb5d0c69c - test::run_test::{{closure}}::h858d3528838ae3e5
[INFO] [stdout]                                at /rustc/1b7dd2252b99671ce5d1cb9664c5f8636329436d/library/test/src/lib.rs:646:30
[INFO] [stdout]   27:     0x563cb5d0c69c - core::ops::function::FnOnce::call_once{{vtable.shim}}::he8ac2b00f01ae79e
[INFO] [stdout]                                at /rustc/1b7dd2252b99671ce5d1cb9664c5f8636329436d/library/core/src/ops/function.rs:250:5
[INFO] [stdout]   28:     0x563cb5d3df86 - <alloc::boxed::Box<F,A> as core::ops::function::FnOnce<Args>>::call_once::h8093d25b522725ef
[INFO] [stdout]                                at /rustc/1b7dd2252b99671ce5d1cb9664c5f8636329436d/library/alloc/src/boxed.rs:1973:9
[INFO] [stdout]   29:     0x563cb5d3df86 - <core::panic::unwind_safe::AssertUnwindSafe<F> as core::ops::function::FnOnce<()>>::call_once::h5c334c204e4a3913
[INFO] [stdout]                                at /rustc/1b7dd2252b99671ce5d1cb9664c5f8636329436d/library/core/src/panic/unwind_safe.rs:271:9
[INFO] [stdout]   30:     0x563cb5d3df86 - std::panicking::try::do_call::ha8b740c7b9478074
[INFO] [stdout]                                at /rustc/1b7dd2252b99671ce5d1cb9664c5f8636329436d/library/std/src/panicking.rs:485:40
[INFO] [stdout]   31:     0x563cb5d3df86 - std::panicking::try::h5d34f63d0e41b64e
[INFO] [stdout]                                at /rustc/1b7dd2252b99671ce5d1cb9664c5f8636329436d/library/std/src/panicking.rs:449:19
[INFO] [stdout]   32:     0x563cb5d3df86 - std::panic::catch_unwind::hcfbb511e1aa7fc67
[INFO] [stdout]                                at /rustc/1b7dd2252b99671ce5d1cb9664c5f8636329436d/library/std/src/panic.rs:140:14
[INFO] [stdout]   33:     0x563cb5d3df86 - test::run_test_in_process::h9abda90f802eaf21
[INFO] [stdout]                                at /rustc/1b7dd2252b99671ce5d1cb9664c5f8636329436d/library/test/src/lib.rs:678:27
[INFO] [stdout]   34:     0x563cb5d3df86 - test::run_test::run_test_inner::{{closure}}::h0f058de91f6c6edf
[INFO] [stdout]                                at /rustc/1b7dd2252b99671ce5d1cb9664c5f8636329436d/library/test/src/lib.rs:572:39
[INFO] [stdout]   35:     0x563cb5d06ea5 - test::run_test::run_test_inner::{{closure}}::h5ca48a4c59c6c1fb
[INFO] [stdout]                                at /rustc/1b7dd2252b99671ce5d1cb9664c5f8636329436d/library/test/src/lib.rs:599:37
[INFO] [stdout]   36:     0x563cb5d06ea5 - std::sys_common::backtrace::__rust_begin_short_backtrace::h32bd51e1495d4a33
[INFO] [stdout]                                at /rustc/1b7dd2252b99671ce5d1cb9664c5f8636329436d/library/std/src/sys_common/backtrace.rs:134:18
[INFO] [stdout]   37:     0x563cb5d0c3e1 - std::thread::Builder::spawn_unchecked_::{{closure}}::{{closure}}::hc086fae9b128b2db
[INFO] [stdout]                                at /rustc/1b7dd2252b99671ce5d1cb9664c5f8636329436d/library/std/src/thread/mod.rs:526:17
[INFO] [stdout]   38:     0x563cb5d0c3e1 - <core::panic::unwind_safe::AssertUnwindSafe<F> as core::ops::function::FnOnce<()>>::call_once::hb66571888d270d43
[INFO] [stdout]                                at /rustc/1b7dd2252b99671ce5d1cb9664c5f8636329436d/library/core/src/panic/unwind_safe.rs:271:9
[INFO] [stdout]   39:     0x563cb5d0c3e1 - std::panicking::try::do_call::h4fa2ef4f6e51fecf
[INFO] [stdout]                                at /rustc/1b7dd2252b99671ce5d1cb9664c5f8636329436d/library/std/src/panicking.rs:485:40
[INFO] [stdout]   40:     0x563cb5d0c3e1 - std::panicking::try::h1e9e22b8584489b5
[INFO] [stdout]                                at /rustc/1b7dd2252b99671ce5d1cb9664c5f8636329436d/library/std/src/panicking.rs:449:19
[INFO] [stdout]   41:     0x563cb5d0c3e1 - std::panic::catch_unwind::h44698a3de0e0769e
[INFO] [stdout]                                at /rustc/1b7dd2252b99671ce5d1cb9664c5f8636329436d/library/std/src/panic.rs:140:14
[INFO] [stdout]   42:     0x563cb5d0c3e1 - std::thread::Builder::spawn_unchecked_::{{closure}}::h50153abde3fe239e
[INFO] [stdout]                                at /rustc/1b7dd2252b99671ce5d1cb9664c5f8636329436d/library/std/src/thread/mod.rs:525:30
[INFO] [stdout]   43:     0x563cb5d0c3e1 - core::ops::function::FnOnce::call_once{{vtable.shim}}::hbe5bbf6f38394364
[INFO] [stdout]                                at /rustc/1b7dd2252b99671ce5d1cb9664c5f8636329436d/library/core/src/ops/function.rs:250:5
[INFO] [stdout]   44:     0x563cb5db6ba5 - <alloc::boxed::Box<F,A> as core::ops::function::FnOnce<Args>>::call_once::h0d83cb2920a49046
[INFO] [stdout]                                at /rustc/1b7dd2252b99671ce5d1cb9664c5f8636329436d/library/alloc/src/boxed.rs:1973:9
[INFO] [stdout]   45:     0x563cb5db6ba5 - <alloc::boxed::Box<F,A> as core::ops::function::FnOnce<Args>>::call_once::hbe0a008aa7d9ef59
[INFO] [stdout]                                at /rustc/1b7dd2252b99671ce5d1cb9664c5f8636329436d/library/alloc/src/boxed.rs:1973:9
[INFO] [stdout]   46:     0x563cb5db6ba5 - std::sys::unix::thread::Thread::new::thread_start::h3a466996bdf6b1f9
[INFO] [stdout]                                at /rustc/1b7dd2252b99671ce5d1cb9664c5f8636329436d/library/std/src/sys/unix/thread.rs:108:17
[INFO] [stdout]   47:     0x7f7277e64b43 - <unknown>
[INFO] [stdout]   48:     0x7f7277ef5bb4 - __clone
[INFO] [stdout]   49:                0x0 - <unknown>
[INFO] [stdout] 
[INFO] [stdout] 
[INFO] [stdout] failures:
[INFO] [stdout]     dist::lognormal::tests::quantile_agree_with_cdf
[INFO] [stdout] 
[INFO] [stdout] test result: FAILED. 612 passed; 1 failed; 1 ignored; 0 measured; 0 filtered out; finished in 60.29s
[INFO] [stdout] 
[INFO] running `Command { std: "docker" "inspect" "997252f4ba62c488ca6cd368ed261427c1a927c557020bdb51c5ab8b448013a1", kill_on_drop: false }`
[INFO] running `Command { std: "docker" "rm" "-f" "997252f4ba62c488ca6cd368ed261427c1a927c557020bdb51c5ab8b448013a1", kill_on_drop: false }`
[INFO] [stdout] 997252f4ba62c488ca6cd368ed261427c1a927c557020bdb51c5ab8b448013a1
