[INFO] fetching crate rusty-compression 0.1.0...
[INFO] testing rusty-compression-0.1.0 against beta-2023-04-20 for beta-1.70-1
[INFO] extracting crate rusty-compression 0.1.0 into /workspace/builds/worker-0-tc2/source
[INFO] validating manifest of crates.io crate rusty-compression 0.1.0 on toolchain beta-2023-04-20
[INFO] running `Command { std: CARGO_HOME="/workspace/cargo-home" RUSTUP_HOME="/workspace/rustup-home" "/workspace/cargo-home/bin/cargo" "+beta-2023-04-20" "metadata" "--manifest-path" "Cargo.toml" "--no-deps", kill_on_drop: false }`
[INFO] started tweaking crates.io crate rusty-compression 0.1.0
[INFO] finished tweaking crates.io crate rusty-compression 0.1.0
[INFO] tweaked toml for crates.io crate rusty-compression 0.1.0 written to /workspace/builds/worker-0-tc2/source/Cargo.toml
[INFO] crate crates.io crate rusty-compression 0.1.0 already has a lockfile, it will not be regenerated
[INFO] running `Command { std: CARGO_HOME="/workspace/cargo-home" RUSTUP_HOME="/workspace/rustup-home" "/workspace/cargo-home/bin/cargo" "+beta-2023-04-20" "fetch" "--manifest-path" "Cargo.toml", kill_on_drop: false }`
[INFO] [stderr]     Updating crates.io index
[INFO] [stderr]  Downloading crates ...
[INFO] [stderr]   Downloaded lapack v0.18.0
[INFO] [stderr]   Downloaded cauchy v0.4.0
[INFO] [stderr]   Downloaded cblas-sys v0.1.4
[INFO] [stderr]   Downloaded openblas-build v0.1.1
[INFO] [stderr]   Downloaded lapack-sys v0.12.1
[INFO] [stderr]   Downloaded semver v1.0.7
[INFO] [stderr]   Downloaded plotters-bitmap v0.3.1
[INFO] [stderr]   Downloaded weezl v0.1.5
[INFO] [stderr]   Downloaded ndarray-linalg v0.14.1
[INFO] [stderr]   Downloaded font-kit v0.10.1
[INFO] [stderr]   Downloaded lax v0.2.0
[INFO] [stderr]   Downloaded ndarray v0.15.4
[INFO] [stderr]   Downloaded libc v0.2.123
[INFO] [stderr]   Downloaded openblas-src v0.10.4
[INFO] running `Command { std: "docker" "create" "-v" "/var/lib/crater-agent-workspace/builds/worker-0-tc2/target:/opt/rustwide/target:rw,Z" "-v" "/var/lib/crater-agent-workspace/builds/worker-0-tc2/source:/opt/rustwide/workdir:ro,Z" "-v" "/var/lib/crater-agent-workspace/cargo-home:/opt/rustwide/cargo-home:ro,Z" "-v" "/var/lib/crater-agent-workspace/rustup-home:/opt/rustwide/rustup-home:ro,Z" "-e" "SOURCE_DIR=/opt/rustwide/workdir" "-e" "CARGO_TARGET_DIR=/opt/rustwide/target" "-e" "CARGO_HOME=/opt/rustwide/cargo-home" "-e" "RUSTUP_HOME=/opt/rustwide/rustup-home" "-w" "/opt/rustwide/workdir" "-m" "1610612736" "--user" "0:0" "--network" "none" "ghcr.io/rust-lang/crates-build-env/linux@sha256:5ff2268d62e97bff2cde7d5815dd6ed5b47097566f13b8d0ca110b04b60e07ed" "/opt/rustwide/cargo-home/bin/cargo" "+beta-2023-04-20" "metadata" "--no-deps" "--format-version=1", kill_on_drop: false }`
[INFO] [stdout] 3a1d7b31a1a5f3f3a31f40f6cfd1857752f771c9dede0e17d7570e60b8c8bb4a
[INFO] running `Command { std: "docker" "start" "-a" "3a1d7b31a1a5f3f3a31f40f6cfd1857752f771c9dede0e17d7570e60b8c8bb4a", kill_on_drop: false }`
[INFO] running `Command { std: "docker" "inspect" "3a1d7b31a1a5f3f3a31f40f6cfd1857752f771c9dede0e17d7570e60b8c8bb4a", kill_on_drop: false }`
[INFO] running `Command { std: "docker" "rm" "-f" "3a1d7b31a1a5f3f3a31f40f6cfd1857752f771c9dede0e17d7570e60b8c8bb4a", kill_on_drop: false }`
[INFO] [stdout] 3a1d7b31a1a5f3f3a31f40f6cfd1857752f771c9dede0e17d7570e60b8c8bb4a
[INFO] running `Command { std: "docker" "create" "-v" "/var/lib/crater-agent-workspace/builds/worker-0-tc2/target:/opt/rustwide/target:rw,Z" "-v" "/var/lib/crater-agent-workspace/builds/worker-0-tc2/source:/opt/rustwide/workdir:ro,Z" "-v" "/var/lib/crater-agent-workspace/cargo-home:/opt/rustwide/cargo-home:ro,Z" "-v" "/var/lib/crater-agent-workspace/rustup-home:/opt/rustwide/rustup-home:ro,Z" "-e" "SOURCE_DIR=/opt/rustwide/workdir" "-e" "CARGO_TARGET_DIR=/opt/rustwide/target" "-e" "CARGO_INCREMENTAL=0" "-e" "RUST_BACKTRACE=full" "-e" "RUSTFLAGS=--cap-lints=warn" "-e" "RUSTDOCFLAGS=--cap-lints=warn" "-e" "CARGO_HOME=/opt/rustwide/cargo-home" "-e" "RUSTUP_HOME=/opt/rustwide/rustup-home" "-w" "/opt/rustwide/workdir" "-m" "1610612736" "--user" "0:0" "--network" "none" "ghcr.io/rust-lang/crates-build-env/linux@sha256:5ff2268d62e97bff2cde7d5815dd6ed5b47097566f13b8d0ca110b04b60e07ed" "/opt/rustwide/cargo-home/bin/cargo" "+beta-2023-04-20" "build" "--frozen" "--message-format=json", kill_on_drop: false }`
[INFO] [stdout] 26231c1c7ba43dc5a8489c016a8ed8c54cb051185d1c486f883975fd1bdef569
[INFO] running `Command { std: "docker" "start" "-a" "26231c1c7ba43dc5a8489c016a8ed8c54cb051185d1c486f883975fd1bdef569", kill_on_drop: false }`
[INFO] [stderr]    Compiling libc v0.2.123
[INFO] [stderr]    Compiling libm v0.2.2
[INFO] [stderr]    Compiling num-traits v0.2.14
[INFO] [stderr]    Compiling proc-macro2 v1.0.37
[INFO] [stderr]    Compiling unicode-xid v0.2.2
[INFO] [stderr]    Compiling ppv-lite86 v0.2.16
[INFO] [stderr]    Compiling syn v1.0.91
[INFO] [stderr]    Compiling serde v1.0.136
[INFO] [stderr]    Compiling num-integer v0.1.44
[INFO] [stderr]    Compiling num-bigint v0.4.3
[INFO] [stderr]    Compiling num-iter v0.1.42
[INFO] [stderr]    Compiling num-rational v0.4.0
[INFO] [stderr]    Compiling rawpointer v0.2.1
[INFO] [stderr]    Compiling matrixmultiply v0.3.2
[INFO] [stderr]    Compiling either v1.6.1
[INFO] [stderr]    Compiling itertools v0.10.3
[INFO] [stderr]    Compiling quote v1.0.18
[INFO] [stderr]    Compiling getrandom v0.2.6
[INFO] [stderr]    Compiling rand_core v0.6.3
[INFO] [stderr]    Compiling dirs-sys v0.3.7
[INFO] [stderr]    Compiling lapack-sys v0.12.1
[INFO] [stderr]    Compiling rand_chacha v0.3.1
[INFO] [stderr]    Compiling dirs v3.0.2
[INFO] [stderr]    Compiling cblas-sys v0.1.4
[INFO] [stderr]    Compiling rand v0.8.5
[INFO] [stderr]    Compiling approx v0.4.0
[INFO] [stderr]    Compiling rand_distr v0.4.3
[INFO] [stderr]    Compiling num-complex v0.4.0
[INFO] [stderr]    Compiling cauchy v0.4.0
[INFO] [stderr]    Compiling lapack v0.18.0
[INFO] [stderr]    Compiling ndarray v0.15.4
[INFO] [stderr]    Compiling num v0.4.0
[INFO] [stderr]    Compiling thiserror-impl v1.0.30
[INFO] [stderr]    Compiling thiserror v1.0.30
[INFO] [stderr]    Compiling openblas-build v0.1.1
[INFO] [stderr]    Compiling openblas-src v0.10.4
[INFO] [stderr]    Compiling lax v0.2.0
[INFO] [stderr]    Compiling ndarray-linalg v0.14.1
[INFO] [stderr]    Compiling rusty-compression v0.1.0 (/opt/rustwide/workdir)
[INFO] [stderr]     Finished dev [unoptimized + debuginfo] target(s) in 30.48s
[INFO] running `Command { std: "docker" "inspect" "26231c1c7ba43dc5a8489c016a8ed8c54cb051185d1c486f883975fd1bdef569", kill_on_drop: false }`
[INFO] running `Command { std: "docker" "rm" "-f" "26231c1c7ba43dc5a8489c016a8ed8c54cb051185d1c486f883975fd1bdef569", kill_on_drop: false }`
[INFO] [stdout] 26231c1c7ba43dc5a8489c016a8ed8c54cb051185d1c486f883975fd1bdef569
[INFO] running `Command { std: "docker" "create" "-v" "/var/lib/crater-agent-workspace/builds/worker-0-tc2/target:/opt/rustwide/target:rw,Z" "-v" "/var/lib/crater-agent-workspace/builds/worker-0-tc2/source:/opt/rustwide/workdir:ro,Z" "-v" "/var/lib/crater-agent-workspace/cargo-home:/opt/rustwide/cargo-home:ro,Z" "-v" "/var/lib/crater-agent-workspace/rustup-home:/opt/rustwide/rustup-home:ro,Z" "-e" "SOURCE_DIR=/opt/rustwide/workdir" "-e" "CARGO_TARGET_DIR=/opt/rustwide/target" "-e" "CARGO_INCREMENTAL=0" "-e" "RUST_BACKTRACE=full" "-e" "RUSTFLAGS=--cap-lints=warn" "-e" "RUSTDOCFLAGS=--cap-lints=warn" "-e" "CARGO_HOME=/opt/rustwide/cargo-home" "-e" "RUSTUP_HOME=/opt/rustwide/rustup-home" "-w" "/opt/rustwide/workdir" "-m" "1610612736" "--user" "0:0" "--network" "none" "ghcr.io/rust-lang/crates-build-env/linux@sha256:5ff2268d62e97bff2cde7d5815dd6ed5b47097566f13b8d0ca110b04b60e07ed" "/opt/rustwide/cargo-home/bin/cargo" "+beta-2023-04-20" "test" "--frozen" "--no-run" "--message-format=json", kill_on_drop: false }`
[INFO] [stdout] 1ad5efe89bc8087d0218ad5a292da9d2d248252d8e1beb0a1a1935cf62a31fbb
[INFO] running `Command { std: "docker" "start" "-a" "1ad5efe89bc8087d0218ad5a292da9d2d248252d8e1beb0a1a1935cf62a31fbb", kill_on_drop: false }`
[INFO] [stderr]    Compiling cmake v0.1.48
[INFO] [stderr]    Compiling ucd-trie v0.1.3
[INFO] [stderr]    Compiling same-file v1.0.6
[INFO] [stderr]    Compiling semver v1.0.7
[INFO] [stderr]    Compiling crossbeam-utils v0.8.8
[INFO] [stderr]    Compiling adler32 v1.2.0
[INFO] [stderr]    Compiling memoffset v0.6.5
[INFO] [stderr]    Compiling crc32fast v1.3.2
[INFO] [stderr]    Compiling servo-fontconfig-sys v5.1.0
[INFO] [stderr]    Compiling walkdir v2.3.2
[INFO] [stderr]    Compiling pest v2.1.3
[INFO] [stderr]    Compiling crossbeam-epoch v0.9.8
[INFO] [stderr]    Compiling openblas-build v0.1.1
[INFO] [stderr]    Compiling freetype-sys v0.13.1
[INFO] [stderr]    Compiling expat-sys v2.1.6
[INFO] [stderr]    Compiling memchr v2.4.1
[INFO] [stderr]    Compiling log v0.4.16
[INFO] [stderr]    Compiling rustc_version v0.4.0
[INFO] [stderr]    Compiling openblas-src v0.10.4
[INFO] [stderr]    Compiling num-rational v0.3.2
[INFO] [stderr]    Compiling semver-parser v0.10.2
[INFO] [stderr]    Compiling miniz_oxide v0.3.7
[INFO] [stderr]    Compiling deflate v0.8.6
[INFO] [stderr]    Compiling color_quant v1.1.0
[INFO] [stderr]    Compiling rayon-core v1.9.1
[INFO] [stderr]    Compiling cast v0.2.7
[INFO] [stderr]    Compiling png v0.16.8
[INFO] [stderr]    Compiling semver v0.11.0
[INFO] [stderr]    Compiling rustc_version v0.3.3
[INFO] [stderr]    Compiling dirs-sys-next v0.1.2
[INFO] [stderr]    Compiling bytemuck v1.9.1
[INFO] [stderr]    Compiling serde_json v1.0.79
[INFO] [stderr]    Compiling plotters-backend v0.3.2
[INFO] [stderr]    Compiling jpeg-decoder v0.1.22
[INFO] [stderr]    Compiling ryu v1.0.9
[INFO] [stderr]    Compiling weezl v0.1.5
[INFO] [stderr]    Compiling dirs-next v2.0.0
[INFO] [stderr]    Compiling pathfinder_simd v0.5.1
[INFO] [stderr]    Compiling crossbeam-deque v0.8.1
[INFO] [stderr]    Compiling servo-fontconfig v0.5.1
[INFO] [stderr]    Compiling freetype v0.7.0
[INFO] [stderr]    Compiling crossbeam-channel v0.5.4
[INFO] [stderr]    Compiling time v0.1.43
[INFO] [stderr]    Compiling num_cpus v1.13.1
[INFO] [stderr]    Compiling gif v0.11.3
[INFO] [stderr]    Compiling image v0.23.14
[INFO] [stderr]    Compiling rayon v1.5.1
[INFO] [stderr]    Compiling itoa v1.0.1
[INFO] [stderr]    Compiling serde_derive v1.0.136
[INFO] [stderr]    Compiling float-ord v0.2.0
[INFO] [stderr]    Compiling unicode-width v0.1.9
[INFO] [stderr]    Compiling regex-automata v0.1.10
[INFO] [stderr]    Compiling textwrap v0.11.0
[INFO] [stderr]    Compiling pathfinder_geometry v0.5.1
[INFO] [stderr]    Compiling bstr v0.2.17
[INFO] [stderr]    Compiling font-kit v0.10.1
[INFO] [stderr]    Compiling chrono v0.4.19
[INFO] [stderr]    Compiling lax v0.2.0
[INFO] [stderr]    Compiling plotters-svg v0.3.1
[INFO] [stderr]    Compiling csv-core v0.1.10
[INFO] [stderr]    Compiling regex-syntax v0.6.25
[INFO] [stderr]    Compiling itoa v0.4.8
[INFO] [stderr]    Compiling plotters-bitmap v0.3.1
[INFO] [stderr]    Compiling half v1.8.2
[INFO] [stderr]    Compiling ttf-parser v0.12.3
[INFO] [stderr]    Compiling serde_cbor v0.11.2
[INFO] [stderr]    Compiling csv v1.1.6
[INFO] [stderr]    Compiling tinytemplate v1.2.1
[INFO] [stderr]    Compiling ndarray-linalg v0.14.1
[INFO] [stderr]    Compiling regex v1.5.5
[INFO] [stderr]    Compiling criterion-plot v0.4.4
[INFO] [stderr]    Compiling plotters v0.3.1
[INFO] [stderr]    Compiling clap v2.34.0
[INFO] [stderr]    Compiling atty v0.2.14
[INFO] [stderr]    Compiling oorandom v11.1.3
[INFO] [stderr]    Compiling rusty-compression v0.1.0 (/opt/rustwide/workdir)
[INFO] [stderr]    Compiling criterion v0.3.5
[INFO] [stderr]     Finished test [unoptimized + debuginfo] target(s) in 1m 11s
[INFO] [stderr] warning: the following packages contain code that will be rejected by a future version of Rust: criterion v0.3.5
[INFO] [stderr] note: to see what the problems were, use the option `--future-incompat-report`, or run `cargo report future-incompatibilities --id 2`
[INFO] running `Command { std: "docker" "inspect" "1ad5efe89bc8087d0218ad5a292da9d2d248252d8e1beb0a1a1935cf62a31fbb", kill_on_drop: false }`
[INFO] running `Command { std: "docker" "rm" "-f" "1ad5efe89bc8087d0218ad5a292da9d2d248252d8e1beb0a1a1935cf62a31fbb", kill_on_drop: false }`
[INFO] [stdout] 1ad5efe89bc8087d0218ad5a292da9d2d248252d8e1beb0a1a1935cf62a31fbb
[INFO] running `Command { std: "docker" "create" "-v" "/var/lib/crater-agent-workspace/builds/worker-0-tc2/target:/opt/rustwide/target:rw,Z" "-v" "/var/lib/crater-agent-workspace/builds/worker-0-tc2/source:/opt/rustwide/workdir:ro,Z" "-v" "/var/lib/crater-agent-workspace/cargo-home:/opt/rustwide/cargo-home:ro,Z" "-v" "/var/lib/crater-agent-workspace/rustup-home:/opt/rustwide/rustup-home:ro,Z" "-e" "SOURCE_DIR=/opt/rustwide/workdir" "-e" "CARGO_TARGET_DIR=/opt/rustwide/target" "-e" "CARGO_INCREMENTAL=0" "-e" "RUST_BACKTRACE=full" "-e" "RUSTFLAGS=--cap-lints=warn" "-e" "RUSTDOCFLAGS=--cap-lints=warn" "-e" "CARGO_HOME=/opt/rustwide/cargo-home" "-e" "RUSTUP_HOME=/opt/rustwide/rustup-home" "-w" "/opt/rustwide/workdir" "-m" "1610612736" "--user" "0:0" "--network" "none" "ghcr.io/rust-lang/crates-build-env/linux@sha256:5ff2268d62e97bff2cde7d5815dd6ed5b47097566f13b8d0ca110b04b60e07ed" "/opt/rustwide/cargo-home/bin/cargo" "+beta-2023-04-20" "test" "--frozen", kill_on_drop: false }`
[INFO] [stdout] b9db2b02d9ec24dcf3f4f25fc2a88a20b6b6b4219b764f4aaf8744253f4b6963
[INFO] running `Command { std: "docker" "start" "-a" "b9db2b02d9ec24dcf3f4f25fc2a88a20b6b6b4219b764f4aaf8744253f4b6963", kill_on_drop: false }`
[INFO] [stderr]     Finished test [unoptimized + debuginfo] target(s) in 0.20s
[INFO] [stderr] warning: the following packages contain code that will be rejected by a future version of Rust: criterion v0.3.5
[INFO] [stderr] note: to see what the problems were, use the option `--future-incompat-report`, or run `cargo report future-incompatibilities --id 2`
[INFO] [stderr]      Running unittests src/lib.rs (/opt/rustwide/target/debug/deps/rusty_compression-45c1c30299341f9d)
[INFO] [stdout] 
[INFO] [stdout] running 89 tests
[INFO] [stdout] test col_interp_decomp::tests::test_two_sided_from_col_id_compression_by_tol_f64_thin ... ok
[INFO] [stdout] test col_interp_decomp::tests::test_two_sided_from_col_id_compression_by_tol_f32_thick ... ok
[INFO] [stdout] test permutation::tests::test_vector_permutaiton ... ok
[INFO] [stdout] test permutation::tests::test_matrix_permutation ... ok
[INFO] [stdout] test col_interp_decomp::tests::test_two_sided_from_col_id_compression_by_tol_f32_thin ... FAILED
[INFO] [stdout] test col_interp_decomp::tests::test_two_sided_from_col_id_compression_by_tol_f64_thick ... ok
[INFO] [stdout] test col_interp_decomp::tests::test_two_sided_from_col_id_compression_by_tol_c64_thick ... ok
[INFO] [stdout] test pivoted_qr::tests::pivoted_lq_test_thick_f64 ... ok
[INFO] [stdout] test pivoted_qr::tests::pivoted_lq_test_thick_f32 ... ok
[INFO] [stdout] test col_interp_decomp::tests::test_two_sided_from_col_id_compression_by_tol_c64_thin ... ok
[INFO] [stdout] test col_interp_decomp::tests::test_two_sided_from_col_id_compression_by_tol_c32_thick ... ok
[INFO] [stdout] test pivoted_qr::tests::pivoted_lq_test_thin_f64 ... ok
[INFO] [stdout] test pivoted_qr::tests::pivoted_lq_test_thin_f32 ... ok
[INFO] [stdout] test pivoted_qr::tests::pivoted_lq_test_thick_c64 ... ok
[INFO] [stdout] test pivoted_qr::tests::pivoted_lq_test_thin_c64 ... ok
[INFO] [stdout] test pivoted_qr::tests::pivoted_qr_test_thick_f32 ... ok
[INFO] [stdout] test col_interp_decomp::tests::test_two_sided_from_col_id_compression_by_tol_c32_thin ... ok
[INFO] [stdout] test pivoted_qr::tests::pivoted_qr_test_thick_f64 ... ok
[INFO] [stdout] test pivoted_qr::tests::pivoted_lq_test_thin_c32 ... ok
[INFO] [stdout] test pivoted_qr::tests::pivoted_qr_test_thick_c64 ... ok
[INFO] [stdout] test pivoted_qr::tests::pivoted_qr_test_thin_f32 ... ok
[INFO] [stdout] test pivoted_qr::tests::pivoted_qr_test_thick_c32 ... ok
[INFO] [stdout] test pivoted_qr::tests::pivoted_qr_test_thin_f64 ... ok
[INFO] [stdout] test pivoted_qr::tests::pivoted_qr_test_thin_c64 ... ok
[INFO] [stdout] test qr::tests::test_col_id_compression_by_tol_f32_thick ... ok
[INFO] [stdout] test pivoted_qr::tests::pivoted_lq_test_thick_c32 ... ok
[INFO] [stdout] test pivoted_qr::tests::pivoted_qr_test_thin_c32 ... ok
[INFO] [stdout] test qr::tests::test_col_id_compression_by_tol_f32_thin ... ok
[INFO] [stdout] test qr::tests::test_col_id_compression_by_tol_c64_thick ... ok
[INFO] [stdout] test qr::tests::test_col_id_compression_by_tol_f64_thin ... ok
[INFO] [stdout] test qr::tests::test_col_id_compression_by_tol_c32_thick ... ok
[INFO] [stdout] test qr::tests::test_col_id_compression_by_tol_f64_thick ... ok
[INFO] [stdout] test qr::tests::test_qr_compression_by_rank_f32_thick ... ok
[INFO] [stdout] test qr::tests::test_col_id_compression_by_tol_c64_thin ... ok
[INFO] [stdout] test qr::tests::test_qr_compression_by_rank_f32_thin ... ok
[INFO] [stdout] test qr::tests::test_qr_compression_by_rank_f64_thin ... ok
[INFO] [stdout] test qr::tests::test_qr_compression_by_rank_f64_thick ... ok
[INFO] [stdout] test qr::tests::test_qr_compression_by_rank_c64_thick ... ok
[INFO] [stdout] test qr::tests::test_qr_compression_by_rank_c64_thin ... ok
[INFO] [stdout] test qr::tests::test_qr_compression_by_tol_c64_thin ... ok
[INFO] [stdout] test qr::tests::test_col_id_compression_by_tol_c32_thin ... ok
[INFO] [stdout] test qr::tests::test_qr_compression_by_tol_f32_thin ... ok
[INFO] [stdout] test qr::tests::test_qr_compression_by_tol_f32_thick ... ok
[INFO] [stdout] test qr::tests::test_qr_compression_by_tol_f64_thick ... ok
[INFO] [stdout] test qr::tests::test_qr_compression_by_tol_f64_thin ... ok
[INFO] [stdout] test qr::tests::test_qr_compression_by_tol_c64_thick ... ok
[INFO] [stdout] test qr::tests::test_row_id_compression_by_tol_f32_thick ... ok
[INFO] [stdout] test qr::tests::test_qr_compression_by_rank_c32_thick ... ok
[INFO] [stdout] test qr::tests::test_row_id_compression_by_tol_c64_thin ... ok
[INFO] [stdout] test qr::tests::test_row_id_compression_by_tol_f32_thin ... ok
[INFO] [stdout] test qr::tests::test_row_id_compression_by_tol_f64_thin ... ok
[INFO] [stdout] test qr::tests::test_row_id_compression_by_tol_f64_thick ... ok
[INFO] [stdout] test qr::tests::test_row_id_compression_by_tol_c32_thick ... ok
[INFO] [stdout] test qr::tests::test_row_id_compression_by_tol_c64_thick ... ok
[INFO] [stdout] test qr::tests::test_qr_compression_by_tol_c32_thick ... ok
[INFO] [stdout] test qr::tests::test_qr_compression_by_tol_c32_thin ... ok
[INFO] [stdout] test row_interp_decomp::tests::test_two_sided_from_row_id_compression_by_tol_f32_thin ... ok
[INFO] [stdout] test row_interp_decomp::tests::test_two_sided_from_row_id_compression_by_tol_f64_thick ... ok
[INFO] [stdout] test qr::tests::test_row_id_compression_by_tol_c32_thin ... ok
[INFO] [stdout] test row_interp_decomp::tests::test_two_sided_from_row_id_compression_by_tol_f32_thick ... ok
[INFO] [stdout] test row_interp_decomp::tests::test_two_sided_from_row_id_compression_by_tol_f64_thin ... ok
[INFO] [stdout] test row_interp_decomp::tests::test_two_sided_from_row_id_compression_by_tol_c64_thick ... ok
[INFO] [stdout] test row_interp_decomp::tests::test_two_sided_from_row_id_compression_by_tol_c64_thin ... ok
[INFO] [stdout] test svd::tests::test_svd_compression_by_rank_c64_thick ... ok
[INFO] [stdout] test svd::tests::test_svd_compression_by_rank_c32_thin ... ok
[INFO] [stdout] test svd::tests::test_svd_compression_by_rank_f32_thick ... ok
[INFO] [stdout] test svd::tests::test_svd_compression_by_rank_f32_thin ... ok
[INFO] [stdout] test row_interp_decomp::tests::test_two_sided_from_row_id_compression_by_tol_c32_thin ... ok
[INFO] [stdout] test svd::tests::test_svd_compression_by_rank_f64_thick ... ok
[INFO] [stdout] test svd::tests::test_svd_compression_by_rank_c32_thick ... ok
[INFO] [stdout] test svd::tests::test_svd_compression_by_rank_f64_thin ... ok
[INFO] [stdout] test svd::tests::test_svd_compression_by_tol_f32_thick ... ok
[INFO] [stdout] test svd::tests::test_svd_compression_by_rank_c64_thin ... ok
[INFO] [stdout] test row_interp_decomp::tests::test_two_sided_from_row_id_compression_by_tol_c32_thick ... ok
[INFO] [stdout] test svd::tests::test_svd_compression_by_tol_f64_thin ... ok
[INFO] [stdout] test svd::tests::test_svd_compression_by_tol_f32_thin ... ok
[INFO] [stdout] test svd::tests::test_svd_compression_by_tol_f64_thick ... ok
[INFO] [stdout] test svd::tests::test_svd_compression_by_tol_c64_thin ... ok
[INFO] [stdout] test svd::tests::test_svd_compression_by_tol_c32_thick ... ok
[INFO] [stdout] test svd::tests::test_svd_compression_by_tol_c64_thick ... ok
[INFO] [stdout] test svd::tests::test_svd_to_qr_f32_thick ... ok
[INFO] [stdout] test svd::tests::test_svd_to_qr_f64_thick ... ok
[INFO] [stdout] test svd::tests::test_svd_to_qr_c64_thick ... ok
[INFO] [stdout] test svd::tests::test_svd_to_qr_c32_thin ... ok
[INFO] [stdout] test svd::tests::test_svd_to_qr_f32_thin ... ok
[INFO] [stdout] test svd::tests::test_svd_to_qr_c32_thick ... ok
[INFO] [stdout] test svd::tests::test_svd_compression_by_tol_c32_thin ... ok
[INFO] [stdout] test svd::tests::test_svd_to_qr_c64_thin ... ok
[INFO] [stdout] test svd::tests::test_svd_to_qr_f64_thin ... ok
[INFO] [stdout] 
[INFO] [stdout] failures:
[INFO] [stdout] 
[INFO] [stdout] ---- col_interp_decomp::tests::test_two_sided_from_col_id_compression_by_tol_f32_thin stdout ----
[INFO] [stdout] Rel Error 0.00000007831145
[INFO] [stdout] Rel Error 0.00000035021236
[INFO] [stdout] Rel Error 0.000000095155634
[INFO] [stdout] Rel Error 0.00000010247888
[INFO] [stdout] Rel Error 0.00000058548585
[INFO] [stdout] Rel Error 0.00000015293764
[INFO] [stdout] Rel Error 0.00000023308814
[INFO] [stdout] Rel Error 0
[INFO] [stdout] Rel Error 0.000005358752
[INFO] [stdout] Rel Error 0.000000075873366
[INFO] [stdout] Rel Error 0.000000113569655
[INFO] [stdout] Rel Error 0.000000118365904
[INFO] [stdout] Rel Error 0.00000008108872
[INFO] [stdout] Rel Error 0.00000019718112
[INFO] [stdout] Rel Error 0.00000016095038
[INFO] [stdout] Rel Error 0.000000080203435
[INFO] [stdout] Rel Error 0.0000002915191
[INFO] [stdout] Rel Error 0.00000011338629
[INFO] [stdout] Rel Error 0.00000006382067
[INFO] [stdout] Rel Error 0
[INFO] [stdout] Rel Error 0.00000021430716
[INFO] [stdout] Rel Error 0.00000047027322
[INFO] [stdout] Rel Error 0.00000007790654
[INFO] [stdout] Rel Error 0.00000024287294
[INFO] [stdout] Rel Error 0.00000008429419
[INFO] [stdout] Rel Error 0.00000008017231
[INFO] [stdout] Rel Error 0.0000010504957
[INFO] [stdout] Rel Error 0.0000002016955
[INFO] [stdout] Rel Error 0.00000025150297
[INFO] [stdout] Rel Error 0.00000010727925
[INFO] [stdout] Rel Error 0
[INFO] [stdout] Rel Error 0.0000015724626
[INFO] [stdout] Rel Error 0.00000043505585
[INFO] [stdout] Rel Error 0.000007195316
[INFO] [stdout] Rel Error 0.00000024726072
[INFO] [stdout] Rel Error 0.00000019743126
[INFO] [stdout] Rel Error 0.000000065802766
[INFO] [stdout] Rel Error 0.00000009547764
[INFO] [stdout] Rel Error 0.0000021356518
[INFO] [stdout] Rel Error 0.00000021105738
[INFO] [stdout] Rel Error 0.00000014008177
[INFO] [stdout] Rel Error 0.00000044287623
[INFO] [stdout] Rel Error 0.0000011617753
[INFO] [stdout] Rel Error 0.0000006379325
[INFO] [stdout] Rel Error 0
[INFO] [stdout] Rel Error 0.0000004085325
[INFO] [stdout] Rel Error 0.000000080217305
[INFO] [stdout] Rel Error 0.00000011918005
[INFO] [stdout] Rel Error 0.00000006754006
[INFO] [stdout] Rel Error 0.0000001165087
[INFO] [stdout] Rel Error 0.00000034372042
[INFO] [stdout] Rel Error 0.00000063737696
[INFO] [stdout] Rel Error 0.000000101538845
[INFO] [stdout] Rel Error 0.00000022393931
[INFO] [stdout] Rel Error 0.00000042995674
[INFO] [stdout] Rel Error 0.000000091215206
[INFO] [stdout] Rel Error 0.00000029980896
[INFO] [stdout] Rel Error 0.00000059474814
[INFO] [stdout] Rel Error 0.00000023225799
[INFO] [stdout] Rel Error 0.000000971403
[INFO] [stdout] Rel Error 0
[INFO] [stdout] Rel Error 0.00000012441937
[INFO] [stdout] Rel Error 0.00000027578506
[INFO] [stdout] Rel Error 0.00000032917518
[INFO] [stdout] Rel Error 0.00000039433684
[INFO] [stdout] Rel Error 0
[INFO] [stdout] Rel Error 0.00000024563707
[INFO] [stdout] Rel Error 0.000000067921505
[INFO] [stdout] Rel Error 0.00000008405015
[INFO] [stdout] Rel Error 0.00000011908075
[INFO] [stdout] Rel Error 0.00000022989308
[INFO] [stdout] Rel Error 0.0000009964984
[INFO] [stdout] Rel Error 0.00000020527983
[INFO] [stdout] Rel Error 0.00000007280853
[INFO] [stdout] Rel Error 0.000006085579
[INFO] [stdout] Rel Error 0.0000004615577
[INFO] [stdout] Rel Error 0.00000033995244
[INFO] [stdout] Rel Error 0.00000070807806
[INFO] [stdout] Rel Error 0.00000022905677
[INFO] [stdout] Rel Error 0.00000043769683
[INFO] [stdout] Rel Error 0.00000037782564
[INFO] [stdout] Rel Error 0.00000048632575
[INFO] [stdout] Rel Error 0.00000070039823
[INFO] [stdout] Rel Error 0.0000008983528
[INFO] [stdout] Rel Error 0.00000081480584
[INFO] [stdout] Rel Error 0
[INFO] [stdout] Rel Error 0.00000063964706
[INFO] [stdout] Rel Error 0.00000036833845
[INFO] [stdout] Rel Error 0.00000019511604
[INFO] [stdout] Rel Error 0.00000028899524
[INFO] [stdout] Rel Error 0
[INFO] [stdout] Rel Error 0.00000006750501
[INFO] [stdout] Rel Error 0.00000031665044
[INFO] [stdout] Rel Error 0.00000006281459
[INFO] [stdout] Rel Error 0.00000028775784
[INFO] [stdout] Rel Error 0.000000104396754
[INFO] [stdout] Rel Error 0.000000077452206
[INFO] [stdout] Rel Error 0.00000030908097
[INFO] [stdout] Rel Error 0.00000032823
[INFO] [stdout] Rel Error 0.00000034423087
[INFO] [stdout] Rel Error 0.00000048408856
[INFO] [stdout] Rel Error 0.00000088989043
[INFO] [stdout] Rel Error 0.0000004654734
[INFO] [stdout] Rel Error 0.00000024404517
[INFO] [stdout] Rel Error 0.00000021530168
[INFO] [stdout] Rel Error 0.0000006785786
[INFO] [stdout] Rel Error 0.00000031924853
[INFO] [stdout] Rel Error 0.00000016124626
[INFO] [stdout] Rel Error 0.0000002204526
[INFO] [stdout] Rel Error 0.00000027683555
[INFO] [stdout] Rel Error 0.00000010633073
[INFO] [stdout] Rel Error 0.00000050882113
[INFO] [stdout] Rel Error 0.0000003399256
[INFO] [stdout] Rel Error 0
[INFO] [stdout] Rel Error 0
[INFO] [stdout] Rel Error 0.00000022189374
[INFO] [stdout] Rel Error 0.00000012330472
[INFO] [stdout] Rel Error 0.000000059985716
[INFO] [stdout] Rel Error 0.00000021429422
[INFO] [stdout] Rel Error 0.00000024380424
[INFO] [stdout] Rel Error 0.00000023137142
[INFO] [stdout] Rel Error 0.0000006791544
[INFO] [stdout] Rel Error 0
[INFO] [stdout] Rel Error 0.00000024667986
[INFO] [stdout] Rel Error 0.0000002953811
[INFO] [stdout] Rel Error 0.00000018292796
[INFO] [stdout] Rel Error 0.0000005972423
[INFO] [stdout] Rel Error 0.0000002543485
[INFO] [stdout] Rel Error 0.00000015783333
[INFO] [stdout] Rel Error 0.00000014347515
[INFO] [stdout] Rel Error 0.00000021685842
[INFO] [stdout] Rel Error 0.001135756
[INFO] [stdout] thread 'col_interp_decomp::tests::test_two_sided_from_col_id_compression_by_tol_f32_thin' panicked at 'assertion failed: (two_sided_id.x[[row_index, col_index]] -\n                mat_permuted[[row_index, col_index]]).abs() <\n    10.0 * 1E-4 * mat_permuted[[row_index, col_index]].abs()', src/col_interp_decomp.rs:232:5
[INFO] [stdout] stack backtrace:
[INFO] [stdout]    0:     0x559db2fe181a - std::backtrace_rs::backtrace::libunwind::trace::h2f05d0192276a8f6
[INFO] [stdout]                                at /rustc/1b7dd2252b99671ce5d1cb9664c5f8636329436d/library/std/src/../../backtrace/src/backtrace/libunwind.rs:93:5
[INFO] [stdout]    1:     0x559db2fe181a - std::backtrace_rs::backtrace::trace_unsynchronized::hedc23dff7a1af150
[INFO] [stdout]                                at /rustc/1b7dd2252b99671ce5d1cb9664c5f8636329436d/library/std/src/../../backtrace/src/backtrace/mod.rs:66:5
[INFO] [stdout]    2:     0x559db2fe181a - std::sys_common::backtrace::_print_fmt::h17541ef7592f3ce2
[INFO] [stdout]                                at /rustc/1b7dd2252b99671ce5d1cb9664c5f8636329436d/library/std/src/sys_common/backtrace.rs:65:5
[INFO] [stdout]    3:     0x559db2fe181a - <std::sys_common::backtrace::_print::DisplayBacktrace as core::fmt::Display>::fmt::h20f75df5ab0c0792
[INFO] [stdout]                                at /rustc/1b7dd2252b99671ce5d1cb9664c5f8636329436d/library/std/src/sys_common/backtrace.rs:44:22
[INFO] [stdout]    4:     0x559db30061ff - core::fmt::write::h78109e6f466b3af6
[INFO] [stdout]                                at /rustc/1b7dd2252b99671ce5d1cb9664c5f8636329436d/library/core/src/fmt/mod.rs:1254:17
[INFO] [stdout]    5:     0x559db2fdeb65 - std::io::Write::write_fmt::hd24bfb68a1b35a25
[INFO] [stdout]                                at /rustc/1b7dd2252b99671ce5d1cb9664c5f8636329436d/library/std/src/io/mod.rs:1698:15
[INFO] [stdout]    6:     0x559db2fe15e5 - std::sys_common::backtrace::_print::h8dac57a9f8fbf9a5
[INFO] [stdout]                                at /rustc/1b7dd2252b99671ce5d1cb9664c5f8636329436d/library/std/src/sys_common/backtrace.rs:47:5
[INFO] [stdout]    7:     0x559db2fe15e5 - std::sys_common::backtrace::print::hf9ecbf41d1aa712f
[INFO] [stdout]                                at /rustc/1b7dd2252b99671ce5d1cb9664c5f8636329436d/library/std/src/sys_common/backtrace.rs:34:9
[INFO] [stdout]    8:     0x559db2fe329e - std::panicking::default_hook::{{closure}}::h04c07acfc84ca028
[INFO] [stdout]                                at /rustc/1b7dd2252b99671ce5d1cb9664c5f8636329436d/library/std/src/panicking.rs:269:22
[INFO] [stdout]    9:     0x559db2fe2fd1 - std::panicking::default_hook::h01f6bb23e1eceb2c
[INFO] [stdout]                                at /rustc/1b7dd2252b99671ce5d1cb9664c5f8636329436d/library/std/src/panicking.rs:285:9
[INFO] [stdout]   10:     0x559db2f06cdb - <alloc::boxed::Box<F,A> as core::ops::function::Fn<Args>>::call::h87fe9f7b2fd49e4c
[INFO] [stdout]                                at /rustc/1b7dd2252b99671ce5d1cb9664c5f8636329436d/library/alloc/src/boxed.rs:1987:9
[INFO] [stdout]   11:     0x559db2f06cdb - test::test_main::{{closure}}::he94d679243a7531b
[INFO] [stdout]                                at /rustc/1b7dd2252b99671ce5d1cb9664c5f8636329436d/library/test/src/lib.rs:134:21
[INFO] [stdout]   12:     0x559db2fe3984 - <alloc::boxed::Box<F,A> as core::ops::function::Fn<Args>>::call::h3f2d6d8b14c4769f
[INFO] [stdout]                                at /rustc/1b7dd2252b99671ce5d1cb9664c5f8636329436d/library/alloc/src/boxed.rs:1987:9
[INFO] [stdout]   13:     0x559db2fe3984 - std::panicking::rust_panic_with_hook::h2bb3722bbaf2f6df
[INFO] [stdout]                                at /rustc/1b7dd2252b99671ce5d1cb9664c5f8636329436d/library/std/src/panicking.rs:695:13
[INFO] [stdout]   14:     0x559db2fe36b2 - std::panicking::begin_panic_handler::{{closure}}::h91bc7f36a4be011b
[INFO] [stdout]                                at /rustc/1b7dd2252b99671ce5d1cb9664c5f8636329436d/library/std/src/panicking.rs:580:13
[INFO] [stdout]   15:     0x559db2fe1c86 - std::sys_common::backtrace::__rust_end_short_backtrace::h8b3d3717114f9e59
[INFO] [stdout]                                at /rustc/1b7dd2252b99671ce5d1cb9664c5f8636329436d/library/std/src/sys_common/backtrace.rs:150:18
[INFO] [stdout]   16:     0x559db2fe3452 - rust_begin_unwind
[INFO] [stdout]                                at /rustc/1b7dd2252b99671ce5d1cb9664c5f8636329436d/library/std/src/panicking.rs:578:5
[INFO] [stdout]   17:     0x559db2ce3ff3 - core::panicking::panic_fmt::hfd368e3fbdabea26
[INFO] [stdout]                                at /rustc/1b7dd2252b99671ce5d1cb9664c5f8636329436d/library/core/src/panicking.rs:67:14
[INFO] [stdout]   18:     0x559db2ce408d - core::panicking::panic::h3f9042d09bd0bf2e
[INFO] [stdout]                                at /rustc/1b7dd2252b99671ce5d1cb9664c5f8636329436d/library/core/src/panicking.rs:117:5
[INFO] [stdout]   19:     0x559db2e1deee - rusty_compression::col_interp_decomp::tests::test_two_sided_from_col_id_compression_by_tol_f32_thin::h0791d1d40f78bb6e
[INFO] [stdout]                                at /opt/rustwide/workdir/src/col_interp_decomp.rs:221:21
[INFO] [stdout]   20:     0x559db2e1d4a7 - rusty_compression::col_interp_decomp::tests::test_two_sided_from_col_id_compression_by_tol_f32_thin::{{closure}}::hf1a14db930852b7c
[INFO] [stdout]                                at /opt/rustwide/workdir/src/col_interp_decomp.rs:183:20
[INFO] [stdout]   21:     0x559db2eb1395 - core::ops::function::FnOnce::call_once::h313ea4a11db818e3
[INFO] [stdout]                                at /rustc/1b7dd2252b99671ce5d1cb9664c5f8636329436d/library/core/src/ops/function.rs:250:5
[INFO] [stdout]   22:     0x559db2f0bbaf - core::ops::function::FnOnce::call_once::ha6a70e79f7481a7e
[INFO] [stdout]                                at /rustc/1b7dd2252b99671ce5d1cb9664c5f8636329436d/library/core/src/ops/function.rs:250:5
[INFO] [stdout]   23:     0x559db2f0bbaf - test::__rust_begin_short_backtrace::hce33033019b61e69
[INFO] [stdout]                                at /rustc/1b7dd2252b99671ce5d1cb9664c5f8636329436d/library/test/src/lib.rs:655:18
[INFO] [stdout]   24:     0x559db2ed939c - test::run_test::{{closure}}::h858d3528838ae3e5
[INFO] [stdout]                                at /rustc/1b7dd2252b99671ce5d1cb9664c5f8636329436d/library/test/src/lib.rs:646:30
[INFO] [stdout]   25:     0x559db2ed939c - core::ops::function::FnOnce::call_once{{vtable.shim}}::he8ac2b00f01ae79e
[INFO] [stdout]                                at /rustc/1b7dd2252b99671ce5d1cb9664c5f8636329436d/library/core/src/ops/function.rs:250:5
[INFO] [stdout]   26:     0x559db2f0ac86 - <alloc::boxed::Box<F,A> as core::ops::function::FnOnce<Args>>::call_once::h8093d25b522725ef
[INFO] [stdout]                                at /rustc/1b7dd2252b99671ce5d1cb9664c5f8636329436d/library/alloc/src/boxed.rs:1973:9
[INFO] [stdout]   27:     0x559db2f0ac86 - <core::panic::unwind_safe::AssertUnwindSafe<F> as core::ops::function::FnOnce<()>>::call_once::h5c334c204e4a3913
[INFO] [stdout]                                at /rustc/1b7dd2252b99671ce5d1cb9664c5f8636329436d/library/core/src/panic/unwind_safe.rs:271:9
[INFO] [stdout]   28:     0x559db2f0ac86 - std::panicking::try::do_call::ha8b740c7b9478074
[INFO] [stdout]                                at /rustc/1b7dd2252b99671ce5d1cb9664c5f8636329436d/library/std/src/panicking.rs:485:40
[INFO] [stdout]   29:     0x559db2f0ac86 - std::panicking::try::h5d34f63d0e41b64e
[INFO] [stdout]                                at /rustc/1b7dd2252b99671ce5d1cb9664c5f8636329436d/library/std/src/panicking.rs:449:19
[INFO] [stdout]   30:     0x559db2f0ac86 - std::panic::catch_unwind::hcfbb511e1aa7fc67
[INFO] [stdout]                                at /rustc/1b7dd2252b99671ce5d1cb9664c5f8636329436d/library/std/src/panic.rs:140:14
[INFO] [stdout]   31:     0x559db2f0ac86 - test::run_test_in_process::h9abda90f802eaf21
[INFO] [stdout]                                at /rustc/1b7dd2252b99671ce5d1cb9664c5f8636329436d/library/test/src/lib.rs:678:27
[INFO] [stdout]   32:     0x559db2f0ac86 - test::run_test::run_test_inner::{{closure}}::h0f058de91f6c6edf
[INFO] [stdout]                                at /rustc/1b7dd2252b99671ce5d1cb9664c5f8636329436d/library/test/src/lib.rs:572:39
[INFO] [stdout]   33:     0x559db2ed3ba5 - test::run_test::run_test_inner::{{closure}}::h5ca48a4c59c6c1fb
[INFO] [stdout]                                at /rustc/1b7dd2252b99671ce5d1cb9664c5f8636329436d/library/test/src/lib.rs:599:37
[INFO] [stdout]   34:     0x559db2ed3ba5 - std::sys_common::backtrace::__rust_begin_short_backtrace::h32bd51e1495d4a33
[INFO] [stdout]                                at /rustc/1b7dd2252b99671ce5d1cb9664c5f8636329436d/library/std/src/sys_common/backtrace.rs:134:18
[INFO] [stdout]   35:     0x559db2ed90e1 - std::thread::Builder::spawn_unchecked_::{{closure}}::{{closure}}::hc086fae9b128b2db
[INFO] [stdout]                                at /rustc/1b7dd2252b99671ce5d1cb9664c5f8636329436d/library/std/src/thread/mod.rs:526:17
[INFO] [stdout]   36:     0x559db2ed90e1 - <core::panic::unwind_safe::AssertUnwindSafe<F> as core::ops::function::FnOnce<()>>::call_once::hb66571888d270d43
[INFO] [stdout]                                at /rustc/1b7dd2252b99671ce5d1cb9664c5f8636329436d/library/core/src/panic/unwind_safe.rs:271:9
[INFO] [stdout]   37:     0x559db2ed90e1 - std::panicking::try::do_call::h4fa2ef4f6e51fecf
[INFO] [stdout]                                at /rustc/1b7dd2252b99671ce5d1cb9664c5f8636329436d/library/std/src/panicking.rs:485:40
[INFO] [stdout]   38:     0x559db2ed90e1 - std::panicking::try::h1e9e22b8584489b5
[INFO] [stdout]                                at /rustc/1b7dd2252b99671ce5d1cb9664c5f8636329436d/library/std/src/panicking.rs:449:19
[INFO] [stdout]   39:     0x559db2ed90e1 - std::panic::catch_unwind::h44698a3de0e0769e
[INFO] [stdout]                                at /rustc/1b7dd2252b99671ce5d1cb9664c5f8636329436d/library/std/src/panic.rs:140:14
[INFO] [stdout]   40:     0x559db2ed90e1 - std::thread::Builder::spawn_unchecked_::{{closure}}::h50153abde3fe239e
[INFO] [stdout]                                at /rustc/1b7dd2252b99671ce5d1cb9664c5f8636329436d/library/std/src/thread/mod.rs:525:30
[INFO] [stdout]   41:     0x559db2ed90e1 - core::ops::function::FnOnce::call_once{{vtable.shim}}::hbe5bbf6f38394364
[INFO] [stdout]                                at /rustc/1b7dd2252b99671ce5d1cb9664c5f8636329436d/library/core/src/ops/function.rs:250:5
[INFO] [stdout]   42:     0x559db2fe7e55 - <alloc::boxed::Box<F,A> as core::ops::function::FnOnce<Args>>::call_once::h0d83cb2920a49046
[INFO] [stdout]                                at /rustc/1b7dd2252b99671ce5d1cb9664c5f8636329436d/library/alloc/src/boxed.rs:1973:9
[INFO] [stdout]   43:     0x559db2fe7e55 - <alloc::boxed::Box<F,A> as core::ops::function::FnOnce<Args>>::call_once::hbe0a008aa7d9ef59
[INFO] [stdout]                                at /rustc/1b7dd2252b99671ce5d1cb9664c5f8636329436d/library/alloc/src/boxed.rs:1973:9
[INFO] [stdout]   44:     0x559db2fe7e55 - std::sys::unix::thread::Thread::new::thread_start::h3a466996bdf6b1f9
[INFO] [stdout]                                at /rustc/1b7dd2252b99671ce5d1cb9664c5f8636329436d/library/std/src/sys/unix/thread.rs:108:17
[INFO] [stdout]   45:     0x7fd01bf6db43 - <unknown>
[INFO] [stdout]   46:     0x7fd01bffebb4 - __clone
[INFO] [stdout]   47:                0x0 - <unknown>
[INFO] [stdout] 
[INFO] [stdout] 
[INFO] [stdout] failures:
[INFO] [stdout]     col_interp_decomp::tests::test_two_sided_from_col_id_compression_by_tol_f32_thin
[INFO] [stdout] 
[INFO] [stdout] test result: FAILED. 88 passed; 1 failed; 0 ignored; 0 measured; 0 filtered out; finished in 10.28s
[INFO] [stdout] 
[INFO] [stderr] error: test failed, to rerun pass `--lib`
[INFO] running `Command { std: "docker" "inspect" "b9db2b02d9ec24dcf3f4f25fc2a88a20b6b6b4219b764f4aaf8744253f4b6963", kill_on_drop: false }`
[INFO] running `Command { std: "docker" "rm" "-f" "b9db2b02d9ec24dcf3f4f25fc2a88a20b6b6b4219b764f4aaf8744253f4b6963", kill_on_drop: false }`
[INFO] [stdout] b9db2b02d9ec24dcf3f4f25fc2a88a20b6b6b4219b764f4aaf8744253f4b6963
