[INFO] fetching crate rstar 0.10.0...
[INFO] testing rstar-0.10.0 against beta-2023-04-20 for beta-1.70-1
[INFO] extracting crate rstar 0.10.0 into /workspace/builds/worker-2-tc2/source
[INFO] validating manifest of crates.io crate rstar 0.10.0 on toolchain beta-2023-04-20
[INFO] running `Command { std: CARGO_HOME="/workspace/cargo-home" RUSTUP_HOME="/workspace/rustup-home" "/workspace/cargo-home/bin/cargo" "+beta-2023-04-20" "metadata" "--manifest-path" "Cargo.toml" "--no-deps", kill_on_drop: false }`
[INFO] started tweaking crates.io crate rstar 0.10.0
[INFO] finished tweaking crates.io crate rstar 0.10.0
[INFO] tweaked toml for crates.io crate rstar 0.10.0 written to /workspace/builds/worker-2-tc2/source/Cargo.toml
[INFO] running `Command { std: CARGO_HOME="/workspace/cargo-home" RUSTUP_HOME="/workspace/rustup-home" __CARGO_TEST_CHANNEL_OVERRIDE_DO_NOT_USE_THIS="nightly" "/workspace/cargo-home/bin/cargo" "+beta-2023-04-20" "generate-lockfile" "--manifest-path" "Cargo.toml" "-Zno-index-update", kill_on_drop: false }`
[INFO] running `Command { std: CARGO_HOME="/workspace/cargo-home" RUSTUP_HOME="/workspace/rustup-home" "/workspace/cargo-home/bin/cargo" "+beta-2023-04-20" "fetch" "--manifest-path" "Cargo.toml", kill_on_drop: false }`
[INFO] running `Command { std: "docker" "create" "-v" "/var/lib/crater-agent-workspace/builds/worker-2-tc2/target:/opt/rustwide/target:rw,Z" "-v" "/var/lib/crater-agent-workspace/builds/worker-2-tc2/source:/opt/rustwide/workdir:ro,Z" "-v" "/var/lib/crater-agent-workspace/cargo-home:/opt/rustwide/cargo-home:ro,Z" "-v" "/var/lib/crater-agent-workspace/rustup-home:/opt/rustwide/rustup-home:ro,Z" "-e" "SOURCE_DIR=/opt/rustwide/workdir" "-e" "CARGO_TARGET_DIR=/opt/rustwide/target" "-e" "CARGO_HOME=/opt/rustwide/cargo-home" "-e" "RUSTUP_HOME=/opt/rustwide/rustup-home" "-w" "/opt/rustwide/workdir" "-m" "1610612736" "--user" "0:0" "--network" "none" "ghcr.io/rust-lang/crates-build-env/linux@sha256:5ff2268d62e97bff2cde7d5815dd6ed5b47097566f13b8d0ca110b04b60e07ed" "/opt/rustwide/cargo-home/bin/cargo" "+beta-2023-04-20" "metadata" "--no-deps" "--format-version=1", kill_on_drop: false }`
[INFO] [stdout] a7057ff960bb25ba98b2871c1bd86dba86a38087aa73c97a2a572ef41327d4b1
[INFO] running `Command { std: "docker" "start" "-a" "a7057ff960bb25ba98b2871c1bd86dba86a38087aa73c97a2a572ef41327d4b1", kill_on_drop: false }`
[INFO] running `Command { std: "docker" "inspect" "a7057ff960bb25ba98b2871c1bd86dba86a38087aa73c97a2a572ef41327d4b1", kill_on_drop: false }`
[INFO] running `Command { std: "docker" "rm" "-f" "a7057ff960bb25ba98b2871c1bd86dba86a38087aa73c97a2a572ef41327d4b1", kill_on_drop: false }`
[INFO] [stdout] a7057ff960bb25ba98b2871c1bd86dba86a38087aa73c97a2a572ef41327d4b1
[INFO] running `Command { std: "docker" "create" "-v" "/var/lib/crater-agent-workspace/builds/worker-2-tc2/target:/opt/rustwide/target:rw,Z" "-v" "/var/lib/crater-agent-workspace/builds/worker-2-tc2/source:/opt/rustwide/workdir:ro,Z" "-v" "/var/lib/crater-agent-workspace/cargo-home:/opt/rustwide/cargo-home:ro,Z" "-v" "/var/lib/crater-agent-workspace/rustup-home:/opt/rustwide/rustup-home:ro,Z" "-e" "SOURCE_DIR=/opt/rustwide/workdir" "-e" "CARGO_TARGET_DIR=/opt/rustwide/target" "-e" "CARGO_INCREMENTAL=0" "-e" "RUST_BACKTRACE=full" "-e" "RUSTFLAGS=--cap-lints=warn" "-e" "RUSTDOCFLAGS=--cap-lints=warn" "-e" "CARGO_HOME=/opt/rustwide/cargo-home" "-e" "RUSTUP_HOME=/opt/rustwide/rustup-home" "-w" "/opt/rustwide/workdir" "-m" "1610612736" "--user" "0:0" "--network" "none" "ghcr.io/rust-lang/crates-build-env/linux@sha256:5ff2268d62e97bff2cde7d5815dd6ed5b47097566f13b8d0ca110b04b60e07ed" "/opt/rustwide/cargo-home/bin/cargo" "+beta-2023-04-20" "build" "--frozen" "--message-format=json", kill_on_drop: false }`
[INFO] [stdout] 9fe58921450521bed0533b5ba36e55c7a5d7ab04abf15edd3519ec4aa47028b9
[INFO] running `Command { std: "docker" "start" "-a" "9fe58921450521bed0533b5ba36e55c7a5d7ab04abf15edd3519ec4aa47028b9", kill_on_drop: false }`
[INFO] [stderr]    Compiling autocfg v1.1.0
[INFO] [stderr]    Compiling semver v1.0.17
[INFO] [stderr]    Compiling scopeguard v1.1.0
[INFO] [stderr]    Compiling libm v0.2.6
[INFO] [stderr]    Compiling byteorder v1.4.3
[INFO] [stderr]    Compiling stable_deref_trait v1.2.0
[INFO] [stderr]    Compiling smallvec v1.10.0
[INFO] [stderr]    Compiling hash32 v0.2.1
[INFO] [stderr]    Compiling lock_api v0.4.9
[INFO] [stderr]    Compiling num-traits v0.2.15
[INFO] [stderr]    Compiling rustc_version v0.4.0
[INFO] [stderr]    Compiling heapless v0.7.16
[INFO] [stderr]    Compiling spin v0.9.8
[INFO] [stderr]    Compiling rstar v0.10.0 (/opt/rustwide/workdir)
[INFO] [stderr]     Finished dev [unoptimized + debuginfo] target(s) in 2.08s
[INFO] running `Command { std: "docker" "inspect" "9fe58921450521bed0533b5ba36e55c7a5d7ab04abf15edd3519ec4aa47028b9", kill_on_drop: false }`
[INFO] running `Command { std: "docker" "rm" "-f" "9fe58921450521bed0533b5ba36e55c7a5d7ab04abf15edd3519ec4aa47028b9", kill_on_drop: false }`
[INFO] [stdout] 9fe58921450521bed0533b5ba36e55c7a5d7ab04abf15edd3519ec4aa47028b9
[INFO] running `Command { std: "docker" "create" "-v" "/var/lib/crater-agent-workspace/builds/worker-2-tc2/target:/opt/rustwide/target:rw,Z" "-v" "/var/lib/crater-agent-workspace/builds/worker-2-tc2/source:/opt/rustwide/workdir:ro,Z" "-v" "/var/lib/crater-agent-workspace/cargo-home:/opt/rustwide/cargo-home:ro,Z" "-v" "/var/lib/crater-agent-workspace/rustup-home:/opt/rustwide/rustup-home:ro,Z" "-e" "SOURCE_DIR=/opt/rustwide/workdir" "-e" "CARGO_TARGET_DIR=/opt/rustwide/target" "-e" "CARGO_INCREMENTAL=0" "-e" "RUST_BACKTRACE=full" "-e" "RUSTFLAGS=--cap-lints=warn" "-e" "RUSTDOCFLAGS=--cap-lints=warn" "-e" "CARGO_HOME=/opt/rustwide/cargo-home" "-e" "RUSTUP_HOME=/opt/rustwide/rustup-home" "-w" "/opt/rustwide/workdir" "-m" "1610612736" "--user" "0:0" "--network" "none" "ghcr.io/rust-lang/crates-build-env/linux@sha256:5ff2268d62e97bff2cde7d5815dd6ed5b47097566f13b8d0ca110b04b60e07ed" "/opt/rustwide/cargo-home/bin/cargo" "+beta-2023-04-20" "test" "--frozen" "--no-run" "--message-format=json", kill_on_drop: false }`
[INFO] [stdout] a16288e477c751b69bea7eef5726cfc8d6503b0bc6fc43165277ca7dd4ac302f
[INFO] running `Command { std: "docker" "start" "-a" "a16288e477c751b69bea7eef5726cfc8d6503b0bc6fc43165277ca7dd4ac302f", kill_on_drop: false }`
[INFO] [stderr]    Compiling libc v0.2.142
[INFO] [stderr]    Compiling getrandom v0.1.16
[INFO] [stderr]    Compiling cfg-if v1.0.0
[INFO] [stderr]    Compiling serde v1.0.160
[INFO] [stderr]    Compiling serde_json v1.0.96
[INFO] [stderr]    Compiling ppv-lite86 v0.2.17
[INFO] [stderr]    Compiling ryu v1.0.13
[INFO] [stderr]    Compiling itoa v1.0.6
[INFO] [stderr]    Compiling approx v0.3.2
[INFO] [stderr]    Compiling rand_core v0.5.1
[INFO] [stderr]    Compiling rand_chacha v0.2.2
[INFO] [stderr]    Compiling rand_hc v0.2.0
[INFO] [stderr]    Compiling rand v0.7.3
[INFO] [stderr]    Compiling rstar v0.10.0 (/opt/rustwide/workdir)
[INFO] [stderr]     Finished test [unoptimized + debuginfo] target(s) in 6.16s
[INFO] running `Command { std: "docker" "inspect" "a16288e477c751b69bea7eef5726cfc8d6503b0bc6fc43165277ca7dd4ac302f", kill_on_drop: false }`
[INFO] running `Command { std: "docker" "rm" "-f" "a16288e477c751b69bea7eef5726cfc8d6503b0bc6fc43165277ca7dd4ac302f", kill_on_drop: false }`
[INFO] [stdout] a16288e477c751b69bea7eef5726cfc8d6503b0bc6fc43165277ca7dd4ac302f
[INFO] running `Command { std: "docker" "create" "-v" "/var/lib/crater-agent-workspace/builds/worker-2-tc2/target:/opt/rustwide/target:rw,Z" "-v" "/var/lib/crater-agent-workspace/builds/worker-2-tc2/source:/opt/rustwide/workdir:ro,Z" "-v" "/var/lib/crater-agent-workspace/cargo-home:/opt/rustwide/cargo-home:ro,Z" "-v" "/var/lib/crater-agent-workspace/rustup-home:/opt/rustwide/rustup-home:ro,Z" "-e" "SOURCE_DIR=/opt/rustwide/workdir" "-e" "CARGO_TARGET_DIR=/opt/rustwide/target" "-e" "CARGO_INCREMENTAL=0" "-e" "RUST_BACKTRACE=full" "-e" "RUSTFLAGS=--cap-lints=warn" "-e" "RUSTDOCFLAGS=--cap-lints=warn" "-e" "CARGO_HOME=/opt/rustwide/cargo-home" "-e" "RUSTUP_HOME=/opt/rustwide/rustup-home" "-w" "/opt/rustwide/workdir" "-m" "1610612736" "--user" "0:0" "--network" "none" "ghcr.io/rust-lang/crates-build-env/linux@sha256:5ff2268d62e97bff2cde7d5815dd6ed5b47097566f13b8d0ca110b04b60e07ed" "/opt/rustwide/cargo-home/bin/cargo" "+beta-2023-04-20" "test" "--frozen", kill_on_drop: false }`
[INFO] [stdout] 0af97d73f1cea219cce892fdd06bce0270af6f0cc38b4f2ead06238a783e6a9d
[INFO] running `Command { std: "docker" "start" "-a" "0af97d73f1cea219cce892fdd06bce0270af6f0cc38b4f2ead06238a783e6a9d", kill_on_drop: false }`
[INFO] [stderr]     Finished test [unoptimized + debuginfo] target(s) in 0.02s
[INFO] [stderr]      Running unittests src/lib.rs (/opt/rustwide/target/debug/deps/rstar-c03a5da985f8bd30)
[INFO] [stdout] 
[INFO] [stdout] running 39 tests
[INFO] [stdout] test aabb::test::test_min_max_dist_2_issue_40_regression ... ok
[INFO] [stdout] test algorithm::bulk_load::bulk_load_sequential::test::test_bulk_load_small ... ok
[INFO] [stdout] test algorithm::bulk_load::cluster_group_iterator::test::test_cluster_group_iterator ... ok
[INFO] [stdout] test algorithm::iterators::test::test_root_node_is_not_always_unpacked ... ok
[INFO] [stdout] test algorithm::nearest_neighbor::test::test_nearest_neighbor_empty ... ok
[INFO] [stdout] test algorithm::iterators::test::test_locate_with_selection_func ... ok
[INFO] [stdout] test algorithm::nearest_neighbor::test::test_nearest_neighbors_empty ... ok
[INFO] [stdout] test algorithm::iterators::test::test_locate_in_envelope ... ok
[INFO] [stdout] test algorithm::iterators::test::test_locate_within_distance ... ok
[INFO] [stdout] test algorithm::nearest_neighbor::test::test_nearest_neighbors ... ok
[INFO] [stdout] test algorithm::intersection_iterator::test::test_intersection_between_trees ... ok
[INFO] [stdout] test point::tests::test_tuples ... ok
[INFO] [stdout] test primitives::geom_with_data::test::container_in_rtree ... ok
[INFO] [stdout] test primitives::geom_with_data::test::container_edge_distance ... ok
[INFO] [stdout] test primitives::line::test::edge_distance ... ok
[INFO] [stdout] test primitives::line::test::length_2 ... ok
[INFO] [stdout] test primitives::geom_with_data::test::container_nearest_neighbour ... ok
[INFO] [stdout] test primitives::geom_with_data::test::container_length_2 ... ok
[INFO] [stdout] test algorithm::iterators::test::test_locate_all ... ok
[INFO] [stdout] test primitives::rectangle::test::rectangle_distance ... ok
[INFO] [stdout] test algorithm::nearest_neighbor::test::test_nearest_neighbor ... ok
[INFO] [stdout] test rtree::test::test_create_rtree_with_parameters ... ok
[INFO] [stdout] test rtree::test::test_fmt_debug ... ok
[INFO] [stdout] test rtree::test::test_default ... ok
[INFO] [stdout] test rtree::test::test_bulk_load_crash ... ok
[INFO] [stdout] test rtree::test::test_remove_capacity ... ok
[INFO] [stdout] test rtree::test::test_insert_single ... ok
[INFO] [stdout] test algorithm::removal::test::test_remove_at_point ... ok
[INFO] [stdout] test algorithm::bulk_load::bulk_load_sequential::test::test_bulk_load_large ... ok
[INFO] [stdout] test algorithm::intersection_iterator::test::test_trivial_intersections ... ok
[INFO] [stdout] test algorithm::removal::test::test_remove ... ok
[INFO] [stdout] test algorithm::removal::test::test_drain_iterator ... ok
[INFO] [stdout] test algorithm::removal::test::test_remove_and_insert ... ok
[INFO] [stdout] test algorithm::removal::test::test_remove_and_insert_rectangles ... ok
[INFO] [stdout] test algorithm::nearest_neighbor::test::test_nearest_neighbor_iterator_with_distance_2 ... ok
[INFO] [stdout] test rtree::test::test_insert_many ... ok
[INFO] [stdout] test algorithm::nearest_neighbor::test::test_nearest_neighbor_iterator ... ok
[INFO] [stdout] test algorithm::iterators::test::test_iteration ... ok
[INFO] [stdout] test algorithm::bulk_load::bulk_load_sequential::test::test_bulk_load_with_different_sizes ... ok
[INFO] [stdout] 
[INFO] [stdout] test result: ok. 39 passed; 0 failed; 0 ignored; 0 measured; 0 filtered out; finished in 0.53s
[INFO] [stdout] 
[INFO] [stderr]    Doc-tests rstar
[INFO] [stdout] 
[INFO] [stdout] running 24 tests
[INFO] [stdout] test src/object.rs - object::PointDistance (line 93) ... ok
[INFO] [stdout] test src/primitives/line.rs - primitives::line::Line<P>::nearest_point (line 84) ... ok
[INFO] [stdout] test src/point.rs - point::Point (line 117) ... ok
[INFO] [stdout] test src/rtree.rs - rtree::RTree (line 100) ... ok
[INFO] [stdout] test src/primitives/line.rs - primitives::line::Line<P>::length_2 (line 65) ... ok
[INFO] [stdout] test src/point.rs - point::RTreeNum (line 16) ... ok
[INFO] [stdout] test src/rtree.rs - rtree::RTree<T,Params>::locate_all_at_point (line 539) ... ok
[INFO] [stdout] test src/rtree.rs - rtree::RTree<T,Params>::iter (line 268) ... ok
[INFO] [stdout] test src/object.rs - object::RTreeObject (line 23) ... ok
[INFO] [stdout] test src/rtree.rs - rtree::RTree<T,Params>::contains (line 604) ... ok
[INFO] [stdout] test src/primitives/geom_with_data.rs - primitives::geom_with_data::GeomWithData (line 14) ... ok
[INFO] [stdout] test src/rtree.rs - rtree::RTree<T,Params>::locate_in_envelope (line 299) ... ok
[INFO] [stdout] test src/primitives/line.rs - primitives::line::Line (line 15) ... ok
[INFO] [stdout] test src/params.rs - params::RTreeParams (line 10) ... ok
[INFO] [stdout] test src/primitives/point_with_data.rs - primitives::point_with_data::PointWithData (line 11) ... ok
[INFO] [stdout] test src/rtree.rs - rtree::RTree (line 69) ... ok
[INFO] [stdout] test src/rtree.rs - rtree::RTree<T,Params>::locate_in_envelope_intersecting (line 354) ... ok
[INFO] [stdout] test src/rtree.rs - rtree::RTree<T,Params>::nearest_neighbor_iter (line 735) ... ok
[INFO] [stdout] test src/rtree.rs - rtree::RTree<T,Params>::nearest_neighbor (line 653) ... ok
[INFO] [stdout] test src/rtree.rs - rtree::RTree<T,Params>::nearest_neighbors (line 682) ... FAILED
[INFO] [stdout] test src/rtree.rs - rtree::RTree<T,Params>::remove_at_point (line 573) ... ok
[INFO] [stdout] test src/rtree.rs - rtree::RTree<T,Params>::pop_nearest_neighbor (line 781) ... ok
[INFO] [stdout] test src/rtree.rs - rtree::RTree<T,Params>::size (line 245) ... ok
[INFO] [stdout] test src/rtree.rs - rtree::RTree<T,Params>::remove (line 625) ... ok
[INFO] [stdout] 
[INFO] [stdout] failures:
[INFO] [stdout] 
[INFO] [stdout] ---- src/rtree.rs - rtree::RTree<T,Params>::nearest_neighbors (line 682) stdout ----
[INFO] [stdout] Test executable failed (exit status: 101).
[INFO] [stdout] 
[INFO] [stdout] stderr:
[INFO] [stdout] thread 'main' panicked at 'assertion failed: `(left == right)`
[INFO] [stdout]   left: `[[1.0, 0.0], [0.0, 1.0]]`,
[INFO] [stdout]  right: `[[0.0, 1.0], [1.0, 0.0]]`', src/rtree.rs:10:1
[INFO] [stdout] stack backtrace:
[INFO] [stdout]    0:     0x5556c6371b9a - std::backtrace_rs::backtrace::libunwind::trace::h2f05d0192276a8f6
[INFO] [stdout]                                at /rustc/1b7dd2252b99671ce5d1cb9664c5f8636329436d/library/std/src/../../backtrace/src/backtrace/libunwind.rs:93:5
[INFO] [stdout]    1:     0x5556c6371b9a - std::backtrace_rs::backtrace::trace_unsynchronized::hedc23dff7a1af150
[INFO] [stdout]                                at /rustc/1b7dd2252b99671ce5d1cb9664c5f8636329436d/library/std/src/../../backtrace/src/backtrace/mod.rs:66:5
[INFO] [stdout]    2:     0x5556c6371b9a - std::sys_common::backtrace::_print_fmt::h17541ef7592f3ce2
[INFO] [stdout]                                at /rustc/1b7dd2252b99671ce5d1cb9664c5f8636329436d/library/std/src/sys_common/backtrace.rs:65:5
[INFO] [stdout]    3:     0x5556c6371b9a - <std::sys_common::backtrace::_print::DisplayBacktrace as core::fmt::Display>::fmt::h20f75df5ab0c0792
[INFO] [stdout]                                at /rustc/1b7dd2252b99671ce5d1cb9664c5f8636329436d/library/std/src/sys_common/backtrace.rs:44:22
[INFO] [stdout]    4:     0x5556c638f98f - core::fmt::write::h78109e6f466b3af6
[INFO] [stdout]                                at /rustc/1b7dd2252b99671ce5d1cb9664c5f8636329436d/library/core/src/fmt/mod.rs:1254:17
[INFO] [stdout]    5:     0x5556c636f9f5 - std::io::Write::write_fmt::hc59e1b02dd273c8a
[INFO] [stdout]                                at /rustc/1b7dd2252b99671ce5d1cb9664c5f8636329436d/library/std/src/io/mod.rs:1698:15
[INFO] [stdout]    6:     0x5556c6371965 - std::sys_common::backtrace::_print::h8dac57a9f8fbf9a5
[INFO] [stdout]                                at /rustc/1b7dd2252b99671ce5d1cb9664c5f8636329436d/library/std/src/sys_common/backtrace.rs:47:5
[INFO] [stdout]    7:     0x5556c6371965 - std::sys_common::backtrace::print::hf9ecbf41d1aa712f
[INFO] [stdout]                                at /rustc/1b7dd2252b99671ce5d1cb9664c5f8636329436d/library/std/src/sys_common/backtrace.rs:34:9
[INFO] [stdout]    8:     0x5556c6372eee - std::panicking::default_hook::{{closure}}::h04c07acfc84ca028
[INFO] [stdout]                                at /rustc/1b7dd2252b99671ce5d1cb9664c5f8636329436d/library/std/src/panicking.rs:269:22
[INFO] [stdout]    9:     0x5556c6372c95 - std::panicking::default_hook::h01f6bb23e1eceb2c
[INFO] [stdout]                                at /rustc/1b7dd2252b99671ce5d1cb9664c5f8636329436d/library/std/src/panicking.rs:288:9
[INFO] [stdout]   10:     0x5556c637344e - std::panicking::rust_panic_with_hook::h2bb3722bbaf2f6df
[INFO] [stdout]                                at /rustc/1b7dd2252b99671ce5d1cb9664c5f8636329436d/library/std/src/panicking.rs:691:13
[INFO] [stdout]   11:     0x5556c6373349 - std::panicking::begin_panic_handler::{{closure}}::h91bc7f36a4be011b
[INFO] [stdout]                                at /rustc/1b7dd2252b99671ce5d1cb9664c5f8636329436d/library/std/src/panicking.rs:582:13
[INFO] [stdout]   12:     0x5556c6372006 - std::sys_common::backtrace::__rust_end_short_backtrace::h8b3d3717114f9e59
[INFO] [stdout]                                at /rustc/1b7dd2252b99671ce5d1cb9664c5f8636329436d/library/std/src/sys_common/backtrace.rs:150:18
[INFO] [stdout]   13:     0x5556c63730a2 - rust_begin_unwind
[INFO] [stdout]                                at /rustc/1b7dd2252b99671ce5d1cb9664c5f8636329436d/library/std/src/panicking.rs:578:5
[INFO] [stdout]   14:     0x5556c6346fb3 - core::panicking::panic_fmt::hfd368e3fbdabea26
[INFO] [stdout]                                at /rustc/1b7dd2252b99671ce5d1cb9664c5f8636329436d/library/core/src/panicking.rs:67:14
[INFO] [stdout]   15:     0x5556c634737f - core::panicking::assert_failed_inner::haef49168e1798a91
[INFO] [stdout]   16:     0x5556c634ff8a - core::panicking::assert_failed::h21b1ce0045591a22
[INFO] [stdout]   17:     0x5556c6358776 - rust_out::main::_doctest_main_src_rtree_rs_682_0::h357e37d83ef0f9a4
[INFO] [stdout]   18:     0x5556c6358576 - rust_out::main::h2731449a68dfa004
[INFO] [stdout]   19:     0x5556c634a6a3 - core::ops::function::FnOnce::call_once::hd1715aa1b26fc35c
[INFO] [stdout]   20:     0x5556c6349536 - std::sys_common::backtrace::__rust_begin_short_backtrace::h8d2b4d09ce515535
[INFO] [stdout]   21:     0x5556c6349589 - std::rt::lang_start::{{closure}}::hc9a918c63b0dc835
[INFO] [stdout]   22:     0x5556c636dffe - core::ops::function::impls::<impl core::ops::function::FnOnce<A> for &F>::call_once::h2eb19b8ce4148df4
[INFO] [stdout]                                at /rustc/1b7dd2252b99671ce5d1cb9664c5f8636329436d/library/core/src/ops/function.rs:287:13
[INFO] [stdout]   23:     0x5556c636dffe - std::panicking::try::do_call::h2e900feff5d504c5
[INFO] [stdout]                                at /rustc/1b7dd2252b99671ce5d1cb9664c5f8636329436d/library/std/src/panicking.rs:485:40
[INFO] [stdout]   24:     0x5556c636dffe - std::panicking::try::h8854836cb85aa9f2
[INFO] [stdout]                                at /rustc/1b7dd2252b99671ce5d1cb9664c5f8636329436d/library/std/src/panicking.rs:449:19
[INFO] [stdout]   25:     0x5556c636dffe - std::panic::catch_unwind::h706025dd4c48f64b
[INFO] [stdout]                                at /rustc/1b7dd2252b99671ce5d1cb9664c5f8636329436d/library/std/src/panic.rs:140:14
[INFO] [stdout]   26:     0x5556c636dffe - std::rt::lang_start_internal::{{closure}}::h7be5b97f4a07a91a
[INFO] [stdout]                                at /rustc/1b7dd2252b99671ce5d1cb9664c5f8636329436d/library/std/src/rt.rs:148:48
[INFO] [stdout]   27:     0x5556c636dffe - std::panicking::try::do_call::h59847e9d0a176965
[INFO] [stdout]                                at /rustc/1b7dd2252b99671ce5d1cb9664c5f8636329436d/library/std/src/panicking.rs:485:40
[INFO] [stdout]   28:     0x5556c636dffe - std::panicking::try::h399a918ba8522823
[INFO] [stdout]                                at /rustc/1b7dd2252b99671ce5d1cb9664c5f8636329436d/library/std/src/panicking.rs:449:19
[INFO] [stdout]   29:     0x5556c636dffe - std::panic::catch_unwind::hca7ca6c55b2a2e26
[INFO] [stdout]                                at /rustc/1b7dd2252b99671ce5d1cb9664c5f8636329436d/library/std/src/panic.rs:140:14
[INFO] [stdout]   30:     0x5556c636dffe - std::rt::lang_start_internal::h2c807a81560459eb
[INFO] [stdout]                                at /rustc/1b7dd2252b99671ce5d1cb9664c5f8636329436d/library/std/src/rt.rs:148:20
[INFO] [stdout]   31:     0x5556c6349567 - std::rt::lang_start::hc4bd3329ce767e23
[INFO] [stdout]   32:     0x5556c6358895 - main
[INFO] [stdout]   33:     0x7f069f9ecd90 - <unknown>
[INFO] [stdout]   34:     0x7f069f9ece40 - __libc_start_main
[INFO] [stdout]   35:     0x5556c6347685 - _start
[INFO] [stdout]   36:                0x0 - <unknown>
[INFO] [stdout] 
[INFO] [stdout] 
[INFO] [stdout] 
[INFO] [stdout] failures:
[INFO] [stdout]     src/rtree.rs - rtree::RTree<T,Params>::nearest_neighbors (line 682)
[INFO] [stdout] 
[INFO] [stdout] test result: FAILED. 23 passed; 1 failed; 0 ignored; 0 measured; 0 filtered out; finished in 0.85s
[INFO] [stdout] 
[INFO] [stderr] error: doctest failed, to rerun pass `--doc`
[INFO] running `Command { std: "docker" "inspect" "0af97d73f1cea219cce892fdd06bce0270af6f0cc38b4f2ead06238a783e6a9d", kill_on_drop: false }`
[INFO] running `Command { std: "docker" "rm" "-f" "0af97d73f1cea219cce892fdd06bce0270af6f0cc38b4f2ead06238a783e6a9d", kill_on_drop: false }`
[INFO] [stdout] 0af97d73f1cea219cce892fdd06bce0270af6f0cc38b4f2ead06238a783e6a9d
