[INFO] fetching crate hdrhistogram 7.5.2...
[INFO] testing hdrhistogram-7.5.2 against beta-2023-04-20 for beta-1.70-1
[INFO] extracting crate hdrhistogram 7.5.2 into /workspace/builds/worker-6-tc2/source
[INFO] validating manifest of crates.io crate hdrhistogram 7.5.2 on toolchain beta-2023-04-20
[INFO] running `Command { std: CARGO_HOME="/workspace/cargo-home" RUSTUP_HOME="/workspace/rustup-home" "/workspace/cargo-home/bin/cargo" "+beta-2023-04-20" "metadata" "--manifest-path" "Cargo.toml" "--no-deps", kill_on_drop: false }`
[INFO] started tweaking crates.io crate hdrhistogram 7.5.2
[INFO] removed 0 missing examples
[INFO] finished tweaking crates.io crate hdrhistogram 7.5.2
[INFO] tweaked toml for crates.io crate hdrhistogram 7.5.2 written to /workspace/builds/worker-6-tc2/source/Cargo.toml
[INFO] crate crates.io crate hdrhistogram 7.5.2 already has a lockfile, it will not be regenerated
[INFO] running `Command { std: CARGO_HOME="/workspace/cargo-home" RUSTUP_HOME="/workspace/rustup-home" "/workspace/cargo-home/bin/cargo" "+beta-2023-04-20" "fetch" "--manifest-path" "Cargo.toml", kill_on_drop: false }`
[INFO] [stderr]     Updating crates.io index
[INFO] [stderr]  Downloading crates ...
[INFO] [stderr]   Downloaded ieee754 v0.2.6
[INFO] [stderr]   Downloaded once_cell v1.14.0
[INFO] [stderr]   Downloaded rug v1.17.0
[INFO] [stderr]   Downloaded gmp-mpfr-sys v1.4.10
[INFO] running `Command { std: "docker" "create" "-v" "/var/lib/crater-agent-workspace/builds/worker-6-tc2/target:/opt/rustwide/target:rw,Z" "-v" "/var/lib/crater-agent-workspace/builds/worker-6-tc2/source:/opt/rustwide/workdir:ro,Z" "-v" "/var/lib/crater-agent-workspace/cargo-home:/opt/rustwide/cargo-home:ro,Z" "-v" "/var/lib/crater-agent-workspace/rustup-home:/opt/rustwide/rustup-home:ro,Z" "-e" "SOURCE_DIR=/opt/rustwide/workdir" "-e" "CARGO_TARGET_DIR=/opt/rustwide/target" "-e" "CARGO_HOME=/opt/rustwide/cargo-home" "-e" "RUSTUP_HOME=/opt/rustwide/rustup-home" "-w" "/opt/rustwide/workdir" "-m" "1610612736" "--user" "0:0" "--network" "none" "ghcr.io/rust-lang/crates-build-env/linux@sha256:5ff2268d62e97bff2cde7d5815dd6ed5b47097566f13b8d0ca110b04b60e07ed" "/opt/rustwide/cargo-home/bin/cargo" "+beta-2023-04-20" "metadata" "--no-deps" "--format-version=1", kill_on_drop: false }`
[INFO] [stdout] b03a3bb9136473576e8c0c54f2589bcde3f39bde3fe9ccc1c103f1fa69c8ca84
[INFO] running `Command { std: "docker" "start" "-a" "b03a3bb9136473576e8c0c54f2589bcde3f39bde3fe9ccc1c103f1fa69c8ca84", kill_on_drop: false }`
[INFO] running `Command { std: "docker" "inspect" "b03a3bb9136473576e8c0c54f2589bcde3f39bde3fe9ccc1c103f1fa69c8ca84", kill_on_drop: false }`
[INFO] running `Command { std: "docker" "rm" "-f" "b03a3bb9136473576e8c0c54f2589bcde3f39bde3fe9ccc1c103f1fa69c8ca84", kill_on_drop: false }`
[INFO] [stdout] b03a3bb9136473576e8c0c54f2589bcde3f39bde3fe9ccc1c103f1fa69c8ca84
[INFO] running `Command { std: "docker" "create" "-v" "/var/lib/crater-agent-workspace/builds/worker-6-tc2/target:/opt/rustwide/target:rw,Z" "-v" "/var/lib/crater-agent-workspace/builds/worker-6-tc2/source:/opt/rustwide/workdir:ro,Z" "-v" "/var/lib/crater-agent-workspace/cargo-home:/opt/rustwide/cargo-home:ro,Z" "-v" "/var/lib/crater-agent-workspace/rustup-home:/opt/rustwide/rustup-home:ro,Z" "-e" "SOURCE_DIR=/opt/rustwide/workdir" "-e" "CARGO_TARGET_DIR=/opt/rustwide/target" "-e" "CARGO_INCREMENTAL=0" "-e" "RUST_BACKTRACE=full" "-e" "RUSTFLAGS=--cap-lints=warn" "-e" "RUSTDOCFLAGS=--cap-lints=warn" "-e" "CARGO_HOME=/opt/rustwide/cargo-home" "-e" "RUSTUP_HOME=/opt/rustwide/rustup-home" "-w" "/opt/rustwide/workdir" "-m" "1610612736" "--user" "0:0" "--network" "none" "ghcr.io/rust-lang/crates-build-env/linux@sha256:5ff2268d62e97bff2cde7d5815dd6ed5b47097566f13b8d0ca110b04b60e07ed" "/opt/rustwide/cargo-home/bin/cargo" "+beta-2023-04-20" "build" "--frozen" "--message-format=json", kill_on_drop: false }`
[INFO] [stdout] 3f4fe2edd278c54250c439ae28142dbf6fc733f0dbd78e23a8219ce6f0d6a6b3
[INFO] running `Command { std: "docker" "start" "-a" "3f4fe2edd278c54250c439ae28142dbf6fc733f0dbd78e23a8219ce6f0d6a6b3", kill_on_drop: false }`
[INFO] [stderr]    Compiling crossbeam-utils v0.8.11
[INFO] [stderr]    Compiling crc32fast v1.3.2
[INFO] [stderr]    Compiling memchr v2.5.0
[INFO] [stderr]    Compiling adler v1.0.2
[INFO] [stderr]    Compiling once_cell v1.14.0
[INFO] [stderr]    Compiling minimal-lexical v0.2.1
[INFO] [stderr]    Compiling byteorder v1.4.3
[INFO] [stderr]    Compiling miniz_oxide v0.5.4
[INFO] [stderr]    Compiling crossbeam-channel v0.5.6
[INFO] [stderr]    Compiling flate2 v1.0.24
[INFO] [stderr]    Compiling nom v7.1.1
[INFO] [stderr]    Compiling hdrhistogram v7.5.2 (/opt/rustwide/workdir)
[INFO] [stderr]     Finished dev [unoptimized + debuginfo] target(s) in 7.51s
[INFO] running `Command { std: "docker" "inspect" "3f4fe2edd278c54250c439ae28142dbf6fc733f0dbd78e23a8219ce6f0d6a6b3", kill_on_drop: false }`
[INFO] running `Command { std: "docker" "rm" "-f" "3f4fe2edd278c54250c439ae28142dbf6fc733f0dbd78e23a8219ce6f0d6a6b3", kill_on_drop: false }`
[INFO] [stdout] 3f4fe2edd278c54250c439ae28142dbf6fc733f0dbd78e23a8219ce6f0d6a6b3
[INFO] running `Command { std: "docker" "create" "-v" "/var/lib/crater-agent-workspace/builds/worker-6-tc2/target:/opt/rustwide/target:rw,Z" "-v" "/var/lib/crater-agent-workspace/builds/worker-6-tc2/source:/opt/rustwide/workdir:ro,Z" "-v" "/var/lib/crater-agent-workspace/cargo-home:/opt/rustwide/cargo-home:ro,Z" "-v" "/var/lib/crater-agent-workspace/rustup-home:/opt/rustwide/rustup-home:ro,Z" "-e" "SOURCE_DIR=/opt/rustwide/workdir" "-e" "CARGO_TARGET_DIR=/opt/rustwide/target" "-e" "CARGO_INCREMENTAL=0" "-e" "RUST_BACKTRACE=full" "-e" "RUSTFLAGS=--cap-lints=warn" "-e" "RUSTDOCFLAGS=--cap-lints=warn" "-e" "CARGO_HOME=/opt/rustwide/cargo-home" "-e" "RUSTUP_HOME=/opt/rustwide/rustup-home" "-w" "/opt/rustwide/workdir" "-m" "1610612736" "--user" "0:0" "--network" "none" "ghcr.io/rust-lang/crates-build-env/linux@sha256:5ff2268d62e97bff2cde7d5815dd6ed5b47097566f13b8d0ca110b04b60e07ed" "/opt/rustwide/cargo-home/bin/cargo" "+beta-2023-04-20" "test" "--frozen" "--no-run" "--message-format=json", kill_on_drop: false }`
[INFO] [stdout] 0bc1e2fa16b3e11dc4403ac75182552f2eaa268f1ccdd45c1a93c411ff16385a
[INFO] running `Command { std: "docker" "start" "-a" "0bc1e2fa16b3e11dc4403ac75182552f2eaa268f1ccdd45c1a93c411ff16385a", kill_on_drop: false }`
[INFO] [stderr]    Compiling libc v0.2.132
[INFO] [stderr]    Compiling gmp-mpfr-sys v1.4.10
[INFO] [stderr]    Compiling indexmap v1.9.1
[INFO] [stderr]    Compiling az v1.2.1
[INFO] [stderr]    Compiling os_str_bytes v6.3.0
[INFO] [stderr]    Compiling rug v1.17.0
[INFO] [stderr]    Compiling ppv-lite86 v0.2.16
[INFO] [stderr]    Compiling strsim v0.10.0
[INFO] [stderr]    Compiling clap_lex v0.2.4
[INFO] [stderr]    Compiling termcolor v1.1.3
[INFO] [stderr]    Compiling textwrap v0.15.1
[INFO] [stderr]    Compiling ieee754 v0.2.6
[INFO] [stderr]    Compiling getrandom v0.2.7
[INFO] [stderr]    Compiling atty v0.2.14
[INFO] [stderr]    Compiling clap v3.2.22
[INFO] [stderr]    Compiling rand_core v0.6.4
[INFO] [stderr]    Compiling rand_chacha v0.3.1
[INFO] [stderr]    Compiling rand v0.8.5
[INFO] [stderr]    Compiling hdrhistogram v7.5.2 (/opt/rustwide/workdir)
[INFO] [stderr]     Finished test [unoptimized + debuginfo] target(s) in 3m 46s
[INFO] running `Command { std: "docker" "inspect" "0bc1e2fa16b3e11dc4403ac75182552f2eaa268f1ccdd45c1a93c411ff16385a", kill_on_drop: false }`
[INFO] running `Command { std: "docker" "rm" "-f" "0bc1e2fa16b3e11dc4403ac75182552f2eaa268f1ccdd45c1a93c411ff16385a", kill_on_drop: false }`
[INFO] [stdout] 0bc1e2fa16b3e11dc4403ac75182552f2eaa268f1ccdd45c1a93c411ff16385a
[INFO] running `Command { std: "docker" "create" "-v" "/var/lib/crater-agent-workspace/builds/worker-6-tc2/target:/opt/rustwide/target:rw,Z" "-v" "/var/lib/crater-agent-workspace/builds/worker-6-tc2/source:/opt/rustwide/workdir:ro,Z" "-v" "/var/lib/crater-agent-workspace/cargo-home:/opt/rustwide/cargo-home:ro,Z" "-v" "/var/lib/crater-agent-workspace/rustup-home:/opt/rustwide/rustup-home:ro,Z" "-e" "SOURCE_DIR=/opt/rustwide/workdir" "-e" "CARGO_TARGET_DIR=/opt/rustwide/target" "-e" "CARGO_INCREMENTAL=0" "-e" "RUST_BACKTRACE=full" "-e" "RUSTFLAGS=--cap-lints=warn" "-e" "RUSTDOCFLAGS=--cap-lints=warn" "-e" "CARGO_HOME=/opt/rustwide/cargo-home" "-e" "RUSTUP_HOME=/opt/rustwide/rustup-home" "-w" "/opt/rustwide/workdir" "-m" "1610612736" "--user" "0:0" "--network" "none" "ghcr.io/rust-lang/crates-build-env/linux@sha256:5ff2268d62e97bff2cde7d5815dd6ed5b47097566f13b8d0ca110b04b60e07ed" "/opt/rustwide/cargo-home/bin/cargo" "+beta-2023-04-20" "test" "--frozen", kill_on_drop: false }`
[INFO] [stdout] 402cc19411e8006e51438b638a04eab2b2ed2b35c0d5747eb441dacf85a6945e
[INFO] running `Command { std: "docker" "start" "-a" "402cc19411e8006e51438b638a04eab2b2ed2b35c0d5747eb441dacf85a6945e", kill_on_drop: false }`
[INFO] [stderr]     Finished test [unoptimized + debuginfo] target(s) in 0.09s
[INFO] [stderr]      Running unittests src/lib.rs (/opt/rustwide/target/debug/deps/hdrhistogram-ba1a863243045f14)
[INFO] [stdout] 
[INFO] [stdout] running 160 tests
[INFO] [stdout] test serialization::interval_log::tests::parse_comment ... ok
[INFO] [stdout] test serialization::interval_log::tests::parse_duration_full_ns ... ok
[INFO] [stdout] test serialization::interval_log::tests::iter_all_ignored_empty_iter ... ok
[INFO] [stdout] test serialization::interval_log::tests::parse_duration_scale_ns ... ok
[INFO] [stdout] test serialization::interval_log::tests::iter_multiple_entrties_with_interleaved_ignored ... ok
[INFO] [stdout] test serialization::interval_log::tests::parse_base_time ... ok
[INFO] [stdout] test serialization::interval_log::tests::parse_duration_too_many_ns ... ok
[INFO] [stdout] test serialization::interval_log::tests::iter_with_ignored_prefix ... ok
[INFO] [stdout] test serialization::interval_log::tests::iter_without_ignored_prefix ... ok
[INFO] [stdout] test serialization::interval_log::tests::parse_start_time_without_human_date ... ok
[INFO] [stdout] test serialization::interval_log::tests::write_comment_newline_wraps ... ok
[INFO] [stdout] test serialization::interval_log::tests::parse_interval_hist_no_tag ... ok
[INFO] [stdout] test serialization::interval_log::tests::parse_interval_hist_with_tag ... ok
[INFO] [stdout] test serialization::interval_log::tests::parse_legend ... ok
[INFO] [stdout] test serialization::interval_log::tests::parse_start_time_with_human_date ... ok
[INFO] [stdout] test serialization::interval_log::tests::write_base_time ... ok
[INFO] [stdout] test serialization::interval_log::tests::write_comment_control_characters_still_parseable ... ok
[INFO] [stdout] test serialization::interval_log::tests::write_header_then_interval_comment ... ok
[INFO] [stdout] test serialization::interval_log::tests::write_headers_multiple_times_only_last_is_used ... ok
[INFO] [stdout] test serialization::interval_log::tests::write_interval_histo_no_tag ... ok
[INFO] [stdout] test serialization::tests::encode_counts_all_zeros ... ok
[INFO] [stdout] test serialization::interval_log::tests::write_interval_histo_with_tag ... ok
[INFO] [stdout] test serialization::interval_log::tests::write_start_time ... ok
[INFO] [stdout] test serialization::tests::encode_counts_count_too_big ... ok
[INFO] [stdout] test serialization::tests::encode_counts_last_count_incremented ... ok
[INFO] [stdout] test serialization::tests::serialize_all_zeros ... ok
[INFO] [stdout] test serialization::tests::rand_varint::largest_number_in_7_bit_chunk_correct ... ok
[INFO] [stdout] test serialization::tests::serialize_roundtrip_1_count_for_every_value_1_bucket ... ok
[INFO] [stdout] test serialization::interval_log::tests::write_header_comment ... ok
[INFO] [stdout] test serialization::tests::encode_counts_first_and_last_count_incremented ... ok
[INFO] [stdout] test serialization::tests::encode_counts_first_count_incremented ... ok
[INFO] [stdout] test serialization::tests::serialize_roundtrip_1_count_for_every_value_2_buckets ... ok
[INFO] [stdout] test serialization::tests::serialize_roundtrip_all_zeros ... ok
[INFO] [stdout] test serialization::interval_log::tests::duration_fp_roundtrip_accuracy ... ok
[INFO] [stdout] test serialization::tests::serialize_roundtrip_random_v2_u8 ... ok
[INFO] [stdout] test serialization::tests::varint_read_u64_max ... ok
[INFO] [stdout] test serialization::tests::varint_read_u64_zero ... ok
[INFO] [stdout] test serialization::tests::varint_write_3_bit_value ... ok
[INFO] [stdout] test serialization::tests::varint_write_7_bit_value ... ok
[INFO] [stdout] test serialization::tests::varint_write_9_bit_value ... ok
[INFO] [stdout] test serialization::tests::varint_write_read_roundtrip_rand_1_byte ... ok
[INFO] [stdout] test serialization::tests::varint_write_read_roundtrip_rand_2_byte ... ok
[INFO] [stdout] test serialization::tests::serialize_roundtrip_random_v2_u32 ... ok
[INFO] [stdout] test serialization::tests::varint_write_read_roundtrip_rand_3_byte ... ok
[INFO] [stdout] test serialization::tests::serialize_roundtrip_random_v2_u64 ... ok
[INFO] [stdout] test serialization::tests::varint_write_read_roundtrip_rand_4_byte ... ok
[INFO] [stdout] test serialization::tests::varint_write_read_roundtrip_rand_5_byte ... ok
[INFO] [stdout] test serialization::tests::varint_write_read_roundtrip_rand_6_byte ... ok
[INFO] [stdout] test serialization::tests::serialize_roundtrip_random_v2_u16 ... ok
[INFO] [stdout] test serialization::tests::varint_write_read_roundtrip_rand_7_byte ... ok
[INFO] [stdout] test serialization::tests::varint_write_read_slice_roundtrip_rand_1_byte ... ok
[INFO] [stdout] test serialization::tests::varint_write_read_roundtrip_rand_9_byte ... ok
[INFO] [stdout] test serialization::tests::varint_write_read_roundtrip_rand_8_byte ... ok
[INFO] [stdout] test serialization::tests::varint_write_read_slice_roundtrip_rand_2_byte ... ok
[INFO] [stdout] test serialization::tests::varint_write_read_slice_roundtrip_rand_3_byte ... ok
[INFO] [stdout] test serialization::tests::varint_write_read_slice_roundtrip_rand_5_byte ... ok
[INFO] [stdout] test serialization::tests::varint_write_read_slice_roundtrip_rand_4_byte ... ok
[INFO] [stdout] test serialization::tests::varint_write_read_slice_roundtrip_rand_6_byte ... ok
[INFO] [stdout] test serialization::tests::serialize_roundtrip_random_v2_deflate_u8 ... ok
[INFO] [stdout] test serialization::tests::varint_write_u64_max ... ok
[INFO] [stdout] test serialization::tests::zig_zag_decode_0 ... ok
[INFO] [stdout] test serialization::tests::zig_zag_decode_1 ... ok
[INFO] [stdout] test serialization::tests::zig_zag_decode_2 ... ok
[INFO] [stdout] test serialization::tests::zig_zag_decode_u64_max_penultimate_to_i64_max ... ok
[INFO] [stdout] test serialization::tests::zig_zag_encode_0 ... ok
[INFO] [stdout] test serialization::tests::varint_write_read_slice_roundtrip_rand_7_byte ... ok
[INFO] [stdout] test serialization::tests::zig_zag_decode_u64_max_to_i64_min ... ok
[INFO] [stdout] test serialization::tests::zig_zag_encode_1 ... ok
[INFO] [stdout] test serialization::tests::zig_zag_encode_i64_min ... ok
[INFO] [stdout] test serialization::tests::zig_zag_encode_neg_1 ... ok
[INFO] [stdout] test serialization::tests::zig_zag_encode_i64_max ... ok
[INFO] [stdout] test serialization::tests::varint_write_read_slice_roundtrip_rand_9_byte ... ok
[INFO] [stdout] test tests::index_calculation::bucket_for_biggest_value_in_second_bucket ... ok
[INFO] [stdout] test tests::index_calculation::bucket_for_smallest_value_in_first_bucket ... ok
[INFO] [stdout] test serialization::tests::varint_write_read_slice_roundtrip_rand_8_byte ... ok
[INFO] [stdout] test tests::index_calculation::bucket_for_biggest_value_in_first_bucket ... ok
[INFO] [stdout] test tests::correct_original_min ... ok
[INFO] [stdout] test tests::index_calculation::bucket_for_smallest_value_in_third_bucket ... ok
[INFO] [stdout] test tests::index_calculation::bucket_for_value_above_biggest_isnt_clamped_at_max_bucket ... ok
[INFO] [stdout] test tests::index_calculation::bucket_for_value_below_smallest_clamps_to_zero ... ok
[INFO] [stdout] test tests::index_calculation::index_for_below_smallest ... ok
[INFO] [stdout] test tests::index_calculation::bucket_for_smallest_value_in_last_bucket ... ok
[INFO] [stdout] test tests::index_calculation::index_for_first_bucket_first_entry ... ok
[INFO] [stdout] test tests::index_calculation::bucket_for_smallest_value_in_second_bucket ... ok
[INFO] [stdout] test tests::index_calculation::index_for_first_bucket_last_entry ... ok
[INFO] [stdout] test tests::index_calculation::index_for_second_bucket_first_entry ... ok
[INFO] [stdout] test tests::index_calculation::index_for_second_bucket_last_entry ... ok
[INFO] [stdout] test tests::index_calculation::index_for_first_bucket_first_distinguishable_entry ... ok
[INFO] [stdout] test tests::index_calculation::index_for_way_past_largest_value_exceeds_length ... ok
[INFO] [stdout] test tests::index_calculation::sub_bucket_for_largest_value_in_first_bucket ... ok
[INFO] [stdout] test tests::index_calculation::sub_bucket_for_largest_value_in_first_bucket_unit_magnitude_2 ... ok
[INFO] [stdout] test tests::index_calculation::sub_bucket_for_biggest_value_in_second_bucket ... ok
[INFO] [stdout] test tests::index_calculation::index_for_second_bucket_last_entry_indistinguishable ... ok
[INFO] [stdout] test tests::index_calculation::sub_bucket_for_smaller_than_distinguishable_value_in_first_bucket_unit_magnitude_2 ... ok
[INFO] [stdout] test tests::index_calculation::sub_bucket_for_smallest_distinguishable_value_in_first_bucket ... ok
[INFO] [stdout] test tests::index_calculation::sub_bucket_for_smallest_distinguishable_value_in_first_bucket_unit_magnitude_2 ... ok
[INFO] [stdout] test tests::index_calculation::sub_bucket_for_smallest_value_in_third_bucket ... ok
[INFO] [stdout] test tests::index_calculation::sub_bucket_for_smallest_value_in_second_bucket_unit_magnitude_2 ... ok
[INFO] [stdout] test tests::index_calculation::sub_bucket_for_value_below_smallest_clamps_to_zero ... ok
[INFO] [stdout] test tests::index_calculation::sub_bucket_for_zero_value_in_first_bucket ... ok
[INFO] [stdout] test tests::index_calculation::sub_bucket_for_smallest_value_in_second_bucket ... ok
[INFO] [stdout] test tests::index_calculation::sub_bucket_for_zero_value_in_first_bucket_unit_magnitude_2 ... ok
[INFO] [stdout] test tests::index_calculation::unit_magnitude_0_index_calculations ... ok
[INFO] [stdout] test tests::index_calculation::sub_bucket_for_value_above_biggest_still_works ... ok
[INFO] [stdout] test tests::index_calculation::unit_magnitude_4_index_calculations ... ok
[INFO] [stdout] test tests::index_calculation::unit_magnitude_55_sub_bucket_magnitude_8_ok ... ok
[INFO] [stdout] test tests::index_calculation::unit_magnitude_52_sub_bucket_magnitude_11_index_calculations ... ok
[INFO] [stdout] test tests::index_calculation::unit_magnitude_53_sub_bucket_magnitude_11_throws ... ok
[INFO] [stdout] test tests::init::init_fields_1_bucket_medium_precision ... ok
[INFO] [stdout] test tests::init::init_fields_max_value_0_precision_most_buckets ... ok
[INFO] [stdout] test tests::index_calculation::unit_magnitude_62_sub_bucket_magnitude_1_ok ... ok
[INFO] [stdout] test tests::init::init_fields_10m_max_1k_min_middle_precision ... ok
[INFO] [stdout] test serialization::tests::zig_zag_roundtrip_random ... ok
[INFO] [stdout] test tests::init::init_fields_max_value_max_unit_magnitude_0_precision ... ok
[INFO] [stdout] test tests::init::init_fields_max_value_max_unit_magnitude_max_precision ... ok
[INFO] [stdout] test tests::init::init_fields_max_value_0_precision_increased_min_value ... ok
[INFO] [stdout] test tests::init::init_fields_max_value_medium_precision ... ok
[INFO] [stdout] test tests::init::init_fields_smallest_possible_array ... ok
[INFO] [stdout] test tests::new_err_high_not_double_low ... ok
[INFO] [stdout] test tests::subtract::subtract_to_negative_counts_error ... ok
[INFO] [stdout] test tests::subtract::subtract_subtrahend_values_outside_minuend_range_error ... ok
[INFO] [stdout] test tests::subtract::subtract_after_add ... ok
[INFO] [stdout] test tests::subtract::subtract_to_zero_counts ... ok
[INFO] [stdout] test tests::subtract::subtract_values_at_extent_of_minuend_zero_count_range_recalculates_min_max ... ok
[INFO] [stdout] test tests::subtract::subtract_values_at_extent_of_minuend_nonzero_count_range_recalculates_same_min_max ... ok
[INFO] [stdout] test serialization::tests::serialize_roundtrip_random_v2_deflate_u16 ... ok
[INFO] [stdout] test tests::init::init_fields_max_value_max_precision_increased_min_value ... ok
[INFO] [stdout] test tests::subtract::subtract_values_minuend_saturated_total_recalculates_not_saturated ... ok
[INFO] [stdout] test tests::subtract::subtract_values_inside_minuend_range_works ... ok
[INFO] [stdout] test tests::subtract::subtract_values_strictly_inside_minuend_range_yields_same_min_max_no_restat ... ok
[INFO] [stdout] test tests::subtract::subtract_values_minuend_saturated_total_recalculates_saturated ... ok
[INFO] [stdout] test tests::value_calculation::equivalent_range_unit_magnitude_0 ... ok
[INFO] [stdout] test tests::value_calculation::equivalent_range_unit_magnitude_0_max_buckets ... ok
[INFO] [stdout] test tests::init::init_fields_max_value_max_precision_largest_possible_array ... ok
[INFO] [stdout] test tests::value_calculation::equivalent_range_unit_magnitude_0_min_precision_max_buckets ... ok
[INFO] [stdout] test tests::value_calculation::equivalent_range_unit_magnitude_2 ... ok
[INFO] [stdout] test tests::value_calculation::equivalent_range_unit_magnitude_2_max_buckets ... ok
[INFO] [stdout] test serialization::tests::serialize_roundtrip_random_v2_deflate_u32 ... ok
[INFO] [stdout] test tests::value_calculation::equivalent_range_unit_magnitude_50_max_buckets ... ok
[INFO] [stdout] test tests::value_calculation::highest_equivalent_u64_max_value_saturates ... ok
[INFO] [stdout] test tests::value_calculation::highest_equivalent_unit_magnitude_0 ... ok
[INFO] [stdout] test serialization::tests::serialize_roundtrip_random_v2_deflate_u64 ... ok
[INFO] [stdout] test tests::value_calculation::lowest_equivalent_unit_magnitude_0 ... ok
[INFO] [stdout] test tests::value_calculation::highest_equivalent_unit_magnitude_2 ... ok
[INFO] [stdout] test tests::value_calculation::lowest_equivalent_unit_magnitude_2 ... ok
[INFO] [stdout] test tests::value_calculation::next_non_equivalent_u64_max_value_saturates ... ok
[INFO] [stdout] test tests::value_calculation::next_non_equivalent_unit_magnitude_0 ... ok
[INFO] [stdout] test tests::value_calculation::next_non_equivalent_unit_magnitude_2 ... ok
[INFO] [stdout] test tests::value_calculation::value_for_beyond_histogram_max_still_works ... ok
[INFO] [stdout] test tests::value_calculation::value_for_unit_magnitude_0 ... ok
[INFO] [stdout] test tests::value_calculation::value_for_impossible_index ... ok
[INFO] [stdout] test tests::value_calculation::value_for_unit_magnitude_2 ... ok
[INFO] [stdout] test tests::value_calculation::value_from_loc_unit_magnitude_0 ... ok
[INFO] [stdout] test tests::value_calculation::value_from_loc_unit_magnitude_2 ... ok
[INFO] [stdout] test tests::value_calculation::equivalent_range_unit_magnitude_0_max_precision_max_buckets ... ok
[INFO] [stdout] test tests::value_calculation::value_for_at_each_index ... ok
[INFO] [stdout] test tests::subtract::subtract_values_within_bucket_precision_of_of_minuend_max_recalculates_min_max ... ok
[INFO] [stdout] test tests::subtract::subtract_values_at_minuend_max_recalculates_min_max ... ok
[INFO] [stdout] test tests::subtract::subtract_values_within_bucket_precision_of_of_minuend_min_recalculates_min_max ... ok
[INFO] [stdout] test tests::subtract::subtract_values_at_minuend_min_recalculates_min_max ... ok
[INFO] [stdout] 
[INFO] [stdout] test result: ok. 160 passed; 0 failed; 0 ignored; 0 measured; 0 filtered out; finished in 5.86s
[INFO] [stdout] 
[INFO] [stderr]      Running tests/auto_resize.rs (/opt/rustwide/target/debug/deps/auto_resize-bbca695c7a169a14)
[INFO] [stdout] 
[INFO] [stdout] running 5 tests
[INFO] [stdout] test autosizing_add ... ok
[INFO] [stdout] test can_acess_autoresize_setting ... ok
[INFO] [stdout] test histogram_autosizing_edges ... ok
[INFO] [stdout] test histogram_autosizing ... ok
[INFO] [stdout] test autosizing_across_continuous_range ... ok
[INFO] [stdout] 
[INFO] [stdout] test result: ok. 5 passed; 0 failed; 0 ignored; 0 measured; 0 filtered out; finished in 1.04s
[INFO] [stdout] 
[INFO] [stderr]      Running tests/data_access.rs (/opt/rustwide/target/debug/deps/data_access-b04e45a646fca7c4)
[INFO] [stdout] 
[INFO] [stdout] running 26 tests
[INFO] [stdout] test count_between_high_beyond_max ... ok
[INFO] [stdout] test count_between_saturates ... ok
[INFO] [stdout] test get_min_value ... ok
[INFO] [stdout] test count_between_low_and_high_beyond_max ... ok
[INFO] [stdout] test count_at ... ok
[INFO] [stdout] test count_at_beyond_max_value ... ok
[INFO] [stdout] test count_between ... ok
[INFO] [stdout] test get_stdev ... ok
[INFO] [stdout] test get_max_value ... ok
[INFO] [stdout] test get_mean ... ok
[INFO] [stdout] test linear_iter_raw ... ok
[INFO] [stdout] test iter_all ... ok
[INFO] [stdout] test iter_recorded ... ok
[INFO] [stdout] test linear_iter_steps ... ok
[INFO] [stdout] test quantile_below_saturates ... ok
[INFO] [stdout] test iter_log ... ok
[INFO] [stdout] test linear_iter_corrected ... ok
[INFO] [stdout] test quantile_below_value_beyond_max ... ok
[INFO] [stdout] test quantile_atorbelow ... ok
[INFO] [stdout] test total_count_exceeds_bucket_type ... ok
[INFO] [stdout] test total_count ... ok
[INFO] [stdout] test quantiles ... ok
[INFO] [stdout] test value_duplication ... ok
[INFO] [stdout] test scaling_equivalence ... ok
[INFO] [stdout] test quantile_iter ... ok
[INFO] [stdout] test large_quantile ... ok
[INFO] [stdout] 
[INFO] [stdout] test result: ok. 26 passed; 0 failed; 0 ignored; 0 measured; 0 filtered out; finished in 0.49s
[INFO] [stdout] 
[INFO] [stderr]      Running tests/histogram.rs (/opt/rustwide/target/debug/deps/histogram-a9dd3c31acf41f2a)
[INFO] [stdout] 
[INFO] [stdout] running 37 tests
[INFO] [stdout] test highest_equivalent ... ok
[INFO] [stdout] test construction_arg_ranges ... ok
[INFO] [stdout] test median_equivalent_doesnt_panic_at_extremes ... ok
[INFO] [stdout] test add ... ok
[INFO] [stdout] test construction_arg_gets ... ok
[INFO] [stdout] test lowest_equivalent ... ok
[INFO] [stdout] test equivalent_range ... ok
[INFO] [stdout] test median_equivalent ... ok
[INFO] [stdout] test empty_histogram ... ok
[INFO] [stdout] test reset ... ok
[INFO] [stdout] test record_in_interval ... ok
[INFO] [stdout] test record ... ok
[INFO] [stdout] test saturating_record ... ok
[INFO] [stdout] test scaled_equivalent_range ... ok
[INFO] [stdout] test scaled_highest_equivalent ... ok
[INFO] [stdout] test scaled_clone ... ok
[INFO] [stdout] test record_past_trackable_max ... ok
[INFO] [stdout] test clone ... ok
[INFO] [stdout] test scaled_lowest_equivalent ... ok
[INFO] [stdout] test scaled_median_equivalent ... ok
[INFO] [stdout] test subtract_underflow_guarded_by_per_value_count_check ... ok
[INFO] [stdout] test total_count_overflow_from_add_same_dimensions_saturates_calculating_other_addend_total ... ok
[INFO] [stdout] test total_count_overflow_from_add_with_resize_saturates ... ok
[INFO] [stdout] test total_count_overflow_from_add_same_dimensions_saturates_when_added_to_orig_total_count ... ok
[INFO] [stdout] test total_count_overflow_from_record_saturates ... ok
[INFO] [stdout] test set_to ... ok
[INFO] [stdout] test value_count_overflow_from_add_same_dimensions_saturates ... ok
[INFO] [stdout] test value_count_overflow_from_record_autoresize_doesnt_panic_saturates ... ok
[INFO] [stdout] test scaled_set_to ... ok
[INFO] [stdout] test value_count_overflow_from_record_saturates_u16 ... ok
[INFO] [stdout] test value_count_overflow_from_add_with_resize_to_same_dimensions_saturates ... ok
[INFO] [stdout] test total_count_overflow_from_add_different_precision_saturates ... ok
[INFO] [stdout] test value_count_overflow_from_record_saturates_u64 ... ok
[INFO] [stdout] test value_count_overflow_from_add_different_precision_saturates ... ok
[INFO] [stdout] test random_write_full_value_range_precision_0_no_panic ... ok
[INFO] [stdout] test random_write_middle_of_value_range_precision_3_no_panic ... ok
[INFO] [stderr]      Running tests/interval_log.rs (/opt/rustwide/target/debug/deps/interval_log-2d8fc2fbaef47f8b)
[INFO] [stdout] test random_write_full_value_range_precision_5_no_panic ... ok
[INFO] [stdout] 
[INFO] [stdout] test result: ok. 37 passed; 0 failed; 0 ignored; 0 measured; 0 filtered out; finished in 0.59s
[INFO] [stdout] 
[INFO] [stdout] 
[INFO] [stdout] running 6 tests
[INFO] [stdout] test tests::parse_interval_log_syntax_error_then_returns_none ... ok
[INFO] [stdout] test tests::parse_sample_tagged_interval_log_interval_count ... ok
[INFO] [stdout] test tests::parse_sample_tagged_interval_log_start_timestamp ... ok
[INFO] [stdout] test tests::parse_sample_tagged_interval_log_interval_metadata ... ok
[INFO] [stdout] test tests::parse_sample_tagged_interval_log_rewrite_identical ... ok
[INFO] [stdout] test tests::write_random_histograms_to_interval_log_then_read ... ok
[INFO] [stdout] 
[INFO] [stdout] test result: ok. 6 passed; 0 failed; 0 ignored; 0 measured; 0 filtered out; finished in 0.69s
[INFO] [stdout] 
[INFO] [stderr]      Running tests/iterators.rs (/opt/rustwide/target/debug/deps/iterators-4c5971767e37bc50)
[INFO] [stdout] 
[INFO] [stdout] running 20 tests
[INFO] [stdout] test iter_all_values_all_buckets ... ok
[INFO] [stdout] test iter_linear_visits_buckets_once_when_step_size_equals_bucket_size ... ok
[INFO] [stdout] test iter_logarithmic_bucket_values_min_1_base_2_all_buckets ... ok
[INFO] [stdout] test iter_linear_bucket_values_size_8_all_buckets ... ok
[INFO] [stdout] test iter_logarithmic_bucket_values_min_4_base_2_all_buckets ... ok
[INFO] [stdout] test iter_logarithmic_bucket_values_min_1_base_2_all_buckets_unit_magnitude_2 ... ok
[INFO] [stdout] test iter_linear_visits_buckets_wider_than_step_size_multiple_times ... ok
[INFO] [stdout] test iter_logarithmic_bucket_values_min_1_base_10_all_buckets ... ok
[INFO] [stdout] test iter_linear_count_since_last_iteration_saturates ... ok
[INFO] [stdout] test iter_quantiles_empty ... ok
[INFO] [stdout] test iter_quantiles_one_value ... ok
[INFO] [stdout] test iter_quantiles_iterates_to_end_skips_intermediate_at_final_value ... ok
[INFO] [stdout] test iter_quantiles_iterates_to_quantile_10_as_it_reaches_last_bucket ... ok
[INFO] [stdout] test iter_all_values_all_buckets_unit_magnitude_2 ... ok
[INFO] [stdout] test iter_quantiles_saturated_count_before_max_value ... ok
[INFO] [stdout] test iter_quantiles_smorgasboard ... ok
[INFO] [stdout] test iter_recorded_saturated_total_count ... ok
[INFO] [stdout] test iter_recorded_non_saturated_total_count ... ok
[INFO] [stderr]      Running tests/quantile.rs (/opt/rustwide/target/debug/deps/quantile-a842eadde145ab53)
[INFO] [stdout] test iter_recorded_values_all_buckets ... ok
[INFO] [stdout] test iter_recorded_values_all_buckets_unit_magnitude_2 ... ok
[INFO] [stdout] 
[INFO] [stdout] test result: ok. 20 passed; 0 failed; 0 ignored; 0 measured; 0 filtered out; finished in 0.04s
[INFO] [stdout] 
[INFO] [stdout] 
[INFO] [stdout] running 10 tests
[INFO] [stdout] test value_at_quantile_internal_count_exceeds_bucket_type ... ok
[INFO] [stdout] test value_at_quantile_2_values ... ok
[INFO] [stdout] test value_at_quantile_20k ... ok
[INFO] [stdout] test value_at_quantile_5_values ... ok
[INFO] [stdout] test value_at_quantile_large_numbers ... ok
[INFO] [stdout] test value_at_quantile_matches_quantile_iter_sequence_values ... ok
[INFO] [stdout] test value_at_quantile_matches_quantile_at_each_value_sequence_values ... ok
[INFO] [stdout] test value_at_quantile_matches_quantile_iter_random_values ... ok
[INFO] [stdout] test value_at_quantile_matches_random_quantile_random_values ... ok
[INFO] [stdout] test value_at_quantile_matches_quantile_at_each_value_random_values ... ok
[INFO] [stdout] 
[INFO] [stdout] test result: ok. 10 passed; 0 failed; 0 ignored; 0 measured; 0 filtered out; finished in 13.62s
[INFO] [stdout] 
[INFO] [stdout] 
[INFO] [stderr]      Running tests/serialization.rs (/opt/rustwide/target/debug/deps/serialization-d1a1b285bd1b618c)
[INFO] [stdout] running 4 tests
[INFO] [stdout] test tests::total_count_overflow_from_deserialize_saturates ... ok
[INFO] [stdout] test tests::deserialize_no_compression_matches_java ... ok
[INFO] [stdout] test tests::serialize_no_compression_matches_java_impl ... ok
[INFO] [stdout] test tests::deserialize_compression_matches_java ... ok
[INFO] [stderr]      Running tests/sync.rs (/opt/rustwide/target/debug/deps/sync-453fe6f803b12804)
[INFO] [stdout] 
[INFO] [stdout] test result: ok. 4 passed; 0 failed; 0 ignored; 0 measured; 0 filtered out; finished in 0.21s
[INFO] [stdout] 
[INFO] [stdout] 
[INFO] [stdout] running 12 tests
[INFO] [stdout] test sync::phase_no_wait_after_drop ... ok
[INFO] [stdout] test sync::record_through ... ok
[INFO] [stdout] test sync::record_nodrop ... ok
[INFO] [stdout] test sync::recorder_drop ... ok
[INFO] [stdout] test sync::phase_timeout ... ok
[INFO] [stdout] test sync::recorder_drop_staged ... ok
[INFO] [stdout] test sync::idle_recorder ... ok
[INFO] [stdout] test sync::clone_idle_recorder ... ok
[INFO] [stdout] test sync::refresh_times_out ... ok
[INFO] [stdout] test sync::concurrent_writes ... ok
[INFO] [stdout] test sync::mt_record_static ... FAILED
[INFO] [stdout] test sync::mt_record_dynamic ... ok
[INFO] [stdout] 
[INFO] [stdout] failures:
[INFO] [stdout] 
[INFO] [stdout] ---- sync::mt_record_static stdout ----
[INFO] [stdout] thread 'sync::mt_record_static' panicked at 'assertion failed: `(left == right)`
[INFO] [stdout]   left: `1200000`,
[INFO] [stdout]  right: `1600000`', tests/sync.rs:147:9
[INFO] [stdout] stack backtrace:
[INFO] [stdout]    0:     0x5630f298264a - std::backtrace_rs::backtrace::libunwind::trace::h2f05d0192276a8f6
[INFO] [stdout]                                at /rustc/1b7dd2252b99671ce5d1cb9664c5f8636329436d/library/std/src/../../backtrace/src/backtrace/libunwind.rs:93:5
[INFO] [stdout]    1:     0x5630f298264a - std::backtrace_rs::backtrace::trace_unsynchronized::hedc23dff7a1af150
[INFO] [stdout]                                at /rustc/1b7dd2252b99671ce5d1cb9664c5f8636329436d/library/std/src/../../backtrace/src/backtrace/mod.rs:66:5
[INFO] [stdout]    2:     0x5630f298264a - std::sys_common::backtrace::_print_fmt::h17541ef7592f3ce2
[INFO] [stdout]                                at /rustc/1b7dd2252b99671ce5d1cb9664c5f8636329436d/library/std/src/sys_common/backtrace.rs:65:5
[INFO] [stdout]    3:     0x5630f298264a - <std::sys_common::backtrace::_print::DisplayBacktrace as core::fmt::Display>::fmt::h20f75df5ab0c0792
[INFO] [stdout]                                at /rustc/1b7dd2252b99671ce5d1cb9664c5f8636329436d/library/std/src/sys_common/backtrace.rs:44:22
[INFO] [stdout]    4:     0x5630f29a62ef - core::fmt::write::h78109e6f466b3af6
[INFO] [stdout]                                at /rustc/1b7dd2252b99671ce5d1cb9664c5f8636329436d/library/core/src/fmt/mod.rs:1254:17
[INFO] [stdout]    5:     0x5630f297f6a5 - std::io::Write::write_fmt::hd24bfb68a1b35a25
[INFO] [stdout]                                at /rustc/1b7dd2252b99671ce5d1cb9664c5f8636329436d/library/std/src/io/mod.rs:1698:15
[INFO] [stdout]    6:     0x5630f2982415 - std::sys_common::backtrace::_print::h8dac57a9f8fbf9a5
[INFO] [stdout]                                at /rustc/1b7dd2252b99671ce5d1cb9664c5f8636329436d/library/std/src/sys_common/backtrace.rs:47:5
[INFO] [stdout]    7:     0x5630f2982415 - std::sys_common::backtrace::print::hf9ecbf41d1aa712f
[INFO] [stdout]                                at /rustc/1b7dd2252b99671ce5d1cb9664c5f8636329436d/library/std/src/sys_common/backtrace.rs:34:9
[INFO] [stdout]    8:     0x5630f29840ce - std::panicking::default_hook::{{closure}}::h04c07acfc84ca028
[INFO] [stdout]                                at /rustc/1b7dd2252b99671ce5d1cb9664c5f8636329436d/library/std/src/panicking.rs:269:22
[INFO] [stdout]    9:     0x5630f2983e01 - std::panicking::default_hook::h01f6bb23e1eceb2c
[INFO] [stdout]                                at /rustc/1b7dd2252b99671ce5d1cb9664c5f8636329436d/library/std/src/panicking.rs:285:9
[INFO] [stdout]   10:     0x5630f294debb - <alloc::boxed::Box<F,A> as core::ops::function::Fn<Args>>::call::h87fe9f7b2fd49e4c
[INFO] [stdout]                                at /rustc/1b7dd2252b99671ce5d1cb9664c5f8636329436d/library/alloc/src/boxed.rs:1987:9
[INFO] [stdout]   11:     0x5630f294debb - test::test_main::{{closure}}::he94d679243a7531b
[INFO] [stdout]                                at /rustc/1b7dd2252b99671ce5d1cb9664c5f8636329436d/library/test/src/lib.rs:134:21
[INFO] [stdout]   12:     0x5630f29847b4 - <alloc::boxed::Box<F,A> as core::ops::function::Fn<Args>>::call::h3f2d6d8b14c4769f
[INFO] [stdout]                                at /rustc/1b7dd2252b99671ce5d1cb9664c5f8636329436d/library/alloc/src/boxed.rs:1987:9
[INFO] [stdout]   13:     0x5630f29847b4 - std::panicking::rust_panic_with_hook::h2bb3722bbaf2f6df
[INFO] [stdout]                                at /rustc/1b7dd2252b99671ce5d1cb9664c5f8636329436d/library/std/src/panicking.rs:695:13
[INFO] [stdout]   14:     0x5630f2984529 - std::panicking::begin_panic_handler::{{closure}}::h91bc7f36a4be011b
[INFO] [stdout]                                at /rustc/1b7dd2252b99671ce5d1cb9664c5f8636329436d/library/std/src/panicking.rs:582:13
[INFO] [stdout]   15:     0x5630f2982ab6 - std::sys_common::backtrace::__rust_end_short_backtrace::h8b3d3717114f9e59
[INFO] [stdout]                                at /rustc/1b7dd2252b99671ce5d1cb9664c5f8636329436d/library/std/src/sys_common/backtrace.rs:150:18
[INFO] [stdout]   16:     0x5630f2984282 - rust_begin_unwind
[INFO] [stdout]                                at /rustc/1b7dd2252b99671ce5d1cb9664c5f8636329436d/library/std/src/panicking.rs:578:5
[INFO] [stdout]   17:     0x5630f28e7ba3 - core::panicking::panic_fmt::hfd368e3fbdabea26
[INFO] [stdout]                                at /rustc/1b7dd2252b99671ce5d1cb9664c5f8636329436d/library/core/src/panicking.rs:67:14
[INFO] [stdout]   18:     0x5630f28e7f6f - core::panicking::assert_failed_inner::haef49168e1798a91
[INFO] [stdout]   19:     0x5630f28ff89a - core::panicking::assert_failed::h389b11ea1850af2e
[INFO] [stdout]                                at /rustc/1b7dd2252b99671ce5d1cb9664c5f8636329436d/library/core/src/panicking.rs:228:5
[INFO] [stdout]   20:     0x5630f29043b2 - sync::sync::mt_record_static::h24fb7c969f9ea030
[INFO] [stdout]                                at /opt/rustwide/workdir/tests/sync.rs:147:9
[INFO] [stdout]   21:     0x5630f2904057 - sync::sync::mt_record_static::{{closure}}::h2fec05c3537900f5
[INFO] [stdout]                                at /opt/rustwide/workdir/tests/sync.rs:122:27
[INFO] [stdout]   22:     0x5630f28f5b55 - core::ops::function::FnOnce::call_once::he9b313ccf32c9e38
[INFO] [stdout]                                at /rustc/1b7dd2252b99671ce5d1cb9664c5f8636329436d/library/core/src/ops/function.rs:250:5
[INFO] [stdout]   23:     0x5630f2952d8f - core::ops::function::FnOnce::call_once::ha6a70e79f7481a7e
[INFO] [stdout]                                at /rustc/1b7dd2252b99671ce5d1cb9664c5f8636329436d/library/core/src/ops/function.rs:250:5
[INFO] [stdout]   24:     0x5630f2952d8f - test::__rust_begin_short_backtrace::hce33033019b61e69
[INFO] [stdout]                                at /rustc/1b7dd2252b99671ce5d1cb9664c5f8636329436d/library/test/src/lib.rs:655:18
[INFO] [stdout]   25:     0x5630f292057c - test::run_test::{{closure}}::h858d3528838ae3e5
[INFO] [stdout]                                at /rustc/1b7dd2252b99671ce5d1cb9664c5f8636329436d/library/test/src/lib.rs:646:30
[INFO] [stdout]   26:     0x5630f292057c - core::ops::function::FnOnce::call_once{{vtable.shim}}::he8ac2b00f01ae79e
[INFO] [stdout]                                at /rustc/1b7dd2252b99671ce5d1cb9664c5f8636329436d/library/core/src/ops/function.rs:250:5
[INFO] [stdout]   27:     0x5630f2951e66 - <alloc::boxed::Box<F,A> as core::ops::function::FnOnce<Args>>::call_once::h8093d25b522725ef
[INFO] [stdout]                                at /rustc/1b7dd2252b99671ce5d1cb9664c5f8636329436d/library/alloc/src/boxed.rs:1973:9
[INFO] [stdout]   28:     0x5630f2951e66 - <core::panic::unwind_safe::AssertUnwindSafe<F> as core::ops::function::FnOnce<()>>::call_once::h5c334c204e4a3913
[INFO] [stdout]                                at /rustc/1b7dd2252b99671ce5d1cb9664c5f8636329436d/library/core/src/panic/unwind_safe.rs:271:9
[INFO] [stdout]   29:     0x5630f2951e66 - std::panicking::try::do_call::ha8b740c7b9478074
[INFO] [stdout]                                at /rustc/1b7dd2252b99671ce5d1cb9664c5f8636329436d/library/std/src/panicking.rs:485:40
[INFO] [stdout]   30:     0x5630f2951e66 - std::panicking::try::h5d34f63d0e41b64e
[INFO] [stdout]                                at /rustc/1b7dd2252b99671ce5d1cb9664c5f8636329436d/library/std/src/panicking.rs:449:19
[INFO] [stdout]   31:     0x5630f2951e66 - std::panic::catch_unwind::hcfbb511e1aa7fc67
[INFO] [stdout]                                at /rustc/1b7dd2252b99671ce5d1cb9664c5f8636329436d/library/std/src/panic.rs:140:14
[INFO] [stdout]   32:     0x5630f2951e66 - test::run_test_in_process::h9abda90f802eaf21
[INFO] [stdout]                                at /rustc/1b7dd2252b99671ce5d1cb9664c5f8636329436d/library/test/src/lib.rs:678:27
[INFO] [stdout]   33:     0x5630f2951e66 - test::run_test::run_test_inner::{{closure}}::h0f058de91f6c6edf
[INFO] [stdout]                                at /rustc/1b7dd2252b99671ce5d1cb9664c5f8636329436d/library/test/src/lib.rs:572:39
[INFO] [stdout]   34:     0x5630f291ad85 - test::run_test::run_test_inner::{{closure}}::h5ca48a4c59c6c1fb
[INFO] [stdout]                                at /rustc/1b7dd2252b99671ce5d1cb9664c5f8636329436d/library/test/src/lib.rs:599:37
[INFO] [stdout]   35:     0x5630f291ad85 - std::sys_common::backtrace::__rust_begin_short_backtrace::h32bd51e1495d4a33
[INFO] [stdout]                                at /rustc/1b7dd2252b99671ce5d1cb9664c5f8636329436d/library/std/src/sys_common/backtrace.rs:134:18
[INFO] [stdout]   36:     0x5630f29202c1 - std::thread::Builder::spawn_unchecked_::{{closure}}::{{closure}}::hc086fae9b128b2db
[INFO] [stdout]                                at /rustc/1b7dd2252b99671ce5d1cb9664c5f8636329436d/library/std/src/thread/mod.rs:526:17
[INFO] [stdout]   37:     0x5630f29202c1 - <core::panic::unwind_safe::AssertUnwindSafe<F> as core::ops::function::FnOnce<()>>::call_once::hb66571888d270d43
[INFO] [stdout]                                at /rustc/1b7dd2252b99671ce5d1cb9664c5f8636329436d/library/core/src/panic/unwind_safe.rs:271:9
[INFO] [stdout]   38:     0x5630f29202c1 - std::panicking::try::do_call::h4fa2ef4f6e51fecf
[INFO] [stdout]                                at /rustc/1b7dd2252b99671ce5d1cb9664c5f8636329436d/library/std/src/panicking.rs:485:40
[INFO] [stdout]   39:     0x5630f29202c1 - std::panicking::try::h1e9e22b8584489b5
[INFO] [stdout]                                at /rustc/1b7dd2252b99671ce5d1cb9664c5f8636329436d/library/std/src/panicking.rs:449:19
[INFO] [stdout]   40:     0x5630f29202c1 - std::panic::catch_unwind::h44698a3de0e0769e
[INFO] [stdout]                                at /rustc/1b7dd2252b99671ce5d1cb9664c5f8636329436d/library/std/src/panic.rs:140:14
[INFO] [stdout]   41:     0x5630f29202c1 - std::thread::Builder::spawn_unchecked_::{{closure}}::h50153abde3fe239e
[INFO] [stdout]                                at /rustc/1b7dd2252b99671ce5d1cb9664c5f8636329436d/library/std/src/thread/mod.rs:525:30
[INFO] [stdout]   42:     0x5630f29202c1 - core::ops::function::FnOnce::call_once{{vtable.shim}}::hbe5bbf6f38394364
[INFO] [stdout]                                at /rustc/1b7dd2252b99671ce5d1cb9664c5f8636329436d/library/core/src/ops/function.rs:250:5
[INFO] [stdout]   43:     0x5630f2988c85 - <alloc::boxed::Box<F,A> as core::ops::function::FnOnce<Args>>::call_once::h0d83cb2920a49046
[INFO] [stdout]                                at /rustc/1b7dd2252b99671ce5d1cb9664c5f8636329436d/library/alloc/src/boxed.rs:1973:9
[INFO] [stdout]   44:     0x5630f2988c85 - <alloc::boxed::Box<F,A> as core::ops::function::FnOnce<Args>>::call_once::hbe0a008aa7d9ef59
[INFO] [stdout]                                at /rustc/1b7dd2252b99671ce5d1cb9664c5f8636329436d/library/alloc/src/boxed.rs:1973:9
[INFO] [stdout]   45:     0x5630f2988c85 - std::sys::unix::thread::Thread::new::thread_start::h3a466996bdf6b1f9
[INFO] [stdout]                                at /rustc/1b7dd2252b99671ce5d1cb9664c5f8636329436d/library/std/src/sys/unix/thread.rs:108:17
[INFO] [stdout]   46:     0x7f60f9102b43 - <unknown>
[INFO] [stdout]   47:     0x7f60f9193bb4 - __clone
[INFO] [stdout]   48:                0x0 - <unknown>
[INFO] [stdout] 
[INFO] [stdout] 
[INFO] [stdout] failures:
[INFO] [stdout]     sync::mt_record_static
[INFO] [stdout] 
[INFO] [stdout] test result: FAILED. 11 passed; 1 failed; 0 ignored; 0 measured; 0 filtered out; finished in 1.39s
[INFO] [stdout] 
[INFO] [stderr] error: test failed, to rerun pass `--test sync`
[INFO] running `Command { std: "docker" "inspect" "402cc19411e8006e51438b638a04eab2b2ed2b35c0d5747eb441dacf85a6945e", kill_on_drop: false }`
[INFO] running `Command { std: "docker" "rm" "-f" "402cc19411e8006e51438b638a04eab2b2ed2b35c0d5747eb441dacf85a6945e", kill_on_drop: false }`
[INFO] [stdout] 402cc19411e8006e51438b638a04eab2b2ed2b35c0d5747eb441dacf85a6945e
