[INFO] fetching crate google-kgsearch1 1.0.4+20151215...
[INFO] testing google-kgsearch1-1.0.4+20151215 against 1.69.0 for beta-1.70-1
[INFO] extracting crate google-kgsearch1 1.0.4+20151215 into /workspace/builds/worker-3-tc1/source
[INFO] validating manifest of crates.io crate google-kgsearch1 1.0.4+20151215 on toolchain 1.69.0
[INFO] running `Command { std: CARGO_HOME="/workspace/cargo-home" RUSTUP_HOME="/workspace/rustup-home" "/workspace/cargo-home/bin/cargo" "+1.69.0" "metadata" "--manifest-path" "Cargo.toml" "--no-deps", kill_on_drop: false }`
[INFO] started tweaking crates.io crate google-kgsearch1 1.0.4+20151215
[INFO] finished tweaking crates.io crate google-kgsearch1 1.0.4+20151215
[INFO] tweaked toml for crates.io crate google-kgsearch1 1.0.4+20151215 written to /workspace/builds/worker-3-tc1/source/Cargo.toml
[INFO] running `Command { std: CARGO_HOME="/workspace/cargo-home" RUSTUP_HOME="/workspace/rustup-home" __CARGO_TEST_CHANNEL_OVERRIDE_DO_NOT_USE_THIS="nightly" "/workspace/cargo-home/bin/cargo" "+1.69.0" "generate-lockfile" "--manifest-path" "Cargo.toml" "-Zno-index-update", kill_on_drop: false }`
[INFO] running `Command { std: CARGO_HOME="/workspace/cargo-home" RUSTUP_HOME="/workspace/rustup-home" "/workspace/cargo-home/bin/cargo" "+1.69.0" "fetch" "--manifest-path" "Cargo.toml", kill_on_drop: false }`
[INFO] running `Command { std: "docker" "create" "-v" "/var/lib/crater-agent-workspace/builds/worker-3-tc1/target:/opt/rustwide/target:rw,Z" "-v" "/var/lib/crater-agent-workspace/builds/worker-3-tc1/source:/opt/rustwide/workdir:ro,Z" "-v" "/var/lib/crater-agent-workspace/cargo-home:/opt/rustwide/cargo-home:ro,Z" "-v" "/var/lib/crater-agent-workspace/rustup-home:/opt/rustwide/rustup-home:ro,Z" "-e" "SOURCE_DIR=/opt/rustwide/workdir" "-e" "CARGO_TARGET_DIR=/opt/rustwide/target" "-e" "CARGO_HOME=/opt/rustwide/cargo-home" "-e" "RUSTUP_HOME=/opt/rustwide/rustup-home" "-w" "/opt/rustwide/workdir" "-m" "1610612736" "--user" "0:0" "--network" "none" "ghcr.io/rust-lang/crates-build-env/linux@sha256:5ff2268d62e97bff2cde7d5815dd6ed5b47097566f13b8d0ca110b04b60e07ed" "/opt/rustwide/cargo-home/bin/cargo" "+1.69.0" "metadata" "--no-deps" "--format-version=1", kill_on_drop: false }`
[INFO] [stdout] 5c5b7b58c2a0760d9b02f5080475a9cd49f9e587b735b101771f5bc78077f0a0
[INFO] running `Command { std: "docker" "start" "-a" "5c5b7b58c2a0760d9b02f5080475a9cd49f9e587b735b101771f5bc78077f0a0", kill_on_drop: false }`
[INFO] running `Command { std: "docker" "inspect" "5c5b7b58c2a0760d9b02f5080475a9cd49f9e587b735b101771f5bc78077f0a0", kill_on_drop: false }`
[INFO] running `Command { std: "docker" "rm" "-f" "5c5b7b58c2a0760d9b02f5080475a9cd49f9e587b735b101771f5bc78077f0a0", kill_on_drop: false }`
[INFO] [stdout] 5c5b7b58c2a0760d9b02f5080475a9cd49f9e587b735b101771f5bc78077f0a0
[INFO] running `Command { std: "docker" "create" "-v" "/var/lib/crater-agent-workspace/builds/worker-3-tc1/target:/opt/rustwide/target:rw,Z" "-v" "/var/lib/crater-agent-workspace/builds/worker-3-tc1/source:/opt/rustwide/workdir:ro,Z" "-v" "/var/lib/crater-agent-workspace/cargo-home:/opt/rustwide/cargo-home:ro,Z" "-v" "/var/lib/crater-agent-workspace/rustup-home:/opt/rustwide/rustup-home:ro,Z" "-e" "SOURCE_DIR=/opt/rustwide/workdir" "-e" "CARGO_TARGET_DIR=/opt/rustwide/target" "-e" "CARGO_INCREMENTAL=0" "-e" "RUST_BACKTRACE=full" "-e" "RUSTFLAGS=--cap-lints=warn" "-e" "RUSTDOCFLAGS=--cap-lints=warn" "-e" "CARGO_HOME=/opt/rustwide/cargo-home" "-e" "RUSTUP_HOME=/opt/rustwide/rustup-home" "-w" "/opt/rustwide/workdir" "-m" "1610612736" "--user" "0:0" "--network" "none" "ghcr.io/rust-lang/crates-build-env/linux@sha256:5ff2268d62e97bff2cde7d5815dd6ed5b47097566f13b8d0ca110b04b60e07ed" "/opt/rustwide/cargo-home/bin/cargo" "+1.69.0" "build" "--frozen" "--message-format=json", kill_on_drop: false }`
[INFO] [stdout] 53dde2dfd37c32a679912270d013524bf6fd93caac5eb0f3864f9d74f8e8d1a6
[INFO] running `Command { std: "docker" "start" "-a" "53dde2dfd37c32a679912270d013524bf6fd93caac5eb0f3864f9d74f8e8d1a6", kill_on_drop: false }`
[INFO] [stderr]     Blocking waiting for file lock on package cache
[INFO] [stderr]    Compiling version_check v0.1.5
[INFO] [stderr]    Compiling safemem v0.3.3
[INFO] [stderr]    Compiling time v0.1.45
[INFO] [stderr]    Compiling serde v1.0.160
[INFO] [stderr]    Compiling unicode-xid v0.0.4
[INFO] [stderr]    Compiling num_cpus v1.15.0
[INFO] [stderr]    Compiling rand v0.4.6
[INFO] [stderr]    Compiling log v0.3.9
[INFO] [stderr]    Compiling openssl-sys v0.9.87
[INFO] [stderr]    Compiling typeable v0.1.2
[INFO] [stderr]    Compiling traitobject v0.1.0
[INFO] [stderr]    Compiling syn v2.0.15
[INFO] [stderr]    Compiling quote v0.3.15
[INFO] [stderr]    Compiling num-integer v0.1.45
[INFO] [stderr]    Compiling either v1.8.1
[INFO] [stderr]    Compiling antidote v1.0.0
[INFO] [stderr]    Compiling base64 v0.9.3
[INFO] [stderr]    Compiling synom v0.11.3
[INFO] [stderr]    Compiling num-traits v0.1.43
[INFO] [stderr]    Compiling unicode-bidi v0.2.6
[INFO] [stderr]    Compiling itoa v0.3.4
[INFO] [stderr]    Compiling mime v0.2.6
[INFO] [stderr]    Compiling itertools v0.8.2
[INFO] [stderr]    Compiling syn v0.11.11
[INFO] [stderr]    Compiling unicase v1.4.2
[INFO] [stderr]    Compiling rustc-serialize v0.3.24
[INFO] [stderr]    Compiling serde v0.9.15
[INFO] [stderr]    Compiling chrono v0.4.24
[INFO] [stderr]    Compiling rand v0.3.23
[INFO] [stderr]    Compiling uuid v0.2.3
[INFO] [stderr]    Compiling hyper v0.10.16
[INFO] [stderr]    Compiling serde_codegen_internals v0.14.2
[INFO] [stderr]    Compiling serde_derive v0.9.15
[INFO] [stderr]    Compiling url v0.5.10
[INFO] [stderr]    Compiling serde_json v0.9.10
[INFO] [stderr]    Compiling openssl-macros v0.1.1
[INFO] [stderr]    Compiling serde_derive v1.0.160
[INFO] [stderr]    Compiling openssl v0.10.52
[INFO] [stderr]    Compiling serde_json v1.0.96
[INFO] [stderr]    Compiling native-tls v0.2.11
[INFO] [stderr]    Compiling hyper-native-tls v0.3.0
[INFO] [stderr]    Compiling yup-oauth2 v1.0.12
[INFO] [stderr]    Compiling google-kgsearch1 v1.0.4+20151215 (/opt/rustwide/workdir)
[INFO] [stdout] warning: anonymous parameters are deprecated and will be removed in the next edition
[INFO] [stdout]    --> src/cmn.rs:142:25
[INFO] [stdout]     |
[INFO] [stdout] 142 |     fn begin(&mut self, MethodInfo) {}
[INFO] [stdout]     |                         ^^^^^^^^^^ help: try naming the parameter or explicitly ignoring it: `_: MethodInfo`
[INFO] [stdout]     |
[INFO] [stdout]     = warning: this is accepted in the current edition (Rust 2015) but is a hard error in Rust 2018!
[INFO] [stdout]     = note: for more information, see issue #41686 <https://github.com/rust-lang/rust/issues/41686>
[INFO] [stdout]     = note: `#[warn(anonymous_parameters)]` on by default
[INFO] [stdout] 
[INFO] [stdout] 
[INFO] [stdout] warning: anonymous parameters are deprecated and will be removed in the next edition
[INFO] [stdout]    --> src/cmn.rs:150:30
[INFO] [stdout]     |
[INFO] [stdout] 150 |     fn http_error(&mut self, &hyper::Error) -> Retry {
[INFO] [stdout]     |                              ^^^^^^^^^^^^^ help: try naming the parameter or explicitly ignoring it: `_: &hyper::Error`
[INFO] [stdout]     |
[INFO] [stdout]     = warning: this is accepted in the current edition (Rust 2015) but is a hard error in Rust 2018!
[INFO] [stdout]     = note: for more information, see issue #41686 <https://github.com/rust-lang/rust/issues/41686>
[INFO] [stdout] 
[INFO] [stdout] 
[INFO] [stdout] warning: anonymous parameters are deprecated and will be removed in the next edition
[INFO] [stdout]    --> src/cmn.rs:213:61
[INFO] [stdout]     |
[INFO] [stdout] 213 |     fn http_failure(&mut self, _: &hyper::client::Response, Option<JsonServerError>, _: Option<ServerError>) -> Retry {
[INFO] [stdout]     |                                                             ^^^^^^^^^^^^^^^^^^^^^^^ help: try naming the parameter or explicitly ignoring it: `_: Option<JsonServerError>`
[INFO] [stdout]     |
[INFO] [stdout]     = warning: this is accepted in the current edition (Rust 2015) but is a hard error in Rust 2018!
[INFO] [stdout]     = note: for more information, see issue #41686 <https://github.com/rust-lang/rust/issues/41686>
[INFO] [stdout] 
[INFO] [stdout] 
[INFO] [stdout] warning: use of deprecated macro `try`: use the `?` operator instead
[INFO] [stdout]    --> src/cmn.rs:306:17
[INFO] [stdout]     |
[INFO] [stdout] 306 |                 try!(writeln!(f, "Bad Request ({}): {}", err.error.code, err.error.message));
[INFO] [stdout]     |                 ^^^
[INFO] [stdout]     |
[INFO] [stdout]     = note: `#[warn(deprecated)]` on by default
[INFO] [stdout] 
[INFO] [stdout] 
[INFO] [stdout] warning: use of deprecated macro `try`: use the `?` operator instead
[INFO] [stdout]    --> src/cmn.rs:308:21
[INFO] [stdout]     |
[INFO] [stdout] 308 |                     try!(writeln!(f, "    {}: {}, {}{}",
[INFO] [stdout]     |                     ^^^
[INFO] [stdout] 
[INFO] [stdout] 
[INFO] [stdout] warning: use of deprecated macro `try`: use the `?` operator instead
[INFO] [stdout]    --> src/cmn.rs:572:9
[INFO] [stdout]     |
[INFO] [stdout] 572 |         try!(fmt.write_str("bytes "));
[INFO] [stdout]     |         ^^^
[INFO] [stdout] 
[INFO] [stdout] 
[INFO] [stdout] warning: use of deprecated macro `try`: use the `?` operator instead
[INFO] [stdout]    --> src/cmn.rs:574:28
[INFO] [stdout]     |
[INFO] [stdout] 574 |             Some(ref c) => try!(c.fmt(fmt)),
[INFO] [stdout]     |                            ^^^
[INFO] [stdout] 
[INFO] [stdout] 
[INFO] [stdout] warning: use of deprecated macro `try`: use the `?` operator instead
[INFO] [stdout]    --> src/cmn.rs:575:21
[INFO] [stdout]     |
[INFO] [stdout] 575 |             None => try!(fmt.write_str("*"))
[INFO] [stdout]     |                     ^^^
[INFO] [stdout] 
[INFO] [stdout] 
[INFO] [stdout] warning: unnecessary parentheses around function argument
[INFO] [stdout]    --> src/lib.rs:486:66
[INFO] [stdout]     |
[INFO] [stdout] 486 |         let mut params: Vec<(&str, String)> = Vec::with_capacity((9 + self._additional_params.len()));
[INFO] [stdout]     |                                                                  ^                                 ^
[INFO] [stdout]     |
[INFO] [stdout]     = note: `#[warn(unused_parens)]` on by default
[INFO] [stdout] help: remove these parentheses
[INFO] [stdout]     |
[INFO] [stdout] 486 -         let mut params: Vec<(&str, String)> = Vec::with_capacity((9 + self._additional_params.len()));
[INFO] [stdout] 486 +         let mut params: Vec<(&str, String)> = Vec::with_capacity(9 + self._additional_params.len());
[INFO] [stdout]     |
[INFO] [stdout] 
[INFO] [stdout] 
[INFO] [stdout] warning: trait objects without an explicit `dyn` are deprecated
[INFO] [stdout]    --> src/cmn.rs:277:22
[INFO] [stdout]     |
[INFO] [stdout] 277 |     MissingToken(Box<error::Error>),
[INFO] [stdout]     |                      ^^^^^^^^^^^^
[INFO] [stdout]     |
[INFO] [stdout]     = warning: this is accepted in the current edition (Rust 2015) but is a hard error in Rust 2021!
[INFO] [stdout]     = note: for more information, see <https://doc.rust-lang.org/nightly/edition-guide/rust-2021/warnings-promoted-to-error.html>
[INFO] [stdout]     = note: `#[warn(bare_trait_objects)]` on by default
[INFO] [stdout] help: use `dyn`
[INFO] [stdout]     |
[INFO] [stdout] 277 |     MissingToken(Box<dyn error::Error>),
[INFO] [stdout]     |                      +++
[INFO] [stdout] 
[INFO] [stdout] 
[INFO] [stdout] warning: trait objects without an explicit `dyn` are deprecated
[INFO] [stdout]    --> src/cmn.rs:368:38
[INFO] [stdout]     |
[INFO] [stdout] 368 |     raw_parts: Vec<(Headers, &'a mut Read)>,
[INFO] [stdout]     |                                      ^^^^
[INFO] [stdout]     |
[INFO] [stdout]     = warning: this is accepted in the current edition (Rust 2015) but is a hard error in Rust 2021!
[INFO] [stdout]     = note: for more information, see <https://doc.rust-lang.org/nightly/edition-guide/rust-2021/warnings-promoted-to-error.html>
[INFO] [stdout] help: use `dyn`
[INFO] [stdout]     |
[INFO] [stdout] 368 |     raw_parts: Vec<(Headers, &'a mut dyn Read)>,
[INFO] [stdout]     |                                      +++
[INFO] [stdout] 
[INFO] [stdout] 
[INFO] [stdout] warning: trait objects without an explicit `dyn` are deprecated
[INFO] [stdout]    --> src/cmn.rs:369:52
[INFO] [stdout]     |
[INFO] [stdout] 369 |     current_part: Option<(Cursor<Vec<u8>>, &'a mut Read)>,
[INFO] [stdout]     |                                                    ^^^^
[INFO] [stdout]     |
[INFO] [stdout]     = warning: this is accepted in the current edition (Rust 2015) but is a hard error in Rust 2021!
[INFO] [stdout]     = note: for more information, see <https://doc.rust-lang.org/nightly/edition-guide/rust-2021/warnings-promoted-to-error.html>
[INFO] [stdout] help: use `dyn`
[INFO] [stdout]     |
[INFO] [stdout] 369 |     current_part: Option<(Cursor<Vec<u8>>, &'a mut dyn Read)>,
[INFO] [stdout]     |                                                    +++
[INFO] [stdout] 
[INFO] [stdout] 
[INFO] [stdout] warning: trait objects without an explicit `dyn` are deprecated
[INFO] [stdout]    --> src/cmn.rs:616:27
[INFO] [stdout]     |
[INFO] [stdout] 616 |     pub delegate: &'a mut Delegate,
[INFO] [stdout]     |                           ^^^^^^^^
[INFO] [stdout]     |
[INFO] [stdout]     = warning: this is accepted in the current edition (Rust 2015) but is a hard error in Rust 2021!
[INFO] [stdout]     = note: for more information, see <https://doc.rust-lang.org/nightly/edition-guide/rust-2021/warnings-promoted-to-error.html>
[INFO] [stdout] help: use `dyn`
[INFO] [stdout]     |
[INFO] [stdout] 616 |     pub delegate: &'a mut dyn Delegate,
[INFO] [stdout]     |                           +++
[INFO] [stdout] 
[INFO] [stdout] 
[INFO] [stdout] warning: trait objects without an explicit `dyn` are deprecated
[INFO] [stdout]    --> src/cmn.rs:622:25
[INFO] [stdout]     |
[INFO] [stdout] 622 |     pub reader: &'a mut ReadSeek,
[INFO] [stdout]     |                         ^^^^^^^^
[INFO] [stdout]     |
[INFO] [stdout]     = warning: this is accepted in the current edition (Rust 2015) but is a hard error in Rust 2021!
[INFO] [stdout]     = note: for more information, see <https://doc.rust-lang.org/nightly/edition-guide/rust-2021/warnings-promoted-to-error.html>
[INFO] [stdout] help: use `dyn`
[INFO] [stdout]     |
[INFO] [stdout] 622 |     pub reader: &'a mut dyn ReadSeek,
[INFO] [stdout]     |                         +++
[INFO] [stdout] 
[INFO] [stdout] 
[INFO] [stdout] warning: trait objects without an explicit `dyn` are deprecated
[INFO] [stdout]    --> src/lib.rs:466:31
[INFO] [stdout]     |
[INFO] [stdout] 466 |     _delegate: Option<&'a mut Delegate>,
[INFO] [stdout]     |                               ^^^^^^^^
[INFO] [stdout]     |
[INFO] [stdout]     = warning: this is accepted in the current edition (Rust 2015) but is a hard error in Rust 2021!
[INFO] [stdout]     = note: for more information, see <https://doc.rust-lang.org/nightly/edition-guide/rust-2021/warnings-promoted-to-error.html>
[INFO] [stdout] help: use `dyn`
[INFO] [stdout]     |
[INFO] [stdout] 466 |     _delegate: Option<&'a mut dyn Delegate>,
[INFO] [stdout]     |                               +++
[INFO] [stdout] 
[INFO] [stdout] 
[INFO] [stdout] warning: trait objects without an explicit `dyn` are deprecated
[INFO] [stdout]    --> src/lib.rs:661:50
[INFO] [stdout]     |
[INFO] [stdout] 661 |     pub fn delegate(mut self, new_value: &'a mut Delegate) -> EntitySearchCall<'a, C, A> {
[INFO] [stdout]     |                                                  ^^^^^^^^
[INFO] [stdout]     |
[INFO] [stdout]     = warning: this is accepted in the current edition (Rust 2015) but is a hard error in Rust 2021!
[INFO] [stdout]     = note: for more information, see <https://doc.rust-lang.org/nightly/edition-guide/rust-2021/warnings-promoted-to-error.html>
[INFO] [stdout] help: use `dyn`
[INFO] [stdout]     |
[INFO] [stdout] 661 |     pub fn delegate(mut self, new_value: &'a mut dyn Delegate) -> EntitySearchCall<'a, C, A> {
[INFO] [stdout]     |                                                  +++
[INFO] [stdout] 
[INFO] [stdout] 
[INFO] [stdout] warning: trait objects without an explicit `dyn` are deprecated
[INFO] [stdout]    --> src/cmn.rs:166:31
[INFO] [stdout]     |
[INFO] [stdout] 166 |     fn token(&mut self, err: &error::Error) -> Option<oauth2::Token> {
[INFO] [stdout]     |                               ^^^^^^^^^^^^
[INFO] [stdout]     |
[INFO] [stdout]     = warning: this is accepted in the current edition (Rust 2015) but is a hard error in Rust 2021!
[INFO] [stdout]     = note: for more information, see <https://doc.rust-lang.org/nightly/edition-guide/rust-2021/warnings-promoted-to-error.html>
[INFO] [stdout] help: use `dyn`
[INFO] [stdout]     |
[INFO] [stdout] 166 |     fn token(&mut self, err: &dyn error::Error) -> Option<oauth2::Token> {
[INFO] [stdout]     |                               +++
[INFO] [stdout] 
[INFO] [stdout] 
[INFO] [stdout] warning: trait objects without an explicit `dyn` are deprecated
[INFO] [stdout]    --> src/cmn.rs:342:32
[INFO] [stdout]     |
[INFO] [stdout] 342 |     fn cause(&self) -> Option<&error::Error> {
[INFO] [stdout]     |                                ^^^^^^^^^^^^
[INFO] [stdout]     |
[INFO] [stdout]     = warning: this is accepted in the current edition (Rust 2015) but is a hard error in Rust 2021!
[INFO] [stdout]     = note: for more information, see <https://doc.rust-lang.org/nightly/edition-guide/rust-2021/warnings-promoted-to-error.html>
[INFO] [stdout] help: use `dyn`
[INFO] [stdout]     |
[INFO] [stdout] 342 |     fn cause(&self) -> Option<&dyn error::Error> {
[INFO] [stdout]     |                                +++
[INFO] [stdout] 
[INFO] [stdout] 
[INFO] [stdout] warning: trait objects without an explicit `dyn` are deprecated
[INFO] [stdout]    --> src/cmn.rs:391:48
[INFO] [stdout]     |
[INFO] [stdout] 391 |     pub fn add_part(&mut self, reader: &'a mut Read, size: u64, mime_type: Mime) -> &mut MultiPartReader<'a> {
[INFO] [stdout]     |                                                ^^^^
[INFO] [stdout]     |
[INFO] [stdout]     = warning: this is accepted in the current edition (Rust 2015) but is a hard error in Rust 2021!
[INFO] [stdout]     = note: for more information, see <https://doc.rust-lang.org/nightly/edition-guide/rust-2021/warnings-promoted-to-error.html>
[INFO] [stdout] help: use `dyn`
[INFO] [stdout]     |
[INFO] [stdout] 391 |     pub fn add_part(&mut self, reader: &'a mut dyn Read, size: u64, mime_type: Mime) -> &mut MultiPartReader<'a> {
[INFO] [stdout]     |                                                +++
[INFO] [stdout] 
[INFO] [stdout] 
[INFO] [stdout] warning: use of deprecated method `std::error::Error::description`: use the Display impl or to_string()
[INFO] [stdout]    --> src/cmn.rs:336:46
[INFO] [stdout]     |
[INFO] [stdout] 336 |             Error::HttpError(ref err) => err.description(),
[INFO] [stdout]     |                                              ^^^^^^^^^^^
[INFO] [stdout] 
[INFO] [stdout] 
[INFO] [stdout] warning: use of deprecated method `std::error::Error::description`: use the Display impl or to_string()
[INFO] [stdout]    --> src/cmn.rs:337:55
[INFO] [stdout]     |
[INFO] [stdout] 337 |             Error::JsonDecodeError(_, ref err) => err.description(),
[INFO] [stdout]     |                                                       ^^^^^^^^^^^
[INFO] [stdout] 
[INFO] [stdout] 
[INFO] [stdout] warning: use of deprecated method `std::error::Error::cause`: replaced by Error::source, which can support downcasting
[INFO] [stdout]    --> src/cmn.rs:344:46
[INFO] [stdout]     |
[INFO] [stdout] 344 |             Error::HttpError(ref err) => err.cause(),
[INFO] [stdout]     |                                              ^^^^^
[INFO] [stdout] 
[INFO] [stdout] 
[INFO] [stdout] warning: use of deprecated method `std::error::Error::cause`: replaced by Error::source, which can support downcasting
[INFO] [stdout]    --> src/cmn.rs:345:55
[INFO] [stdout]     |
[INFO] [stdout] 345 |             Error::JsonDecodeError(_, ref err) => err.cause(),
[INFO] [stdout]     |                                                       ^^^^^
[INFO] [stdout] 
[INFO] [stdout] 
[INFO] [stdout] warning: trait objects without an explicit `dyn` are deprecated
[INFO] [stdout]    --> src/lib.rs:480:27
[INFO] [stdout]     |
[INFO] [stdout] 480 |         let mut dlg: &mut Delegate = match self._delegate {
[INFO] [stdout]     |                           ^^^^^^^^
[INFO] [stdout]     |
[INFO] [stdout]     = warning: this is accepted in the current edition (Rust 2015) but is a hard error in Rust 2021!
[INFO] [stdout]     = note: for more information, see <https://doc.rust-lang.org/nightly/edition-guide/rust-2021/warnings-promoted-to-error.html>
[INFO] [stdout] help: use `dyn`
[INFO] [stdout]     |
[INFO] [stdout] 480 |         let mut dlg: &mut dyn Delegate = match self._delegate {
[INFO] [stdout]     |                           +++
[INFO] [stdout] 
[INFO] [stdout] 
[INFO] [stdout] warning: 24 warnings emitted
[INFO] [stdout] 
[INFO] [stdout] 
[INFO] [stderr]     Finished dev [unoptimized + debuginfo] target(s) in 11.47s
[INFO] [stderr] warning: the following packages contain code that will be rejected by a future version of Rust: rustc-serialize v0.3.24, traitobject v0.1.0
[INFO] [stderr] note: to see what the problems were, use the option `--future-incompat-report`, or run `cargo report future-incompatibilities --id 2`
[INFO] running `Command { std: "docker" "inspect" "53dde2dfd37c32a679912270d013524bf6fd93caac5eb0f3864f9d74f8e8d1a6", kill_on_drop: false }`
[INFO] running `Command { std: "docker" "rm" "-f" "53dde2dfd37c32a679912270d013524bf6fd93caac5eb0f3864f9d74f8e8d1a6", kill_on_drop: false }`
[INFO] [stdout] 53dde2dfd37c32a679912270d013524bf6fd93caac5eb0f3864f9d74f8e8d1a6
[INFO] running `Command { std: "docker" "create" "-v" "/var/lib/crater-agent-workspace/builds/worker-3-tc1/target:/opt/rustwide/target:rw,Z" "-v" "/var/lib/crater-agent-workspace/builds/worker-3-tc1/source:/opt/rustwide/workdir:ro,Z" "-v" "/var/lib/crater-agent-workspace/cargo-home:/opt/rustwide/cargo-home:ro,Z" "-v" "/var/lib/crater-agent-workspace/rustup-home:/opt/rustwide/rustup-home:ro,Z" "-e" "SOURCE_DIR=/opt/rustwide/workdir" "-e" "CARGO_TARGET_DIR=/opt/rustwide/target" "-e" "CARGO_INCREMENTAL=0" "-e" "RUST_BACKTRACE=full" "-e" "RUSTFLAGS=--cap-lints=warn" "-e" "RUSTDOCFLAGS=--cap-lints=warn" "-e" "CARGO_HOME=/opt/rustwide/cargo-home" "-e" "RUSTUP_HOME=/opt/rustwide/rustup-home" "-w" "/opt/rustwide/workdir" "-m" "1610612736" "--user" "0:0" "--network" "none" "ghcr.io/rust-lang/crates-build-env/linux@sha256:5ff2268d62e97bff2cde7d5815dd6ed5b47097566f13b8d0ca110b04b60e07ed" "/opt/rustwide/cargo-home/bin/cargo" "+1.69.0" "test" "--frozen" "--no-run" "--message-format=json", kill_on_drop: false }`
[INFO] [stdout] 785571bf84cc1cce17ca20828f4fa3876f021c6d9ad6d39107da259d1b66711f
[INFO] running `Command { std: "docker" "start" "-a" "785571bf84cc1cce17ca20828f4fa3876f021c6d9ad6d39107da259d1b66711f", kill_on_drop: false }`
[INFO] [stdout] warning: anonymous parameters are deprecated and will be removed in the next edition
[INFO] [stdout]    --> src/cmn.rs:142:25
[INFO] [stdout]     |
[INFO] [stdout] 142 |     fn begin(&mut self, MethodInfo) {}
[INFO] [stdout]     |                         ^^^^^^^^^^ help: try naming the parameter or explicitly ignoring it: `_: MethodInfo`
[INFO] [stdout]     |
[INFO] [stdout]     = warning: this is accepted in the current edition (Rust 2015) but is a hard error in Rust 2018!
[INFO] [stdout]     = note: for more information, see issue #41686 <https://github.com/rust-lang/rust/issues/41686>
[INFO] [stdout]     = note: `#[warn(anonymous_parameters)]` on by default
[INFO] [stdout] 
[INFO] [stdout] 
[INFO] [stdout] warning: anonymous parameters are deprecated and will be removed in the next edition
[INFO] [stdout]    --> src/cmn.rs:150:30
[INFO] [stdout]     |
[INFO] [stdout] 150 |     fn http_error(&mut self, &hyper::Error) -> Retry {
[INFO] [stdout]     |                              ^^^^^^^^^^^^^ help: try naming the parameter or explicitly ignoring it: `_: &hyper::Error`
[INFO] [stdout]     |
[INFO] [stdout]     = warning: this is accepted in the current edition (Rust 2015) but is a hard error in Rust 2018!
[INFO] [stdout]     = note: for more information, see issue #41686 <https://github.com/rust-lang/rust/issues/41686>
[INFO] [stdout] 
[INFO] [stdout] 
[INFO] [stdout] warning: anonymous parameters are deprecated and will be removed in the next edition
[INFO] [stdout]    --> src/cmn.rs:213:61
[INFO] [stdout]     |
[INFO] [stdout] 213 |     fn http_failure(&mut self, _: &hyper::client::Response, Option<JsonServerError>, _: Option<ServerError>) -> Retry {
[INFO] [stdout]     |                                                             ^^^^^^^^^^^^^^^^^^^^^^^ help: try naming the parameter or explicitly ignoring it: `_: Option<JsonServerError>`
[INFO] [stdout]     |
[INFO] [stdout]     = warning: this is accepted in the current edition (Rust 2015) but is a hard error in Rust 2018!
[INFO] [stdout]     = note: for more information, see issue #41686 <https://github.com/rust-lang/rust/issues/41686>
[INFO] [stdout] 
[INFO] [stdout] 
[INFO] [stdout] warning: use of deprecated macro `try`: use the `?` operator instead
[INFO] [stdout]    --> src/cmn.rs:306:17
[INFO] [stdout]     |
[INFO] [stdout] 306 |                 try!(writeln!(f, "Bad Request ({}): {}", err.error.code, err.error.message));
[INFO] [stdout]     |                 ^^^
[INFO] [stdout]     |
[INFO] [stdout]     = note: `#[warn(deprecated)]` on by default
[INFO] [stdout] 
[INFO] [stdout] 
[INFO] [stdout] warning: use of deprecated macro `try`: use the `?` operator instead
[INFO] [stdout]    --> src/cmn.rs:308:21
[INFO] [stdout]     |
[INFO] [stdout] 308 |                     try!(writeln!(f, "    {}: {}, {}{}",
[INFO] [stdout]     |                     ^^^
[INFO] [stdout] 
[INFO] [stdout] 
[INFO] [stdout] warning: use of deprecated macro `try`: use the `?` operator instead
[INFO] [stdout]    --> src/cmn.rs:572:9
[INFO] [stdout]     |
[INFO] [stdout] 572 |         try!(fmt.write_str("bytes "));
[INFO] [stdout]     |         ^^^
[INFO] [stdout] 
[INFO] [stdout] 
[INFO] [stdout] warning: use of deprecated macro `try`: use the `?` operator instead
[INFO] [stdout]    --> src/cmn.rs:574:28
[INFO] [stdout]     |
[INFO] [stdout] 574 |             Some(ref c) => try!(c.fmt(fmt)),
[INFO] [stdout]     |                            ^^^
[INFO] [stdout] 
[INFO] [stdout] 
[INFO] [stdout] warning: use of deprecated macro `try`: use the `?` operator instead
[INFO] [stdout]    --> src/cmn.rs:575:21
[INFO] [stdout]     |
[INFO] [stdout] 575 |             None => try!(fmt.write_str("*"))
[INFO] [stdout]     |                     ^^^
[INFO] [stdout] 
[INFO] [stdout] 
[INFO] [stdout] warning: unnecessary parentheses around function argument
[INFO] [stdout]    --> src/lib.rs:486:66
[INFO] [stdout]     |
[INFO] [stdout] 486 |         let mut params: Vec<(&str, String)> = Vec::with_capacity((9 + self._additional_params.len()));
[INFO] [stdout]     |                                                                  ^                                 ^
[INFO] [stdout]     |
[INFO] [stdout]     = note: `#[warn(unused_parens)]` on by default
[INFO] [stdout] help: remove these parentheses
[INFO] [stdout]     |
[INFO] [stdout] 486 -         let mut params: Vec<(&str, String)> = Vec::with_capacity((9 + self._additional_params.len()));
[INFO] [stdout] 486 +         let mut params: Vec<(&str, String)> = Vec::with_capacity(9 + self._additional_params.len());
[INFO] [stdout]     |
[INFO] [stdout] 
[INFO] [stdout] 
[INFO] [stdout] warning: trait objects without an explicit `dyn` are deprecated
[INFO] [stdout]    --> src/cmn.rs:277:22
[INFO] [stdout]     |
[INFO] [stdout] 277 |     MissingToken(Box<error::Error>),
[INFO] [stdout]     |                      ^^^^^^^^^^^^
[INFO] [stdout]     |
[INFO] [stdout]     = warning: this is accepted in the current edition (Rust 2015) but is a hard error in Rust 2021!
[INFO] [stdout]     = note: for more information, see <https://doc.rust-lang.org/nightly/edition-guide/rust-2021/warnings-promoted-to-error.html>
[INFO] [stdout]     = note: `#[warn(bare_trait_objects)]` on by default
[INFO] [stdout] help: use `dyn`
[INFO] [stdout]     |
[INFO] [stdout] 277 |     MissingToken(Box<dyn error::Error>),
[INFO] [stdout]     |                      +++
[INFO] [stdout] 
[INFO] [stdout] 
[INFO] [stdout] warning: trait objects without an explicit `dyn` are deprecated
[INFO] [stdout]    --> src/cmn.rs:368:38
[INFO] [stdout]     |
[INFO] [stdout] 368 |     raw_parts: Vec<(Headers, &'a mut Read)>,
[INFO] [stdout]     |                                      ^^^^
[INFO] [stdout]     |
[INFO] [stdout]     = warning: this is accepted in the current edition (Rust 2015) but is a hard error in Rust 2021!
[INFO] [stdout]     = note: for more information, see <https://doc.rust-lang.org/nightly/edition-guide/rust-2021/warnings-promoted-to-error.html>
[INFO] [stdout] help: use `dyn`
[INFO] [stdout]     |
[INFO] [stdout] 368 |     raw_parts: Vec<(Headers, &'a mut dyn Read)>,
[INFO] [stdout]     |                                      +++
[INFO] [stdout] 
[INFO] [stdout] 
[INFO] [stdout] warning: trait objects without an explicit `dyn` are deprecated
[INFO] [stdout]    --> src/cmn.rs:369:52
[INFO] [stdout]     |
[INFO] [stdout] 369 |     current_part: Option<(Cursor<Vec<u8>>, &'a mut Read)>,
[INFO] [stdout]     |                                                    ^^^^
[INFO] [stdout]     |
[INFO] [stdout]     = warning: this is accepted in the current edition (Rust 2015) but is a hard error in Rust 2021!
[INFO] [stdout]     = note: for more information, see <https://doc.rust-lang.org/nightly/edition-guide/rust-2021/warnings-promoted-to-error.html>
[INFO] [stdout] help: use `dyn`
[INFO] [stdout]     |
[INFO] [stdout] 369 |     current_part: Option<(Cursor<Vec<u8>>, &'a mut dyn Read)>,
[INFO] [stdout]     |                                                    +++
[INFO] [stdout] 
[INFO] [stdout] 
[INFO] [stdout] warning: trait objects without an explicit `dyn` are deprecated
[INFO] [stdout]    --> src/cmn.rs:616:27
[INFO] [stdout]     |
[INFO] [stdout] 616 |     pub delegate: &'a mut Delegate,
[INFO] [stdout]     |                           ^^^^^^^^
[INFO] [stdout]     |
[INFO] [stdout]     = warning: this is accepted in the current edition (Rust 2015) but is a hard error in Rust 2021!
[INFO] [stdout]     = note: for more information, see <https://doc.rust-lang.org/nightly/edition-guide/rust-2021/warnings-promoted-to-error.html>
[INFO] [stdout] help: use `dyn`
[INFO] [stdout]     |
[INFO] [stdout] 616 |     pub delegate: &'a mut dyn Delegate,
[INFO] [stdout]     |                           +++
[INFO] [stdout] 
[INFO] [stdout] 
[INFO] [stdout] warning: trait objects without an explicit `dyn` are deprecated
[INFO] [stdout]    --> src/cmn.rs:622:25
[INFO] [stdout]     |
[INFO] [stdout] 622 |     pub reader: &'a mut ReadSeek,
[INFO] [stdout]     |                         ^^^^^^^^
[INFO] [stdout]     |
[INFO] [stdout]     = warning: this is accepted in the current edition (Rust 2015) but is a hard error in Rust 2021!
[INFO] [stdout]     = note: for more information, see <https://doc.rust-lang.org/nightly/edition-guide/rust-2021/warnings-promoted-to-error.html>
[INFO] [stdout] help: use `dyn`
[INFO] [stdout]     |
[INFO] [stdout] 622 |     pub reader: &'a mut dyn ReadSeek,
[INFO] [stdout]     |                         +++
[INFO] [stdout] 
[INFO] [stdout] 
[INFO] [stdout] warning: trait objects without an explicit `dyn` are deprecated
[INFO] [stdout]    --> src/lib.rs:466:31
[INFO] [stdout]     |
[INFO] [stdout] 466 |     _delegate: Option<&'a mut Delegate>,
[INFO] [stdout]     |                               ^^^^^^^^
[INFO] [stdout]     |
[INFO] [stdout]     = warning: this is accepted in the current edition (Rust 2015) but is a hard error in Rust 2021!
[INFO] [stdout]     = note: for more information, see <https://doc.rust-lang.org/nightly/edition-guide/rust-2021/warnings-promoted-to-error.html>
[INFO] [stdout] help: use `dyn`
[INFO] [stdout]     |
[INFO] [stdout] 466 |     _delegate: Option<&'a mut dyn Delegate>,
[INFO] [stdout]     |                               +++
[INFO] [stdout] 
[INFO] [stdout] 
[INFO] [stdout] warning: trait objects without an explicit `dyn` are deprecated
[INFO] [stdout]    --> src/lib.rs:661:50
[INFO] [stdout]     |
[INFO] [stdout] 661 |     pub fn delegate(mut self, new_value: &'a mut Delegate) -> EntitySearchCall<'a, C, A> {
[INFO] [stdout]     |                                                  ^^^^^^^^
[INFO] [stdout]     |
[INFO] [stdout]     = warning: this is accepted in the current edition (Rust 2015) but is a hard error in Rust 2021!
[INFO] [stdout]     = note: for more information, see <https://doc.rust-lang.org/nightly/edition-guide/rust-2021/warnings-promoted-to-error.html>
[INFO] [stdout] help: use `dyn`
[INFO] [stdout]     |
[INFO] [stdout] 661 |     pub fn delegate(mut self, new_value: &'a mut dyn Delegate) -> EntitySearchCall<'a, C, A> {
[INFO] [stdout]     |                                                  +++
[INFO] [stdout] 
[INFO] [stdout] 
[INFO] [stdout] warning: trait objects without an explicit `dyn` are deprecated
[INFO] [stdout]    --> src/cmn.rs:166:31
[INFO] [stdout]     |
[INFO] [stdout] 166 |     fn token(&mut self, err: &error::Error) -> Option<oauth2::Token> {
[INFO] [stdout]     |                               ^^^^^^^^^^^^
[INFO] [stdout]     |
[INFO] [stdout]     = warning: this is accepted in the current edition (Rust 2015) but is a hard error in Rust 2021!
[INFO] [stdout]     = note: for more information, see <https://doc.rust-lang.org/nightly/edition-guide/rust-2021/warnings-promoted-to-error.html>
[INFO] [stdout] help: use `dyn`
[INFO] [stdout]     |
[INFO] [stdout] 166 |     fn token(&mut self, err: &dyn error::Error) -> Option<oauth2::Token> {
[INFO] [stdout]     |                               +++
[INFO] [stdout] 
[INFO] [stdout] 
[INFO] [stdout] warning: trait objects without an explicit `dyn` are deprecated
[INFO] [stdout]    --> src/cmn.rs:342:32
[INFO] [stdout]     |
[INFO] [stdout] 342 |     fn cause(&self) -> Option<&error::Error> {
[INFO] [stdout]     |                                ^^^^^^^^^^^^
[INFO] [stdout]     |
[INFO] [stdout]     = warning: this is accepted in the current edition (Rust 2015) but is a hard error in Rust 2021!
[INFO] [stdout]     = note: for more information, see <https://doc.rust-lang.org/nightly/edition-guide/rust-2021/warnings-promoted-to-error.html>
[INFO] [stdout] help: use `dyn`
[INFO] [stdout]     |
[INFO] [stdout] 342 |     fn cause(&self) -> Option<&dyn error::Error> {
[INFO] [stdout]     |                                +++
[INFO] [stdout] 
[INFO] [stdout] 
[INFO] [stdout] warning: trait objects without an explicit `dyn` are deprecated
[INFO] [stdout]    --> src/cmn.rs:391:48
[INFO] [stdout]     |
[INFO] [stdout] 391 |     pub fn add_part(&mut self, reader: &'a mut Read, size: u64, mime_type: Mime) -> &mut MultiPartReader<'a> {
[INFO] [stdout]     |                                                ^^^^
[INFO] [stdout]     |
[INFO] [stdout]     = warning: this is accepted in the current edition (Rust 2015) but is a hard error in Rust 2021!
[INFO] [stdout]     = note: for more information, see <https://doc.rust-lang.org/nightly/edition-guide/rust-2021/warnings-promoted-to-error.html>
[INFO] [stdout] help: use `dyn`
[INFO] [stdout]     |
[INFO] [stdout] 391 |     pub fn add_part(&mut self, reader: &'a mut dyn Read, size: u64, mime_type: Mime) -> &mut MultiPartReader<'a> {
[INFO] [stdout]     |                                                +++
[INFO] [stdout] 
[INFO] [stdout] 
[INFO] [stdout] warning: use of deprecated method `std::error::Error::description`: use the Display impl or to_string()
[INFO] [stdout]    --> src/cmn.rs:336:46
[INFO] [stdout]     |
[INFO] [stdout] 336 |             Error::HttpError(ref err) => err.description(),
[INFO] [stdout]     |                                              ^^^^^^^^^^^
[INFO] [stdout] 
[INFO] [stdout] 
[INFO] [stdout] warning: use of deprecated method `std::error::Error::description`: use the Display impl or to_string()
[INFO] [stdout]    --> src/cmn.rs:337:55
[INFO] [stdout]     |
[INFO] [stdout] 337 |             Error::JsonDecodeError(_, ref err) => err.description(),
[INFO] [stdout]     |                                                       ^^^^^^^^^^^
[INFO] [stdout] 
[INFO] [stdout] 
[INFO] [stdout] warning: use of deprecated method `std::error::Error::cause`: replaced by Error::source, which can support downcasting
[INFO] [stdout]    --> src/cmn.rs:344:46
[INFO] [stdout]     |
[INFO] [stdout] 344 |             Error::HttpError(ref err) => err.cause(),
[INFO] [stdout]     |                                              ^^^^^
[INFO] [stdout] 
[INFO] [stdout] 
[INFO] [stdout] warning: use of deprecated method `std::error::Error::cause`: replaced by Error::source, which can support downcasting
[INFO] [stdout]    --> src/cmn.rs:345:55
[INFO] [stdout]     |
[INFO] [stdout] 345 |             Error::JsonDecodeError(_, ref err) => err.cause(),
[INFO] [stdout]     |                                                       ^^^^^
[INFO] [stdout] 
[INFO] [stdout] 
[INFO] [stdout] warning: trait objects without an explicit `dyn` are deprecated
[INFO] [stdout]    --> src/lib.rs:480:27
[INFO] [stdout]     |
[INFO] [stdout] 480 |         let mut dlg: &mut Delegate = match self._delegate {
[INFO] [stdout]     |                           ^^^^^^^^
[INFO] [stdout]     |
[INFO] [stdout]     = warning: this is accepted in the current edition (Rust 2015) but is a hard error in Rust 2021!
[INFO] [stdout]     = note: for more information, see <https://doc.rust-lang.org/nightly/edition-guide/rust-2021/warnings-promoted-to-error.html>
[INFO] [stdout] help: use `dyn`
[INFO] [stdout]     |
[INFO] [stdout] 480 |         let mut dlg: &mut dyn Delegate = match self._delegate {
[INFO] [stdout]     |                           +++
[INFO] [stdout] 
[INFO] [stdout] 
[INFO] [stdout] warning: 24 warnings emitted
[INFO] [stdout] 
[INFO] [stdout] 
[INFO] [stderr]    Compiling google-kgsearch1 v1.0.4+20151215 (/opt/rustwide/workdir)
[INFO] [stdout] warning: anonymous parameters are deprecated and will be removed in the next edition
[INFO] [stdout]    --> src/cmn.rs:142:25
[INFO] [stdout]     |
[INFO] [stdout] 142 |     fn begin(&mut self, MethodInfo) {}
[INFO] [stdout]     |                         ^^^^^^^^^^ help: try naming the parameter or explicitly ignoring it: `_: MethodInfo`
[INFO] [stdout]     |
[INFO] [stdout]     = warning: this is accepted in the current edition (Rust 2015) but is a hard error in Rust 2018!
[INFO] [stdout]     = note: for more information, see issue #41686 <https://github.com/rust-lang/rust/issues/41686>
[INFO] [stdout]     = note: `#[warn(anonymous_parameters)]` on by default
[INFO] [stdout] 
[INFO] [stdout] 
[INFO] [stdout] warning: anonymous parameters are deprecated and will be removed in the next edition
[INFO] [stdout]    --> src/cmn.rs:150:30
[INFO] [stdout]     |
[INFO] [stdout] 150 |     fn http_error(&mut self, &hyper::Error) -> Retry {
[INFO] [stdout]     |                              ^^^^^^^^^^^^^ help: try naming the parameter or explicitly ignoring it: `_: &hyper::Error`
[INFO] [stdout]     |
[INFO] [stdout]     = warning: this is accepted in the current edition (Rust 2015) but is a hard error in Rust 2018!
[INFO] [stdout]     = note: for more information, see issue #41686 <https://github.com/rust-lang/rust/issues/41686>
[INFO] [stdout] 
[INFO] [stdout] 
[INFO] [stdout] warning: anonymous parameters are deprecated and will be removed in the next edition
[INFO] [stdout]    --> src/cmn.rs:213:61
[INFO] [stdout]     |
[INFO] [stdout] 213 |     fn http_failure(&mut self, _: &hyper::client::Response, Option<JsonServerError>, _: Option<ServerError>) -> Retry {
[INFO] [stdout]     |                                                             ^^^^^^^^^^^^^^^^^^^^^^^ help: try naming the parameter or explicitly ignoring it: `_: Option<JsonServerError>`
[INFO] [stdout]     |
[INFO] [stdout]     = warning: this is accepted in the current edition (Rust 2015) but is a hard error in Rust 2018!
[INFO] [stdout]     = note: for more information, see issue #41686 <https://github.com/rust-lang/rust/issues/41686>
[INFO] [stdout] 
[INFO] [stdout] 
[INFO] [stdout] warning: use of deprecated macro `try`: use the `?` operator instead
[INFO] [stdout]    --> src/cmn.rs:306:17
[INFO] [stdout]     |
[INFO] [stdout] 306 |                 try!(writeln!(f, "Bad Request ({}): {}", err.error.code, err.error.message));
[INFO] [stdout]     |                 ^^^
[INFO] [stdout]     |
[INFO] [stdout]     = note: `#[warn(deprecated)]` on by default
[INFO] [stdout] 
[INFO] [stdout] 
[INFO] [stdout] warning: use of deprecated macro `try`: use the `?` operator instead
[INFO] [stdout]    --> src/cmn.rs:308:21
[INFO] [stdout]     |
[INFO] [stdout] 308 |                     try!(writeln!(f, "    {}: {}, {}{}",
[INFO] [stdout]     |                     ^^^
[INFO] [stdout] 
[INFO] [stdout] 
[INFO] [stdout] warning: use of deprecated macro `try`: use the `?` operator instead
[INFO] [stdout]    --> src/cmn.rs:572:9
[INFO] [stdout]     |
[INFO] [stdout] 572 |         try!(fmt.write_str("bytes "));
[INFO] [stdout]     |         ^^^
[INFO] [stdout] 
[INFO] [stdout] 
[INFO] [stdout] warning: use of deprecated macro `try`: use the `?` operator instead
[INFO] [stdout]    --> src/cmn.rs:574:28
[INFO] [stdout]     |
[INFO] [stdout] 574 |             Some(ref c) => try!(c.fmt(fmt)),
[INFO] [stdout]     |                            ^^^
[INFO] [stdout] 
[INFO] [stdout] 
[INFO] [stdout] warning: use of deprecated macro `try`: use the `?` operator instead
[INFO] [stdout]    --> src/cmn.rs:575:21
[INFO] [stdout]     |
[INFO] [stdout] 575 |             None => try!(fmt.write_str("*"))
[INFO] [stdout]     |                     ^^^
[INFO] [stdout] 
[INFO] [stdout] 
[INFO] [stdout] warning: unnecessary parentheses around function argument
[INFO] [stdout]    --> src/lib.rs:486:66
[INFO] [stdout]     |
[INFO] [stdout] 486 |         let mut params: Vec<(&str, String)> = Vec::with_capacity((9 + self._additional_params.len()));
[INFO] [stdout]     |                                                                  ^                                 ^
[INFO] [stdout]     |
[INFO] [stdout]     = note: `#[warn(unused_parens)]` on by default
[INFO] [stdout] help: remove these parentheses
[INFO] [stdout]     |
[INFO] [stdout] 486 -         let mut params: Vec<(&str, String)> = Vec::with_capacity((9 + self._additional_params.len()));
[INFO] [stdout] 486 +         let mut params: Vec<(&str, String)> = Vec::with_capacity(9 + self._additional_params.len());
[INFO] [stdout]     |
[INFO] [stdout] 
[INFO] [stdout] 
[INFO] [stdout] warning: trait objects without an explicit `dyn` are deprecated
[INFO] [stdout]    --> src/cmn.rs:277:22
[INFO] [stdout]     |
[INFO] [stdout] 277 |     MissingToken(Box<error::Error>),
[INFO] [stdout]     |                      ^^^^^^^^^^^^
[INFO] [stdout]     |
[INFO] [stdout]     = warning: this is accepted in the current edition (Rust 2015) but is a hard error in Rust 2021!
[INFO] [stdout]     = note: for more information, see <https://doc.rust-lang.org/nightly/edition-guide/rust-2021/warnings-promoted-to-error.html>
[INFO] [stdout]     = note: `#[warn(bare_trait_objects)]` on by default
[INFO] [stdout] help: use `dyn`
[INFO] [stdout]     |
[INFO] [stdout] 277 |     MissingToken(Box<dyn error::Error>),
[INFO] [stdout]     |                      +++
[INFO] [stdout] 
[INFO] [stdout] 
[INFO] [stdout] warning: trait objects without an explicit `dyn` are deprecated
[INFO] [stdout]    --> src/cmn.rs:368:38
[INFO] [stdout]     |
[INFO] [stdout] 368 |     raw_parts: Vec<(Headers, &'a mut Read)>,
[INFO] [stdout]     |                                      ^^^^
[INFO] [stdout]     |
[INFO] [stdout]     = warning: this is accepted in the current edition (Rust 2015) but is a hard error in Rust 2021!
[INFO] [stdout]     = note: for more information, see <https://doc.rust-lang.org/nightly/edition-guide/rust-2021/warnings-promoted-to-error.html>
[INFO] [stdout] help: use `dyn`
[INFO] [stdout]     |
[INFO] [stdout] 368 |     raw_parts: Vec<(Headers, &'a mut dyn Read)>,
[INFO] [stdout]     |                                      +++
[INFO] [stdout] 
[INFO] [stdout] 
[INFO] [stdout] warning: trait objects without an explicit `dyn` are deprecated
[INFO] [stdout]    --> src/cmn.rs:369:52
[INFO] [stdout]     |
[INFO] [stdout] 369 |     current_part: Option<(Cursor<Vec<u8>>, &'a mut Read)>,
[INFO] [stdout]     |                                                    ^^^^
[INFO] [stdout]     |
[INFO] [stdout]     = warning: this is accepted in the current edition (Rust 2015) but is a hard error in Rust 2021!
[INFO] [stdout]     = note: for more information, see <https://doc.rust-lang.org/nightly/edition-guide/rust-2021/warnings-promoted-to-error.html>
[INFO] [stdout] help: use `dyn`
[INFO] [stdout]     |
[INFO] [stdout] 369 |     current_part: Option<(Cursor<Vec<u8>>, &'a mut dyn Read)>,
[INFO] [stdout]     |                                                    +++
[INFO] [stdout] 
[INFO] [stdout] 
[INFO] [stdout] warning: trait objects without an explicit `dyn` are deprecated
[INFO] [stdout]    --> src/cmn.rs:616:27
[INFO] [stdout]     |
[INFO] [stdout] 616 |     pub delegate: &'a mut Delegate,
[INFO] [stdout]     |                           ^^^^^^^^
[INFO] [stdout]     |
[INFO] [stdout]     = warning: this is accepted in the current edition (Rust 2015) but is a hard error in Rust 2021!
[INFO] [stdout]     = note: for more information, see <https://doc.rust-lang.org/nightly/edition-guide/rust-2021/warnings-promoted-to-error.html>
[INFO] [stdout] help: use `dyn`
[INFO] [stdout]     |
[INFO] [stdout] 616 |     pub delegate: &'a mut dyn Delegate,
[INFO] [stdout]     |                           +++
[INFO] [stdout] 
[INFO] [stdout] 
[INFO] [stdout] warning: trait objects without an explicit `dyn` are deprecated
[INFO] [stdout]    --> src/cmn.rs:622:25
[INFO] [stdout]     |
[INFO] [stdout] 622 |     pub reader: &'a mut ReadSeek,
[INFO] [stdout]     |                         ^^^^^^^^
[INFO] [stdout]     |
[INFO] [stdout]     = warning: this is accepted in the current edition (Rust 2015) but is a hard error in Rust 2021!
[INFO] [stdout]     = note: for more information, see <https://doc.rust-lang.org/nightly/edition-guide/rust-2021/warnings-promoted-to-error.html>
[INFO] [stdout] help: use `dyn`
[INFO] [stdout]     |
[INFO] [stdout] 622 |     pub reader: &'a mut dyn ReadSeek,
[INFO] [stdout]     |                         +++
[INFO] [stdout] 
[INFO] [stdout] 
[INFO] [stdout] warning: trait objects without an explicit `dyn` are deprecated
[INFO] [stdout]    --> src/lib.rs:466:31
[INFO] [stdout]     |
[INFO] [stdout] 466 |     _delegate: Option<&'a mut Delegate>,
[INFO] [stdout]     |                               ^^^^^^^^
[INFO] [stdout]     |
[INFO] [stdout]     = warning: this is accepted in the current edition (Rust 2015) but is a hard error in Rust 2021!
[INFO] [stdout]     = note: for more information, see <https://doc.rust-lang.org/nightly/edition-guide/rust-2021/warnings-promoted-to-error.html>
[INFO] [stdout] help: use `dyn`
[INFO] [stdout]     |
[INFO] [stdout] 466 |     _delegate: Option<&'a mut dyn Delegate>,
[INFO] [stdout]     |                               +++
[INFO] [stdout] 
[INFO] [stdout] 
[INFO] [stdout] warning: trait objects without an explicit `dyn` are deprecated
[INFO] [stdout]    --> src/lib.rs:661:50
[INFO] [stdout]     |
[INFO] [stdout] 661 |     pub fn delegate(mut self, new_value: &'a mut Delegate) -> EntitySearchCall<'a, C, A> {
[INFO] [stdout]     |                                                  ^^^^^^^^
[INFO] [stdout]     |
[INFO] [stdout]     = warning: this is accepted in the current edition (Rust 2015) but is a hard error in Rust 2021!
[INFO] [stdout]     = note: for more information, see <https://doc.rust-lang.org/nightly/edition-guide/rust-2021/warnings-promoted-to-error.html>
[INFO] [stdout] help: use `dyn`
[INFO] [stdout]     |
[INFO] [stdout] 661 |     pub fn delegate(mut self, new_value: &'a mut dyn Delegate) -> EntitySearchCall<'a, C, A> {
[INFO] [stdout]     |                                                  +++
[INFO] [stdout] 
[INFO] [stdout] 
[INFO] [stdout] warning: trait objects without an explicit `dyn` are deprecated
[INFO] [stdout]    --> src/cmn.rs:166:31
[INFO] [stdout]     |
[INFO] [stdout] 166 |     fn token(&mut self, err: &error::Error) -> Option<oauth2::Token> {
[INFO] [stdout]     |                               ^^^^^^^^^^^^
[INFO] [stdout]     |
[INFO] [stdout]     = warning: this is accepted in the current edition (Rust 2015) but is a hard error in Rust 2021!
[INFO] [stdout]     = note: for more information, see <https://doc.rust-lang.org/nightly/edition-guide/rust-2021/warnings-promoted-to-error.html>
[INFO] [stdout] help: use `dyn`
[INFO] [stdout]     |
[INFO] [stdout] 166 |     fn token(&mut self, err: &dyn error::Error) -> Option<oauth2::Token> {
[INFO] [stdout]     |                               +++
[INFO] [stdout] 
[INFO] [stdout] 
[INFO] [stdout] warning: trait objects without an explicit `dyn` are deprecated
[INFO] [stdout]    --> src/cmn.rs:342:32
[INFO] [stdout]     |
[INFO] [stdout] 342 |     fn cause(&self) -> Option<&error::Error> {
[INFO] [stdout]     |                                ^^^^^^^^^^^^
[INFO] [stdout]     |
[INFO] [stdout]     = warning: this is accepted in the current edition (Rust 2015) but is a hard error in Rust 2021!
[INFO] [stdout]     = note: for more information, see <https://doc.rust-lang.org/nightly/edition-guide/rust-2021/warnings-promoted-to-error.html>
[INFO] [stdout] help: use `dyn`
[INFO] [stdout]     |
[INFO] [stdout] 342 |     fn cause(&self) -> Option<&dyn error::Error> {
[INFO] [stdout]     |                                +++
[INFO] [stdout] 
[INFO] [stdout] 
[INFO] [stdout] warning: trait objects without an explicit `dyn` are deprecated
[INFO] [stdout]    --> src/cmn.rs:391:48
[INFO] [stdout]     |
[INFO] [stdout] 391 |     pub fn add_part(&mut self, reader: &'a mut Read, size: u64, mime_type: Mime) -> &mut MultiPartReader<'a> {
[INFO] [stdout]     |                                                ^^^^
[INFO] [stdout]     |
[INFO] [stdout]     = warning: this is accepted in the current edition (Rust 2015) but is a hard error in Rust 2021!
[INFO] [stdout]     = note: for more information, see <https://doc.rust-lang.org/nightly/edition-guide/rust-2021/warnings-promoted-to-error.html>
[INFO] [stdout] help: use `dyn`
[INFO] [stdout]     |
[INFO] [stdout] 391 |     pub fn add_part(&mut self, reader: &'a mut dyn Read, size: u64, mime_type: Mime) -> &mut MultiPartReader<'a> {
[INFO] [stdout]     |                                                +++
[INFO] [stdout] 
[INFO] [stdout] 
[INFO] [stdout] warning: use of deprecated method `std::error::Error::description`: use the Display impl or to_string()
[INFO] [stdout]    --> src/cmn.rs:336:46
[INFO] [stdout]     |
[INFO] [stdout] 336 |             Error::HttpError(ref err) => err.description(),
[INFO] [stdout]     |                                              ^^^^^^^^^^^
[INFO] [stdout] 
[INFO] [stdout] 
[INFO] [stdout] warning: use of deprecated method `std::error::Error::description`: use the Display impl or to_string()
[INFO] [stdout]    --> src/cmn.rs:337:55
[INFO] [stdout]     |
[INFO] [stdout] 337 |             Error::JsonDecodeError(_, ref err) => err.description(),
[INFO] [stdout]     |                                                       ^^^^^^^^^^^
[INFO] [stdout] 
[INFO] [stdout] 
[INFO] [stdout] warning: use of deprecated method `std::error::Error::cause`: replaced by Error::source, which can support downcasting
[INFO] [stdout]    --> src/cmn.rs:344:46
[INFO] [stdout]     |
[INFO] [stdout] 344 |             Error::HttpError(ref err) => err.cause(),
[INFO] [stdout]     |                                              ^^^^^
[INFO] [stdout] 
[INFO] [stdout] 
[INFO] [stdout] warning: use of deprecated method `std::error::Error::cause`: replaced by Error::source, which can support downcasting
[INFO] [stdout]    --> src/cmn.rs:345:55
[INFO] [stdout]     |
[INFO] [stdout] 345 |             Error::JsonDecodeError(_, ref err) => err.cause(),
[INFO] [stdout]     |                                                       ^^^^^
[INFO] [stdout] 
[INFO] [stdout] 
[INFO] [stdout] warning: trait objects without an explicit `dyn` are deprecated
[INFO] [stdout]    --> src/lib.rs:480:27
[INFO] [stdout]     |
[INFO] [stdout] 480 |         let mut dlg: &mut Delegate = match self._delegate {
[INFO] [stdout]     |                           ^^^^^^^^
[INFO] [stdout]     |
[INFO] [stdout]     = warning: this is accepted in the current edition (Rust 2015) but is a hard error in Rust 2021!
[INFO] [stdout]     = note: for more information, see <https://doc.rust-lang.org/nightly/edition-guide/rust-2021/warnings-promoted-to-error.html>
[INFO] [stdout] help: use `dyn`
[INFO] [stdout]     |
[INFO] [stdout] 480 |         let mut dlg: &mut dyn Delegate = match self._delegate {
[INFO] [stdout]     |                           +++
[INFO] [stdout] 
[INFO] [stdout] 
[INFO] [stdout] warning: 24 warnings emitted
[INFO] [stdout] 
[INFO] [stdout] 
[INFO] [stderr]     Finished test [unoptimized + debuginfo] target(s) in 1.06s
[INFO] [stderr] warning: the following packages contain code that will be rejected by a future version of Rust: rustc-serialize v0.3.24, traitobject v0.1.0
[INFO] [stderr] note: to see what the problems were, use the option `--future-incompat-report`, or run `cargo report future-incompatibilities --id 2`
[INFO] running `Command { std: "docker" "inspect" "785571bf84cc1cce17ca20828f4fa3876f021c6d9ad6d39107da259d1b66711f", kill_on_drop: false }`
[INFO] running `Command { std: "docker" "rm" "-f" "785571bf84cc1cce17ca20828f4fa3876f021c6d9ad6d39107da259d1b66711f", kill_on_drop: false }`
[INFO] [stdout] 785571bf84cc1cce17ca20828f4fa3876f021c6d9ad6d39107da259d1b66711f
[INFO] running `Command { std: "docker" "create" "-v" "/var/lib/crater-agent-workspace/builds/worker-3-tc1/target:/opt/rustwide/target:rw,Z" "-v" "/var/lib/crater-agent-workspace/builds/worker-3-tc1/source:/opt/rustwide/workdir:ro,Z" "-v" "/var/lib/crater-agent-workspace/cargo-home:/opt/rustwide/cargo-home:ro,Z" "-v" "/var/lib/crater-agent-workspace/rustup-home:/opt/rustwide/rustup-home:ro,Z" "-e" "SOURCE_DIR=/opt/rustwide/workdir" "-e" "CARGO_TARGET_DIR=/opt/rustwide/target" "-e" "CARGO_INCREMENTAL=0" "-e" "RUST_BACKTRACE=full" "-e" "RUSTFLAGS=--cap-lints=warn" "-e" "RUSTDOCFLAGS=--cap-lints=warn" "-e" "CARGO_HOME=/opt/rustwide/cargo-home" "-e" "RUSTUP_HOME=/opt/rustwide/rustup-home" "-w" "/opt/rustwide/workdir" "-m" "1610612736" "--user" "0:0" "--network" "none" "ghcr.io/rust-lang/crates-build-env/linux@sha256:5ff2268d62e97bff2cde7d5815dd6ed5b47097566f13b8d0ca110b04b60e07ed" "/opt/rustwide/cargo-home/bin/cargo" "+1.69.0" "test" "--frozen", kill_on_drop: false }`
[INFO] [stdout] 03af5cefef13dae0d1964161377df44a8feea5421a7a206849b135ea099f729b
[INFO] running `Command { std: "docker" "start" "-a" "03af5cefef13dae0d1964161377df44a8feea5421a7a206849b135ea099f729b", kill_on_drop: false }`
[INFO] [stderr] warning: anonymous parameters are deprecated and will be removed in the next edition
[INFO] [stderr]    --> src/cmn.rs:142:25
[INFO] [stderr]     |
[INFO] [stderr] 142 |     fn begin(&mut self, MethodInfo) {}
[INFO] [stderr]     |                         ^^^^^^^^^^ help: try naming the parameter or explicitly ignoring it: `_: MethodInfo`
[INFO] [stderr]     |
[INFO] [stderr]     = warning: this is accepted in the current edition (Rust 2015) but is a hard error in Rust 2018!
[INFO] [stderr]     = note: for more information, see issue #41686 <https://github.com/rust-lang/rust/issues/41686>
[INFO] [stderr]     = note: `#[warn(anonymous_parameters)]` on by default
[INFO] [stderr] 
[INFO] [stderr] warning: anonymous parameters are deprecated and will be removed in the next edition
[INFO] [stderr]    --> src/cmn.rs:150:30
[INFO] [stderr]     |
[INFO] [stderr] 150 |     fn http_error(&mut self, &hyper::Error) -> Retry {
[INFO] [stderr]     |                              ^^^^^^^^^^^^^ help: try naming the parameter or explicitly ignoring it: `_: &hyper::Error`
[INFO] [stderr]     |
[INFO] [stderr]     = warning: this is accepted in the current edition (Rust 2015) but is a hard error in Rust 2018!
[INFO] [stderr]     = note: for more information, see issue #41686 <https://github.com/rust-lang/rust/issues/41686>
[INFO] [stderr] 
[INFO] [stderr] warning: anonymous parameters are deprecated and will be removed in the next edition
[INFO] [stderr]    --> src/cmn.rs:213:61
[INFO] [stderr]     |
[INFO] [stderr] 213 |     fn http_failure(&mut self, _: &hyper::client::Response, Option<JsonServerError>, _: Option<ServerError>) -> Retry {
[INFO] [stderr]     |                                                             ^^^^^^^^^^^^^^^^^^^^^^^ help: try naming the parameter or explicitly ignoring it: `_: Option<JsonServerError>`
[INFO] [stderr]     |
[INFO] [stderr]     = warning: this is accepted in the current edition (Rust 2015) but is a hard error in Rust 2018!
[INFO] [stderr]     = note: for more information, see issue #41686 <https://github.com/rust-lang/rust/issues/41686>
[INFO] [stderr] 
[INFO] [stderr] warning: use of deprecated macro `try`: use the `?` operator instead
[INFO] [stderr]    --> src/cmn.rs:306:17
[INFO] [stderr]     |
[INFO] [stderr] 306 |                 try!(writeln!(f, "Bad Request ({}): {}", err.error.code, err.error.message));
[INFO] [stderr]     |                 ^^^
[INFO] [stderr]     |
[INFO] [stderr]     = note: `#[warn(deprecated)]` on by default
[INFO] [stderr] 
[INFO] [stderr] warning: use of deprecated macro `try`: use the `?` operator instead
[INFO] [stderr]    --> src/cmn.rs:308:21
[INFO] [stderr]     |
[INFO] [stderr] 308 |                     try!(writeln!(f, "    {}: {}, {}{}",
[INFO] [stderr]     |                     ^^^
[INFO] [stderr] 
[INFO] [stderr] warning: use of deprecated macro `try`: use the `?` operator instead
[INFO] [stderr]    --> src/cmn.rs:572:9
[INFO] [stderr]     |
[INFO] [stderr] 572 |         try!(fmt.write_str("bytes "));
[INFO] [stderr]     |         ^^^
[INFO] [stderr] 
[INFO] [stderr] warning: use of deprecated macro `try`: use the `?` operator instead
[INFO] [stderr]    --> src/cmn.rs:574:28
[INFO] [stderr]     |
[INFO] [stderr] 574 |             Some(ref c) => try!(c.fmt(fmt)),
[INFO] [stderr]     |                            ^^^
[INFO] [stderr] 
[INFO] [stderr] warning: use of deprecated macro `try`: use the `?` operator instead
[INFO] [stderr]    --> src/cmn.rs:575:21
[INFO] [stderr]     |
[INFO] [stderr] 575 |             None => try!(fmt.write_str("*"))
[INFO] [stderr]     |                     ^^^
[INFO] [stderr] 
[INFO] [stderr] warning: unnecessary parentheses around function argument
[INFO] [stderr]    --> src/lib.rs:486:66
[INFO] [stderr]     |
[INFO] [stderr] 486 |         let mut params: Vec<(&str, String)> = Vec::with_capacity((9 + self._additional_params.len()));
[INFO] [stderr]     |                                                                  ^                                 ^
[INFO] [stderr]     |
[INFO] [stderr]     = note: `#[warn(unused_parens)]` on by default
[INFO] [stderr] help: remove these parentheses
[INFO] [stderr]     |
[INFO] [stderr] 486 -         let mut params: Vec<(&str, String)> = Vec::with_capacity((9 + self._additional_params.len()));
[INFO] [stderr] 486 +         let mut params: Vec<(&str, String)> = Vec::with_capacity(9 + self._additional_params.len());
[INFO] [stderr]     |
[INFO] [stderr] 
[INFO] [stderr] warning: trait objects without an explicit `dyn` are deprecated
[INFO] [stderr]    --> src/cmn.rs:277:22
[INFO] [stderr]     |
[INFO] [stderr] 277 |     MissingToken(Box<error::Error>),
[INFO] [stderr]     |                      ^^^^^^^^^^^^
[INFO] [stderr]     |
[INFO] [stderr]     = warning: this is accepted in the current edition (Rust 2015) but is a hard error in Rust 2021!
[INFO] [stderr]     = note: for more information, see <https://doc.rust-lang.org/nightly/edition-guide/rust-2021/warnings-promoted-to-error.html>
[INFO] [stderr]     = note: `#[warn(bare_trait_objects)]` on by default
[INFO] [stderr] help: use `dyn`
[INFO] [stderr]     |
[INFO] [stderr] 277 |     MissingToken(Box<dyn error::Error>),
[INFO] [stderr]     |                      +++
[INFO] [stderr] 
[INFO] [stderr] warning: trait objects without an explicit `dyn` are deprecated
[INFO] [stderr]    --> src/cmn.rs:368:38
[INFO] [stderr]     |
[INFO] [stderr] 368 |     raw_parts: Vec<(Headers, &'a mut Read)>,
[INFO] [stderr]     |                                      ^^^^
[INFO] [stderr]     |
[INFO] [stderr]     = warning: this is accepted in the current edition (Rust 2015) but is a hard error in Rust 2021!
[INFO] [stderr]     = note: for more information, see <https://doc.rust-lang.org/nightly/edition-guide/rust-2021/warnings-promoted-to-error.html>
[INFO] [stderr] help: use `dyn`
[INFO] [stderr]     |
[INFO] [stderr] 368 |     raw_parts: Vec<(Headers, &'a mut dyn Read)>,
[INFO] [stderr]     |                                      +++
[INFO] [stderr] 
[INFO] [stderr] warning: trait objects without an explicit `dyn` are deprecated
[INFO] [stderr]    --> src/cmn.rs:369:52
[INFO] [stderr]     |
[INFO] [stderr] 369 |     current_part: Option<(Cursor<Vec<u8>>, &'a mut Read)>,
[INFO] [stderr]     |                                                    ^^^^
[INFO] [stderr]     |
[INFO] [stderr]     = warning: this is accepted in the current edition (Rust 2015) but is a hard error in Rust 2021!
[INFO] [stderr]     = note: for more information, see <https://doc.rust-lang.org/nightly/edition-guide/rust-2021/warnings-promoted-to-error.html>
[INFO] [stderr] help: use `dyn`
[INFO] [stderr]     |
[INFO] [stderr] 369 |     current_part: Option<(Cursor<Vec<u8>>, &'a mut dyn Read)>,
[INFO] [stderr]     |                                                    +++
[INFO] [stderr] 
[INFO] [stderr] warning: trait objects without an explicit `dyn` are deprecated
[INFO] [stderr]    --> src/cmn.rs:616:27
[INFO] [stderr]     |
[INFO] [stderr] 616 |     pub delegate: &'a mut Delegate,
[INFO] [stderr]     |                           ^^^^^^^^
[INFO] [stderr]     |
[INFO] [stderr]     = warning: this is accepted in the current edition (Rust 2015) but is a hard error in Rust 2021!
[INFO] [stderr]     = note: for more information, see <https://doc.rust-lang.org/nightly/edition-guide/rust-2021/warnings-promoted-to-error.html>
[INFO] [stderr] help: use `dyn`
[INFO] [stderr]     |
[INFO] [stderr] 616 |     pub delegate: &'a mut dyn Delegate,
[INFO] [stderr]     |                           +++
[INFO] [stderr] 
[INFO] [stderr] warning: trait objects without an explicit `dyn` are deprecated
[INFO] [stderr]    --> src/cmn.rs:622:25
[INFO] [stderr]     |
[INFO] [stderr] 622 |     pub reader: &'a mut ReadSeek,
[INFO] [stderr]     |                         ^^^^^^^^
[INFO] [stderr]     |
[INFO] [stderr]     = warning: this is accepted in the current edition (Rust 2015) but is a hard error in Rust 2021!
[INFO] [stderr]     = note: for more information, see <https://doc.rust-lang.org/nightly/edition-guide/rust-2021/warnings-promoted-to-error.html>
[INFO] [stderr] help: use `dyn`
[INFO] [stderr]     |
[INFO] [stderr] 622 |     pub reader: &'a mut dyn ReadSeek,
[INFO] [stderr]     |                         +++
[INFO] [stderr] 
[INFO] [stderr] warning: trait objects without an explicit `dyn` are deprecated
[INFO] [stderr]    --> src/lib.rs:466:31
[INFO] [stderr]     |
[INFO] [stderr] 466 |     _delegate: Option<&'a mut Delegate>,
[INFO] [stderr]     |                               ^^^^^^^^
[INFO] [stderr]     |
[INFO] [stderr]     = warning: this is accepted in the current edition (Rust 2015) but is a hard error in Rust 2021!
[INFO] [stderr]     = note: for more information, see <https://doc.rust-lang.org/nightly/edition-guide/rust-2021/warnings-promoted-to-error.html>
[INFO] [stderr] help: use `dyn`
[INFO] [stderr]     |
[INFO] [stderr] 466 |     _delegate: Option<&'a mut dyn Delegate>,
[INFO] [stderr]     |                               +++
[INFO] [stderr] 
[INFO] [stderr] warning: trait objects without an explicit `dyn` are deprecated
[INFO] [stderr]    --> src/lib.rs:661:50
[INFO] [stderr]     |
[INFO] [stderr] 661 |     pub fn delegate(mut self, new_value: &'a mut Delegate) -> EntitySearchCall<'a, C, A> {
[INFO] [stderr]     |                                                  ^^^^^^^^
[INFO] [stderr]     |
[INFO] [stderr]     = warning: this is accepted in the current edition (Rust 2015) but is a hard error in Rust 2021!
[INFO] [stderr]     = note: for more information, see <https://doc.rust-lang.org/nightly/edition-guide/rust-2021/warnings-promoted-to-error.html>
[INFO] [stderr] help: use `dyn`
[INFO] [stderr]     |
[INFO] [stderr] 661 |     pub fn delegate(mut self, new_value: &'a mut dyn Delegate) -> EntitySearchCall<'a, C, A> {
[INFO] [stderr]     |                                                  +++
[INFO] [stderr] 
[INFO] [stderr] warning: trait objects without an explicit `dyn` are deprecated
[INFO] [stderr]    --> src/cmn.rs:166:31
[INFO] [stderr]     |
[INFO] [stderr] 166 |     fn token(&mut self, err: &error::Error) -> Option<oauth2::Token> {
[INFO] [stderr]     |                               ^^^^^^^^^^^^
[INFO] [stderr]     |
[INFO] [stderr]     = warning: this is accepted in the current edition (Rust 2015) but is a hard error in Rust 2021!
[INFO] [stderr]     = note: for more information, see <https://doc.rust-lang.org/nightly/edition-guide/rust-2021/warnings-promoted-to-error.html>
[INFO] [stderr] help: use `dyn`
[INFO] [stderr]     |
[INFO] [stderr] 166 |     fn token(&mut self, err: &dyn error::Error) -> Option<oauth2::Token> {
[INFO] [stderr]     |                               +++
[INFO] [stderr] 
[INFO] [stderr] warning: trait objects without an explicit `dyn` are deprecated
[INFO] [stderr]    --> src/cmn.rs:342:32
[INFO] [stderr]     |
[INFO] [stderr] 342 |     fn cause(&self) -> Option<&error::Error> {
[INFO] [stderr]     |                                ^^^^^^^^^^^^
[INFO] [stderr]     |
[INFO] [stderr]     = warning: this is accepted in the current edition (Rust 2015) but is a hard error in Rust 2021!
[INFO] [stderr]     = note: for more information, see <https://doc.rust-lang.org/nightly/edition-guide/rust-2021/warnings-promoted-to-error.html>
[INFO] [stderr] help: use `dyn`
[INFO] [stderr]     |
[INFO] [stderr] 342 |     fn cause(&self) -> Option<&dyn error::Error> {
[INFO] [stderr]     |                                +++
[INFO] [stderr] 
[INFO] [stderr] warning: trait objects without an explicit `dyn` are deprecated
[INFO] [stderr]    --> src/cmn.rs:391:48
[INFO] [stderr]     |
[INFO] [stderr] 391 |     pub fn add_part(&mut self, reader: &'a mut Read, size: u64, mime_type: Mime) -> &mut MultiPartReader<'a> {
[INFO] [stderr]     |                                                ^^^^
[INFO] [stderr]     |
[INFO] [stderr]     = warning: this is accepted in the current edition (Rust 2015) but is a hard error in Rust 2021!
[INFO] [stderr]     = note: for more information, see <https://doc.rust-lang.org/nightly/edition-guide/rust-2021/warnings-promoted-to-error.html>
[INFO] [stderr] help: use `dyn`
[INFO] [stderr]     |
[INFO] [stderr] 391 |     pub fn add_part(&mut self, reader: &'a mut dyn Read, size: u64, mime_type: Mime) -> &mut MultiPartReader<'a> {
[INFO] [stderr]     |                                                +++
[INFO] [stderr] 
[INFO] [stderr] warning: use of deprecated method `std::error::Error::description`: use the Display impl or to_string()
[INFO] [stderr]    --> src/cmn.rs:336:46
[INFO] [stderr]     |
[INFO] [stderr] 336 |             Error::HttpError(ref err) => err.description(),
[INFO] [stderr]     |                                              ^^^^^^^^^^^
[INFO] [stderr] 
[INFO] [stderr] warning: use of deprecated method `std::error::Error::description`: use the Display impl or to_string()
[INFO] [stderr]    --> src/cmn.rs:337:55
[INFO] [stderr]     |
[INFO] [stderr] 337 |             Error::JsonDecodeError(_, ref err) => err.description(),
[INFO] [stderr]     |                                                       ^^^^^^^^^^^
[INFO] [stderr] 
[INFO] [stderr] warning: use of deprecated method `std::error::Error::cause`: replaced by Error::source, which can support downcasting
[INFO] [stderr]    --> src/cmn.rs:344:46
[INFO] [stderr]     |
[INFO] [stderr] 344 |             Error::HttpError(ref err) => err.cause(),
[INFO] [stderr]     |                                              ^^^^^
[INFO] [stderr] 
[INFO] [stderr] warning: use of deprecated method `std::error::Error::cause`: replaced by Error::source, which can support downcasting
[INFO] [stderr]    --> src/cmn.rs:345:55
[INFO] [stderr]     |
[INFO] [stderr] 345 |             Error::JsonDecodeError(_, ref err) => err.cause(),
[INFO] [stderr]     |                                                       ^^^^^
[INFO] [stderr] 
[INFO] [stderr] warning: trait objects without an explicit `dyn` are deprecated
[INFO] [stderr]    --> src/lib.rs:480:27
[INFO] [stderr]     |
[INFO] [stderr] 480 |         let mut dlg: &mut Delegate = match self._delegate {
[INFO] [stderr]     |                           ^^^^^^^^
[INFO] [stderr]     |
[INFO] [stderr]     = warning: this is accepted in the current edition (Rust 2015) but is a hard error in Rust 2021!
[INFO] [stderr]     = note: for more information, see <https://doc.rust-lang.org/nightly/edition-guide/rust-2021/warnings-promoted-to-error.html>
[INFO] [stderr] help: use `dyn`
[INFO] [stderr]     |
[INFO] [stderr] 480 |         let mut dlg: &mut dyn Delegate = match self._delegate {
[INFO] [stderr]     |                           +++
[INFO] [stderr] 
[INFO] [stderr] warning: `google-kgsearch1` (lib) generated 24 warnings (run `cargo fix --lib -p google-kgsearch1` to apply 15 suggestions)
[INFO] [stderr] warning: `google-kgsearch1` (lib test) generated 24 warnings (24 duplicates)
[INFO] [stderr]     Finished test [unoptimized + debuginfo] target(s) in 0.11s
[INFO] [stderr] warning: the following packages contain code that will be rejected by a future version of Rust: rustc-serialize v0.3.24, traitobject v0.1.0
[INFO] [stderr] note: to see what the problems were, use the option `--future-incompat-report`, or run `cargo report future-incompatibilities --id 2`
[INFO] [stderr]      Running unittests src/lib.rs (/opt/rustwide/target/debug/deps/google_kgsearch1-ddf94fe184e25cf2)
[INFO] [stdout] 
[INFO] [stdout] running 0 tests
[INFO] [stdout] 
[INFO] [stdout] test result: ok. 0 passed; 0 failed; 0 ignored; 0 measured; 0 filtered out; finished in 0.00s
[INFO] [stdout] 
[INFO] [stderr]    Doc-tests google-kgsearch1
[INFO] [stderr] warning: unnecessary parentheses around function argument
[INFO] [stderr]    --> /opt/rustwide/workdir/src/lib.rs:486:66
[INFO] [stderr]     |
[INFO] [stderr] 486 |         let mut params: Vec<(&str, String)> = Vec::with_capacity((9 + self._additional_params.len()));
[INFO] [stderr]     |                                                                  ^                                 ^
[INFO] [stderr]     |
[INFO] [stderr]     = note: `#[warn(unused_parens)]` on by default
[INFO] [stderr] help: remove these parentheses
[INFO] [stderr]     |
[INFO] [stderr] 486 -         let mut params: Vec<(&str, String)> = Vec::with_capacity((9 + self._additional_params.len()));
[INFO] [stderr] 486 +         let mut params: Vec<(&str, String)> = Vec::with_capacity(9 + self._additional_params.len());
[INFO] [stderr]     |
[INFO] [stderr] 
[INFO] [stderr] warning: 1 warning emitted
[INFO] [stderr] 
[INFO] [stdout] 
[INFO] [stdout] running 5 tests
[INFO] [stdout] test src/lib.rs - (line 49) ... ignored
[INFO] [stdout] test src/lib.rs - EntitySearchCall (line 427) - compile ... ok
[INFO] [stdout] test src/lib.rs - EntityMethods (line 360) - compile ... ok
[INFO] [stdout] test src/lib.rs - (line 71) - compile ... ok
[INFO] [stdout] test src/lib.rs - Kgsearch (line 233) - compile ... ok
[INFO] [stdout] 
[INFO] [stdout] test result: ok. 4 passed; 0 failed; 1 ignored; 0 measured; 0 filtered out; finished in 0.15s
[INFO] [stdout] 
[INFO] running `Command { std: "docker" "inspect" "03af5cefef13dae0d1964161377df44a8feea5421a7a206849b135ea099f729b", kill_on_drop: false }`
[INFO] running `Command { std: "docker" "rm" "-f" "03af5cefef13dae0d1964161377df44a8feea5421a7a206849b135ea099f729b", kill_on_drop: false }`
[INFO] [stdout] 03af5cefef13dae0d1964161377df44a8feea5421a7a206849b135ea099f729b
