[INFO] fetching crate gitui 0.22.1...
[INFO] testing gitui-0.22.1 against beta-2023-04-20 for beta-1.70-1
[INFO] extracting crate gitui 0.22.1 into /workspace/builds/worker-2-tc2/source
[INFO] validating manifest of crates.io crate gitui 0.22.1 on toolchain beta-2023-04-20
[INFO] running `Command { std: CARGO_HOME="/workspace/cargo-home" RUSTUP_HOME="/workspace/rustup-home" "/workspace/cargo-home/bin/cargo" "+beta-2023-04-20" "metadata" "--manifest-path" "Cargo.toml" "--no-deps", kill_on_drop: false }`
[INFO] removed /workspace/builds/worker-2-tc2/source/.cargo/config
[INFO] removed /workspace/builds/worker-2-tc2/source/rust-toolchain.toml
[INFO] started tweaking crates.io crate gitui 0.22.1
[INFO] finished tweaking crates.io crate gitui 0.22.1
[INFO] tweaked toml for crates.io crate gitui 0.22.1 written to /workspace/builds/worker-2-tc2/source/Cargo.toml
[INFO] crate crates.io crate gitui 0.22.1 already has a lockfile, it will not be regenerated
[INFO] running `Command { std: CARGO_HOME="/workspace/cargo-home" RUSTUP_HOME="/workspace/rustup-home" "/workspace/cargo-home/bin/cargo" "+beta-2023-04-20" "fetch" "--manifest-path" "Cargo.toml", kill_on_drop: false }`
[INFO] [stderr]     Updating crates.io index
[INFO] [stderr]  Downloading crates ...
[INFO] [stderr]   Downloaded git-version-macro v0.3.5
[INFO] [stderr]   Downloaded str_stack v0.1.0
[INFO] [stderr]   Downloaded bytesize v1.1.0
[INFO] [stderr]   Downloaded smawk v0.3.1
[INFO] [stderr]   Downloaded debugid v0.8.0
[INFO] [stderr]   Downloaded notify-debouncer-mini v0.2.1
[INFO] [stderr]   Downloaded git-version v0.3.5
[INFO] [stderr]   Downloaded fuzzy-matcher v0.3.7
[INFO] [stderr]   Downloaded which v4.3.0
[INFO] [stderr]   Downloaded findshlibs v0.10.2
[INFO] [stderr]   Downloaded symbolic-common v10.1.3
[INFO] [stderr]   Downloaded bugreport v0.5.0
[INFO] [stderr]   Downloaded shellexpand v2.1.2
[INFO] [stderr]   Downloaded gh-emoji v1.0.7
[INFO] [stderr]   Downloaded asyncgit v0.22.1
[INFO] [stderr]   Downloaded cpp_demangle v0.4.0
[INFO] [stderr]   Downloaded unicode-linebreak v0.1.4
[INFO] [stderr]   Downloaded inferno v0.11.12
[INFO] [stderr]   Downloaded fancy-regex v0.7.1
[INFO] [stderr]   Downloaded num-format v0.4.3
[INFO] [stderr]   Downloaded quick-xml v0.23.1
[INFO] [stderr]   Downloaded git2 v0.15.0
[INFO] [stderr]   Downloaded symbolic-demangle v10.1.3
[INFO] [stderr]   Downloaded scopetime v0.1.1
[INFO] [stderr]   Downloaded pprof v0.11.0
[INFO] [stderr]   Downloaded onig v6.4.0
[INFO] [stderr]   Downloaded rgb v0.8.34
[INFO] [stderr]   Downloaded unicode-truncate v0.2.0
[INFO] [stderr]   Downloaded onig_sys v69.8.1
[INFO] [stderr]   Downloaded filetreelist v0.5.0
[INFO] [stderr]   Downloaded syntect v5.0.0
[INFO] [stderr]   Downloaded libgit2-sys v0.14.0+1.5.0
[INFO] [stderr]   Downloaded openssl-src v111.24.0+1.1.1s
[INFO] [stderr]   Downloaded easy-cast v0.5.1
[INFO] running `Command { std: "docker" "create" "-v" "/var/lib/crater-agent-workspace/builds/worker-2-tc2/target:/opt/rustwide/target:rw,Z" "-v" "/var/lib/crater-agent-workspace/builds/worker-2-tc2/source:/opt/rustwide/workdir:ro,Z" "-v" "/var/lib/crater-agent-workspace/cargo-home:/opt/rustwide/cargo-home:ro,Z" "-v" "/var/lib/crater-agent-workspace/rustup-home:/opt/rustwide/rustup-home:ro,Z" "-e" "SOURCE_DIR=/opt/rustwide/workdir" "-e" "CARGO_TARGET_DIR=/opt/rustwide/target" "-e" "CARGO_HOME=/opt/rustwide/cargo-home" "-e" "RUSTUP_HOME=/opt/rustwide/rustup-home" "-w" "/opt/rustwide/workdir" "-m" "1610612736" "--user" "0:0" "--network" "none" "ghcr.io/rust-lang/crates-build-env/linux@sha256:5ff2268d62e97bff2cde7d5815dd6ed5b47097566f13b8d0ca110b04b60e07ed" "/opt/rustwide/cargo-home/bin/cargo" "+beta-2023-04-20" "metadata" "--no-deps" "--format-version=1", kill_on_drop: false }`
[INFO] [stdout] e78f8eea928cce4381157958d2fa0a06264a8fd7ff9c49845150f4ab959cd4cf
[INFO] running `Command { std: "docker" "start" "-a" "e78f8eea928cce4381157958d2fa0a06264a8fd7ff9c49845150f4ab959cd4cf", kill_on_drop: false }`
[INFO] running `Command { std: "docker" "inspect" "e78f8eea928cce4381157958d2fa0a06264a8fd7ff9c49845150f4ab959cd4cf", kill_on_drop: false }`
[INFO] running `Command { std: "docker" "rm" "-f" "e78f8eea928cce4381157958d2fa0a06264a8fd7ff9c49845150f4ab959cd4cf", kill_on_drop: false }`
[INFO] [stdout] e78f8eea928cce4381157958d2fa0a06264a8fd7ff9c49845150f4ab959cd4cf
[INFO] running `Command { std: "docker" "create" "-v" "/var/lib/crater-agent-workspace/builds/worker-2-tc2/target:/opt/rustwide/target:rw,Z" "-v" "/var/lib/crater-agent-workspace/builds/worker-2-tc2/source:/opt/rustwide/workdir:ro,Z" "-v" "/var/lib/crater-agent-workspace/cargo-home:/opt/rustwide/cargo-home:ro,Z" "-v" "/var/lib/crater-agent-workspace/rustup-home:/opt/rustwide/rustup-home:ro,Z" "-e" "SOURCE_DIR=/opt/rustwide/workdir" "-e" "CARGO_TARGET_DIR=/opt/rustwide/target" "-e" "CARGO_INCREMENTAL=0" "-e" "RUST_BACKTRACE=full" "-e" "RUSTFLAGS=--cap-lints=warn" "-e" "RUSTDOCFLAGS=--cap-lints=warn" "-e" "CARGO_HOME=/opt/rustwide/cargo-home" "-e" "RUSTUP_HOME=/opt/rustwide/rustup-home" "-w" "/opt/rustwide/workdir" "-m" "1610612736" "--user" "0:0" "--network" "none" "ghcr.io/rust-lang/crates-build-env/linux@sha256:5ff2268d62e97bff2cde7d5815dd6ed5b47097566f13b8d0ca110b04b60e07ed" "/opt/rustwide/cargo-home/bin/cargo" "+beta-2023-04-20" "build" "--frozen" "--message-format=json", kill_on_drop: false }`
[INFO] [stdout] 7a2849c1dffa88044f2cbee5caf7ea4272e57d36f8d8514b823dfd517f9fddc6
[INFO] running `Command { std: "docker" "start" "-a" "7a2849c1dffa88044f2cbee5caf7ea4272e57d36f8d8514b823dfd517f9fddc6", kill_on_drop: false }`
[INFO] [stderr]     Blocking waiting for file lock on package cache
[INFO] [stderr]    Compiling libc v0.2.137
[INFO] [stderr]    Compiling proc-macro2 v1.0.47
[INFO] [stderr]    Compiling quote v1.0.21
[INFO] [stderr]    Compiling unicode-ident v1.0.5
[INFO] [stderr]    Compiling syn v1.0.103
[INFO] [stderr]    Compiling log v0.4.17
[INFO] [stderr]    Compiling memchr v2.5.0
[INFO] [stderr]    Compiling serde_derive v1.0.147
[INFO] [stderr]    Compiling serde v1.0.147
[INFO] [stderr]    Compiling crossbeam-utils v0.8.14
[INFO] [stderr]    Compiling regex-syntax v0.6.28
[INFO] [stderr]    Compiling scopeguard v1.1.0
[INFO] [stderr]    Compiling version_check v0.9.4
[INFO] [stderr]    Compiling memoffset v0.7.1
[INFO] [stderr]    Compiling tinyvec_macros v0.1.0
[INFO] [stderr]    Compiling once_cell v1.16.0
[INFO] [stderr]    Compiling tinyvec v1.6.0
[INFO] [stderr]    Compiling crossbeam-epoch v0.9.13
[INFO] [stderr]    Compiling signal-hook v0.3.14
[INFO] [stderr]    Compiling parking_lot_core v0.9.4
[INFO] [stderr]    Compiling thiserror v1.0.37
[INFO] [stderr]    Compiling proc-macro-hack v0.5.19
[INFO] [stderr]    Compiling num-traits v0.2.15
[INFO] [stderr]    Compiling crc32fast v1.3.2
[INFO] [stderr]    Compiling itoa v1.0.4
[INFO] [stderr]    Compiling same-file v1.0.6
[INFO] [stderr]    Compiling ahash v0.7.6
[INFO] [stderr]    Compiling unicode-bidi v0.3.8
[INFO] [stderr]    Compiling miniz_oxide v0.5.4
[INFO] [stderr]    Compiling walkdir v2.3.2
[INFO] [stderr]    Compiling lock_api v0.4.9
[INFO] [stderr]    Compiling num-integer v0.1.45
[INFO] [stderr]    Compiling serde_json v1.0.89
[INFO] [stderr]    Compiling aho-corasick v0.7.20
[INFO] [stderr]    Compiling crossbeam-channel v0.5.6
[INFO] [stderr]    Compiling unicode-normalization v0.1.22
[INFO] [stderr]    Compiling jobserver v0.1.25
[INFO] [stderr]    Compiling getrandom v0.2.8
[INFO] [stderr]    Compiling mio v0.8.5
[INFO] [stderr]    Compiling signal-hook-registry v1.4.0
[INFO] [stderr]    Compiling inotify-sys v0.1.5
[INFO] [stderr]    Compiling dirs-sys v0.3.7
[INFO] [stderr]    Compiling rayon-core v1.10.1
[INFO] [stderr]    Compiling cc v1.0.77
[INFO] [stderr]    Compiling time-core v0.1.0
[INFO] [stderr]    Compiling hashbrown v0.12.3
[INFO] [stderr]    Compiling regex v1.7.0
[INFO] [stderr]    Compiling idna v0.3.0
[INFO] [stderr]    Compiling bit-vec v0.6.3
[INFO] [stderr]    Compiling siphasher v0.3.10
[INFO] [stderr]    Compiling time-macros v0.2.6
[INFO] [stderr]    Compiling dirs v4.0.0
[INFO] [stderr]    Compiling signal-hook-mio v0.2.3
[INFO] [stderr]    Compiling bit-set v0.5.3
[INFO] [stderr]    Compiling phf_shared v0.11.1
[INFO] [stderr]    Compiling parking_lot v0.12.1
[INFO] [stderr]    Compiling inotify v0.9.6
[INFO] [stderr]    Compiling openssl-src v111.24.0+1.1.1s
[INFO] [stderr]    Compiling crossbeam-deque v0.8.2
[INFO] [stderr]    Compiling num_cpus v1.14.0
[INFO] [stderr]    Compiling filetime v0.2.18
[INFO] [stderr]    Compiling url v2.3.1
[INFO] [stderr]    Compiling scopetime v0.1.1
[INFO] [stderr]    Compiling os_str_bytes v6.4.1
[INFO] [stderr]    Compiling bugreport v0.5.0
[INFO] [stderr]    Compiling anyhow v1.0.66
[INFO] [stderr]    Compiling gimli v0.26.2
[INFO] [stderr]    Compiling either v1.8.0
[INFO] [stderr]    Compiling ryu v1.0.11
[INFO] [stderr]    Compiling flate2 v1.0.24
[INFO] [stderr]    Compiling clap_lex v0.3.0
[INFO] [stderr]    Compiling openssl-sys v0.9.77
[INFO] [stderr]    Compiling libz-sys v1.1.8
[INFO] [stderr]    Compiling libssh2-sys v0.2.23
[INFO] [stderr]    Compiling libgit2-sys v0.14.0+1.5.0
[INFO] [stderr]    Compiling sys-info v0.9.1
[INFO] [stderr]    Compiling backtrace v0.3.66
[INFO] [stderr]    Compiling time v0.3.17
[INFO] [stderr]    Compiling fancy-regex v0.7.1
[INFO] [stderr]    Compiling notify v5.0.0
[INFO] [stderr]    Compiling phf v0.11.1
[INFO] [stderr]    Compiling shellexpand v2.1.2
[INFO] [stderr]    Compiling atty v0.2.14
[INFO] [stderr]    Compiling dirs-sys-next v0.1.2
[INFO] [stderr]    Compiling object v0.29.0
[INFO] [stderr]    Compiling thread_local v1.1.4
[INFO] [stderr]    Compiling unicode-truncate v0.2.0
[INFO] [stderr]    Compiling unicode-segmentation v1.10.0
[INFO] [stderr]    Compiling termcolor v1.1.3
[INFO] [stderr]    Compiling iana-time-zone v0.1.53
[INFO] [stderr]    Compiling rustc-demangle v0.1.21
[INFO] [stderr]    Compiling shell-escape v0.1.5
[INFO] [stderr]    Compiling fnv v1.0.7
[INFO] [stderr]    Compiling smawk v0.3.1
[INFO] [stderr]    Compiling cassowary v0.3.0
[INFO] [stderr]    Compiling base64 v0.13.1
[INFO] [stderr]    Compiling easy-cast v0.5.1
[INFO] [stderr]    Compiling simplelog v0.12.0
[INFO] [stderr]    Compiling clap v4.0.26
[INFO] [stderr]    Compiling notify-debouncer-mini v0.2.1
[INFO] [stderr]    Compiling thiserror-impl v1.0.37
[INFO] [stderr]    Compiling git-version-macro v0.3.5
[INFO] [stderr]    Compiling chrono v0.4.23
[INFO] [stderr]    Compiling fuzzy-matcher v0.3.7
[INFO] [stderr]    Compiling addr2line v0.17.0
[INFO] [stderr]    Compiling dirs-next v2.0.0
[INFO] [stderr]    Compiling gh-emoji v1.0.7
[INFO] [stderr]    Compiling which v4.3.0
[INFO] [stderr]    Compiling itertools v0.10.5
[INFO] [stderr]    Compiling bytesize v1.1.0
[INFO] [stderr]    Compiling git-version v0.3.5
[INFO] [stderr]    Compiling unicode-linebreak v0.1.4
[INFO] [stderr]    Compiling filetreelist v0.5.0
[INFO] [stderr]    Compiling textwrap v0.16.0
[INFO] [stderr]    Compiling bincode v1.3.3
[INFO] [stderr]    Compiling crossterm v0.25.0
[INFO] [stderr]    Compiling ron v0.8.0
[INFO] [stderr]    Compiling syntect v5.0.0
[INFO] [stderr]    Compiling tui v0.19.0
[INFO] [stderr]    Compiling git2 v0.15.0
[INFO] [stderr]    Compiling asyncgit v0.22.1
[INFO] [stderr]    Compiling gitui v0.22.1 (/opt/rustwide/workdir)
[INFO] [stderr]     Finished dev [unoptimized + debuginfo] target(s) in 54.20s
[INFO] running `Command { std: "docker" "inspect" "7a2849c1dffa88044f2cbee5caf7ea4272e57d36f8d8514b823dfd517f9fddc6", kill_on_drop: false }`
[INFO] running `Command { std: "docker" "rm" "-f" "7a2849c1dffa88044f2cbee5caf7ea4272e57d36f8d8514b823dfd517f9fddc6", kill_on_drop: false }`
[INFO] [stdout] 7a2849c1dffa88044f2cbee5caf7ea4272e57d36f8d8514b823dfd517f9fddc6
[INFO] running `Command { std: "docker" "create" "-v" "/var/lib/crater-agent-workspace/builds/worker-2-tc2/target:/opt/rustwide/target:rw,Z" "-v" "/var/lib/crater-agent-workspace/builds/worker-2-tc2/source:/opt/rustwide/workdir:ro,Z" "-v" "/var/lib/crater-agent-workspace/cargo-home:/opt/rustwide/cargo-home:ro,Z" "-v" "/var/lib/crater-agent-workspace/rustup-home:/opt/rustwide/rustup-home:ro,Z" "-e" "SOURCE_DIR=/opt/rustwide/workdir" "-e" "CARGO_TARGET_DIR=/opt/rustwide/target" "-e" "CARGO_INCREMENTAL=0" "-e" "RUST_BACKTRACE=full" "-e" "RUSTFLAGS=--cap-lints=warn" "-e" "RUSTDOCFLAGS=--cap-lints=warn" "-e" "CARGO_HOME=/opt/rustwide/cargo-home" "-e" "RUSTUP_HOME=/opt/rustwide/rustup-home" "-w" "/opt/rustwide/workdir" "-m" "1610612736" "--user" "0:0" "--network" "none" "ghcr.io/rust-lang/crates-build-env/linux@sha256:5ff2268d62e97bff2cde7d5815dd6ed5b47097566f13b8d0ca110b04b60e07ed" "/opt/rustwide/cargo-home/bin/cargo" "+beta-2023-04-20" "test" "--frozen" "--no-run" "--message-format=json", kill_on_drop: false }`
[INFO] [stdout] dcb3215ef426f9b59e52f69fc184fa1202186aa13d543227a464c0796a278e3d
[INFO] running `Command { std: "docker" "start" "-a" "dcb3215ef426f9b59e52f69fc184fa1202186aa13d543227a464c0796a278e3d", kill_on_drop: false }`
[INFO] [stderr]    Compiling yansi v0.5.1
[INFO] [stderr]    Compiling diff v0.1.13
[INFO] [stderr]    Compiling pretty_assertions v1.3.0
[INFO] [stderr]    Compiling gitui v0.22.1 (/opt/rustwide/workdir)
[INFO] [stderr]     Finished test [unoptimized + debuginfo] target(s) in 9.78s
[INFO] running `Command { std: "docker" "inspect" "dcb3215ef426f9b59e52f69fc184fa1202186aa13d543227a464c0796a278e3d", kill_on_drop: false }`
[INFO] running `Command { std: "docker" "rm" "-f" "dcb3215ef426f9b59e52f69fc184fa1202186aa13d543227a464c0796a278e3d", kill_on_drop: false }`
[INFO] [stdout] dcb3215ef426f9b59e52f69fc184fa1202186aa13d543227a464c0796a278e3d
[INFO] running `Command { std: "docker" "create" "-v" "/var/lib/crater-agent-workspace/builds/worker-2-tc2/target:/opt/rustwide/target:rw,Z" "-v" "/var/lib/crater-agent-workspace/builds/worker-2-tc2/source:/opt/rustwide/workdir:ro,Z" "-v" "/var/lib/crater-agent-workspace/cargo-home:/opt/rustwide/cargo-home:ro,Z" "-v" "/var/lib/crater-agent-workspace/rustup-home:/opt/rustwide/rustup-home:ro,Z" "-e" "SOURCE_DIR=/opt/rustwide/workdir" "-e" "CARGO_TARGET_DIR=/opt/rustwide/target" "-e" "CARGO_INCREMENTAL=0" "-e" "RUST_BACKTRACE=full" "-e" "RUSTFLAGS=--cap-lints=warn" "-e" "RUSTDOCFLAGS=--cap-lints=warn" "-e" "CARGO_HOME=/opt/rustwide/cargo-home" "-e" "RUSTUP_HOME=/opt/rustwide/rustup-home" "-w" "/opt/rustwide/workdir" "-m" "1610612736" "--user" "0:0" "--network" "none" "ghcr.io/rust-lang/crates-build-env/linux@sha256:5ff2268d62e97bff2cde7d5815dd6ed5b47097566f13b8d0ca110b04b60e07ed" "/opt/rustwide/cargo-home/bin/cargo" "+beta-2023-04-20" "test" "--frozen", kill_on_drop: false }`
[INFO] [stdout] b02254e6e8bac18974d36a84d048c2d7c5ead9b4ca3d10845e37109ef9c33cb8
[INFO] running `Command { std: "docker" "start" "-a" "b02254e6e8bac18974d36a84d048c2d7c5ead9b4ca3d10845e37109ef9c33cb8", kill_on_drop: false }`
[INFO] [stderr]     Blocking waiting for file lock on package cache
[INFO] [stderr]     Finished test [unoptimized + debuginfo] target(s) in 0.39s
[INFO] [stderr]      Running unittests src/main.rs (/opt/rustwide/target/debug/deps/gitui-f1843c8caabd08f3)
[INFO] [stdout] 
[INFO] [stdout] running 59 tests
[INFO] [stdout] test components::commit_details::details::test_line_count::test_smoke ... ok
[INFO] [stdout] test args::verify_app ... ok
[INFO] [stdout] test components::commit_details::details::tests::test_textwrap ... ok
[INFO] [stdout] test components::commitlist::tests::test_string_width_align_unicode ... ok
[INFO] [stdout] test components::commitlist::tests::test_string_width_align ... ok
[INFO] [stdout] test components::textinput::tests::test_invisible_newline ... ok
[INFO] [stdout] test components::textinput::tests::test_cursor_second_position ... ok
[INFO] [stdout] test components::textinput::tests::test_next_word_position ... ok
[INFO] [stdout] test components::textinput::tests::test_next_word_multibyte ... ok
[INFO] [stdout] test components::textinput::tests::test_smoke ... ok
[INFO] [stdout] test components::textinput::tests::test_previous_word_position ... ok
[INFO] [stdout] test components::textinput::tests::text_cursor_initial_position ... ok
[INFO] [stdout] test components::utils::filetree::tests::test_multiple_items_at_path ... ok
[INFO] [stdout] test components::utils::filetree::tests::test_find_parent ... ok
[INFO] [stdout] test components::utils::filetree::tests::test_indent ... ok
[INFO] [stdout] test components::utils::filetree::tests::test_folder ... ok
[INFO] [stdout] test components::utils::filetree::tests::test_folder_dup ... ok
[INFO] [stdout] test components::utils::scroll_vertical::tests::test_scroll_no_scroll_to_top ... ok
[INFO] [stdout] test components::utils::filetree::tests::test_indent_folder_file_name ... ok
[INFO] [stdout] test components::utils::scroll_vertical::tests::test_scroll_zero_height ... ok
[INFO] [stdout] test components::utils::statustree::tests::test_expand ... ok
[INFO] [stdout] test components::utils::statustree::tests::test_collapse_too_much ... ok
[INFO] [stdout] test components::utils::filetree::tests::test_simple ... ok
[INFO] [stdout] test components::utils::statustree::tests::test_expand_bug ... ok
[INFO] [stdout] test components::utils::statustree::tests::test_expand_with_collapsed_sub_parts ... ok
[INFO] [stdout] test components::utils::statustree::tests::test_folders_fold_up_if_alone_in_directory_2 ... ok
[INFO] [stdout] test components::utils::statustree::tests::test_keep_collapsed_states ... ok
[INFO] [stdout] test components::utils::statustree::tests::test_selection_skips_collapsed ... ok
[INFO] [stdout] test components::utils::statustree::tests::test_folders_fold_up_if_alone_in_directory ... ok
[INFO] [stdout] test components::utils::statustree::tests::test_keep_selected_index ... ok
[INFO] [stdout] test components::utils::statustree::tests::test_keep_selected_index_if_not_collapsed ... ok
[INFO] [stdout] test components::utils::statustree::tests::test_folders_fold_up_down_with_selection_left_right ... ok
[INFO] [stdout] test components::utils::statustree::tests::test_keep_selected_item ... ok
[INFO] [stdout] test keys::key_config::tests::test_get_hint ... ok
[INFO] [stdout] test string_utils::test::test_trim ... ok
[INFO] [stdout] test components::utils::statustree::tests::test_selection ... ok
[INFO] [stdout] test ui::reflow::test::line_composer_char_plus_lots_of_spaces ... ok
[INFO] [stdout] test ui::reflow::test::line_composer_double_width_chars ... ok
[INFO] [stdout] test ui::reflow::test::line_composer_leading_whitespace_removal ... ok
[INFO] [stdout] test ui::reflow::test::line_composer_lots_of_spaces ... ok
[INFO] [stdout] test ui::reflow::test::line_composer_long_sentence ... ok
[INFO] [stdout] test keys::key_list_file::tests::test_load_vim_style_example ... ok
[INFO] [stdout] test ui::reflow::test::line_composer_max_line_width_of_1 ... ok
[INFO] [stdout] test ui::reflow::test::line_composer_long_word ... ok
[INFO] [stdout] test ui::reflow::test::line_composer_word_wrapper_preserve_indentation ... ok
[INFO] [stdout] test ui::reflow::test::line_composer_word_wrapper_nbsp ... ok
[INFO] [stdout] test ui::reflow::test::line_composer_short_lines ... ok
[INFO] [stdout] test ui::reflow::test::line_composer_max_line_width_of_1_double_width_characters ... ok
[INFO] [stdout] test ui::reflow::test::line_composer_word_wrapper_double_width_chars_mixed_with_spaces ... ok
[INFO] [stdout] test ui::reflow::test::line_composer_word_wrapper_mixed_length ... ok
[INFO] [stdout] test ui::reflow::test::line_composer_zero_width ... ok
[INFO] [stdout] test ui::reflow::test::line_composer_word_wrapper_preserve_indentation_with_wrap ... ok
[INFO] [stdout] test components::utils::logitems::tests::test_emojifi_string_no_conversion_cases ... ok
[INFO] [stdout] test components::utils::logitems::tests::test_emojifi_string_conversion_cases ... ok
[INFO] [stdout] test ui::reflow::test::line_composer_one_line ... ok
[INFO] [stdout] test ui::reflow::test::line_composer_word_wrapper_preserve_indentation_lots_of_whitespace ... ok
[INFO] [stdout] test components::status_tree::tests::test_correct_foldup_and_not_visible_scroll_position ... ok
[INFO] [stdout] test components::status_tree::tests::test_correct_scroll_position ... ok
[INFO] [stdout] test components::textinput::tests::test_visualize_newline ... FAILED
[INFO] [stdout] 
[INFO] [stdout] failures:
[INFO] [stdout] 
[INFO] [stdout] ---- components::textinput::tests::test_visualize_newline stdout ----
[INFO] [stdout] thread 'components::textinput::tests::test_visualize_newline' panicked at 'assertion failed: `(left == right)`
[INFO] [stdout]   left: `Some("\r")`,
[INFO] [stdout]  right: `Some("")`', src/components/textinput.rs:635:9
[INFO] [stdout] stack backtrace:
[INFO] [stdout]    0:     0x55ef4c7fc5ea - std::backtrace_rs::backtrace::libunwind::trace::h2f05d0192276a8f6
[INFO] [stdout]                                at /rustc/1b7dd2252b99671ce5d1cb9664c5f8636329436d/library/std/src/../../backtrace/src/backtrace/libunwind.rs:93:5
[INFO] [stdout]    1:     0x55ef4c7fc5ea - std::backtrace_rs::backtrace::trace_unsynchronized::hedc23dff7a1af150
[INFO] [stdout]                                at /rustc/1b7dd2252b99671ce5d1cb9664c5f8636329436d/library/std/src/../../backtrace/src/backtrace/mod.rs:66:5
[INFO] [stdout]    2:     0x55ef4c7fc5ea - std::sys_common::backtrace::_print_fmt::h17541ef7592f3ce2
[INFO] [stdout]                                at /rustc/1b7dd2252b99671ce5d1cb9664c5f8636329436d/library/std/src/sys_common/backtrace.rs:65:5
[INFO] [stdout]    3:     0x55ef4c7fc5ea - <std::sys_common::backtrace::_print::DisplayBacktrace as core::fmt::Display>::fmt::h20f75df5ab0c0792
[INFO] [stdout]                                at /rustc/1b7dd2252b99671ce5d1cb9664c5f8636329436d/library/std/src/sys_common/backtrace.rs:44:22
[INFO] [stdout]    4:     0x55ef4c82175f - core::fmt::write::h78109e6f466b3af6
[INFO] [stdout]                                at /rustc/1b7dd2252b99671ce5d1cb9664c5f8636329436d/library/core/src/fmt/mod.rs:1254:17
[INFO] [stdout]    5:     0x55ef4c7f93b5 - std::io::Write::write_fmt::hd24bfb68a1b35a25
[INFO] [stdout]                                at /rustc/1b7dd2252b99671ce5d1cb9664c5f8636329436d/library/std/src/io/mod.rs:1698:15
[INFO] [stdout]    6:     0x55ef4c7fc3b5 - std::sys_common::backtrace::_print::h8dac57a9f8fbf9a5
[INFO] [stdout]                                at /rustc/1b7dd2252b99671ce5d1cb9664c5f8636329436d/library/std/src/sys_common/backtrace.rs:47:5
[INFO] [stdout]    7:     0x55ef4c7fc3b5 - std::sys_common::backtrace::print::hf9ecbf41d1aa712f
[INFO] [stdout]                                at /rustc/1b7dd2252b99671ce5d1cb9664c5f8636329436d/library/std/src/sys_common/backtrace.rs:34:9
[INFO] [stdout]    8:     0x55ef4c7fe06e - std::panicking::default_hook::{{closure}}::h04c07acfc84ca028
[INFO] [stdout]                                at /rustc/1b7dd2252b99671ce5d1cb9664c5f8636329436d/library/std/src/panicking.rs:269:22
[INFO] [stdout]    9:     0x55ef4c7fdda1 - std::panicking::default_hook::h01f6bb23e1eceb2c
[INFO] [stdout]                                at /rustc/1b7dd2252b99671ce5d1cb9664c5f8636329436d/library/std/src/panicking.rs:285:9
[INFO] [stdout]   10:     0x55ef4c55b8cb - <alloc::boxed::Box<F,A> as core::ops::function::Fn<Args>>::call::h87fe9f7b2fd49e4c
[INFO] [stdout]                                at /rustc/1b7dd2252b99671ce5d1cb9664c5f8636329436d/library/alloc/src/boxed.rs:1987:9
[INFO] [stdout]   11:     0x55ef4c55b8cb - test::test_main::{{closure}}::he94d679243a7531b
[INFO] [stdout]                                at /rustc/1b7dd2252b99671ce5d1cb9664c5f8636329436d/library/test/src/lib.rs:134:21
[INFO] [stdout]   12:     0x55ef4c7fe754 - <alloc::boxed::Box<F,A> as core::ops::function::Fn<Args>>::call::h3f2d6d8b14c4769f
[INFO] [stdout]                                at /rustc/1b7dd2252b99671ce5d1cb9664c5f8636329436d/library/alloc/src/boxed.rs:1987:9
[INFO] [stdout]   13:     0x55ef4c7fe754 - std::panicking::rust_panic_with_hook::h2bb3722bbaf2f6df
[INFO] [stdout]                                at /rustc/1b7dd2252b99671ce5d1cb9664c5f8636329436d/library/std/src/panicking.rs:695:13
[INFO] [stdout]   14:     0x55ef4c7fe4c9 - std::panicking::begin_panic_handler::{{closure}}::h91bc7f36a4be011b
[INFO] [stdout]                                at /rustc/1b7dd2252b99671ce5d1cb9664c5f8636329436d/library/std/src/panicking.rs:582:13
[INFO] [stdout]   15:     0x55ef4c7fca56 - std::sys_common::backtrace::__rust_end_short_backtrace::h8b3d3717114f9e59
[INFO] [stdout]                                at /rustc/1b7dd2252b99671ce5d1cb9664c5f8636329436d/library/std/src/sys_common/backtrace.rs:150:18
[INFO] [stdout]   16:     0x55ef4c7fe222 - rust_begin_unwind
[INFO] [stdout]                                at /rustc/1b7dd2252b99671ce5d1cb9664c5f8636329436d/library/std/src/panicking.rs:578:5
[INFO] [stdout]   17:     0x55ef4c482123 - core::panicking::panic_fmt::hfd368e3fbdabea26
[INFO] [stdout]                                at /rustc/1b7dd2252b99671ce5d1cb9664c5f8636329436d/library/core/src/panicking.rs:67:14
[INFO] [stdout]   18:     0x55ef4c48254f - core::panicking::assert_failed_inner::haef49168e1798a91
[INFO] [stdout]   19:     0x55ef4c4fb56a - core::panicking::assert_failed::hc1b8b24e69b8e064
[INFO] [stdout]                                at /rustc/1b7dd2252b99671ce5d1cb9664c5f8636329436d/library/core/src/panicking.rs:228:5
[INFO] [stdout]   20:     0x55ef4c4dd175 - gitui::components::textinput::tests::test_visualize_newline::h19efac902c600841
[INFO] [stdout]                                at /opt/rustwide/workdir/src/components/textinput.rs:635:3
[INFO] [stdout]   21:     0x55ef4c4dc7b7 - gitui::components::textinput::tests::test_visualize_newline::{{closure}}::hb5ea4367acb1199b
[INFO] [stdout]                                at /opt/rustwide/workdir/src/components/textinput.rs:610:30
[INFO] [stdout]   22:     0x55ef4c4efe35 - core::ops::function::FnOnce::call_once::hc28d800a82dfb0bb
[INFO] [stdout]                                at /rustc/1b7dd2252b99671ce5d1cb9664c5f8636329436d/library/core/src/ops/function.rs:250:5
[INFO] [stdout]   23:     0x55ef4c56079f - core::ops::function::FnOnce::call_once::ha6a70e79f7481a7e
[INFO] [stdout]                                at /rustc/1b7dd2252b99671ce5d1cb9664c5f8636329436d/library/core/src/ops/function.rs:250:5
[INFO] [stdout]   24:     0x55ef4c56079f - test::__rust_begin_short_backtrace::hce33033019b61e69
[INFO] [stdout]                                at /rustc/1b7dd2252b99671ce5d1cb9664c5f8636329436d/library/test/src/lib.rs:655:18
[INFO] [stdout]   25:     0x55ef4c52df8c - test::run_test::{{closure}}::h858d3528838ae3e5
[INFO] [stdout]                                at /rustc/1b7dd2252b99671ce5d1cb9664c5f8636329436d/library/test/src/lib.rs:646:30
[INFO] [stdout]   26:     0x55ef4c52df8c - core::ops::function::FnOnce::call_once{{vtable.shim}}::he8ac2b00f01ae79e
[INFO] [stdout]                                at /rustc/1b7dd2252b99671ce5d1cb9664c5f8636329436d/library/core/src/ops/function.rs:250:5
[INFO] [stdout]   27:     0x55ef4c55f876 - <alloc::boxed::Box<F,A> as core::ops::function::FnOnce<Args>>::call_once::h8093d25b522725ef
[INFO] [stdout]                                at /rustc/1b7dd2252b99671ce5d1cb9664c5f8636329436d/library/alloc/src/boxed.rs:1973:9
[INFO] [stdout]   28:     0x55ef4c55f876 - <core::panic::unwind_safe::AssertUnwindSafe<F> as core::ops::function::FnOnce<()>>::call_once::h5c334c204e4a3913
[INFO] [stdout]                                at /rustc/1b7dd2252b99671ce5d1cb9664c5f8636329436d/library/core/src/panic/unwind_safe.rs:271:9
[INFO] [stdout]   29:     0x55ef4c55f876 - std::panicking::try::do_call::ha8b740c7b9478074
[INFO] [stdout]                                at /rustc/1b7dd2252b99671ce5d1cb9664c5f8636329436d/library/std/src/panicking.rs:485:40
[INFO] [stdout]   30:     0x55ef4c55f876 - std::panicking::try::h5d34f63d0e41b64e
[INFO] [stdout]                                at /rustc/1b7dd2252b99671ce5d1cb9664c5f8636329436d/library/std/src/panicking.rs:449:19
[INFO] [stdout]   31:     0x55ef4c55f876 - std::panic::catch_unwind::hcfbb511e1aa7fc67
[INFO] [stdout]                                at /rustc/1b7dd2252b99671ce5d1cb9664c5f8636329436d/library/std/src/panic.rs:140:14
[INFO] [stdout]   32:     0x55ef4c55f876 - test::run_test_in_process::h9abda90f802eaf21
[INFO] [stdout]                                at /rustc/1b7dd2252b99671ce5d1cb9664c5f8636329436d/library/test/src/lib.rs:678:27
[INFO] [stdout]   33:     0x55ef4c55f876 - test::run_test::run_test_inner::{{closure}}::h0f058de91f6c6edf
[INFO] [stdout]                                at /rustc/1b7dd2252b99671ce5d1cb9664c5f8636329436d/library/test/src/lib.rs:572:39
[INFO] [stdout]   34:     0x55ef4c528795 - test::run_test::run_test_inner::{{closure}}::h5ca48a4c59c6c1fb
[INFO] [stdout]                                at /rustc/1b7dd2252b99671ce5d1cb9664c5f8636329436d/library/test/src/lib.rs:599:37
[INFO] [stdout]   35:     0x55ef4c528795 - std::sys_common::backtrace::__rust_begin_short_backtrace::h32bd51e1495d4a33
[INFO] [stdout]                                at /rustc/1b7dd2252b99671ce5d1cb9664c5f8636329436d/library/std/src/sys_common/backtrace.rs:134:18
[INFO] [stdout]   36:     0x55ef4c52dcd1 - std::thread::Builder::spawn_unchecked_::{{closure}}::{{closure}}::hc086fae9b128b2db
[INFO] [stdout]                                at /rustc/1b7dd2252b99671ce5d1cb9664c5f8636329436d/library/std/src/thread/mod.rs:526:17
[INFO] [stdout]   37:     0x55ef4c52dcd1 - <core::panic::unwind_safe::AssertUnwindSafe<F> as core::ops::function::FnOnce<()>>::call_once::hb66571888d270d43
[INFO] [stdout]                                at /rustc/1b7dd2252b99671ce5d1cb9664c5f8636329436d/library/core/src/panic/unwind_safe.rs:271:9
[INFO] [stdout]   38:     0x55ef4c52dcd1 - std::panicking::try::do_call::h4fa2ef4f6e51fecf
[INFO] [stdout]                                at /rustc/1b7dd2252b99671ce5d1cb9664c5f8636329436d/library/std/src/panicking.rs:485:40
[INFO] [stdout]   39:     0x55ef4c52dcd1 - std::panicking::try::h1e9e22b8584489b5
[INFO] [stdout]                                at /rustc/1b7dd2252b99671ce5d1cb9664c5f8636329436d/library/std/src/panicking.rs:449:19
[INFO] [stdout]   40:     0x55ef4c52dcd1 - std::panic::catch_unwind::h44698a3de0e0769e
[INFO] [stdout]                                at /rustc/1b7dd2252b99671ce5d1cb9664c5f8636329436d/library/std/src/panic.rs:140:14
[INFO] [stdout]   41:     0x55ef4c52dcd1 - std::thread::Builder::spawn_unchecked_::{{closure}}::h50153abde3fe239e
[INFO] [stdout]                                at /rustc/1b7dd2252b99671ce5d1cb9664c5f8636329436d/library/std/src/thread/mod.rs:525:30
[INFO] [stdout]   42:     0x55ef4c52dcd1 - core::ops::function::FnOnce::call_once{{vtable.shim}}::hbe5bbf6f38394364
[INFO] [stdout]                                at /rustc/1b7dd2252b99671ce5d1cb9664c5f8636329436d/library/core/src/ops/function.rs:250:5
[INFO] [stdout]   43:     0x55ef4c802c35 - <alloc::boxed::Box<F,A> as core::ops::function::FnOnce<Args>>::call_once::h0d83cb2920a49046
[INFO] [stdout]                                at /rustc/1b7dd2252b99671ce5d1cb9664c5f8636329436d/library/alloc/src/boxed.rs:1973:9
[INFO] [stdout]   44:     0x55ef4c802c35 - <alloc::boxed::Box<F,A> as core::ops::function::FnOnce<Args>>::call_once::hbe0a008aa7d9ef59
[INFO] [stdout]                                at /rustc/1b7dd2252b99671ce5d1cb9664c5f8636329436d/library/alloc/src/boxed.rs:1973:9
[INFO] [stdout]   45:     0x55ef4c802c35 - std::sys::unix::thread::Thread::new::thread_start::h3a466996bdf6b1f9
[INFO] [stdout]                                at /rustc/1b7dd2252b99671ce5d1cb9664c5f8636329436d/library/std/src/sys/unix/thread.rs:108:17
[INFO] [stdout]   46:     0x7efce4d8ab43 - <unknown>
[INFO] [stdout]   47:     0x7efce4e1bbb4 - __clone
[INFO] [stdout]   48:                0x0 - <unknown>
[INFO] [stdout] 
[INFO] [stdout] 
[INFO] [stdout] failures:
[INFO] [stdout]     components::textinput::tests::test_visualize_newline
[INFO] [stdout] 
[INFO] [stdout] test result: FAILED. 58 passed; 1 failed; 0 ignored; 0 measured; 0 filtered out; finished in 0.05s
[INFO] [stdout] 
[INFO] [stderr] error: test failed, to rerun pass `--bin gitui`
[INFO] running `Command { std: "docker" "inspect" "b02254e6e8bac18974d36a84d048c2d7c5ead9b4ca3d10845e37109ef9c33cb8", kill_on_drop: false }`
[INFO] running `Command { std: "docker" "rm" "-f" "b02254e6e8bac18974d36a84d048c2d7c5ead9b4ca3d10845e37109ef9c33cb8", kill_on_drop: false }`
[INFO] [stdout] b02254e6e8bac18974d36a84d048c2d7c5ead9b4ca3d10845e37109ef9c33cb8
