[INFO] cloning repository https://github.com/quietvoid/hdr10plus_parser
[INFO] running `Command { std: "git" "-c" "credential.helper=" "-c" "credential.helper=/workspace/cargo-home/bin/git-credential-null" "clone" "--bare" "https://github.com/quietvoid/hdr10plus_parser" "/workspace/cache/git-repos/https%3A%2F%2Fgithub.com%2Fquietvoid%2Fhdr10plus_parser", kill_on_drop: false }`
[INFO] [stderr] Cloning into bare repository '/workspace/cache/git-repos/https%3A%2F%2Fgithub.com%2Fquietvoid%2Fhdr10plus_parser'...
[INFO] running `Command { std: "git" "rev-parse" "HEAD", kill_on_drop: false }`
[INFO] [stdout] 91d4723bfa7a647e04ee3f727c037cea0a956bb2
[INFO] testing quietvoid/hdr10plus_parser against beta-2023-04-20 for beta-1.70-1
[INFO] running `Command { std: "git" "clone" "/workspace/cache/git-repos/https%3A%2F%2Fgithub.com%2Fquietvoid%2Fhdr10plus_parser" "/workspace/builds/worker-5-tc2/source", kill_on_drop: false }`
[INFO] [stderr] Cloning into '/workspace/builds/worker-5-tc2/source'...
[INFO] [stderr] done.
[INFO] validating manifest of git repo https://github.com/quietvoid/hdr10plus_parser on toolchain beta-2023-04-20
[INFO] running `Command { std: CARGO_HOME="/workspace/cargo-home" RUSTUP_HOME="/workspace/rustup-home" "/workspace/cargo-home/bin/cargo" "+beta-2023-04-20" "metadata" "--manifest-path" "Cargo.toml" "--no-deps", kill_on_drop: false }`
[INFO] started tweaking git repo https://github.com/quietvoid/hdr10plus_parser
[INFO] finished tweaking git repo https://github.com/quietvoid/hdr10plus_parser
[INFO] tweaked toml for git repo https://github.com/quietvoid/hdr10plus_parser written to /workspace/builds/worker-5-tc2/source/Cargo.toml
[INFO] crate git repo https://github.com/quietvoid/hdr10plus_parser already has a lockfile, it will not be regenerated
[INFO] running `Command { std: CARGO_HOME="/workspace/cargo-home" RUSTUP_HOME="/workspace/rustup-home" "/workspace/cargo-home/bin/cargo" "+beta-2023-04-20" "fetch" "--manifest-path" "Cargo.toml", kill_on_drop: false }`
[INFO] [stderr]     Updating crates.io index
[INFO] [stderr]  Downloading crates ...
[INFO] [stderr]   Downloaded bitvec_helpers v3.1.2
[INFO] [stderr]   Downloaded hevc_parser v0.6.1
[INFO] running `Command { std: "docker" "create" "-v" "/var/lib/crater-agent-workspace/builds/worker-5-tc2/target:/opt/rustwide/target:rw,Z" "-v" "/var/lib/crater-agent-workspace/builds/worker-5-tc2/source:/opt/rustwide/workdir:ro,Z" "-v" "/var/lib/crater-agent-workspace/cargo-home:/opt/rustwide/cargo-home:ro,Z" "-v" "/var/lib/crater-agent-workspace/rustup-home:/opt/rustwide/rustup-home:ro,Z" "-e" "SOURCE_DIR=/opt/rustwide/workdir" "-e" "CARGO_TARGET_DIR=/opt/rustwide/target" "-e" "CARGO_HOME=/opt/rustwide/cargo-home" "-e" "RUSTUP_HOME=/opt/rustwide/rustup-home" "-w" "/opt/rustwide/workdir" "-m" "1610612736" "--user" "0:0" "--network" "none" "ghcr.io/rust-lang/crates-build-env/linux@sha256:5ff2268d62e97bff2cde7d5815dd6ed5b47097566f13b8d0ca110b04b60e07ed" "/opt/rustwide/cargo-home/bin/cargo" "+beta-2023-04-20" "metadata" "--no-deps" "--format-version=1", kill_on_drop: false }`
[INFO] [stdout] 29ce096a5ca321d749f9b1c43f14e5819a25e1463ec1ca28c316f69432c57071
[INFO] running `Command { std: "docker" "start" "-a" "29ce096a5ca321d749f9b1c43f14e5819a25e1463ec1ca28c316f69432c57071", kill_on_drop: false }`
[INFO] running `Command { std: "docker" "inspect" "29ce096a5ca321d749f9b1c43f14e5819a25e1463ec1ca28c316f69432c57071", kill_on_drop: false }`
[INFO] running `Command { std: "docker" "rm" "-f" "29ce096a5ca321d749f9b1c43f14e5819a25e1463ec1ca28c316f69432c57071", kill_on_drop: false }`
[INFO] [stdout] 29ce096a5ca321d749f9b1c43f14e5819a25e1463ec1ca28c316f69432c57071
[INFO] running `Command { std: "docker" "create" "-v" "/var/lib/crater-agent-workspace/builds/worker-5-tc2/target:/opt/rustwide/target:rw,Z" "-v" "/var/lib/crater-agent-workspace/builds/worker-5-tc2/source:/opt/rustwide/workdir:ro,Z" "-v" "/var/lib/crater-agent-workspace/cargo-home:/opt/rustwide/cargo-home:ro,Z" "-v" "/var/lib/crater-agent-workspace/rustup-home:/opt/rustwide/rustup-home:ro,Z" "-e" "SOURCE_DIR=/opt/rustwide/workdir" "-e" "CARGO_TARGET_DIR=/opt/rustwide/target" "-e" "CARGO_INCREMENTAL=0" "-e" "RUST_BACKTRACE=full" "-e" "RUSTFLAGS=--cap-lints=warn" "-e" "RUSTDOCFLAGS=--cap-lints=warn" "-e" "CARGO_HOME=/opt/rustwide/cargo-home" "-e" "RUSTUP_HOME=/opt/rustwide/rustup-home" "-w" "/opt/rustwide/workdir" "-m" "1610612736" "--user" "0:0" "--network" "none" "ghcr.io/rust-lang/crates-build-env/linux@sha256:5ff2268d62e97bff2cde7d5815dd6ed5b47097566f13b8d0ca110b04b60e07ed" "/opt/rustwide/cargo-home/bin/cargo" "+beta-2023-04-20" "build" "--frozen" "--message-format=json", kill_on_drop: false }`
[INFO] [stdout] c2e115bea7b5762af7752dfeec68b0a9bc962e1c507bfddfb041c111e17ac152
[INFO] running `Command { std: "docker" "start" "-a" "c2e115bea7b5762af7752dfeec68b0a9bc962e1c507bfddfb041c111e17ac152", kill_on_drop: false }`
[INFO] [stderr]    Compiling proc-macro2 v1.0.51
[INFO] [stderr]    Compiling unicode-ident v1.0.6
[INFO] [stderr]    Compiling quote v1.0.23
[INFO] [stderr]    Compiling syn v1.0.109
[INFO] [stderr]    Compiling autocfg v1.1.0
[INFO] [stderr]    Compiling libc v0.2.139
[INFO] [stderr]    Compiling cfg-if v1.0.0
[INFO] [stderr]    Compiling thiserror v1.0.38
[INFO] [stderr]    Compiling ucd-trie v0.1.5
[INFO] [stderr]    Compiling pkg-config v0.3.26
[INFO] [stderr]    Compiling bitflags v1.3.2
[INFO] [stderr]    Compiling version_check v0.9.4
[INFO] [stderr]    Compiling cc v1.0.79
[INFO] [stderr]    Compiling crc32fast v1.3.2
[INFO] [stderr]    Compiling memchr v2.5.0
[INFO] [stderr]    Compiling io-lifetimes v1.0.5
[INFO] [stderr]    Compiling adler v1.0.2
[INFO] [stderr]    Compiling serde_derive v1.0.152
[INFO] [stderr]    Compiling log v0.4.17
[INFO] [stderr]    Compiling miniz_oxide v0.6.2
[INFO] [stderr]    Compiling rustix v0.36.8
[INFO] [stderr]    Compiling num-traits v0.2.15
[INFO] [stderr]    Compiling num-integer v0.1.45
[INFO] [stderr]    Compiling num-rational v0.4.1
[INFO] [stderr]    Compiling proc-macro-error-attr v1.0.4
[INFO] [stderr]    Compiling proc-macro-error v1.0.4
[INFO] [stderr]    Compiling indexmap v1.9.2
[INFO] [stderr]    Compiling cmake v0.1.49
[INFO] [stderr]    Compiling libloading v0.7.4
[INFO] [stderr]    Compiling lazy_static v1.4.0
[INFO] [stderr]    Compiling yeslogic-fontconfig-sys v3.2.0
[INFO] [stderr]    Compiling anyhow v1.0.69
[INFO] [stderr]    Compiling once_cell v1.17.1
[INFO] [stderr]    Compiling linux-raw-sys v0.1.4
[INFO] [stderr]    Compiling byteorder v1.4.3
[INFO] [stderr]    Compiling serde v1.0.152
[INFO] [stderr]    Compiling flate2 v1.0.25
[INFO] [stderr]    Compiling aho-corasick v0.7.20
[INFO] [stderr]    Compiling dlib v0.5.0
[INFO] [stderr]    Compiling bitstream-io v1.6.0
[INFO] [stderr]    Compiling color_quant v1.1.0
[INFO] [stderr]    Compiling minimal-lexical v0.2.1
[INFO] [stderr]    Compiling serde_json v1.0.93
[INFO] [stderr]    Compiling font-kit v0.11.0
[INFO] [stderr]    Compiling freetype-sys v0.13.1
[INFO] [stderr]    Compiling same-file v1.0.6
[INFO] [stderr]    Compiling png v0.17.7
[INFO] [stderr]    Compiling const-cstr v0.3.0
[INFO] [stderr]    Compiling jpeg-decoder v0.3.0
[INFO] [stderr]    Compiling bytemuck v1.13.1
[INFO] [stderr]    Compiling portable-atomic v0.3.19
[INFO] [stderr]    Compiling hashbrown v0.12.3
[INFO] [stderr]    Compiling regex-syntax v0.6.28
[INFO] [stderr]    Compiling nom v7.1.3
[INFO] [stderr]    Compiling dirs-sys-next v0.1.2
[INFO] [stderr]    Compiling bitvec_helpers v3.1.2
[INFO] [stderr]    Compiling dirs-next v2.0.0
[INFO] [stderr]    Compiling walkdir v2.3.2
[INFO] [stderr]    Compiling freetype v0.7.0
[INFO] [stderr]    Compiling plotters-backend v0.3.4 (https://github.com/plotters-rs/plotters#acf5158c)
[INFO] [stderr]    Compiling unicode-width v0.1.10
[INFO] [stderr]    Compiling itoa v1.0.5
[INFO] [stderr]    Compiling os_str_bytes v6.4.1
[INFO] [stderr]    Compiling float-ord v0.2.0
[INFO] [stderr]    Compiling heck v0.4.1
[INFO] [stderr]    Compiling ryu v1.0.12
[INFO] [stderr]    Compiling clap_lex v0.3.2
[INFO] [stderr]    Compiling console v0.15.5
[INFO] [stderr]    Compiling number_prefix v0.4.0
[INFO] [stderr]    Compiling strsim v0.10.0
[INFO] [stderr]    Compiling ttf-parser v0.17.1
[INFO] [stderr]    Compiling termcolor v1.2.0
[INFO] [stderr]    Compiling is-terminal v0.4.4
[INFO] [stderr]    Compiling terminal_size v0.2.5
[INFO] [stderr]    Compiling image v0.24.5
[INFO] [stderr]    Compiling indicatif v0.17.3
[INFO] [stderr]    Compiling regex v1.7.1
[INFO] [stderr]    Compiling thiserror-impl v1.0.38
[INFO] [stderr]    Compiling clap_derive v4.1.8
[INFO] [stderr]    Compiling plotters-bitmap v0.3.3 (https://github.com/plotters-rs/plotters#acf5158c)
[INFO] [stderr]    Compiling hevc_parser v0.6.1
[INFO] [stderr]    Compiling pest v2.5.5
[INFO] [stderr]    Compiling clap v4.1.8
[INFO] [stderr]    Compiling semver-parser v0.10.2
[INFO] [stderr]    Compiling semver v0.11.0
[INFO] [stderr]    Compiling rustc_version v0.3.3
[INFO] [stderr]    Compiling pathfinder_simd v0.5.1
[INFO] [stderr]    Compiling pathfinder_geometry v0.5.1
[INFO] [stderr]    Compiling plotters v0.3.5 (https://github.com/plotters-rs/plotters#acf5158c)
[INFO] [stderr]    Compiling hdr10plus v2.1.0 (/opt/rustwide/workdir/hdr10plus)
[INFO] [stderr]    Compiling hdr10plus_tool v1.6.0 (/opt/rustwide/workdir)
[INFO] [stderr]     Finished dev [unoptimized + debuginfo] target(s) in 14.59s
[INFO] running `Command { std: "docker" "inspect" "c2e115bea7b5762af7752dfeec68b0a9bc962e1c507bfddfb041c111e17ac152", kill_on_drop: false }`
[INFO] running `Command { std: "docker" "rm" "-f" "c2e115bea7b5762af7752dfeec68b0a9bc962e1c507bfddfb041c111e17ac152", kill_on_drop: false }`
[INFO] [stdout] c2e115bea7b5762af7752dfeec68b0a9bc962e1c507bfddfb041c111e17ac152
[INFO] running `Command { std: "docker" "create" "-v" "/var/lib/crater-agent-workspace/builds/worker-5-tc2/target:/opt/rustwide/target:rw,Z" "-v" "/var/lib/crater-agent-workspace/builds/worker-5-tc2/source:/opt/rustwide/workdir:ro,Z" "-v" "/var/lib/crater-agent-workspace/cargo-home:/opt/rustwide/cargo-home:ro,Z" "-v" "/var/lib/crater-agent-workspace/rustup-home:/opt/rustwide/rustup-home:ro,Z" "-e" "SOURCE_DIR=/opt/rustwide/workdir" "-e" "CARGO_TARGET_DIR=/opt/rustwide/target" "-e" "CARGO_INCREMENTAL=0" "-e" "RUST_BACKTRACE=full" "-e" "RUSTFLAGS=--cap-lints=warn" "-e" "RUSTDOCFLAGS=--cap-lints=warn" "-e" "CARGO_HOME=/opt/rustwide/cargo-home" "-e" "RUSTUP_HOME=/opt/rustwide/rustup-home" "-w" "/opt/rustwide/workdir" "-m" "1610612736" "--user" "0:0" "--network" "none" "ghcr.io/rust-lang/crates-build-env/linux@sha256:5ff2268d62e97bff2cde7d5815dd6ed5b47097566f13b8d0ca110b04b60e07ed" "/opt/rustwide/cargo-home/bin/cargo" "+beta-2023-04-20" "test" "--frozen" "--no-run" "--message-format=json", kill_on_drop: false }`
[INFO] [stdout] 5a6e184c89339c3471134aaf04dfec30ae6ff477b392a98943e821e1a6c15dd1
[INFO] running `Command { std: "docker" "start" "-a" "5a6e184c89339c3471134aaf04dfec30ae6ff477b392a98943e821e1a6c15dd1", kill_on_drop: false }`
[INFO] [stderr]    Compiling rustix v0.36.8
[INFO] [stderr]    Compiling regex-automata v0.1.10
[INFO] [stderr]    Compiling doc-comment v0.3.3
[INFO] [stderr]    Compiling fnv v1.0.7
[INFO] [stderr]    Compiling predicates-core v1.0.5
[INFO] [stderr]    Compiling either v1.8.1
[INFO] [stderr]    Compiling float-cmp v0.9.0
[INFO] [stderr]    Compiling thread_local v1.1.7
[INFO] [stderr]    Compiling termtree v0.4.0
[INFO] [stderr]    Compiling difflib v0.4.0
[INFO] [stderr]    Compiling normalize-line-endings v0.3.0
[INFO] [stderr]    Compiling fastrand v1.9.0
[INFO] [stderr]    Compiling wait-timeout v0.2.0
[INFO] [stderr]    Compiling predicates-tree v1.0.7
[INFO] [stderr]    Compiling itertools v0.10.5
[INFO] [stderr]    Compiling bstr v1.3.0
[INFO] [stderr]    Compiling globset v0.4.10
[INFO] [stderr]    Compiling ignore v0.4.20
[INFO] [stderr]    Compiling predicates v2.1.5
[INFO] [stderr]    Compiling globwalk v0.8.1
[INFO] [stderr]    Compiling assert_cmd v2.0.8
[INFO] [stderr]    Compiling terminal_size v0.2.5
[INFO] [stderr]    Compiling is-terminal v0.4.4
[INFO] [stderr]    Compiling tempfile v3.4.0
[INFO] [stderr]    Compiling clap v4.1.8
[INFO] [stderr]    Compiling assert_fs v1.0.10
[INFO] [stderr]    Compiling hdr10plus_tool v1.6.0 (/opt/rustwide/workdir)
[INFO] [stderr]     Finished test [unoptimized + debuginfo] target(s) in 9.73s
[INFO] running `Command { std: "docker" "inspect" "5a6e184c89339c3471134aaf04dfec30ae6ff477b392a98943e821e1a6c15dd1", kill_on_drop: false }`
[INFO] running `Command { std: "docker" "rm" "-f" "5a6e184c89339c3471134aaf04dfec30ae6ff477b392a98943e821e1a6c15dd1", kill_on_drop: false }`
[INFO] [stdout] 5a6e184c89339c3471134aaf04dfec30ae6ff477b392a98943e821e1a6c15dd1
[INFO] running `Command { std: "docker" "create" "-v" "/var/lib/crater-agent-workspace/builds/worker-5-tc2/target:/opt/rustwide/target:rw,Z" "-v" "/var/lib/crater-agent-workspace/builds/worker-5-tc2/source:/opt/rustwide/workdir:ro,Z" "-v" "/var/lib/crater-agent-workspace/cargo-home:/opt/rustwide/cargo-home:ro,Z" "-v" "/var/lib/crater-agent-workspace/rustup-home:/opt/rustwide/rustup-home:ro,Z" "-e" "SOURCE_DIR=/opt/rustwide/workdir" "-e" "CARGO_TARGET_DIR=/opt/rustwide/target" "-e" "CARGO_INCREMENTAL=0" "-e" "RUST_BACKTRACE=full" "-e" "RUSTFLAGS=--cap-lints=warn" "-e" "RUSTDOCFLAGS=--cap-lints=warn" "-e" "CARGO_HOME=/opt/rustwide/cargo-home" "-e" "RUSTUP_HOME=/opt/rustwide/rustup-home" "-w" "/opt/rustwide/workdir" "-m" "1610612736" "--user" "0:0" "--network" "none" "ghcr.io/rust-lang/crates-build-env/linux@sha256:5ff2268d62e97bff2cde7d5815dd6ed5b47097566f13b8d0ca110b04b60e07ed" "/opt/rustwide/cargo-home/bin/cargo" "+beta-2023-04-20" "test" "--frozen", kill_on_drop: false }`
[INFO] [stdout] 19979640f6c74917028a12e526f7175c301970dd09acd473cf401ef1865380df
[INFO] running `Command { std: "docker" "start" "-a" "19979640f6c74917028a12e526f7175c301970dd09acd473cf401ef1865380df", kill_on_drop: false }`
[INFO] [stderr]     Finished test [unoptimized + debuginfo] target(s) in 0.06s
[INFO] [stderr]      Running unittests src/main.rs (/opt/rustwide/target/debug/deps/hdr10plus_tool-971b57220ad377b2)
[INFO] [stdout] 
[INFO] [stdout] running 0 tests
[INFO] [stdout] 
[INFO] [stdout] test result: ok. 0 passed; 0 failed; 0 ignored; 0 measured; 0 filtered out; finished in 0.00s
[INFO] [stdout] 
[INFO] [stderr]      Running tests/mod.rs (/opt/rustwide/target/debug/deps/mod-e2f74877868067d9)
[INFO] [stdout] 
[INFO] [stdout] running 80 tests
[INFO] [stdout] test help ... ok
[INFO] [stdout] test hevc::extract::help ... ok
[INFO] [stdout] test hevc::extract::multimsg_sei_metadata ... ok
[INFO] [stdout] test hevc::extract::dts_injected ... ok
[INFO] [stdout] test hevc::extract::invalid_null_byte_seq_metadata ... ok
[INFO] [stdout] test hevc::extract::sample01 ... ok
[INFO] [stdout] test hevc::extract::sample02 ... ok
[INFO] [stdout] test hevc::extract::pts_injected ... ok
[INFO] [stdout] test hevc::extract::sample14 ... ok
[INFO] [stdout] test hevc::extract::sample06 ... ok
[INFO] [stdout] test hevc::extract::sample04 ... ok
[INFO] [stdout] test hevc::extract::sample03 ... ok
[INFO] [stdout] test hevc::extract::sample07 ... ok
[INFO] [stdout] test hevc::extract::sample17 ... ok
[INFO] [stdout] test hevc::extract::sample11 ... ok
[INFO] [stdout] test hevc::extract::dhdr10_opt_gaps ... ok
[INFO] [stdout] test hevc::extract::sample08 ... ok
[INFO] [stdout] test hevc::extract::sample12 ... ok
[INFO] [stdout] test hevc::extract::sample10 ... ok
[INFO] [stdout] test hevc::extract::sample13 ... ok
[INFO] [stdout] test hevc::extract::sample15 ... ok
[INFO] [stdout] test hevc::extract::sample16 ... ok
[INFO] [stdout] test hevc::extract::sample18 ... ok
[INFO] [stdout] test hevc::extract::sample09 ... ok
[INFO] [stdout] test hevc::extract::sample05 ... ok
[INFO] [stdout] test hevc::extract::sample21 ... ok
[INFO] [stdout] test hevc::extract::sample23 ... ok
[INFO] [stdout] test hevc::extract::sample24 ... ok
[INFO] [stdout] test hevc::extract::sample30 ... ok
[INFO] [stdout] test hevc::extract::sample33 ... ok
[INFO] [stdout] test hevc::extract::sample36 ... ok
[INFO] [stdout] test hevc::extract::sample32 ... ok
[INFO] [stdout] test hevc::extract::sample22 ... ok
[INFO] [stdout] test hevc::extract::sample20 ... ok
[INFO] [stdout] test hevc::extract::sample31 ... ok
[INFO] [stdout] test hevc::extract::sample37 ... ok
[INFO] [stdout] test hevc::extract::sample28 ... ok
[INFO] [stdout] test hevc::extract::sample34 ... ok
[INFO] [stdout] test hevc::extract::sample38 ... ok
[INFO] [stdout] test hevc::extract::sample26 ... ok
[INFO] [stdout] test hevc::extract::sample27 ... ok
[INFO] [stdout] test hevc::extract::sample19 ... ok
[INFO] [stdout] test hevc::extract::sample39 ... ok
[INFO] [stdout] test hevc::extract::sample25 ... ok
[INFO] [stdout] test hevc::extract::sample42 ... ok
[INFO] [stdout] test hevc::extract::sample29 ... ok
[INFO] [stdout] test hevc::extract::sample41 ... ok
[INFO] [stdout] test hevc::extract::sample35 ... ok
[INFO] [stdout] test hevc::extract::sample48 ... ok
[INFO] [stdout] test hevc::extract::sample47 ... ok
[INFO] [stdout] test hevc::extract::sample51 ... ok
[INFO] [stdout] test hevc::extract::sample40 ... ok
[INFO] [stdout] test hevc::extract::sample52 ... ok
[INFO] [stdout] test hevc::extract::sample45 ... ok
[INFO] [stdout] test hevc::extract::sample43 ... ok
[INFO] [stdout] test hevc::extract::sample55 ... ok
[INFO] [stdout] test hevc::extract::sample49 ... ok
[INFO] [stdout] test hevc::extract::sample46 ... ok
[INFO] [stdout] test hevc::extract::sample50 ... ok
[INFO] [stdout] test hevc::extract::sample54 ... ok
[INFO] [stdout] test hevc::extract::sample56 ... ok
[INFO] [stdout] test hevc::extract::sample58 ... ok
[INFO] [stdout] test hevc::extract::sample57 ... ok
[INFO] [stdout] test hevc::extract::sample44 ... ok
[INFO] [stdout] test hevc::extract::sample53 ... ok
[INFO] [stdout] test hevc::remove::remove ... ok
[INFO] [stdout] test version ... ok
[INFO] [stdout] test hevc::extract::sample60 ... ok
[INFO] [stdout] test hevc::remove::help ... ok
[INFO] [stdout] test hevc::extract::sample62 ... ok
[INFO] [stdout] test hevc::extract::sample61 ... ok
[INFO] [stdout] test metadata::plot::help ... ok
[INFO] [stdout] test hevc::inject::inject_replace ... ok
[INFO] [stdout] test hevc::remove::sei_double_3byte_case ... ok
[INFO] [stdout] test hevc::extract::sample59 ... ok
[INFO] [stdout] test hevc::inject::inject ... ok
[INFO] [stdout] test hevc::inject::help ... ok
[INFO] [stdout] test hevc::inject::inject_replace_multimsg ... ok
[INFO] [stdout] test hevc::inject::and_extract ... ok
[INFO] [stdout] test metadata::plot::plot_p7 ... FAILED
[INFO] [stdout] 
[INFO] [stdout] failures:
[INFO] [stdout] 
[INFO] [stdout] ---- metadata::plot::plot_p7 stdout ----
[INFO] [stdout] thread 'metadata::plot::plot_p7' panicked at 'Unexpected failure.
[INFO] [stdout] code-<interrupted>
[INFO] [stdout] stderr=```<189 lines total>
[INFO] [stdout] ```
[INFO] [stdout] thread \'main\' panicked at \'misaligned pointer dereference: address must be a multiple of 0x8 but is 0x7f6ca3afe1d6\', /opt/rustwide/cargo-home/git/checkouts/plotters-514b572fd2567842/acf5158/plotters-bitmap/src/bitmap_pixel/rgb.rs:215:29
[INFO] [stdout] stack backtrace:
[INFO] [stdout]    0:     0x562df3fb2cca - std::backtrace_rs::backtrace::libunwind::trace::h2f05d0192276a8f6
[INFO] [stdout]                                at /rustc/1b7dd2252b99671ce5d1cb9664c5f8636329436d/library/std/src/../../backtrace/src/backtrace/libunwind.rs:93:5
[INFO] [stdout]    1:     0x562df3fb2cca - std::backtrace_rs::backtrace::trace_unsynchronized::hedc23dff7a1af150
[INFO] [stdout]                                at /rustc/1b7dd2252b99671ce5d1cb9664c5f8636329436d/library/std/src/../../backtrace/src/backtrace/mod.rs:66:5
[INFO] [stdout]    2:     0x562df3fb2cca - std::sys_common::backtrace::_print_fmt::h17541ef7592f3ce2
[INFO] [stdout]                                at /rustc/1b7dd2252b99671ce5d1cb9664c5f8636329436d/library/std/src/sys_common/backtrace.rs:65:5
[INFO] [stdout]    3:     0x562df3fb2cca - <std::sys_common::backtrace::_print::DisplayBacktrace as core::fmt::Display>::fmt::h20f75df5ab0c0792
[INFO] [stdout]                                at /rustc/1b7dd2252b99671ce5d1cb9664c5f8636329436d/library/std/src/sys_common/backtrace.rs:44:22
[INFO] [stdout]    4:     0x562df3fd3f1f - core::fmt::write::h78109e6f466b3af6
[INFO] [stdout]                                at /rustc/1b7dd2252b99671ce5d1cb9664c5f8636329436d/library/core/src/fmt/mod.rs:1254:17
[INFO] [stdout]    5:     0x562df3fb0115 - std::io::Write::write_fmt::hc59e1b02dd273c8a
[INFO] [stdout]                                at /rustc/1b7dd2252b99671ce5d1cb9664c5f8636329436d/library/std/src/io/mod.rs:1698:15
[INFO] [stdout]    6:     0x562df3fb2a95 - std::sys_common::backtrace::_print::h8dac57a9f8fbf9a5
[INFO] [stdout]                                at /rustc/1b7dd2252b99671ce5d1cb9664c5f8636329436d/library/std/src/sys_common/backtrace.rs:47:5
[INFO] [stdout]    7:     0x562df3fb2a95 - std::sys_common::backtrace::print::hf9ecbf41d1aa712f
[INFO] [stdout]                                at /rustc/1b7dd2252b99671ce5d1cb9664c5f8636329436d/library/std/src/sys_common/backtrace.rs:34:9
[INFO] [stdout]    8:     0x562df3fb401e - std::panicking::default_hook::{{closure}}::h04c07acfc84ca028
[INFO] [stdout]                                at /rustc/1b7dd2252b99671ce5d1cb9664c5f8636329436d/library/std/src/panicking.rs:269:22
[INFO] [stdout] ```
[INFO] [stdout] <129 lines omitted>
[INFO] [stdout] ```
[INFO] [stdout]   27:     0x562df3b17e88 - plotters::chart::context::ChartContext<DB,CT>::draw_series::h3ab4a55c767ac00a
[INFO] [stdout]                                at /opt/rustwide/cargo-home/git/checkouts/plotters-514b572fd2567842/acf5158/plotters/src/chart/context.rs:131:9
[INFO] [stdout]   28:     0x562df3b04d6b - hdr10plus_tool::commands::plot::Plotter::draw_brightness_series::ha3191a4af2cf9906
[INFO] [stdout]                                at /opt/rustwide/workdir/src/commands/plot.rs:181:9
[INFO] [stdout]   29:     0x562df3b02f7f - hdr10plus_tool::commands::plot::Plotter::plot::h8b0a466011f97169
[INFO] [stdout]                                at /opt/rustwide/workdir/src/commands/plot.rs:100:9
[INFO] [stdout]   30:     0x562df3b308f1 - hdr10plus_tool::main::hcc7f6ee0dca48573
[INFO] [stdout]                                at /opt/rustwide/workdir/src/main.rs:47:32
[INFO] [stdout]   31:     0x562df3b32e5b - core::ops::function::FnOnce::call_once::hf7a2c5bc96795bd2
[INFO] [stdout]                                at /rustc/1b7dd2252b99671ce5d1cb9664c5f8636329436d/library/core/src/ops/function.rs:250:5
[INFO] [stdout]   32:     0x562df3ad4b3e - std::sys_common::backtrace::__rust_begin_short_backtrace::hf755bf69b8520446
[INFO] [stdout]                                at /rustc/1b7dd2252b99671ce5d1cb9664c5f8636329436d/library/std/src/sys_common/backtrace.rs:134:18
[INFO] [stdout]   33:     0x562df3b3dc11 - std::rt::lang_start::{{closure}}::h567a91d4bac76bfd
[INFO] [stdout]                                at /rustc/1b7dd2252b99671ce5d1cb9664c5f8636329436d/library/std/src/rt.rs:166:18
[INFO] [stdout]   34:     0x562df3faa87e - core::ops::function::impls::<impl core::ops::function::FnOnce<A> for &F>::call_once::h2eb19b8ce4148df4
[INFO] [stdout]                                at /rustc/1b7dd2252b99671ce5d1cb9664c5f8636329436d/library/core/src/ops/function.rs:287:13
[INFO] [stdout]   35:     0x562df3faa87e - std::panicking::try::do_call::h2e900feff5d504c5
[INFO] [stdout]                                at /rustc/1b7dd2252b99671ce5d1cb9664c5f8636329436d/library/std/src/panicking.rs:485:40
[INFO] [stdout]   36:     0x562df3faa87e - std::panicking::try::h8854836cb85aa9f2
[INFO] [stdout]                                at /rustc/1b7dd2252b99671ce5d1cb9664c5f8636329436d/library/std/src/panicking.rs:449:19
[INFO] [stdout]   37:     0x562df3faa87e - std::panic::catch_unwind::h706025dd4c48f64b
[INFO] [stdout]                                at /rustc/1b7dd2252b99671ce5d1cb9664c5f8636329436d/library/std/src/panic.rs:140:14
[INFO] [stdout]   38:     0x562df3faa87e - std::rt::lang_start_internal::{{closure}}::h7be5b97f4a07a91a
[INFO] [stdout]                                at /rustc/1b7dd2252b99671ce5d1cb9664c5f8636329436d/library/std/src/rt.rs:148:48
[INFO] [stdout]   39:     0x562df3faa87e - std::panicking::try::do_call::h59847e9d0a176965
[INFO] [stdout]                                at /rustc/1b7dd2252b99671ce5d1cb9664c5f8636329436d/library/std/src/panicking.rs:485:40
[INFO] [stdout]   40:     0x562df3faa87e - std::panicking::try::h399a918ba8522823
[INFO] [stdout]                                at /rustc/1b7dd2252b99671ce5d1cb9664c5f8636329436d/library/std/src/panicking.rs:449:19
[INFO] [stdout]   41:     0x562df3faa87e - std::panic::catch_unwind::hca7ca6c55b2a2e26
[INFO] [stdout]                                at /rustc/1b7dd2252b99671ce5d1cb9664c5f8636329436d/library/std/src/panic.rs:140:14
[INFO] [stdout]   42:     0x562df3faa87e - std::rt::lang_start_internal::h2c807a81560459eb
[INFO] [stdout]                                at /rustc/1b7dd2252b99671ce5d1cb9664c5f8636329436d/library/std/src/rt.rs:148:20
[INFO] [stdout]   43:     0x562df3b3dbea - std::rt::lang_start::h8e7c11f9def48035
[INFO] [stdout]                                at /rustc/1b7dd2252b99671ce5d1cb9664c5f8636329436d/library/std/src/rt.rs:165:17
[INFO] [stdout]   44:     0x562df3b3188e - main
[INFO] [stdout]   45:     0x7f6ca4326d90 - <unknown>
[INFO] [stdout]   46:     0x7f6ca4326e40 - __libc_start_main
[INFO] [stdout]   47:     0x562df3a96545 - _start
[INFO] [stdout]   48:                0x0 - <unknown>
[INFO] [stdout] thread caused non-unwinding panic. aborting.
[INFO] [stdout] ```
[INFO] [stdout] ```
[INFO] [stdout] command=`"/opt/rustwide/target/debug/hdr10plus_tool" "plot" "assets/hevc_tests/regular_metadata.json" "--output" "/tmp/.tmpSM1LXe/L1_plot.png"`
[INFO] [stdout] code=<interrupted>
[INFO] [stdout] stdout=```
[INFO] [stdout] Parsing JSON file...
[INFO] [stdout] Plotting...
[INFO] [stdout] ```
[INFO] [stdout] 
[INFO] [stdout] stderr=<189 lines total>
[INFO] [stdout] ```
[INFO] [stdout] thread \'main\' panicked at \'misaligned pointer dereference: address must be a multiple of 0x8 but is 0x7f6ca3afe1d6\', /opt/rustwide/cargo-home/git/checkouts/plotters-514b572fd2567842/acf5158/plotters-bitmap/src/bitmap_pixel/rgb.rs:215:29
[INFO] [stdout] stack backtrace:
[INFO] [stdout]    0:     0x562df3fb2cca - std::backtrace_rs::backtrace::libunwind::trace::h2f05d0192276a8f6
[INFO] [stdout]                                at /rustc/1b7dd2252b99671ce5d1cb9664c5f8636329436d/library/std/src/../../backtrace/src/backtrace/libunwind.rs:93:5
[INFO] [stdout]    1:     0x562df3fb2cca - std::backtrace_rs::backtrace::trace_unsynchronized::hedc23dff7a1af150
[INFO] [stdout]                                at /rustc/1b7dd2252b99671ce5d1cb9664c5f8636329436d/library/std/src/../../backtrace/src/backtrace/mod.rs:66:5
[INFO] [stdout]    2:     0x562df3fb2cca - std::sys_common::backtrace::_print_fmt::h17541ef7592f3ce2
[INFO] [stdout]                                at /rustc/1b7dd2252b99671ce5d1cb9664c5f8636329436d/library/std/src/sys_common/backtrace.rs:65:5
[INFO] [stdout]    3:     0x562df3fb2cca - <std::sys_common::backtrace::_print::DisplayBacktrace as core::fmt::Display>::fmt::h20f75df5ab0c0792
[INFO] [stdout]                                at /rustc/1b7dd2252b99671ce5d1cb9664c5f8636329436d/library/std/src/sys_common/backtrace.rs:44:22
[INFO] [stdout]    4:     0x562df3fd3f1f - core::fmt::write::h78109e6f466b3af6
[INFO] [stdout]                                at /rustc/1b7dd2252b99671ce5d1cb9664c5f8636329436d/library/core/src/fmt/mod.rs:1254:17
[INFO] [stdout]    5:     0x562df3fb0115 - std::io::Write::write_fmt::hc59e1b02dd273c8a
[INFO] [stdout]                                at /rustc/1b7dd2252b99671ce5d1cb9664c5f8636329436d/library/std/src/io/mod.rs:1698:15
[INFO] [stdout]    6:     0x562df3fb2a95 - std::sys_common::backtrace::_print::h8dac57a9f8fbf9a5
[INFO] [stdout]                                at /rustc/1b7dd2252b99671ce5d1cb9664c5f8636329436d/library/std/src/sys_common/backtrace.rs:47:5
[INFO] [stdout]    7:     0x562df3fb2a95 - std::sys_common::backtrace::print::hf9ecbf41d1aa712f
[INFO] [stdout]                                at /rustc/1b7dd2252b99671ce5d1cb9664c5f8636329436d/library/std/src/sys_common/backtrace.rs:34:9
[INFO] [stdout]    8:     0x562df3fb401e - std::panicking::default_hook::{{closure}}::h04c07acfc84ca028
[INFO] [stdout]                                at /rustc/1b7dd2252b99671ce5d1cb9664c5f8636329436d/library/std/src/panicking.rs:269:22
[INFO] [stdout] ```
[INFO] [stdout] <129 lines omitted>
[INFO] [stdout] ```
[INFO] [stdout]   27:     0x562df3b17e88 - plotters::chart::context::ChartContext<DB,CT>::draw_series::h3ab4a55c767ac00a
[INFO] [stdout]                                at /opt/rustwide/cargo-home/git/checkouts/plotters-514b572fd2567842/acf5158/plotters/src/chart/context.rs:131:9
[INFO] [stdout]   28:     0x562df3b04d6b - hdr10plus_tool::commands::plot::Plotter::draw_brightness_series::ha3191a4af2cf9906
[INFO] [stdout]                                at /opt/rustwide/workdir/src/commands/plot.rs:181:9
[INFO] [stdout]   29:     0x562df3b02f7f - hdr10plus_tool::commands::plot::Plotter::plot::h8b0a466011f97169
[INFO] [stdout]                                at /opt/rustwide/workdir/src/commands/plot.rs:100:9
[INFO] [stdout]   30:     0x562df3b308f1 - hdr10plus_tool::main::hcc7f6ee0dca48573
[INFO] [stdout]                                at /opt/rustwide/workdir/src/main.rs:47:32
[INFO] [stdout]   31:     0x562df3b32e5b - core::ops::function::FnOnce::call_once::hf7a2c5bc96795bd2
[INFO] [stdout]                                at /rustc/1b7dd2252b99671ce5d1cb9664c5f8636329436d/library/core/src/ops/function.rs:250:5
[INFO] [stdout]   32:     0x562df3ad4b3e - std::sys_common::backtrace::__rust_begin_short_backtrace::hf755bf69b8520446
[INFO] [stdout]                                at /rustc/1b7dd2252b99671ce5d1cb9664c5f8636329436d/library/std/src/sys_common/backtrace.rs:134:18
[INFO] [stdout]   33:     0x562df3b3dc11 - std::rt::lang_start::{{closure}}::h567a91d4bac76bfd
[INFO] [stdout]                                at /rustc/1b7dd2252b99671ce5d1cb9664c5f8636329436d/library/std/src/rt.rs:166:18
[INFO] [stdout]   34:     0x562df3faa87e - core::ops::function::impls::<impl core::ops::function::FnOnce<A> for &F>::call_once::h2eb19b8ce4148df4
[INFO] [stdout]                                at /rustc/1b7dd2252b99671ce5d1cb9664c5f8636329436d/library/core/src/ops/function.rs:287:13
[INFO] [stdout]   35:     0x562df3faa87e - std::panicking::try::do_call::h2e900feff5d504c5
[INFO] [stdout]                                at /rustc/1b7dd2252b99671ce5d1cb9664c5f8636329436d/library/std/src/panicking.rs:485:40
[INFO] [stdout]   36:     0x562df3faa87e - std::panicking::try::h8854836cb85aa9f2
[INFO] [stdout]                                at /rustc/1b7dd2252b99671ce5d1cb9664c5f8636329436d/library/std/src/panicking.rs:449:19
[INFO] [stdout]   37:     0x562df3faa87e - std::panic::catch_unwind::h706025dd4c48f64b
[INFO] [stdout]                                at /rustc/1b7dd2252b99671ce5d1cb9664c5f8636329436d/library/std/src/panic.rs:140:14
[INFO] [stdout]   38:     0x562df3faa87e - std::rt::lang_start_internal::{{closure}}::h7be5b97f4a07a91a
[INFO] [stdout]                                at /rustc/1b7dd2252b99671ce5d1cb9664c5f8636329436d/library/std/src/rt.rs:148:48
[INFO] [stdout]   39:     0x562df3faa87e - std::panicking::try::do_call::h59847e9d0a176965
[INFO] [stdout]                                at /rustc/1b7dd2252b99671ce5d1cb9664c5f8636329436d/library/std/src/panicking.rs:485:40
[INFO] [stdout]   40:     0x562df3faa87e - std::panicking::try::h399a918ba8522823
[INFO] [stdout]                                at /rustc/1b7dd2252b99671ce5d1cb9664c5f8636329436d/library/std/src/panicking.rs:449:19
[INFO] [stdout]   41:     0x562df3faa87e - std::panic::catch_unwind::hca7ca6c55b2a2e26
[INFO] [stdout]                                at /rustc/1b7dd2252b99671ce5d1cb9664c5f8636329436d/library/std/src/panic.rs:140:14
[INFO] [stdout]   42:     0x562df3faa87e - std::rt::lang_start_internal::h2c807a81560459eb
[INFO] [stdout]                                at /rustc/1b7dd2252b99671ce5d1cb9664c5f8636329436d/library/std/src/rt.rs:148:20
[INFO] [stdout]   43:     0x562df3b3dbea - std::rt::lang_start::h8e7c11f9def48035
[INFO] [stdout]                                at /rustc/1b7dd2252b99671ce5d1cb9664c5f8636329436d/library/std/src/rt.rs:165:17
[INFO] [stdout]   44:     0x562df3b3188e - main
[INFO] [stdout]   45:     0x7f6ca4326d90 - <unknown>
[INFO] [stdout]   46:     0x7f6ca4326e40 - __libc_start_main
[INFO] [stdout]   47:     0x562df3a96545 - _start
[INFO] [stdout]   48:                0x0 - <unknown>
[INFO] [stdout] thread caused non-unwinding panic. aborting.
[INFO] [stdout] ```
[INFO] [stdout] 
[INFO] [stdout] ', /rustc/1b7dd2252b99671ce5d1cb9664c5f8636329436d/library/core/src/ops/function.rs:250:5
[INFO] [stdout] stack backtrace:
[INFO] [stdout]    0:     0x5586de53652a - std::backtrace_rs::backtrace::libunwind::trace::h2f05d0192276a8f6
[INFO] [stdout]                                at /rustc/1b7dd2252b99671ce5d1cb9664c5f8636329436d/library/std/src/../../backtrace/src/backtrace/libunwind.rs:93:5
[INFO] [stdout]    1:     0x5586de53652a - std::backtrace_rs::backtrace::trace_unsynchronized::hedc23dff7a1af150
[INFO] [stdout]                                at /rustc/1b7dd2252b99671ce5d1cb9664c5f8636329436d/library/std/src/../../backtrace/src/backtrace/mod.rs:66:5
[INFO] [stdout]    2:     0x5586de53652a - std::sys_common::backtrace::_print_fmt::h17541ef7592f3ce2
[INFO] [stdout]                                at /rustc/1b7dd2252b99671ce5d1cb9664c5f8636329436d/library/std/src/sys_common/backtrace.rs:65:5
[INFO] [stdout]    3:     0x5586de53652a - <std::sys_common::backtrace::_print::DisplayBacktrace as core::fmt::Display>::fmt::h20f75df5ab0c0792
[INFO] [stdout]                                at /rustc/1b7dd2252b99671ce5d1cb9664c5f8636329436d/library/std/src/sys_common/backtrace.rs:44:22
[INFO] [stdout]    4:     0x5586de55b9bf - core::fmt::write::h78109e6f466b3af6
[INFO] [stdout]                                at /rustc/1b7dd2252b99671ce5d1cb9664c5f8636329436d/library/core/src/fmt/mod.rs:1254:17
[INFO] [stdout]    5:     0x5586de5331e5 - std::io::Write::write_fmt::hd24bfb68a1b35a25
[INFO] [stdout]                                at /rustc/1b7dd2252b99671ce5d1cb9664c5f8636329436d/library/std/src/io/mod.rs:1698:15
[INFO] [stdout]    6:     0x5586de5362f5 - std::sys_common::backtrace::_print::h8dac57a9f8fbf9a5
[INFO] [stdout]                                at /rustc/1b7dd2252b99671ce5d1cb9664c5f8636329436d/library/std/src/sys_common/backtrace.rs:47:5
[INFO] [stdout]    7:     0x5586de5362f5 - std::sys_common::backtrace::print::hf9ecbf41d1aa712f
[INFO] [stdout]                                at /rustc/1b7dd2252b99671ce5d1cb9664c5f8636329436d/library/std/src/sys_common/backtrace.rs:34:9
[INFO] [stdout]    8:     0x5586de53802e - std::panicking::default_hook::{{closure}}::h04c07acfc84ca028
[INFO] [stdout]                                at /rustc/1b7dd2252b99671ce5d1cb9664c5f8636329436d/library/std/src/panicking.rs:269:22
[INFO] [stdout]    9:     0x5586de537d61 - std::panicking::default_hook::h01f6bb23e1eceb2c
[INFO] [stdout]                                at /rustc/1b7dd2252b99671ce5d1cb9664c5f8636329436d/library/std/src/panicking.rs:285:9
[INFO] [stdout]   10:     0x5586de471c7b - <alloc::boxed::Box<F,A> as core::ops::function::Fn<Args>>::call::h87fe9f7b2fd49e4c
[INFO] [stdout]                                at /rustc/1b7dd2252b99671ce5d1cb9664c5f8636329436d/library/alloc/src/boxed.rs:1987:9
[INFO] [stdout]   11:     0x5586de471c7b - test::test_main::{{closure}}::he94d679243a7531b
[INFO] [stdout]                                at /rustc/1b7dd2252b99671ce5d1cb9664c5f8636329436d/library/test/src/lib.rs:134:21
[INFO] [stdout]   12:     0x5586de538714 - <alloc::boxed::Box<F,A> as core::ops::function::Fn<Args>>::call::h3f2d6d8b14c4769f
[INFO] [stdout]                                at /rustc/1b7dd2252b99671ce5d1cb9664c5f8636329436d/library/alloc/src/boxed.rs:1987:9
[INFO] [stdout]   13:     0x5586de538714 - std::panicking::rust_panic_with_hook::h2bb3722bbaf2f6df
[INFO] [stdout]                                at /rustc/1b7dd2252b99671ce5d1cb9664c5f8636329436d/library/std/src/panicking.rs:695:13
[INFO] [stdout]   14:     0x5586de538489 - std::panicking::begin_panic_handler::{{closure}}::h91bc7f36a4be011b
[INFO] [stdout]                                at /rustc/1b7dd2252b99671ce5d1cb9664c5f8636329436d/library/std/src/panicking.rs:582:13
[INFO] [stdout]   15:     0x5586de536996 - std::sys_common::backtrace::__rust_end_short_backtrace::h8b3d3717114f9e59
[INFO] [stdout]                                at /rustc/1b7dd2252b99671ce5d1cb9664c5f8636329436d/library/std/src/sys_common/backtrace.rs:150:18
[INFO] [stdout]   16:     0x5586de5381e2 - rust_begin_unwind
[INFO] [stdout]                                at /rustc/1b7dd2252b99671ce5d1cb9664c5f8636329436d/library/std/src/panicking.rs:578:5
[INFO] [stdout]   17:     0x5586de3f6383 - core::panicking::panic_fmt::hfd368e3fbdabea26
[INFO] [stdout]                                at /rustc/1b7dd2252b99671ce5d1cb9664c5f8636329436d/library/core/src/panicking.rs:67:14
[INFO] [stdout]   18:     0x5586de4c57ff - core::panicking::panic_display::hff844dd8faf22ebb
[INFO] [stdout]                                at /rustc/1b7dd2252b99671ce5d1cb9664c5f8636329436d/library/core/src/panicking.rs:150:5
[INFO] [stdout]   19:     0x5586de4c2c97 - assert_cmd::assert::AssertError::panic::h8148a97b8473a3fe
[INFO] [stdout]                                at /opt/rustwide/cargo-home/registry/src/index.crates.io-6f17d22bba15001f/assert_cmd-2.0.8/src/assert.rs:1036:9
[INFO] [stdout]   20:     0x5586de4c3427 - core::ops::function::FnOnce::call_once::hb72caa8046d2790e
[INFO] [stdout]                                at /rustc/1b7dd2252b99671ce5d1cb9664c5f8636329436d/library/core/src/ops/function.rs:250:5
[INFO] [stdout]   21:     0x5586de4c0a30 - core::result::Result<T,E>::unwrap_or_else::h8bb631a0afb84a16
[INFO] [stdout]                                at /rustc/1b7dd2252b99671ce5d1cb9664c5f8636329436d/library/core/src/result.rs:1464:23
[INFO] [stdout]   22:     0x5586de4c22ba - assert_cmd::assert::Assert::success::h2d104a03d44969fe
[INFO] [stdout]                                at /opt/rustwide/cargo-home/registry/src/index.crates.io-6f17d22bba15001f/assert_cmd-2.0.8/src/assert.rs:156:9
[INFO] [stdout]   23:     0x5586de43bebd - mod::metadata::plot::plot_p7::hb4ecc2f672c31ba6
[INFO] [stdout]                                at /opt/rustwide/workdir/tests/metadata/plot.rs:39:5
[INFO] [stdout]   24:     0x5586de43bba7 - mod::metadata::plot::plot_p7::{{closure}}::h44bd7d476372c412
[INFO] [stdout]                                at /opt/rustwide/workdir/tests/metadata/plot.rs:25:17
[INFO] [stdout]   25:     0x5586de439a75 - core::ops::function::FnOnce::call_once::h146535b95d23369d
[INFO] [stdout]                                at /rustc/1b7dd2252b99671ce5d1cb9664c5f8636329436d/library/core/src/ops/function.rs:250:5
[INFO] [stdout]   26:     0x5586de476b4f - core::ops::function::FnOnce::call_once::ha6a70e79f7481a7e
[INFO] [stdout]                                at /rustc/1b7dd2252b99671ce5d1cb9664c5f8636329436d/library/core/src/ops/function.rs:250:5
[INFO] [stdout]   27:     0x5586de476b4f - test::__rust_begin_short_backtrace::hce33033019b61e69
[INFO] [stdout]                                at /rustc/1b7dd2252b99671ce5d1cb9664c5f8636329436d/library/test/src/lib.rs:655:18
[INFO] [stdout]   28:     0x5586de44433c - test::run_test::{{closure}}::h858d3528838ae3e5
[INFO] [stdout]                                at /rustc/1b7dd2252b99671ce5d1cb9664c5f8636329436d/library/test/src/lib.rs:646:30
[INFO] [stdout]   29:     0x5586de44433c - core::ops::function::FnOnce::call_once{{vtable.shim}}::he8ac2b00f01ae79e
[INFO] [stdout]                                at /rustc/1b7dd2252b99671ce5d1cb9664c5f8636329436d/library/core/src/ops/function.rs:250:5
[INFO] [stdout]   30:     0x5586de475c26 - <alloc::boxed::Box<F,A> as core::ops::function::FnOnce<Args>>::call_once::h8093d25b522725ef
[INFO] [stdout]                                at /rustc/1b7dd2252b99671ce5d1cb9664c5f8636329436d/library/alloc/src/boxed.rs:1973:9
[INFO] [stdout]   31:     0x5586de475c26 - <core::panic::unwind_safe::AssertUnwindSafe<F> as core::ops::function::FnOnce<()>>::call_once::h5c334c204e4a3913
[INFO] [stdout]                                at /rustc/1b7dd2252b99671ce5d1cb9664c5f8636329436d/library/core/src/panic/unwind_safe.rs:271:9
[INFO] [stdout]   32:     0x5586de475c26 - std::panicking::try::do_call::ha8b740c7b9478074
[INFO] [stdout]                                at /rustc/1b7dd2252b99671ce5d1cb9664c5f8636329436d/library/std/src/panicking.rs:485:40
[INFO] [stdout]   33:     0x5586de475c26 - std::panicking::try::h5d34f63d0e41b64e
[INFO] [stdout]                                at /rustc/1b7dd2252b99671ce5d1cb9664c5f8636329436d/library/std/src/panicking.rs:449:19
[INFO] [stdout]   34:     0x5586de475c26 - std::panic::catch_unwind::hcfbb511e1aa7fc67
[INFO] [stdout]                                at /rustc/1b7dd2252b99671ce5d1cb9664c5f8636329436d/library/std/src/panic.rs:140:14
[INFO] [stdout]   35:     0x5586de475c26 - test::run_test_in_process::h9abda90f802eaf21
[INFO] [stdout]                                at /rustc/1b7dd2252b99671ce5d1cb9664c5f8636329436d/library/test/src/lib.rs:678:27
[INFO] [stdout]   36:     0x5586de475c26 - test::run_test::run_test_inner::{{closure}}::h0f058de91f6c6edf
[INFO] [stdout]                                at /rustc/1b7dd2252b99671ce5d1cb9664c5f8636329436d/library/test/src/lib.rs:572:39
[INFO] [stdout]   37:     0x5586de43eb45 - test::run_test::run_test_inner::{{closure}}::h5ca48a4c59c6c1fb
[INFO] [stdout]                                at /rustc/1b7dd2252b99671ce5d1cb9664c5f8636329436d/library/test/src/lib.rs:599:37
[INFO] [stdout]   38:     0x5586de43eb45 - std::sys_common::backtrace::__rust_begin_short_backtrace::h32bd51e1495d4a33
[INFO] [stdout]                                at /rustc/1b7dd2252b99671ce5d1cb9664c5f8636329436d/library/std/src/sys_common/backtrace.rs:134:18
[INFO] [stdout]   39:     0x5586de444081 - std::thread::Builder::spawn_unchecked_::{{closure}}::{{closure}}::hc086fae9b128b2db
[INFO] [stdout]                                at /rustc/1b7dd2252b99671ce5d1cb9664c5f8636329436d/library/std/src/thread/mod.rs:526:17
[INFO] [stdout]   40:     0x5586de444081 - <core::panic::unwind_safe::AssertUnwindSafe<F> as core::ops::function::FnOnce<()>>::call_once::hb66571888d270d43
[INFO] [stdout]                                at /rustc/1b7dd2252b99671ce5d1cb9664c5f8636329436d/library/core/src/panic/unwind_safe.rs:271:9
[INFO] [stdout]   41:     0x5586de444081 - std::panicking::try::do_call::h4fa2ef4f6e51fecf
[INFO] [stdout]                                at /rustc/1b7dd2252b99671ce5d1cb9664c5f8636329436d/library/std/src/panicking.rs:485:40
[INFO] [stdout]   42:     0x5586de444081 - std::panicking::try::h1e9e22b8584489b5
[INFO] [stdout]                                at /rustc/1b7dd2252b99671ce5d1cb9664c5f8636329436d/library/std/src/panicking.rs:449:19
[INFO] [stdout]   43:     0x5586de444081 - std::panic::catch_unwind::h44698a3de0e0769e
[INFO] [stdout]                                at /rustc/1b7dd2252b99671ce5d1cb9664c5f8636329436d/library/std/src/panic.rs:140:14
[INFO] [stdout]   44:     0x5586de444081 - std::thread::Builder::spawn_unchecked_::{{closure}}::h50153abde3fe239e
[INFO] [stdout]                                at /rustc/1b7dd2252b99671ce5d1cb9664c5f8636329436d/library/std/src/thread/mod.rs:525:30
[INFO] [stdout]   45:     0x5586de444081 - core::ops::function::FnOnce::call_once{{vtable.shim}}::hbe5bbf6f38394364
[INFO] [stdout]                                at /rustc/1b7dd2252b99671ce5d1cb9664c5f8636329436d/library/core/src/ops/function.rs:250:5
[INFO] [stdout]   46:     0x5586de53dd25 - <alloc::boxed::Box<F,A> as core::ops::function::FnOnce<Args>>::call_once::h0d83cb2920a49046
[INFO] [stdout]                                at /rustc/1b7dd2252b99671ce5d1cb9664c5f8636329436d/library/alloc/src/boxed.rs:1973:9
[INFO] [stdout]   47:     0x5586de53dd25 - <alloc::boxed::Box<F,A> as core::ops::function::FnOnce<Args>>::call_once::hbe0a008aa7d9ef59
[INFO] [stdout]                                at /rustc/1b7dd2252b99671ce5d1cb9664c5f8636329436d/library/alloc/src/boxed.rs:1973:9
[INFO] [stdout]   48:     0x5586de53dd25 - std::sys::unix::thread::Thread::new::thread_start::h3a466996bdf6b1f9
[INFO] [stdout]                                at /rustc/1b7dd2252b99671ce5d1cb9664c5f8636329436d/library/std/src/sys/unix/thread.rs:108:17
[INFO] [stdout]   49:     0x7fdfc6960b43 - <unknown>
[INFO] [stdout]   50:     0x7fdfc69f1bb4 - __clone
[INFO] [stdout]   51:                0x0 - <unknown>
[INFO] [stdout] 
[INFO] [stdout] 
[INFO] [stdout] failures:
[INFO] [stdout]     metadata::plot::plot_p7
[INFO] [stdout] 
[INFO] [stdout] test result: FAILED. 79 passed; 1 failed; 0 ignored; 0 measured; 0 filtered out; finished in 0.74s
[INFO] [stdout] 
[INFO] [stderr] error: test failed, to rerun pass `--test mod`
[INFO] running `Command { std: "docker" "inspect" "19979640f6c74917028a12e526f7175c301970dd09acd473cf401ef1865380df", kill_on_drop: false }`
[INFO] running `Command { std: "docker" "rm" "-f" "19979640f6c74917028a12e526f7175c301970dd09acd473cf401ef1865380df", kill_on_drop: false }`
[INFO] [stdout] 19979640f6c74917028a12e526f7175c301970dd09acd473cf401ef1865380df
