[INFO] cloning repository https://github.com/pianohacker/fakenet
[INFO] running `Command { std: "git" "-c" "credential.helper=" "-c" "credential.helper=/workspace/cargo-home/bin/git-credential-null" "clone" "--bare" "https://github.com/pianohacker/fakenet" "/workspace/cache/git-repos/https%3A%2F%2Fgithub.com%2Fpianohacker%2Ffakenet", kill_on_drop: false }`
[INFO] [stderr] Cloning into bare repository '/workspace/cache/git-repos/https%3A%2F%2Fgithub.com%2Fpianohacker%2Ffakenet'...
[INFO] running `Command { std: "git" "rev-parse" "HEAD", kill_on_drop: false }`
[INFO] [stdout] 301522eca4635b034bad225e152c098196817301
[INFO] testing pianohacker/fakenet against beta-2023-04-20 for beta-1.70-1
[INFO] running `Command { std: "git" "clone" "/workspace/cache/git-repos/https%3A%2F%2Fgithub.com%2Fpianohacker%2Ffakenet" "/workspace/builds/worker-7-tc2/source", kill_on_drop: false }`
[INFO] [stderr] Cloning into '/workspace/builds/worker-7-tc2/source'...
[INFO] [stderr] done.
[INFO] validating manifest of git repo https://github.com/pianohacker/fakenet on toolchain beta-2023-04-20
[INFO] running `Command { std: CARGO_HOME="/workspace/cargo-home" RUSTUP_HOME="/workspace/rustup-home" "/workspace/cargo-home/bin/cargo" "+beta-2023-04-20" "metadata" "--manifest-path" "Cargo.toml" "--no-deps", kill_on_drop: false }`
[INFO] started tweaking git repo https://github.com/pianohacker/fakenet
[INFO] finished tweaking git repo https://github.com/pianohacker/fakenet
[INFO] tweaked toml for git repo https://github.com/pianohacker/fakenet written to /workspace/builds/worker-7-tc2/source/Cargo.toml
[INFO] crate git repo https://github.com/pianohacker/fakenet already has a lockfile, it will not be regenerated
[INFO] running `Command { std: CARGO_HOME="/workspace/cargo-home" RUSTUP_HOME="/workspace/rustup-home" "/workspace/cargo-home/bin/cargo" "+beta-2023-04-20" "fetch" "--manifest-path" "Cargo.toml", kill_on_drop: false }`
[INFO] [stderr]     Updating crates.io index
[INFO] [stderr]  Downloading crates ...
[INFO] [stderr]   Downloaded ntest_proc_macro_helper v0.7.3
[INFO] [stderr]   Downloaded ntest v0.7.3
[INFO] [stderr]   Downloaded ntest_test_cases v0.7.3
[INFO] [stderr]   Downloaded ouroboros v0.9.5
[INFO] [stderr]   Downloaded nix v0.21.0
[INFO] [stderr]   Downloaded ouroboros_macro v0.9.5
[INFO] [stderr]   Downloaded ntest_timeout v0.7.3
[INFO] running `Command { std: "docker" "create" "-v" "/var/lib/crater-agent-workspace/builds/worker-7-tc2/target:/opt/rustwide/target:rw,Z" "-v" "/var/lib/crater-agent-workspace/builds/worker-7-tc2/source:/opt/rustwide/workdir:ro,Z" "-v" "/var/lib/crater-agent-workspace/cargo-home:/opt/rustwide/cargo-home:ro,Z" "-v" "/var/lib/crater-agent-workspace/rustup-home:/opt/rustwide/rustup-home:ro,Z" "-e" "SOURCE_DIR=/opt/rustwide/workdir" "-e" "CARGO_TARGET_DIR=/opt/rustwide/target" "-e" "CARGO_HOME=/opt/rustwide/cargo-home" "-e" "RUSTUP_HOME=/opt/rustwide/rustup-home" "-w" "/opt/rustwide/workdir" "-m" "1610612736" "--user" "0:0" "--network" "none" "ghcr.io/rust-lang/crates-build-env/linux@sha256:5ff2268d62e97bff2cde7d5815dd6ed5b47097566f13b8d0ca110b04b60e07ed" "/opt/rustwide/cargo-home/bin/cargo" "+beta-2023-04-20" "metadata" "--no-deps" "--format-version=1", kill_on_drop: false }`
[INFO] [stdout] 71207fe2b2a409e5e3c24f50eb177aa7d3f71d5aa5334349830cd747be820f12
[INFO] running `Command { std: "docker" "start" "-a" "71207fe2b2a409e5e3c24f50eb177aa7d3f71d5aa5334349830cd747be820f12", kill_on_drop: false }`
[INFO] running `Command { std: "docker" "inspect" "71207fe2b2a409e5e3c24f50eb177aa7d3f71d5aa5334349830cd747be820f12", kill_on_drop: false }`
[INFO] running `Command { std: "docker" "rm" "-f" "71207fe2b2a409e5e3c24f50eb177aa7d3f71d5aa5334349830cd747be820f12", kill_on_drop: false }`
[INFO] [stdout] 71207fe2b2a409e5e3c24f50eb177aa7d3f71d5aa5334349830cd747be820f12
[INFO] running `Command { std: "docker" "create" "-v" "/var/lib/crater-agent-workspace/builds/worker-7-tc2/target:/opt/rustwide/target:rw,Z" "-v" "/var/lib/crater-agent-workspace/builds/worker-7-tc2/source:/opt/rustwide/workdir:ro,Z" "-v" "/var/lib/crater-agent-workspace/cargo-home:/opt/rustwide/cargo-home:ro,Z" "-v" "/var/lib/crater-agent-workspace/rustup-home:/opt/rustwide/rustup-home:ro,Z" "-e" "SOURCE_DIR=/opt/rustwide/workdir" "-e" "CARGO_TARGET_DIR=/opt/rustwide/target" "-e" "CARGO_INCREMENTAL=0" "-e" "RUST_BACKTRACE=full" "-e" "RUSTFLAGS=--cap-lints=warn" "-e" "RUSTDOCFLAGS=--cap-lints=warn" "-e" "CARGO_HOME=/opt/rustwide/cargo-home" "-e" "RUSTUP_HOME=/opt/rustwide/rustup-home" "-w" "/opt/rustwide/workdir" "-m" "1610612736" "--user" "0:0" "--network" "none" "ghcr.io/rust-lang/crates-build-env/linux@sha256:5ff2268d62e97bff2cde7d5815dd6ed5b47097566f13b8d0ca110b04b60e07ed" "/opt/rustwide/cargo-home/bin/cargo" "+beta-2023-04-20" "build" "--frozen" "--message-format=json", kill_on_drop: false }`
[INFO] [stdout] 845bfe8e207d6120806fe4507be89564e120059cbe1007e0e3f45d667a641a48
[INFO] running `Command { std: "docker" "start" "-a" "845bfe8e207d6120806fe4507be89564e120059cbe1007e0e3f45d667a641a48", kill_on_drop: false }`
[INFO] [stderr]    Compiling proc-macro2 v1.0.27
[INFO] [stderr]    Compiling version_check v0.9.3
[INFO] [stderr]    Compiling syn v1.0.73
[INFO] [stderr]    Compiling libc v0.2.97
[INFO] [stderr]    Compiling crossbeam-utils v0.8.5
[INFO] [stderr]    Compiling lazy_static v1.4.0
[INFO] [stderr]    Compiling bitflags v1.2.1
[INFO] [stderr]    Compiling serde_derive v1.0.126
[INFO] [stderr]    Compiling ryu v1.0.5
[INFO] [stderr]    Compiling crossbeam-epoch v0.9.5
[INFO] [stderr]    Compiling radium v0.5.3
[INFO] [stderr]    Compiling serde v1.0.126
[INFO] [stderr]    Compiling memchr v2.3.4
[INFO] [stderr]    Compiling memoffset v0.6.4
[INFO] [stderr]    Compiling scopeguard v1.1.0
[INFO] [stderr]    Compiling crossbeam-queue v0.3.2
[INFO] [stderr]    Compiling wyz v0.2.0
[INFO] [stderr]    Compiling serde_json v1.0.64
[INFO] [stderr]    Compiling Inflector v0.11.4
[INFO] [stderr]    Compiling funty v1.1.0
[INFO] [stderr]    Compiling anyhow v1.0.41
[INFO] [stderr]    Compiling tap v1.0.1
[INFO] [stderr]    Compiling proc-macro-error-attr v1.0.4
[INFO] [stderr]    Compiling proc-macro-error v1.0.4
[INFO] [stderr]    Compiling nom v6.2.1
[INFO] [stderr]    Compiling ppv-lite86 v0.2.10
[INFO] [stderr]    Compiling stable_deref_trait v1.2.0
[INFO] [stderr]    Compiling itoa v0.4.7
[INFO] [stderr]    Compiling byteorder v1.4.3
[INFO] [stderr]    Compiling crossbeam-channel v0.5.1
[INFO] [stderr]    Compiling lexical-core v0.7.6
[INFO] [stderr]    Compiling quote v1.0.9
[INFO] [stderr]    Compiling bitvec v0.19.5
[INFO] [stderr]    Compiling crossbeam-deque v0.8.0
[INFO] [stderr]    Compiling crossbeam v0.8.1
[INFO] [stderr]    Compiling getrandom v0.2.3
[INFO] [stderr]    Compiling nix v0.21.0
[INFO] [stderr]    Compiling rand_core v0.6.3
[INFO] [stderr]    Compiling rand_chacha v0.3.1
[INFO] [stderr]    Compiling rand v0.8.4
[INFO] [stderr]    Compiling ouroboros_macro v0.9.5
[INFO] [stderr]    Compiling ouroboros v0.9.5
[INFO] [stderr]    Compiling toml v0.5.8
[INFO] [stderr]    Compiling fakenet v0.1.0 (/opt/rustwide/workdir)
[INFO] [stdout] warning: method `pop` is never used
[INFO] [stdout]   --> src/delay_queue.rs:31:12
[INFO] [stdout]    |
[INFO] [stdout] 9  | impl<T> DelayQueue<T> {
[INFO] [stdout]    | --------------------- method in this implementation
[INFO] [stdout] ...
[INFO] [stdout] 31 |     pub fn pop(&mut self) -> Option<T>
[INFO] [stdout]    |            ^^^
[INFO] [stdout]    |
[INFO] [stdout]    = note: `#[warn(dead_code)]` on by default
[INFO] [stdout] 
[INFO] [stdout] 
[INFO] [stdout] warning: methods `traffic_class` and `flow_label` are never used
[INFO] [stdout]    --> src/protocols/ipv6/packet.rs:325:12
[INFO] [stdout]     |
[INFO] [stdout] 324 | impl PacketBuilder {
[INFO] [stdout]     | ------------------ methods in this implementation
[INFO] [stdout] 325 |     pub fn traffic_class(self, traffic_class: u8) -> Self {
[INFO] [stdout]     |            ^^^^^^^^^^^^^
[INFO] [stdout] ...
[INFO] [stdout] 332 |     pub fn flow_label(self, flow_label: u32) -> Self {
[INFO] [stdout]     |            ^^^^^^^^^^
[INFO] [stdout] 
[INFO] [stdout] 
[INFO] [stdout] warning: 2 warnings emitted
[INFO] [stdout] 
[INFO] [stdout] 
[INFO] [stderr]     Finished dev [unoptimized + debuginfo] target(s) in 14.79s
[INFO] [stderr] warning: the following packages contain code that will be rejected by a future version of Rust: nom v6.2.1
[INFO] [stderr] note: to see what the problems were, use the option `--future-incompat-report`, or run `cargo report future-incompatibilities --id 1`
[INFO] running `Command { std: "docker" "inspect" "845bfe8e207d6120806fe4507be89564e120059cbe1007e0e3f45d667a641a48", kill_on_drop: false }`
[INFO] running `Command { std: "docker" "rm" "-f" "845bfe8e207d6120806fe4507be89564e120059cbe1007e0e3f45d667a641a48", kill_on_drop: false }`
[INFO] [stdout] 845bfe8e207d6120806fe4507be89564e120059cbe1007e0e3f45d667a641a48
[INFO] running `Command { std: "docker" "create" "-v" "/var/lib/crater-agent-workspace/builds/worker-7-tc2/target:/opt/rustwide/target:rw,Z" "-v" "/var/lib/crater-agent-workspace/builds/worker-7-tc2/source:/opt/rustwide/workdir:ro,Z" "-v" "/var/lib/crater-agent-workspace/cargo-home:/opt/rustwide/cargo-home:ro,Z" "-v" "/var/lib/crater-agent-workspace/rustup-home:/opt/rustwide/rustup-home:ro,Z" "-e" "SOURCE_DIR=/opt/rustwide/workdir" "-e" "CARGO_TARGET_DIR=/opt/rustwide/target" "-e" "CARGO_INCREMENTAL=0" "-e" "RUST_BACKTRACE=full" "-e" "RUSTFLAGS=--cap-lints=warn" "-e" "RUSTDOCFLAGS=--cap-lints=warn" "-e" "CARGO_HOME=/opt/rustwide/cargo-home" "-e" "RUSTUP_HOME=/opt/rustwide/rustup-home" "-w" "/opt/rustwide/workdir" "-m" "1610612736" "--user" "0:0" "--network" "none" "ghcr.io/rust-lang/crates-build-env/linux@sha256:5ff2268d62e97bff2cde7d5815dd6ed5b47097566f13b8d0ca110b04b60e07ed" "/opt/rustwide/cargo-home/bin/cargo" "+beta-2023-04-20" "test" "--frozen" "--no-run" "--message-format=json", kill_on_drop: false }`
[INFO] [stdout] 7abd9563c5fd148cba4d8d9c10fda5792b261c7c6cbce565edd97a4f6ca44760
[INFO] running `Command { std: "docker" "start" "-a" "7abd9563c5fd148cba4d8d9c10fda5792b261c7c6cbce565edd97a4f6ca44760", kill_on_drop: false }`
[INFO] [stderr]    Compiling ntest_proc_macro_helper v0.7.3
[INFO] [stderr]    Compiling ntest_test_cases v0.7.3
[INFO] [stderr]    Compiling hex v0.4.3
[INFO] [stderr]    Compiling proc-macro-crate v0.1.5
[INFO] [stderr]    Compiling ntest_timeout v0.7.3
[INFO] [stderr]    Compiling ntest v0.7.3
[INFO] [stderr]    Compiling fakenet v0.1.0 (/opt/rustwide/workdir)
[INFO] [stderr]     Finished test [unoptimized + debuginfo] target(s) in 4.01s
[INFO] [stderr] warning: the following packages contain code that will be rejected by a future version of Rust: nom v6.2.1
[INFO] [stderr] note: to see what the problems were, use the option `--future-incompat-report`, or run `cargo report future-incompatibilities --id 1`
[INFO] running `Command { std: "docker" "inspect" "7abd9563c5fd148cba4d8d9c10fda5792b261c7c6cbce565edd97a4f6ca44760", kill_on_drop: false }`
[INFO] running `Command { std: "docker" "rm" "-f" "7abd9563c5fd148cba4d8d9c10fda5792b261c7c6cbce565edd97a4f6ca44760", kill_on_drop: false }`
[INFO] [stdout] 7abd9563c5fd148cba4d8d9c10fda5792b261c7c6cbce565edd97a4f6ca44760
[INFO] running `Command { std: "docker" "create" "-v" "/var/lib/crater-agent-workspace/builds/worker-7-tc2/target:/opt/rustwide/target:rw,Z" "-v" "/var/lib/crater-agent-workspace/builds/worker-7-tc2/source:/opt/rustwide/workdir:ro,Z" "-v" "/var/lib/crater-agent-workspace/cargo-home:/opt/rustwide/cargo-home:ro,Z" "-v" "/var/lib/crater-agent-workspace/rustup-home:/opt/rustwide/rustup-home:ro,Z" "-e" "SOURCE_DIR=/opt/rustwide/workdir" "-e" "CARGO_TARGET_DIR=/opt/rustwide/target" "-e" "CARGO_INCREMENTAL=0" "-e" "RUST_BACKTRACE=full" "-e" "RUSTFLAGS=--cap-lints=warn" "-e" "RUSTDOCFLAGS=--cap-lints=warn" "-e" "CARGO_HOME=/opt/rustwide/cargo-home" "-e" "RUSTUP_HOME=/opt/rustwide/rustup-home" "-w" "/opt/rustwide/workdir" "-m" "1610612736" "--user" "0:0" "--network" "none" "ghcr.io/rust-lang/crates-build-env/linux@sha256:5ff2268d62e97bff2cde7d5815dd6ed5b47097566f13b8d0ca110b04b60e07ed" "/opt/rustwide/cargo-home/bin/cargo" "+beta-2023-04-20" "test" "--frozen", kill_on_drop: false }`
[INFO] [stdout] 39c5c31f9f4e7f47478b29e4f59c1df1d8c6d7add0a9560930cc6e83ef69807a
[INFO] running `Command { std: "docker" "start" "-a" "39c5c31f9f4e7f47478b29e4f59c1df1d8c6d7add0a9560930cc6e83ef69807a", kill_on_drop: false }`
[INFO] [stderr]     Blocking waiting for file lock on package cache
[INFO] [stderr]     Finished test [unoptimized + debuginfo] target(s) in 0.07s
[INFO] [stderr] warning: the following packages contain code that will be rejected by a future version of Rust: nom v6.2.1
[INFO] [stderr] note: to see what the problems were, use the option `--future-incompat-report`, or run `cargo report future-incompatibilities --id 1`
[INFO] [stdout] 
[INFO] [stderr]      Running unittests src/main.rs (/opt/rustwide/target/debug/deps/fakenet-9148e74f142af124)
[INFO] [stdout] running 39 tests
[INFO] [stdout] test delay_queue::tests::returns_the_next_entry ... ok
[INFO] [stdout] test delay_queue::tests::returns_the_next_entry_from_at ... ok
[INFO] [stdout] test protocols::ether::tests::frame_decodes ... ok
[INFO] [stdout] test protocols::ipv4::tests::nonzero_address_decodes ... ok
[INFO] [stdout] test protocols::ipv6::address::tests::display_abbreviates_longest_run_of_zeroes ... ok
[INFO] [stdout] test delay_queue::tests::channel_gives_time_for_next_entry ... ok
[INFO] [stdout] test protocols::ipv6::address::tests::display_abbreviates_runs_of_zeroes ... ok
[INFO] [stdout] test protocols::ipv6::address::tests::display_shows_full_addresses ... ok
[INFO] [stdout] test protocols::arp::tests::reply_packet_decodes ... ok
[INFO] [stdout] test protocols::ipv6::address::tests::combine_subnet_interface_works_on_trivial_input ... ok
[INFO] [stdout] test delay_queue::tests::select_queues_can_receive_from_normal_channel ... ok
[INFO] [stdout] test protocols::ipv4::tests::address_with_zeroes_decodes ... ok
[INFO] [stdout] test protocols::encdec::tests::round_up_to_next_preserves_multiples ... ok
[INFO] [stdout] test protocols::ipv6::address::tests::prefix_gets_exactly_the_desired_bits ... ok
[INFO] [stdout] test protocols::ipv6::address::tests::multicast_ether_dest_preserves_lowest_bits ... ok
[INFO] [stdout] test protocols::ipv6::address::tests::partial_address_parses ... ok
[INFO] [stdout] test protocols::ipv6::address::tests::into_u128_preserves_order ... ok
[INFO] [stdout] test protocols::ipv6::address::tests::from_u128_preserves_order ... ok
[INFO] [stdout] test protocols::encdec::tests::round_up_to_next_returns_multiples ... ok
[INFO] [stdout] test protocols::arp::tests::request_packet_decodes ... ok
[INFO] [stdout] test protocols::ipv6::address::tests::full_address_parses ... ok
[INFO] [stdout] test protocols::ipv6::icmpv6::tests::neighbor_solicitation_packet_decodes ... ok
[INFO] [stdout] test protocols::ipv6::icmpv6::tests::neighbor_advertisement_packet_decodes ... ok
[INFO] [stdout] test protocols::ipv6::packet::tests::basic_packet_encodes ... ok
[INFO] [stdout] test protocols::ipv6::address::tests::suffix_gets_exactly_the_desired_bits ... ok
[INFO] [stdout] test protocols::ipv6::icmpv6::tests::router_solicitation_packet_decodes ... ok
[INFO] [stdout] test protocols::ipv6::icmpv6::tests::neighbor_solicitation_packet_with_nonce_encodes ... ok
[INFO] [stdout] test protocols::ipv6::packet::tests::packet_with_hop_by_hop_options_encodes ... ok
[INFO] [stdout] test protocols::ipv6::address::tests::solicited_nodes_multicast_preserves_lowest_bits ... ok
[INFO] [stdout] test protocols::ipv6::packet::tests::packet_with_hop_by_hop_options_decodes ... ok
[INFO] [stdout] test protocols::ipv6::packet::tests::packet_with_unknown_next_header_decodes ... ok
[INFO] [stdout] test protocols::ipv6::icmpv6::tests::multicast_listener_packet_decodes ... ok
[INFO] [stdout] test protocols::ipv6::icmpv6::tests::multicast_listener_packet_encodes ... ok
[INFO] [stdout] test protocols::ipv6::icmpv6::tests::neighbor_solicitation_packet_with_nonce_decodes ... ok
[INFO] [stdout] test protocols::ipv6::address::tests::combine_subnet_interface_panics_on_overlapping_subnet_and_interface - should panic ... ok
[INFO] [stdout] test protocols::ipv6::address::tests::double_placeholder_address_does_not_parse - should panic ... ok
[INFO] [stdout] test delay_queue::tests::select_queues_unwraps_item ... FAILED
[INFO] [stdout] test protocols::ipv6::icmpv6::tests::multicast_listener_packet_with_invalid_checksum_fails_do_decode - should panic ... ok
[INFO] [stdout] test protocols::ipv6::address::tests::too_short_address_does_not_parse - should panic ... ok
[INFO] [stdout] 
[INFO] [stdout] failures:
[INFO] [stdout] 
[INFO] [stdout] ---- delay_queue::tests::select_queues_unwraps_item stdout ----
[INFO] [stdout] thread 'delay_queue::tests::select_queues_unwraps_item' panicked at 'assertion failed: `(left == right)`
[INFO] [stdout]   left: `2`,
[INFO] [stdout]  right: `1`', src/delay_queue.rs:161:36
[INFO] [stdout] stack backtrace:
[INFO] [stdout]    0:     0x55e0ec5f6f9a - std::backtrace_rs::backtrace::libunwind::trace::h2f05d0192276a8f6
[INFO] [stdout]                                at /rustc/1b7dd2252b99671ce5d1cb9664c5f8636329436d/library/std/src/../../backtrace/src/backtrace/libunwind.rs:93:5
[INFO] [stdout]    1:     0x55e0ec5f6f9a - std::backtrace_rs::backtrace::trace_unsynchronized::hedc23dff7a1af150
[INFO] [stdout]                                at /rustc/1b7dd2252b99671ce5d1cb9664c5f8636329436d/library/std/src/../../backtrace/src/backtrace/mod.rs:66:5
[INFO] [stdout]    2:     0x55e0ec5f6f9a - std::sys_common::backtrace::_print_fmt::h17541ef7592f3ce2
[INFO] [stdout]                                at /rustc/1b7dd2252b99671ce5d1cb9664c5f8636329436d/library/std/src/sys_common/backtrace.rs:65:5
[INFO] [stdout]    3:     0x55e0ec5f6f9a - <std::sys_common::backtrace::_print::DisplayBacktrace as core::fmt::Display>::fmt::h20f75df5ab0c0792
[INFO] [stdout]                                at /rustc/1b7dd2252b99671ce5d1cb9664c5f8636329436d/library/std/src/sys_common/backtrace.rs:44:22
[INFO] [stdout]    4:     0x55e0ec61b58f - core::fmt::write::h78109e6f466b3af6
[INFO] [stdout]                                at /rustc/1b7dd2252b99671ce5d1cb9664c5f8636329436d/library/core/src/fmt/mod.rs:1254:17
[INFO] [stdout]    5:     0x55e0ec5f4265 - std::io::Write::write_fmt::hd24bfb68a1b35a25
[INFO] [stdout]                                at /rustc/1b7dd2252b99671ce5d1cb9664c5f8636329436d/library/std/src/io/mod.rs:1698:15
[INFO] [stdout]    6:     0x55e0ec5f6d65 - std::sys_common::backtrace::_print::h8dac57a9f8fbf9a5
[INFO] [stdout]                                at /rustc/1b7dd2252b99671ce5d1cb9664c5f8636329436d/library/std/src/sys_common/backtrace.rs:47:5
[INFO] [stdout]    7:     0x55e0ec5f6d65 - std::sys_common::backtrace::print::hf9ecbf41d1aa712f
[INFO] [stdout]                                at /rustc/1b7dd2252b99671ce5d1cb9664c5f8636329436d/library/std/src/sys_common/backtrace.rs:34:9
[INFO] [stdout]    8:     0x55e0ec5f8a1e - std::panicking::default_hook::{{closure}}::h04c07acfc84ca028
[INFO] [stdout]                                at /rustc/1b7dd2252b99671ce5d1cb9664c5f8636329436d/library/std/src/panicking.rs:269:22
[INFO] [stdout]    9:     0x55e0ec5f8751 - std::panicking::default_hook::h01f6bb23e1eceb2c
[INFO] [stdout]                                at /rustc/1b7dd2252b99671ce5d1cb9664c5f8636329436d/library/std/src/panicking.rs:285:9
[INFO] [stdout]   10:     0x55e0ec5b4aab - <alloc::boxed::Box<F,A> as core::ops::function::Fn<Args>>::call::h87fe9f7b2fd49e4c
[INFO] [stdout]                                at /rustc/1b7dd2252b99671ce5d1cb9664c5f8636329436d/library/alloc/src/boxed.rs:1987:9
[INFO] [stdout]   11:     0x55e0ec5b4aab - test::test_main::{{closure}}::he94d679243a7531b
[INFO] [stdout]                                at /rustc/1b7dd2252b99671ce5d1cb9664c5f8636329436d/library/test/src/lib.rs:134:21
[INFO] [stdout]   12:     0x55e0ec5f9104 - <alloc::boxed::Box<F,A> as core::ops::function::Fn<Args>>::call::h3f2d6d8b14c4769f
[INFO] [stdout]                                at /rustc/1b7dd2252b99671ce5d1cb9664c5f8636329436d/library/alloc/src/boxed.rs:1987:9
[INFO] [stdout]   13:     0x55e0ec5f9104 - std::panicking::rust_panic_with_hook::h2bb3722bbaf2f6df
[INFO] [stdout]                                at /rustc/1b7dd2252b99671ce5d1cb9664c5f8636329436d/library/std/src/panicking.rs:695:13
[INFO] [stdout]   14:     0x55e0ec5f8e79 - std::panicking::begin_panic_handler::{{closure}}::h91bc7f36a4be011b
[INFO] [stdout]                                at /rustc/1b7dd2252b99671ce5d1cb9664c5f8636329436d/library/std/src/panicking.rs:582:13
[INFO] [stdout]   15:     0x55e0ec5f7406 - std::sys_common::backtrace::__rust_end_short_backtrace::h8b3d3717114f9e59
[INFO] [stdout]                                at /rustc/1b7dd2252b99671ce5d1cb9664c5f8636329436d/library/std/src/sys_common/backtrace.rs:150:18
[INFO] [stdout]   16:     0x55e0ec5f8bd2 - rust_begin_unwind
[INFO] [stdout]                                at /rustc/1b7dd2252b99671ce5d1cb9664c5f8636329436d/library/std/src/panicking.rs:578:5
[INFO] [stdout]   17:     0x55e0ec510ba3 - core::panicking::panic_fmt::hfd368e3fbdabea26
[INFO] [stdout]                                at /rustc/1b7dd2252b99671ce5d1cb9664c5f8636329436d/library/core/src/panicking.rs:67:14
[INFO] [stdout]   18:     0x55e0ec510fcf - core::panicking::assert_failed_inner::haef49168e1798a91
[INFO] [stdout]   19:     0x55e0ec5bfe1a - core::panicking::assert_failed::h0722fc43c4d2f5df
[INFO] [stdout]                                at /rustc/1b7dd2252b99671ce5d1cb9664c5f8636329436d/library/core/src/panicking.rs:228:5
[INFO] [stdout]   20:     0x55e0ec5442f5 - fakenet::delay_queue::tests::select_queues_unwraps_item::hd70f5957fe1c60e9
[INFO] [stdout]                                at /opt/rustwide/workdir/src/delay_queue.rs:161:36
[INFO] [stdout]   21:     0x55e0ec543f97 - fakenet::delay_queue::tests::select_queues_unwraps_item::{{closure}}::h69ed284cc188341e
[INFO] [stdout]                                at /opt/rustwide/workdir/src/delay_queue.rs:154:37
[INFO] [stdout]   22:     0x55e0ec5316e5 - core::ops::function::FnOnce::call_once::hfdb6959b9e47b43c
[INFO] [stdout]                                at /rustc/1b7dd2252b99671ce5d1cb9664c5f8636329436d/library/core/src/ops/function.rs:250:5
[INFO] [stdout]   23:     0x55e0ec5b997f - core::ops::function::FnOnce::call_once::ha6a70e79f7481a7e
[INFO] [stdout]                                at /rustc/1b7dd2252b99671ce5d1cb9664c5f8636329436d/library/core/src/ops/function.rs:250:5
[INFO] [stdout]   24:     0x55e0ec5b997f - test::__rust_begin_short_backtrace::hce33033019b61e69
[INFO] [stdout]                                at /rustc/1b7dd2252b99671ce5d1cb9664c5f8636329436d/library/test/src/lib.rs:655:18
[INFO] [stdout]   25:     0x55e0ec58716c - test::run_test::{{closure}}::h858d3528838ae3e5
[INFO] [stdout]                                at /rustc/1b7dd2252b99671ce5d1cb9664c5f8636329436d/library/test/src/lib.rs:646:30
[INFO] [stdout]   26:     0x55e0ec58716c - core::ops::function::FnOnce::call_once{{vtable.shim}}::he8ac2b00f01ae79e
[INFO] [stdout]                                at /rustc/1b7dd2252b99671ce5d1cb9664c5f8636329436d/library/core/src/ops/function.rs:250:5
[INFO] [stdout]   27:     0x55e0ec5b8a56 - <alloc::boxed::Box<F,A> as core::ops::function::FnOnce<Args>>::call_once::h8093d25b522725ef
[INFO] [stdout]                                at /rustc/1b7dd2252b99671ce5d1cb9664c5f8636329436d/library/alloc/src/boxed.rs:1973:9
[INFO] [stdout]   28:     0x55e0ec5b8a56 - <core::panic::unwind_safe::AssertUnwindSafe<F> as core::ops::function::FnOnce<()>>::call_once::h5c334c204e4a3913
[INFO] [stdout]                                at /rustc/1b7dd2252b99671ce5d1cb9664c5f8636329436d/library/core/src/panic/unwind_safe.rs:271:9
[INFO] [stdout]   29:     0x55e0ec5b8a56 - std::panicking::try::do_call::ha8b740c7b9478074
[INFO] [stdout]                                at /rustc/1b7dd2252b99671ce5d1cb9664c5f8636329436d/library/std/src/panicking.rs:485:40
[INFO] [stdout]   30:     0x55e0ec5b8a56 - std::panicking::try::h5d34f63d0e41b64e
[INFO] [stdout]                                at /rustc/1b7dd2252b99671ce5d1cb9664c5f8636329436d/library/std/src/panicking.rs:449:19
[INFO] [stdout]   31:     0x55e0ec5b8a56 - std::panic::catch_unwind::hcfbb511e1aa7fc67
[INFO] [stdout]                                at /rustc/1b7dd2252b99671ce5d1cb9664c5f8636329436d/library/std/src/panic.rs:140:14
[INFO] [stdout]   32:     0x55e0ec5b8a56 - test::run_test_in_process::h9abda90f802eaf21
[INFO] [stdout]                                at /rustc/1b7dd2252b99671ce5d1cb9664c5f8636329436d/library/test/src/lib.rs:678:27
[INFO] [stdout]   33:     0x55e0ec5b8a56 - test::run_test::run_test_inner::{{closure}}::h0f058de91f6c6edf
[INFO] [stdout]                                at /rustc/1b7dd2252b99671ce5d1cb9664c5f8636329436d/library/test/src/lib.rs:572:39
[INFO] [stdout]   34:     0x55e0ec581975 - test::run_test::run_test_inner::{{closure}}::h5ca48a4c59c6c1fb
[INFO] [stdout]                                at /rustc/1b7dd2252b99671ce5d1cb9664c5f8636329436d/library/test/src/lib.rs:599:37
[INFO] [stdout]   35:     0x55e0ec581975 - std::sys_common::backtrace::__rust_begin_short_backtrace::h32bd51e1495d4a33
[INFO] [stdout]                                at /rustc/1b7dd2252b99671ce5d1cb9664c5f8636329436d/library/std/src/sys_common/backtrace.rs:134:18
[INFO] [stdout]   36:     0x55e0ec586eb1 - std::thread::Builder::spawn_unchecked_::{{closure}}::{{closure}}::hc086fae9b128b2db
[INFO] [stdout]                                at /rustc/1b7dd2252b99671ce5d1cb9664c5f8636329436d/library/std/src/thread/mod.rs:526:17
[INFO] [stdout]   37:     0x55e0ec586eb1 - <core::panic::unwind_safe::AssertUnwindSafe<F> as core::ops::function::FnOnce<()>>::call_once::hb66571888d270d43
[INFO] [stdout]                                at /rustc/1b7dd2252b99671ce5d1cb9664c5f8636329436d/library/core/src/panic/unwind_safe.rs:271:9
[INFO] [stdout]   38:     0x55e0ec586eb1 - std::panicking::try::do_call::h4fa2ef4f6e51fecf
[INFO] [stdout]                                at /rustc/1b7dd2252b99671ce5d1cb9664c5f8636329436d/library/std/src/panicking.rs:485:40
[INFO] [stdout]   39:     0x55e0ec586eb1 - std::panicking::try::h1e9e22b8584489b5
[INFO] [stdout]                                at /rustc/1b7dd2252b99671ce5d1cb9664c5f8636329436d/library/std/src/panicking.rs:449:19
[INFO] [stdout]   40:     0x55e0ec586eb1 - std::panic::catch_unwind::h44698a3de0e0769e
[INFO] [stdout]                                at /rustc/1b7dd2252b99671ce5d1cb9664c5f8636329436d/library/std/src/panic.rs:140:14
[INFO] [stdout]   41:     0x55e0ec586eb1 - std::thread::Builder::spawn_unchecked_::{{closure}}::h50153abde3fe239e
[INFO] [stdout]                                at /rustc/1b7dd2252b99671ce5d1cb9664c5f8636329436d/library/std/src/thread/mod.rs:525:30
[INFO] [stdout]   42:     0x55e0ec586eb1 - core::ops::function::FnOnce::call_once{{vtable.shim}}::hbe5bbf6f38394364
[INFO] [stdout]                                at /rustc/1b7dd2252b99671ce5d1cb9664c5f8636329436d/library/core/src/ops/function.rs:250:5
[INFO] [stdout]   43:     0x55e0ec5fd5d5 - <alloc::boxed::Box<F,A> as core::ops::function::FnOnce<Args>>::call_once::h0d83cb2920a49046
[INFO] [stdout]                                at /rustc/1b7dd2252b99671ce5d1cb9664c5f8636329436d/library/alloc/src/boxed.rs:1973:9
[INFO] [stdout]   44:     0x55e0ec5fd5d5 - <alloc::boxed::Box<F,A> as core::ops::function::FnOnce<Args>>::call_once::hbe0a008aa7d9ef59
[INFO] [stdout]                                at /rustc/1b7dd2252b99671ce5d1cb9664c5f8636329436d/library/alloc/src/boxed.rs:1973:9
[INFO] [stdout]   45:     0x55e0ec5fd5d5 - std::sys::unix::thread::Thread::new::thread_start::h3a466996bdf6b1f9
[INFO] [stdout]                                at /rustc/1b7dd2252b99671ce5d1cb9664c5f8636329436d/library/std/src/sys/unix/thread.rs:108:17
[INFO] [stdout]   46:     0x7f1404345b43 - <unknown>
[INFO] [stdout]   47:     0x7f14043d6bb4 - __clone
[INFO] [stdout]   48:                0x0 - <unknown>
[INFO] [stdout] 
[INFO] [stdout] 
[INFO] [stdout] failures:
[INFO] [stdout]     delay_queue::tests::select_queues_unwraps_item
[INFO] [stdout] 
[INFO] [stdout] test result: FAILED. 38 passed; 1 failed; 0 ignored; 0 measured; 0 filtered out; finished in 0.08s
[INFO] [stdout] 
[INFO] [stderr] error: test failed, to rerun pass `--bin fakenet`
[INFO] running `Command { std: "docker" "inspect" "39c5c31f9f4e7f47478b29e4f59c1df1d8c6d7add0a9560930cc6e83ef69807a", kill_on_drop: false }`
[INFO] running `Command { std: "docker" "rm" "-f" "39c5c31f9f4e7f47478b29e4f59c1df1d8c6d7add0a9560930cc6e83ef69807a", kill_on_drop: false }`
[INFO] [stdout] 39c5c31f9f4e7f47478b29e4f59c1df1d8c6d7add0a9560930cc6e83ef69807a
