[INFO] cloning repository https://github.com/nnmm/buddhabrot
[INFO] running `Command { std: "git" "-c" "credential.helper=" "-c" "credential.helper=/workspace/cargo-home/bin/git-credential-null" "clone" "--bare" "https://github.com/nnmm/buddhabrot" "/workspace/cache/git-repos/https%3A%2F%2Fgithub.com%2Fnnmm%2Fbuddhabrot", kill_on_drop: false }`
[INFO] [stderr] Cloning into bare repository '/workspace/cache/git-repos/https%3A%2F%2Fgithub.com%2Fnnmm%2Fbuddhabrot'...
[INFO] running `Command { std: "git" "rev-parse" "HEAD", kill_on_drop: false }`
[INFO] [stdout] 52f27a2c2438d0ed9be0dd3a52f75830e1997220
[INFO] testing nnmm/buddhabrot against beta-2023-04-20 for beta-1.70-1
[INFO] running `Command { std: "git" "clone" "/workspace/cache/git-repos/https%3A%2F%2Fgithub.com%2Fnnmm%2Fbuddhabrot" "/workspace/builds/worker-5-tc2/source", kill_on_drop: false }`
[INFO] [stderr] Cloning into '/workspace/builds/worker-5-tc2/source'...
[INFO] [stderr] done.
[INFO] validating manifest of git repo https://github.com/nnmm/buddhabrot on toolchain beta-2023-04-20
[INFO] running `Command { std: CARGO_HOME="/workspace/cargo-home" RUSTUP_HOME="/workspace/rustup-home" "/workspace/cargo-home/bin/cargo" "+beta-2023-04-20" "metadata" "--manifest-path" "Cargo.toml" "--no-deps", kill_on_drop: false }`
[INFO] started tweaking git repo https://github.com/nnmm/buddhabrot
[INFO] finished tweaking git repo https://github.com/nnmm/buddhabrot
[INFO] tweaked toml for git repo https://github.com/nnmm/buddhabrot written to /workspace/builds/worker-5-tc2/source/Cargo.toml
[INFO] crate git repo https://github.com/nnmm/buddhabrot already has a lockfile, it will not be regenerated
[INFO] running `Command { std: CARGO_HOME="/workspace/cargo-home" RUSTUP_HOME="/workspace/rustup-home" "/workspace/cargo-home/bin/cargo" "+beta-2023-04-20" "fetch" "--manifest-path" "Cargo.toml", kill_on_drop: false }`
[INFO] [stderr]  Downloading crates ...
[INFO] [stderr]   Downloaded png v0.15.2
[INFO] running `Command { std: "docker" "create" "-v" "/var/lib/crater-agent-workspace/builds/worker-5-tc2/target:/opt/rustwide/target:rw,Z" "-v" "/var/lib/crater-agent-workspace/builds/worker-5-tc2/source:/opt/rustwide/workdir:ro,Z" "-v" "/var/lib/crater-agent-workspace/cargo-home:/opt/rustwide/cargo-home:ro,Z" "-v" "/var/lib/crater-agent-workspace/rustup-home:/opt/rustwide/rustup-home:ro,Z" "-e" "SOURCE_DIR=/opt/rustwide/workdir" "-e" "CARGO_TARGET_DIR=/opt/rustwide/target" "-e" "CARGO_HOME=/opt/rustwide/cargo-home" "-e" "RUSTUP_HOME=/opt/rustwide/rustup-home" "-w" "/opt/rustwide/workdir" "-m" "1610612736" "--user" "0:0" "--network" "none" "ghcr.io/rust-lang/crates-build-env/linux@sha256:5ff2268d62e97bff2cde7d5815dd6ed5b47097566f13b8d0ca110b04b60e07ed" "/opt/rustwide/cargo-home/bin/cargo" "+beta-2023-04-20" "metadata" "--no-deps" "--format-version=1", kill_on_drop: false }`
[INFO] [stdout] 0a82d4be8858c11beb0ac56089751e6c76c43b77044e795693b24d9cbe0d2213
[INFO] running `Command { std: "docker" "start" "-a" "0a82d4be8858c11beb0ac56089751e6c76c43b77044e795693b24d9cbe0d2213", kill_on_drop: false }`
[INFO] running `Command { std: "docker" "inspect" "0a82d4be8858c11beb0ac56089751e6c76c43b77044e795693b24d9cbe0d2213", kill_on_drop: false }`
[INFO] running `Command { std: "docker" "rm" "-f" "0a82d4be8858c11beb0ac56089751e6c76c43b77044e795693b24d9cbe0d2213", kill_on_drop: false }`
[INFO] [stdout] 0a82d4be8858c11beb0ac56089751e6c76c43b77044e795693b24d9cbe0d2213
[INFO] running `Command { std: "docker" "create" "-v" "/var/lib/crater-agent-workspace/builds/worker-5-tc2/target:/opt/rustwide/target:rw,Z" "-v" "/var/lib/crater-agent-workspace/builds/worker-5-tc2/source:/opt/rustwide/workdir:ro,Z" "-v" "/var/lib/crater-agent-workspace/cargo-home:/opt/rustwide/cargo-home:ro,Z" "-v" "/var/lib/crater-agent-workspace/rustup-home:/opt/rustwide/rustup-home:ro,Z" "-e" "SOURCE_DIR=/opt/rustwide/workdir" "-e" "CARGO_TARGET_DIR=/opt/rustwide/target" "-e" "CARGO_INCREMENTAL=0" "-e" "RUST_BACKTRACE=full" "-e" "RUSTFLAGS=--cap-lints=warn" "-e" "RUSTDOCFLAGS=--cap-lints=warn" "-e" "CARGO_HOME=/opt/rustwide/cargo-home" "-e" "RUSTUP_HOME=/opt/rustwide/rustup-home" "-w" "/opt/rustwide/workdir" "-m" "1610612736" "--user" "0:0" "--network" "none" "ghcr.io/rust-lang/crates-build-env/linux@sha256:5ff2268d62e97bff2cde7d5815dd6ed5b47097566f13b8d0ca110b04b60e07ed" "/opt/rustwide/cargo-home/bin/cargo" "+beta-2023-04-20" "build" "--frozen" "--message-format=json", kill_on_drop: false }`
[INFO] [stdout] c68a5318d3bc2d780857bddf1b87d033d569edbdb879c260bad5da6897406cd2
[INFO] running `Command { std: "docker" "start" "-a" "c68a5318d3bc2d780857bddf1b87d033d569edbdb879c260bad5da6897406cd2", kill_on_drop: false }`
[INFO] [stderr]    Compiling autocfg v0.1.7
[INFO] [stderr]    Compiling cfg-if v0.1.10
[INFO] [stderr]    Compiling libc v0.2.66
[INFO] [stderr]    Compiling proc-macro2 v1.0.6
[INFO] [stderr]    Compiling unicode-xid v0.2.0
[INFO] [stderr]    Compiling syn v1.0.11
[INFO] [stderr]    Compiling semver-parser v0.7.0
[INFO] [stderr]    Compiling getrandom v0.1.13
[INFO] [stderr]    Compiling serde v1.0.104
[INFO] [stderr]    Compiling lazy_static v1.4.0
[INFO] [stderr]    Compiling semver v0.9.0
[INFO] [stderr]    Compiling num-traits v0.2.10
[INFO] [stderr]    Compiling crossbeam-utils v0.7.0
[INFO] [stderr]    Compiling num-integer v0.1.41
[INFO] [stderr]    Compiling rustc_version v0.2.3
[INFO] [stderr]    Compiling byteorder v1.3.2
[INFO] [stderr]    Compiling ppv-lite86 v0.2.6
[INFO] [stderr]    Compiling memoffset v0.5.3
[INFO] [stderr]    Compiling quote v1.0.2
[INFO] [stderr]    Compiling crossbeam-epoch v0.8.0
[INFO] [stderr]    Compiling c2-chacha v0.2.3
[INFO] [stderr]    Compiling rand_core v0.5.1
[INFO] [stderr]    Compiling siphasher v0.3.1
[INFO] [stderr]    Compiling proc-macro2 v0.4.30
[INFO] [stderr]    Compiling rand_chacha v0.2.1
[INFO] [stderr]    Compiling phf_shared v0.8.0
[INFO] [stderr]    Compiling rand_pcg v0.2.1
[INFO] [stderr]    Compiling unicode-xid v0.1.0
[INFO] [stderr]    Compiling scopeguard v1.0.0
[INFO] [stderr]    Compiling rand v0.7.2
[INFO] [stderr]    Compiling num-bigint v0.2.3
[INFO] [stderr]    Compiling rayon-core v1.7.0
[INFO] [stderr]    Compiling syn v0.15.44
[INFO] [stderr]    Compiling either v1.5.3
[INFO] [stderr]    Compiling crossbeam-deque v0.7.2
[INFO] [stderr]    Compiling crossbeam-queue v0.2.1
[INFO] [stderr] thread 'rustc' panicked at 'assertion failed: pos.get() <= self.position()', compiler/rustc_metadata/src/rmeta/encoder.rs:433:9
[INFO] [stderr] LLVM ERROR: IO failure on output stream: No space left on device
[INFO] [stderr] error: could not compile `crossbeam-epoch` (lib)
[INFO] [stderr] warning: build failed, waiting for other jobs to finish...
[INFO] [stdout] error: linking with `cc` failed: exit status: 1
[INFO] [stdout]   |
[INFO] [stdout]   = note: LC_ALL="C" PATH="/opt/rustwide/rustup-home/toolchains/beta-2023-04-20-x86_64-unknown-linux-gnu/lib/rustlib/x86_64-unknown-linux-gnu/bin:/opt/rustwide/cargo-home/bin:/usr/local/sbin:/usr/local/bin:/usr/sbin:/usr/bin:/sbin:/bin" VSLANG="1033" "cc" "-m64" "/tmp/rustcxJCFlz/symbols.o" "/opt/rustwide/target/debug/build/syn-69abc0fead2b2ad8/build_script_build-69abc0fead2b2ad8.build_script_build.d240f867-cgu.0.rcgu.o" "/opt/rustwide/target/debug/build/syn-69abc0fead2b2ad8/build_script_build-69abc0fead2b2ad8.build_script_build.d240f867-cgu.1.rcgu.o" "/opt/rustwide/target/debug/build/syn-69abc0fead2b2ad8/build_script_build-69abc0fead2b2ad8.build_script_build.d240f867-cgu.10.rcgu.o" "/opt/rustwide/target/debug/build/syn-69abc0fead2b2ad8/build_script_build-69abc0fead2b2ad8.build_script_build.d240f867-cgu.11.rcgu.o" "/opt/rustwide/target/debug/build/syn-69abc0fead2b2ad8/build_script_build-69abc0fead2b2ad8.build_script_build.d240f867-cgu.12.rcgu.o" "/opt/rustwide/target/debug/build/syn-69abc0fead2b2ad8/build_script_build-69abc0fead2b2ad8.build_script_build.d240f867-cgu.13.rcgu.o" "/opt/rustwide/target/debug/build/syn-69abc0fead2b2ad8/build_script_build-69abc0fead2b2ad8.build_script_build.d240f867-cgu.14.rcgu.o" "/opt/rustwide/target/debug/build/syn-69abc0fead2b2ad8/build_script_build-69abc0fead2b2ad8.build_script_build.d240f867-cgu.15.rcgu.o" "/opt/rustwide/target/debug/build/syn-69abc0fead2b2ad8/build_script_build-69abc0fead2b2ad8.build_script_build.d240f867-cgu.2.rcgu.o" "/opt/rustwide/target/debug/build/syn-69abc0fead2b2ad8/build_script_build-69abc0fead2b2ad8.build_script_build.d240f867-cgu.3.rcgu.o" "/opt/rustwide/target/debug/build/syn-69abc0fead2b2ad8/build_script_build-69abc0fead2b2ad8.build_script_build.d240f867-cgu.4.rcgu.o" "/opt/rustwide/target/debug/build/syn-69abc0fead2b2ad8/build_script_build-69abc0fead2b2ad8.build_script_build.d240f867-cgu.5.rcgu.o" "/opt/rustwide/target/debug/build/syn-69abc0fead2b2ad8/build_script_build-69abc0fead2b2ad8.build_script_build.d240f867-cgu.6.rcgu.o" "/opt/rustwide/target/debug/build/syn-69abc0fead2b2ad8/build_script_build-69abc0fead2b2ad8.build_script_build.d240f867-cgu.7.rcgu.o" "/opt/rustwide/target/debug/build/syn-69abc0fead2b2ad8/build_script_build-69abc0fead2b2ad8.build_script_build.d240f867-cgu.8.rcgu.o" "/opt/rustwide/target/debug/build/syn-69abc0fead2b2ad8/build_script_build-69abc0fead2b2ad8.build_script_build.d240f867-cgu.9.rcgu.o" "/opt/rustwide/target/debug/build/syn-69abc0fead2b2ad8/build_script_build-69abc0fead2b2ad8.5aosw1rcr6y86115.rcgu.o" "-Wl,--as-needed" "-L" "/opt/rustwide/target/debug/deps" "-L" "/opt/rustwide/rustup-home/toolchains/beta-2023-04-20-x86_64-unknown-linux-gnu/lib/rustlib/x86_64-unknown-linux-gnu/lib" "-Wl,-Bstatic" "/opt/rustwide/rustup-home/toolchains/beta-2023-04-20-x86_64-unknown-linux-gnu/lib/rustlib/x86_64-unknown-linux-gnu/lib/libstd-0e29cc23c5e02021.rlib" "/opt/rustwide/rustup-home/toolchains/beta-2023-04-20-x86_64-unknown-linux-gnu/lib/rustlib/x86_64-unknown-linux-gnu/lib/libpanic_unwind-d903621768a861d9.rlib" "/opt/rustwide/rustup-home/toolchains/beta-2023-04-20-x86_64-unknown-linux-gnu/lib/rustlib/x86_64-unknown-linux-gnu/lib/libobject-6d0225e655f31c13.rlib" "/opt/rustwide/rustup-home/toolchains/beta-2023-04-20-x86_64-unknown-linux-gnu/lib/rustlib/x86_64-unknown-linux-gnu/lib/libmemchr-9dbaf4eac7eaa079.rlib" "/opt/rustwide/rustup-home/toolchains/beta-2023-04-20-x86_64-unknown-linux-gnu/lib/rustlib/x86_64-unknown-linux-gnu/lib/libaddr2line-27f05b3d42a66dd0.rlib" "/opt/rustwide/rustup-home/toolchains/beta-2023-04-20-x86_64-unknown-linux-gnu/lib/rustlib/x86_64-unknown-linux-gnu/lib/libgimli-4d73f1030321c9a2.rlib" "/opt/rustwide/rustup-home/toolchains/beta-2023-04-20-x86_64-unknown-linux-gnu/lib/rustlib/x86_64-unknown-linux-gnu/lib/librustc_demangle-2846c9e58abd0acb.rlib" "/opt/rustwide/rustup-home/toolchains/beta-2023-04-20-x86_64-unknown-linux-gnu/lib/rustlib/x86_64-unknown-linux-gnu/lib/libstd_detect-a53d0f50415947be.rlib" "/opt/rustwide/rustup-home/toolchains/beta-2023-04-20-x86_64-unknown-linux-gnu/lib/rustlib/x86_64-unknown-linux-gnu/lib/libhashbrown-d48e4b6abc25b9dc.rlib" "/opt/rustwide/rustup-home/toolchains/beta-2023-04-20-x86_64-unknown-linux-gnu/lib/rustlib/x86_64-unknown-linux-gnu/lib/libminiz_oxide-2991859439ef1207.rlib" "/opt/rustwide/rustup-home/toolchains/beta-2023-04-20-x86_64-unknown-linux-gnu/lib/rustlib/x86_64-unknown-linux-gnu/lib/libadler-8a687517e4221bae.rlib" "/opt/rustwide/rustup-home/toolchains/beta-2023-04-20-x86_64-unknown-linux-gnu/lib/rustlib/x86_64-unknown-linux-gnu/lib/librustc_std_workspace_alloc-e07b554f6a67f5b3.rlib" "/opt/rustwide/rustup-home/toolchains/beta-2023-04-20-x86_64-unknown-linux-gnu/lib/rustlib/x86_64-unknown-linux-gnu/lib/libunwind-b68238b7c3c619dd.rlib" "/opt/rustwide/rustup-home/toolchains/beta-2023-04-20-x86_64-unknown-linux-gnu/lib/rustlib/x86_64-unknown-linux-gnu/lib/libcfg_if-d5e213e896c017e4.rlib" "/opt/rustwide/rustup-home/toolchains/beta-2023-04-20-x86_64-unknown-linux-gnu/lib/rustlib/x86_64-unknown-linux-gnu/lib/liblibc-0211a3b2e61d8689.rlib" "/opt/rustwide/rustup-home/toolchains/beta-2023-04-20-x86_64-unknown-linux-gnu/lib/rustlib/x86_64-unknown-linux-gnu/lib/liballoc-b371f055239ba51f.rlib" "/opt/rustwide/rustup-home/toolchains/beta-2023-04-20-x86_64-unknown-linux-gnu/lib/rustlib/x86_64-unknown-linux-gnu/lib/librustc_std_workspace_core-e60518d2760eb01e.rlib" "/opt/rustwide/rustup-home/toolchains/beta-2023-04-20-x86_64-unknown-linux-gnu/lib/rustlib/x86_64-unknown-linux-gnu/lib/libcore-1ad943f92a4b1081.rlib" "/opt/rustwide/rustup-home/toolchains/beta-2023-04-20-x86_64-unknown-linux-gnu/lib/rustlib/x86_64-unknown-linux-gnu/lib/libcompiler_builtins-f0d6e4d0fc1e80b4.rlib" "-Wl,-Bdynamic" "-lgcc_s" "-lutil" "-lrt" "-lpthread" "-lm" "-ldl" "-lc" "-Wl,--eh-frame-hdr" "-Wl,-z,noexecstack" "-L" "/opt/rustwide/rustup-home/toolchains/beta-2023-04-20-x86_64-unknown-linux-gnu/lib/rustlib/x86_64-unknown-linux-gnu/lib" "-o" "/opt/rustwide/target/debug/build/syn-69abc0fead2b2ad8/build_script_build-69abc0fead2b2ad8" "-Wl,--gc-sections" "-pie" "-Wl,-z,relro,-z,now" "-nodefaultlibs"
[INFO] [stdout]   = note: /usr/bin/ld: final link failed: No space left on device
[INFO] [stdout]           collect2: error: ld returned 1 exit status
[INFO] [stdout]           
[INFO] [stdout] 
[INFO] [stdout] 
[INFO] [stderr] error: could not compile `syn` (build script) due to previous error
[INFO] [stderr] LLVM ERROR: IO failure on output stream: No space left on device
[INFO] [stderr] error: could not compile `num-integer` (lib)
[INFO] [stdout] error: couldn't create a temp dir: No space left on device (os error 28) at path "/opt/rustwide/target/debug/deps/rmetaM46niV"
[INFO] [stdout] 
[INFO] [stdout] 
[INFO] [stderr] error: could not compile `rand` (lib) due to previous error
[INFO] [stdout] error: couldn't create a temp dir: No space left on device (os error 28) at path "/opt/rustwide/target/debug/deps/rmetavCpq4j"
[INFO] [stdout] 
[INFO] [stdout] 
[INFO] [stderr] error: could not compile `crossbeam-queue` (lib) due to previous error
[INFO] [stderr] error: could not compile `proc-macro2` (lib)
[INFO] [stderr] error: failed to write `/opt/rustwide/target/debug/.fingerprint/num-bigint-8665e9b4cb7d8f90/run-build-script-build-script-build`
[INFO] [stderr] 
[INFO] [stderr] Caused by:
[INFO] [stderr]   No space left on device (os error 28)
[INFO] [stderr] thread 'rustc' panicked at 'assertion failed: pos.get() <= self.position()', compiler/rustc_metadata/src/rmeta/encoder.rs:433:9
[INFO] [stderr] stack backtrace:
[INFO] [stderr]    0:     0x7f7349c6dcca - std::backtrace_rs::backtrace::libunwind::trace::h2f05d0192276a8f6
[INFO] [stderr]                                at /rustc/1b7dd2252b99671ce5d1cb9664c5f8636329436d/library/std/src/../../backtrace/src/backtrace/libunwind.rs:93:5
[INFO] [stderr]    1:     0x7f7349c6dcca - std::backtrace_rs::backtrace::trace_unsynchronized::hedc23dff7a1af150
[INFO] [stderr]                                at /rustc/1b7dd2252b99671ce5d1cb9664c5f8636329436d/library/std/src/../../backtrace/src/backtrace/mod.rs:66:5
[INFO] [stderr]    2:     0x7f7349c6dcca - std::sys_common::backtrace::_print_fmt::h17541ef7592f3ce2
[INFO] [stderr]                                at /rustc/1b7dd2252b99671ce5d1cb9664c5f8636329436d/library/std/src/sys_common/backtrace.rs:65:5
[INFO] [stderr]    3:     0x7f7349c6dcca - <std::sys_common::backtrace::_print::DisplayBacktrace as core::fmt::Display>::fmt::h20f75df5ab0c0792
[INFO] [stderr]                                at /rustc/1b7dd2252b99671ce5d1cb9664c5f8636329436d/library/std/src/sys_common/backtrace.rs:44:22
[INFO] [stderr]    4:     0x7f7349cd20cf - core::fmt::write::h78109e6f466b3af6
[INFO] [stderr]                                at /rustc/1b7dd2252b99671ce5d1cb9664c5f8636329436d/library/core/src/fmt/mod.rs:1254:17
[INFO] [stderr]    5:     0x7f7349c60805 - std::io::Write::write_fmt::hc59e1b02dd273c8a
[INFO] [stderr]                                at /rustc/1b7dd2252b99671ce5d1cb9664c5f8636329436d/library/std/src/io/mod.rs:1698:15
[INFO] [stderr]    6:     0x7f7349c6da95 - std::sys_common::backtrace::_print::h8dac57a9f8fbf9a5
[INFO] [stderr]                                at /rustc/1b7dd2252b99671ce5d1cb9664c5f8636329436d/library/std/src/sys_common/backtrace.rs:47:5
[INFO] [stderr]    7:     0x7f7349c6da95 - std::sys_common::backtrace::print::hf9ecbf41d1aa712f
[INFO] [stderr]                                at /rustc/1b7dd2252b99671ce5d1cb9664c5f8636329436d/library/std/src/sys_common/backtrace.rs:34:9
[INFO] [stderr]    8:     0x7f7349c7073e - std::panicking::default_hook::{{closure}}::h04c07acfc84ca028
[INFO] [stderr]                                at /rustc/1b7dd2252b99671ce5d1cb9664c5f8636329436d/library/std/src/panicking.rs:269:22
[INFO] [stderr]    9:     0x7f7349c704e5 - std::panicking::default_hook::h01f6bb23e1eceb2c
[INFO] [stderr]                                at /rustc/1b7dd2252b99671ce5d1cb9664c5f8636329436d/library/std/src/panicking.rs:288:9
[INFO] [stderr]   10:     0x7f734cf60a35 - rustc_driver_impl[dc743aefd116e4d1]::DEFAULT_HOOK::{closure#0}::{closure#0}
[INFO] [stderr]   11:     0x7f7349c70f34 - <alloc::boxed::Box<F,A> as core::ops::function::Fn<Args>>::call::h3f2d6d8b14c4769f
[INFO] [stderr]                                at /rustc/1b7dd2252b99671ce5d1cb9664c5f8636329436d/library/alloc/src/boxed.rs:1987:9
[INFO] [stderr]   12:     0x7f7349c70f34 - std::panicking::rust_panic_with_hook::h2bb3722bbaf2f6df
[INFO] [stderr]                                at /rustc/1b7dd2252b99671ce5d1cb9664c5f8636329436d/library/std/src/panicking.rs:695:13
[INFO] [stderr]   13:     0x7f7349c70c62 - std::panicking::begin_panic_handler::{{closure}}::h91bc7f36a4be011b
[INFO] [stderr]                                at /rustc/1b7dd2252b99671ce5d1cb9664c5f8636329436d/library/std/src/panicking.rs:580:13
[INFO] [stderr]   14:     0x7f7349c6e136 - std::sys_common::backtrace::__rust_end_short_backtrace::h8b3d3717114f9e59
[INFO] [stderr]                                at /rustc/1b7dd2252b99671ce5d1cb9664c5f8636329436d/library/std/src/sys_common/backtrace.rs:150:18
[INFO] [stderr]   15:     0x7f7349c70a02 - rust_begin_unwind
[INFO] [stderr]                                at /rustc/1b7dd2252b99671ce5d1cb9664c5f8636329436d/library/std/src/panicking.rs:578:5
[INFO] [stderr]   16:     0x7f7349cce443 - core::panicking::panic_fmt::hfd368e3fbdabea26
[INFO] [stderr]                                at /rustc/1b7dd2252b99671ce5d1cb9664c5f8636329436d/library/core/src/panicking.rs:67:14
[INFO] [stderr]   17:     0x7f7349cce4dd - core::panicking::panic::h3f9042d09bd0bf2e
[INFO] [stderr]                                at /rustc/1b7dd2252b99671ce5d1cb9664c5f8636329436d/library/core/src/panicking.rs:117:5
[INFO] [stderr]   18:     0x7f734c2c7831 - <rustc_span[1c1785c13b4703b1]::hygiene::HygieneEncodeContext>::encode::<(&mut rustc_metadata[265efc8f25a37d70]::rmeta::encoder::EncodeContext, &mut rustc_metadata[265efc8f25a37d70]::rmeta::table::TableBuilder<u32, core[5dceb995eb6c8c1c]::option::Option<rustc_metadata[265efc8f25a37d70]::rmeta::LazyValue<rustc_span[1c1785c13b4703b1]::hygiene::SyntaxContextData>>>, &mut rustc_metadata[265efc8f25a37d70]::rmeta::table::TableBuilder<rustc_span[1c1785c13b4703b1]::hygiene::ExpnIndex, core[5dceb995eb6c8c1c]::option::Option<rustc_metadata[265efc8f25a37d70]::rmeta::LazyValue<rustc_span[1c1785c13b4703b1]::hygiene::ExpnData>>>, &mut rustc_metadata[265efc8f25a37d70]::rmeta::table::TableBuilder<rustc_span[1c1785c13b4703b1]::hygiene::ExpnIndex, core[5dceb995eb6c8c1c]::option::Option<rustc_metadata[265efc8f25a37d70]::rmeta::LazyValue<rustc_span[1c1785c13b4703b1]::hygiene::ExpnHash>>>), <rustc_metadata[265efc8f25a37d70]::rmeta::encoder::EncodeContext>::encode_hygiene::{closure#0}, <rustc_metadata[265efc8f25a37d70]::rmeta::encoder::EncodeContext>::encode_hygiene::{closure#1}>
[INFO] [stderr]   19:     0x7f734c2ab7a9 - <rustc_metadata[265efc8f25a37d70]::rmeta::encoder::EncodeContext>::encode_crate_root
[INFO] [stderr]   20:     0x7f734c23df89 - rustc_metadata[265efc8f25a37d70]::rmeta::encoder::encode_metadata_impl
[INFO] [stderr]   21:     0x7f734c231951 - rustc_data_structures[f629b2cb664ef839]::sync::join::<rustc_metadata[265efc8f25a37d70]::rmeta::encoder::encode_metadata::{closure#0}, rustc_metadata[265efc8f25a37d70]::rmeta::encoder::encode_metadata::{closure#1}, (), ()>
[INFO] [stderr]   22:     0x7f734c23166f - rustc_metadata[265efc8f25a37d70]::rmeta::encoder::encode_metadata
[INFO] [stderr]   23:     0x7f734c230a01 - rustc_metadata[265efc8f25a37d70]::fs::encode_and_write_metadata
[INFO] [stderr]   24:     0x7f734c22a190 - rustc_interface[a065794b3504c0d8]::passes::start_codegen
[INFO] [stderr]   25:     0x7f734c2255c4 - <rustc_middle[190fc878b70c43dc]::ty::context::GlobalCtxt>::enter::<<rustc_interface[a065794b3504c0d8]::queries::Queries>::ongoing_codegen::{closure#0}::{closure#0}, core[5dceb995eb6c8c1c]::result::Result<alloc[2e017f7c06744add]::boxed::Box<dyn core[5dceb995eb6c8c1c]::any::Any>, rustc_span[1c1785c13b4703b1]::ErrorGuaranteed>>
[INFO] [stderr]   26:     0x7f734c223c68 - <rustc_interface[a065794b3504c0d8]::queries::Queries>::ongoing_codegen
[INFO] [stderr]   27:     0x7f734c223471 - <rustc_interface[a065794b3504c0d8]::interface::Compiler>::enter::<rustc_driver_impl[dc743aefd116e4d1]::run_compiler::{closure#1}::{closure#2}, core[5dceb995eb6c8c1c]::result::Result<core[5dceb995eb6c8c1c]::option::Option<rustc_interface[a065794b3504c0d8]::queries::Linker>, rustc_span[1c1785c13b4703b1]::ErrorGuaranteed>>
[INFO] [stderr]   28:     0x7f734c21e691 - rustc_span[1c1785c13b4703b1]::set_source_map::<core[5dceb995eb6c8c1c]::result::Result<(), rustc_span[1c1785c13b4703b1]::ErrorGuaranteed>, rustc_interface[a065794b3504c0d8]::interface::run_compiler<core[5dceb995eb6c8c1c]::result::Result<(), rustc_span[1c1785c13b4703b1]::ErrorGuaranteed>, rustc_driver_impl[dc743aefd116e4d1]::run_compiler::{closure#1}>::{closure#0}::{closure#0}>
[INFO] [stderr]   29:     0x7f734c21dc3f - std[c49fe71d1e153478]::sys_common::backtrace::__rust_begin_short_backtrace::<rustc_interface[a065794b3504c0d8]::util::run_in_thread_pool_with_globals<rustc_interface[a065794b3504c0d8]::interface::run_compiler<core[5dceb995eb6c8c1c]::result::Result<(), rustc_span[1c1785c13b4703b1]::ErrorGuaranteed>, rustc_driver_impl[dc743aefd116e4d1]::run_compiler::{closure#1}>::{closure#0}, core[5dceb995eb6c8c1c]::result::Result<(), rustc_span[1c1785c13b4703b1]::ErrorGuaranteed>>::{closure#0}::{closure#0}, core[5dceb995eb6c8c1c]::result::Result<(), rustc_span[1c1785c13b4703b1]::ErrorGuaranteed>>
[INFO] [stderr]   30:     0x7f734c82e4e1 - <<std[c49fe71d1e153478]::thread::Builder>::spawn_unchecked_<rustc_interface[a065794b3504c0d8]::util::run_in_thread_pool_with_globals<rustc_interface[a065794b3504c0d8]::interface::run_compiler<core[5dceb995eb6c8c1c]::result::Result<(), rustc_span[1c1785c13b4703b1]::ErrorGuaranteed>, rustc_driver_impl[dc743aefd116e4d1]::run_compiler::{closure#1}>::{closure#0}, core[5dceb995eb6c8c1c]::result::Result<(), rustc_span[1c1785c13b4703b1]::ErrorGuaranteed>>::{closure#0}::{closure#0}, core[5dceb995eb6c8c1c]::result::Result<(), rustc_span[1c1785c13b4703b1]::ErrorGuaranteed>>::{closure#1} as core[5dceb995eb6c8c1c]::ops::function::FnOnce<()>>::call_once::{shim:vtable#0}
[INFO] [stderr]   31:     0x7f7349c7b3b5 - <alloc::boxed::Box<F,A> as core::ops::function::FnOnce<Args>>::call_once::h0d83cb2920a49046
[INFO] [stderr]                                at /rustc/1b7dd2252b99671ce5d1cb9664c5f8636329436d/library/alloc/src/boxed.rs:1973:9
[INFO] [stderr]   32:     0x7f7349c7b3b5 - <alloc::boxed::Box<F,A> as core::ops::function::FnOnce<Args>>::call_once::hbe0a008aa7d9ef59
[INFO] [stderr]                                at /rustc/1b7dd2252b99671ce5d1cb9664c5f8636329436d/library/alloc/src/boxed.rs:1973:9
[INFO] [stderr]   33:     0x7f7349c7b3b5 - std::sys::unix::thread::Thread::new::thread_start::h3a466996bdf6b1f9
[INFO] [stderr]                                at /rustc/1b7dd2252b99671ce5d1cb9664c5f8636329436d/library/std/src/sys/unix/thread.rs:108:17
[INFO] [stderr]   34:     0x7f73499b1b43 - <unknown>
[INFO] [stderr]   35:     0x7f7349a42bb4 - __clone
[INFO] [stderr]   36:                0x0 - <unknown>
[INFO] [stderr] 
[INFO] [stderr] error: the compiler unexpectedly panicked. this is a bug.
[INFO] [stderr] 
[INFO] [stderr] note: we would appreciate a bug report: https://github.com/rust-lang/rust/issues/new?labels=C-bug%2C+I-ICE%2C+T-compiler&template=ice.md
[INFO] [stderr] 
[INFO] [stderr] note: rustc 1.70.0-beta.1 (1b7dd2252 2023-04-19) running on x86_64-unknown-linux-gnu
[INFO] [stderr] 
[INFO] [stderr] note: compiler flags: --crate-type lib -C embed-bitcode=no
[INFO] [stderr] 
[INFO] [stderr] note: some of the compiler flags provided by cargo are hidden
[INFO] [stderr] 
[INFO] [stderr] query stack during panic:
[INFO] [stderr] end of query stack
[INFO] [stderr] error: could not compile `syn` (lib)
[INFO] running `Command { std: "docker" "inspect" "c68a5318d3bc2d780857bddf1b87d033d569edbdb879c260bad5da6897406cd2", kill_on_drop: false }`
[INFO] running `Command { std: "docker" "rm" "-f" "c68a5318d3bc2d780857bddf1b87d033d569edbdb879c260bad5da6897406cd2", kill_on_drop: false }`
[INFO] [stdout] c68a5318d3bc2d780857bddf1b87d033d569edbdb879c260bad5da6897406cd2
