[INFO] cloning repository https://github.com/danielhenrymantilla/ghosts.rs
[INFO] running `Command { std: "git" "-c" "credential.helper=" "-c" "credential.helper=/workspace/cargo-home/bin/git-credential-null" "clone" "--bare" "https://github.com/danielhenrymantilla/ghosts.rs" "/workspace/cache/git-repos/https%3A%2F%2Fgithub.com%2Fdanielhenrymantilla%2Fghosts.rs", kill_on_drop: false }`
[INFO] [stderr] Cloning into bare repository '/workspace/cache/git-repos/https%3A%2F%2Fgithub.com%2Fdanielhenrymantilla%2Fghosts.rs'...
[INFO] running `Command { std: "git" "rev-parse" "HEAD", kill_on_drop: false }`
[INFO] [stdout] 6de7e1a6dbbf989291b4f3a11142b7a637cd7a51
[INFO] testing danielhenrymantilla/ghosts.rs against beta-2023-04-20 for beta-1.70-1
[INFO] running `Command { std: "git" "clone" "/workspace/cache/git-repos/https%3A%2F%2Fgithub.com%2Fdanielhenrymantilla%2Fghosts.rs" "/workspace/builds/worker-4-tc2/source", kill_on_drop: false }`
[INFO] [stderr] Cloning into '/workspace/builds/worker-4-tc2/source'...
[INFO] [stderr] done.
[INFO] validating manifest of git repo https://github.com/danielhenrymantilla/ghosts.rs on toolchain beta-2023-04-20
[INFO] running `Command { std: CARGO_HOME="/workspace/cargo-home" RUSTUP_HOME="/workspace/rustup-home" "/workspace/cargo-home/bin/cargo" "+beta-2023-04-20" "metadata" "--manifest-path" "Cargo.toml" "--no-deps", kill_on_drop: false }`
[INFO] removed /workspace/builds/worker-4-tc2/source/.cargo/config
[INFO] removed /workspace/builds/worker-4-tc2/source/rust-toolchain.toml
[INFO] started tweaking git repo https://github.com/danielhenrymantilla/ghosts.rs
[INFO] finished tweaking git repo https://github.com/danielhenrymantilla/ghosts.rs
[INFO] tweaked toml for git repo https://github.com/danielhenrymantilla/ghosts.rs written to /workspace/builds/worker-4-tc2/source/Cargo.toml
[INFO] crate git repo https://github.com/danielhenrymantilla/ghosts.rs already has a lockfile, it will not be regenerated
[INFO] running `Command { std: CARGO_HOME="/workspace/cargo-home" RUSTUP_HOME="/workspace/rustup-home" "/workspace/cargo-home/bin/cargo" "+beta-2023-04-20" "fetch" "--manifest-path" "Cargo.toml", kill_on_drop: false }`
[INFO] [stderr]     Updating crates.io index
[INFO] [stderr]  Downloading crates ...
[INFO] [stderr]   Downloaded never-say-never v6.6.666
[INFO] running `Command { std: "docker" "create" "-v" "/var/lib/crater-agent-workspace/builds/worker-4-tc2/target:/opt/rustwide/target:rw,Z" "-v" "/var/lib/crater-agent-workspace/builds/worker-4-tc2/source:/opt/rustwide/workdir:ro,Z" "-v" "/var/lib/crater-agent-workspace/cargo-home:/opt/rustwide/cargo-home:ro,Z" "-v" "/var/lib/crater-agent-workspace/rustup-home:/opt/rustwide/rustup-home:ro,Z" "-e" "SOURCE_DIR=/opt/rustwide/workdir" "-e" "CARGO_TARGET_DIR=/opt/rustwide/target" "-e" "CARGO_HOME=/opt/rustwide/cargo-home" "-e" "RUSTUP_HOME=/opt/rustwide/rustup-home" "-w" "/opt/rustwide/workdir" "-m" "1610612736" "--user" "0:0" "--network" "none" "ghcr.io/rust-lang/crates-build-env/linux@sha256:5ff2268d62e97bff2cde7d5815dd6ed5b47097566f13b8d0ca110b04b60e07ed" "/opt/rustwide/cargo-home/bin/cargo" "+beta-2023-04-20" "metadata" "--no-deps" "--format-version=1", kill_on_drop: false }`
[INFO] [stdout] c79b6d2e9b82e104e1fdd776b59cf17e1f5f6174e7823adc3c9263c81c131b56
[INFO] running `Command { std: "docker" "start" "-a" "c79b6d2e9b82e104e1fdd776b59cf17e1f5f6174e7823adc3c9263c81c131b56", kill_on_drop: false }`
[INFO] running `Command { std: "docker" "inspect" "c79b6d2e9b82e104e1fdd776b59cf17e1f5f6174e7823adc3c9263c81c131b56", kill_on_drop: false }`
[INFO] running `Command { std: "docker" "rm" "-f" "c79b6d2e9b82e104e1fdd776b59cf17e1f5f6174e7823adc3c9263c81c131b56", kill_on_drop: false }`
[INFO] [stdout] c79b6d2e9b82e104e1fdd776b59cf17e1f5f6174e7823adc3c9263c81c131b56
[INFO] running `Command { std: "docker" "create" "-v" "/var/lib/crater-agent-workspace/builds/worker-4-tc2/target:/opt/rustwide/target:rw,Z" "-v" "/var/lib/crater-agent-workspace/builds/worker-4-tc2/source:/opt/rustwide/workdir:ro,Z" "-v" "/var/lib/crater-agent-workspace/cargo-home:/opt/rustwide/cargo-home:ro,Z" "-v" "/var/lib/crater-agent-workspace/rustup-home:/opt/rustwide/rustup-home:ro,Z" "-e" "SOURCE_DIR=/opt/rustwide/workdir" "-e" "CARGO_TARGET_DIR=/opt/rustwide/target" "-e" "CARGO_INCREMENTAL=0" "-e" "RUST_BACKTRACE=full" "-e" "RUSTFLAGS=--cap-lints=warn" "-e" "RUSTDOCFLAGS=--cap-lints=warn" "-e" "CARGO_HOME=/opt/rustwide/cargo-home" "-e" "RUSTUP_HOME=/opt/rustwide/rustup-home" "-w" "/opt/rustwide/workdir" "-m" "1610612736" "--user" "0:0" "--network" "none" "ghcr.io/rust-lang/crates-build-env/linux@sha256:5ff2268d62e97bff2cde7d5815dd6ed5b47097566f13b8d0ca110b04b60e07ed" "/opt/rustwide/cargo-home/bin/cargo" "+beta-2023-04-20" "build" "--frozen" "--message-format=json", kill_on_drop: false }`
[INFO] [stdout] 057e267ad919a440575774d48c878de3865e34b9cde40c2f01d1442f3717f993
[INFO] running `Command { std: "docker" "start" "-a" "057e267ad919a440575774d48c878de3865e34b9cde40c2f01d1442f3717f993", kill_on_drop: false }`
[INFO] [stderr]    Compiling never-say-never v6.6.666
[INFO] [stderr]    Compiling ghosts-proc_macros v0.1.0 (/opt/rustwide/workdir/src/proc_macros)
[INFO] [stderr]    Compiling ghosts v0.1.0 (/opt/rustwide/workdir)
[INFO] [stderr]     Finished dev [unoptimized + debuginfo] target(s) in 0.28s
[INFO] running `Command { std: "docker" "inspect" "057e267ad919a440575774d48c878de3865e34b9cde40c2f01d1442f3717f993", kill_on_drop: false }`
[INFO] running `Command { std: "docker" "rm" "-f" "057e267ad919a440575774d48c878de3865e34b9cde40c2f01d1442f3717f993", kill_on_drop: false }`
[INFO] [stdout] 057e267ad919a440575774d48c878de3865e34b9cde40c2f01d1442f3717f993
[INFO] running `Command { std: "docker" "create" "-v" "/var/lib/crater-agent-workspace/builds/worker-4-tc2/target:/opt/rustwide/target:rw,Z" "-v" "/var/lib/crater-agent-workspace/builds/worker-4-tc2/source:/opt/rustwide/workdir:ro,Z" "-v" "/var/lib/crater-agent-workspace/cargo-home:/opt/rustwide/cargo-home:ro,Z" "-v" "/var/lib/crater-agent-workspace/rustup-home:/opt/rustwide/rustup-home:ro,Z" "-e" "SOURCE_DIR=/opt/rustwide/workdir" "-e" "CARGO_TARGET_DIR=/opt/rustwide/target" "-e" "CARGO_INCREMENTAL=0" "-e" "RUST_BACKTRACE=full" "-e" "RUSTFLAGS=--cap-lints=warn" "-e" "RUSTDOCFLAGS=--cap-lints=warn" "-e" "CARGO_HOME=/opt/rustwide/cargo-home" "-e" "RUSTUP_HOME=/opt/rustwide/rustup-home" "-w" "/opt/rustwide/workdir" "-m" "1610612736" "--user" "0:0" "--network" "none" "ghcr.io/rust-lang/crates-build-env/linux@sha256:5ff2268d62e97bff2cde7d5815dd6ed5b47097566f13b8d0ca110b04b60e07ed" "/opt/rustwide/cargo-home/bin/cargo" "+beta-2023-04-20" "test" "--frozen" "--no-run" "--message-format=json", kill_on_drop: false }`
[INFO] [stdout] d9a4ca3c3c6dc43de477194507687aaf4de9f71c7f8c1b505b8033696f3c03c7
[INFO] running `Command { std: "docker" "start" "-a" "d9a4ca3c3c6dc43de477194507687aaf4de9f71c7f8c1b505b8033696f3c03c7", kill_on_drop: false }`
[INFO] [stderr]    Compiling ghosts v0.1.0 (/opt/rustwide/workdir)
[INFO] [stderr]     Finished test [unoptimized + debuginfo] target(s) in 0.20s
[INFO] running `Command { std: "docker" "inspect" "d9a4ca3c3c6dc43de477194507687aaf4de9f71c7f8c1b505b8033696f3c03c7", kill_on_drop: false }`
[INFO] running `Command { std: "docker" "rm" "-f" "d9a4ca3c3c6dc43de477194507687aaf4de9f71c7f8c1b505b8033696f3c03c7", kill_on_drop: false }`
[INFO] [stdout] d9a4ca3c3c6dc43de477194507687aaf4de9f71c7f8c1b505b8033696f3c03c7
[INFO] running `Command { std: "docker" "create" "-v" "/var/lib/crater-agent-workspace/builds/worker-4-tc2/target:/opt/rustwide/target:rw,Z" "-v" "/var/lib/crater-agent-workspace/builds/worker-4-tc2/source:/opt/rustwide/workdir:ro,Z" "-v" "/var/lib/crater-agent-workspace/cargo-home:/opt/rustwide/cargo-home:ro,Z" "-v" "/var/lib/crater-agent-workspace/rustup-home:/opt/rustwide/rustup-home:ro,Z" "-e" "SOURCE_DIR=/opt/rustwide/workdir" "-e" "CARGO_TARGET_DIR=/opt/rustwide/target" "-e" "CARGO_INCREMENTAL=0" "-e" "RUST_BACKTRACE=full" "-e" "RUSTFLAGS=--cap-lints=warn" "-e" "RUSTDOCFLAGS=--cap-lints=warn" "-e" "CARGO_HOME=/opt/rustwide/cargo-home" "-e" "RUSTUP_HOME=/opt/rustwide/rustup-home" "-w" "/opt/rustwide/workdir" "-m" "1610612736" "--user" "0:0" "--network" "none" "ghcr.io/rust-lang/crates-build-env/linux@sha256:5ff2268d62e97bff2cde7d5815dd6ed5b47097566f13b8d0ca110b04b60e07ed" "/opt/rustwide/cargo-home/bin/cargo" "+beta-2023-04-20" "test" "--frozen", kill_on_drop: false }`
[INFO] [stdout] 88719ec658b52e25e24b355367fa165dac4f32e1a36898fe1c63c0b37ae257dd
[INFO] running `Command { std: "docker" "start" "-a" "88719ec658b52e25e24b355367fa165dac4f32e1a36898fe1c63c0b37ae257dd", kill_on_drop: false }`
[INFO] [stderr]     Finished test [unoptimized + debuginfo] target(s) in 0.00s
[INFO] [stdout] 
[INFO] [stderr]      Running unittests src/lib.rs (/opt/rustwide/target/debug/deps/ghosts-99bf367a161f086a)
[INFO] [stdout] running 0 tests
[INFO] [stdout] 
[INFO] [stdout] test result: ok. 0 passed; 0 failed; 0 ignored; 0 measured; 0 filtered out; finished in 0.00s
[INFO] [stdout] 
[INFO] [stderr]    Doc-tests ghosts
[INFO] [stdout] 
[INFO] [stdout] running 12 tests
[INFO] [stdout] test src/expr.rs - expr::ghost (line 213) - compile fail ... ok
[INFO] [stdout] test src/expr.rs - expr::Ectoplasm::materialize (line 74) ... FAILED
[INFO] [stdout] test src/expr.rs - expr::__::Ectoplasm (line 57) ... FAILED
[INFO] [stdout] test src/expr.rs - expr::ghost (line 164) ... FAILED
[INFO] [stdout] test src/expr.rs - expr::ghost (line 200) ... ok
[INFO] [stdout] test src/expr.rs - expr::ghost (line 227) ... ok
[INFO] [stdout] test src/lib.rs - (line 41) ... ok
[INFO] [stdout] test src/expr.rs - expr::ghost (line 174) ... ok
[INFO] [stdout] test src/lib.rs - ghost_no_init (line 35) ... ok
[INFO] [stdout] test src/lib.rs - ghost_no_dropck (line 53) ... ok
[INFO] [stdout] test src/ty.rs - ty::Ghost (line 46) ... ok
[INFO] [stdout] test src/lib.rs - ghost_tag (line 74) ... ok
[INFO] [stdout] 
[INFO] [stdout] failures:
[INFO] [stdout] 
[INFO] [stdout] ---- src/expr.rs - expr::Ectoplasm::materialize (line 74) stdout ----
[INFO] [stdout] error: reached the recursion limit while instantiating `materialize_unchecked::<(((((..., ...), ...), ...), ...), ...)>`
[INFO] [stdout]   --> /opt/rustwide/workdir/src/expr.rs:40:5
[INFO] [stdout]    |
[INFO] [stdout] 40 |     materialize_unchecked::<(T, OutsideOfAGhostBlockError)>(Ghost).0
[INFO] [stdout]    |     ^^^^^^^^^^^^^^^^^^^^^^^^^^^^^^^^^^^^^^^^^^^^^^^^^^^^^^^^^^^^^^
[INFO] [stdout]    |
[INFO] [stdout] note: `materialize_unchecked` defined here
[INFO] [stdout]   --> /opt/rustwide/workdir/src/expr.rs:33:1
[INFO] [stdout]    |
[INFO] [stdout] 33 | / pub
[INFO] [stdout] 34 | | fn materialize_unchecked<T> (
[INFO] [stdout] 35 | |     _: Ghost<T>,
[INFO] [stdout] 36 | | ) -> T
[INFO] [stdout]    | |______^
[INFO] [stdout]    = note: the full type name has been written to '/tmp/rustdoctestoSEWfJ/rust_out.long-type.txt'
[INFO] [stdout] 
[INFO] [stdout] error: aborting due to previous error
[INFO] [stdout] 
[INFO] [stdout] Couldn't compile the test.
[INFO] [stdout] ---- src/expr.rs - expr::__::Ectoplasm (line 57) stdout ----
[INFO] [stdout] error: reached the recursion limit while instantiating `materialize_unchecked::<(((((..., ...), ...), ...), ...), ...)>`
[INFO] [stdout]   --> /opt/rustwide/workdir/src/expr.rs:40:5
[INFO] [stdout]    |
[INFO] [stdout] 40 |     materialize_unchecked::<(T, OutsideOfAGhostBlockError)>(Ghost).0
[INFO] [stdout]    |     ^^^^^^^^^^^^^^^^^^^^^^^^^^^^^^^^^^^^^^^^^^^^^^^^^^^^^^^^^^^^^^
[INFO] [stdout]    |
[INFO] [stdout] note: `materialize_unchecked` defined here
[INFO] [stdout]   --> /opt/rustwide/workdir/src/expr.rs:33:1
[INFO] [stdout]    |
[INFO] [stdout] 33 | / pub
[INFO] [stdout] 34 | | fn materialize_unchecked<T> (
[INFO] [stdout] 35 | |     _: Ghost<T>,
[INFO] [stdout] 36 | | ) -> T
[INFO] [stdout]    | |______^
[INFO] [stdout]    = note: the full type name has been written to '/tmp/rustdoctestTup9E9/rust_out.long-type.txt'
[INFO] [stdout] 
[INFO] [stdout] error: aborting due to previous error
[INFO] [stdout] 
[INFO] [stdout] Couldn't compile the test.
[INFO] [stdout] ---- src/expr.rs - expr::ghost (line 164) stdout ----
[INFO] [stdout] error: reached the recursion limit while instantiating `materialize_unchecked::<(((((..., ...), ...), ...), ...), ...)>`
[INFO] [stdout]   --> /opt/rustwide/workdir/src/expr.rs:40:5
[INFO] [stdout]    |
[INFO] [stdout] 40 |     materialize_unchecked::<(T, OutsideOfAGhostBlockError)>(Ghost).0
[INFO] [stdout]    |     ^^^^^^^^^^^^^^^^^^^^^^^^^^^^^^^^^^^^^^^^^^^^^^^^^^^^^^^^^^^^^^
[INFO] [stdout]    |
[INFO] [stdout] note: `materialize_unchecked` defined here
[INFO] [stdout]   --> /opt/rustwide/workdir/src/expr.rs:33:1
[INFO] [stdout]    |
[INFO] [stdout] 33 | / pub
[INFO] [stdout] 34 | | fn materialize_unchecked<T> (
[INFO] [stdout] 35 | |     _: Ghost<T>,
[INFO] [stdout] 36 | | ) -> T
[INFO] [stdout]    | |______^
[INFO] [stdout]    = note: the full type name has been written to '/tmp/rustdoctestEF3F2T/rust_out.long-type.txt'
[INFO] [stdout] 
[INFO] [stdout] error: aborting due to previous error
[INFO] [stdout] 
[INFO] [stdout] Couldn't compile the test.
[INFO] [stdout] 
[INFO] [stdout] failures:
[INFO] [stdout]     src/expr.rs - expr::Ectoplasm::materialize (line 74)
[INFO] [stdout]     src/expr.rs - expr::__::Ectoplasm (line 57)
[INFO] [stdout]     src/expr.rs - expr::ghost (line 164)
[INFO] [stdout] 
[INFO] [stdout] test result: FAILED. 9 passed; 3 failed; 0 ignored; 0 measured; 0 filtered out; finished in 0.26s
[INFO] [stdout] 
[INFO] [stderr] error: doctest failed, to rerun pass `--doc`
[INFO] running `Command { std: "docker" "inspect" "88719ec658b52e25e24b355367fa165dac4f32e1a36898fe1c63c0b37ae257dd", kill_on_drop: false }`
[INFO] running `Command { std: "docker" "rm" "-f" "88719ec658b52e25e24b355367fa165dac4f32e1a36898fe1c63c0b37ae257dd", kill_on_drop: false }`
[INFO] [stdout] 88719ec658b52e25e24b355367fa165dac4f32e1a36898fe1c63c0b37ae257dd
