[INFO] cloning repository https://github.com/aleksanderkrauze/asyncdwmblocks
[INFO] running `Command { std: "git" "-c" "credential.helper=" "-c" "credential.helper=/workspace/cargo-home/bin/git-credential-null" "clone" "--bare" "https://github.com/aleksanderkrauze/asyncdwmblocks" "/workspace/cache/git-repos/https%3A%2F%2Fgithub.com%2Faleksanderkrauze%2Fasyncdwmblocks", kill_on_drop: false }`
[INFO] [stderr] Cloning into bare repository '/workspace/cache/git-repos/https%3A%2F%2Fgithub.com%2Faleksanderkrauze%2Fasyncdwmblocks'...
[INFO] running `Command { std: "git" "rev-parse" "HEAD", kill_on_drop: false }`
[INFO] [stdout] 0a4c51b61f7bcc34a966ad5906f2aa4627063719
[INFO] testing aleksanderkrauze/asyncdwmblocks against beta-2023-04-20 for beta-1.70-1
[INFO] running `Command { std: "git" "clone" "/workspace/cache/git-repos/https%3A%2F%2Fgithub.com%2Faleksanderkrauze%2Fasyncdwmblocks" "/workspace/builds/worker-2-tc2/source", kill_on_drop: false }`
[INFO] [stderr] Cloning into '/workspace/builds/worker-2-tc2/source'...
[INFO] [stderr] done.
[INFO] validating manifest of git repo https://github.com/aleksanderkrauze/asyncdwmblocks on toolchain beta-2023-04-20
[INFO] running `Command { std: CARGO_HOME="/workspace/cargo-home" RUSTUP_HOME="/workspace/rustup-home" "/workspace/cargo-home/bin/cargo" "+beta-2023-04-20" "metadata" "--manifest-path" "Cargo.toml" "--no-deps", kill_on_drop: false }`
[INFO] started tweaking git repo https://github.com/aleksanderkrauze/asyncdwmblocks
[INFO] finished tweaking git repo https://github.com/aleksanderkrauze/asyncdwmblocks
[INFO] tweaked toml for git repo https://github.com/aleksanderkrauze/asyncdwmblocks written to /workspace/builds/worker-2-tc2/source/Cargo.toml
[INFO] crate git repo https://github.com/aleksanderkrauze/asyncdwmblocks already has a lockfile, it will not be regenerated
[INFO] running `Command { std: CARGO_HOME="/workspace/cargo-home" RUSTUP_HOME="/workspace/rustup-home" "/workspace/cargo-home/bin/cargo" "+beta-2023-04-20" "fetch" "--manifest-path" "Cargo.toml", kill_on_drop: false }`
[INFO] [stderr]  Downloading crates ...
[INFO] [stderr]   Downloaded clap v3.0.7
[INFO] running `Command { std: "docker" "create" "-v" "/var/lib/crater-agent-workspace/builds/worker-2-tc2/target:/opt/rustwide/target:rw,Z" "-v" "/var/lib/crater-agent-workspace/builds/worker-2-tc2/source:/opt/rustwide/workdir:ro,Z" "-v" "/var/lib/crater-agent-workspace/cargo-home:/opt/rustwide/cargo-home:ro,Z" "-v" "/var/lib/crater-agent-workspace/rustup-home:/opt/rustwide/rustup-home:ro,Z" "-e" "SOURCE_DIR=/opt/rustwide/workdir" "-e" "CARGO_TARGET_DIR=/opt/rustwide/target" "-e" "CARGO_HOME=/opt/rustwide/cargo-home" "-e" "RUSTUP_HOME=/opt/rustwide/rustup-home" "-w" "/opt/rustwide/workdir" "-m" "1610612736" "--user" "0:0" "--network" "none" "ghcr.io/rust-lang/crates-build-env/linux@sha256:5ff2268d62e97bff2cde7d5815dd6ed5b47097566f13b8d0ca110b04b60e07ed" "/opt/rustwide/cargo-home/bin/cargo" "+beta-2023-04-20" "metadata" "--no-deps" "--format-version=1", kill_on_drop: false }`
[INFO] [stdout] 0a28698e03391a751045999092542f342acbbf064027e28aa6e85f1af01bc94d
[INFO] running `Command { std: "docker" "start" "-a" "0a28698e03391a751045999092542f342acbbf064027e28aa6e85f1af01bc94d", kill_on_drop: false }`
[INFO] running `Command { std: "docker" "inspect" "0a28698e03391a751045999092542f342acbbf064027e28aa6e85f1af01bc94d", kill_on_drop: false }`
[INFO] running `Command { std: "docker" "rm" "-f" "0a28698e03391a751045999092542f342acbbf064027e28aa6e85f1af01bc94d", kill_on_drop: false }`
[INFO] [stdout] 0a28698e03391a751045999092542f342acbbf064027e28aa6e85f1af01bc94d
[INFO] running `Command { std: "docker" "create" "-v" "/var/lib/crater-agent-workspace/builds/worker-2-tc2/target:/opt/rustwide/target:rw,Z" "-v" "/var/lib/crater-agent-workspace/builds/worker-2-tc2/source:/opt/rustwide/workdir:ro,Z" "-v" "/var/lib/crater-agent-workspace/cargo-home:/opt/rustwide/cargo-home:ro,Z" "-v" "/var/lib/crater-agent-workspace/rustup-home:/opt/rustwide/rustup-home:ro,Z" "-e" "SOURCE_DIR=/opt/rustwide/workdir" "-e" "CARGO_TARGET_DIR=/opt/rustwide/target" "-e" "CARGO_INCREMENTAL=0" "-e" "RUST_BACKTRACE=full" "-e" "RUSTFLAGS=--cap-lints=warn" "-e" "RUSTDOCFLAGS=--cap-lints=warn" "-e" "CARGO_HOME=/opt/rustwide/cargo-home" "-e" "RUSTUP_HOME=/opt/rustwide/rustup-home" "-w" "/opt/rustwide/workdir" "-m" "1610612736" "--user" "0:0" "--network" "none" "ghcr.io/rust-lang/crates-build-env/linux@sha256:5ff2268d62e97bff2cde7d5815dd6ed5b47097566f13b8d0ca110b04b60e07ed" "/opt/rustwide/cargo-home/bin/cargo" "+beta-2023-04-20" "build" "--frozen" "--message-format=json", kill_on_drop: false }`
[INFO] [stdout] 434627887c773030bdebb1ac97304fcdffdc08a00893c8b3669e81ed3ced6269
[INFO] running `Command { std: "docker" "start" "-a" "434627887c773030bdebb1ac97304fcdffdc08a00893c8b3669e81ed3ced6269", kill_on_drop: false }`
[INFO] [stderr]    Compiling proc-macro2 v1.0.36
[INFO] [stderr]    Compiling unicode-xid v0.2.2
[INFO] [stderr]    Compiling libc v0.2.112
[INFO] [stderr]    Compiling syn v1.0.85
[INFO] [stderr]    Compiling memchr v2.4.1
[INFO] [stderr]    Compiling cfg-if v1.0.0
[INFO] [stderr]    Compiling futures-core v0.3.19
[INFO] [stderr]    Compiling autocfg v1.0.1
[INFO] [stderr]    Compiling futures-channel v0.3.19
[INFO] [stderr]    Compiling log v0.4.14
[INFO] [stderr]    Compiling version_check v0.9.4
[INFO] [stderr]    Compiling parking_lot_core v0.8.5
[INFO] [stderr]    Compiling futures-task v0.3.19
[INFO] [stderr]    Compiling serde_derive v1.0.133
[INFO] [stderr]    Compiling pkg-config v0.3.24
[INFO] [stderr]    Compiling smallvec v1.7.0
[INFO] [stderr]    Compiling instant v0.1.12
[INFO] [stderr]    Compiling serde v1.0.133
[INFO] [stderr]    Compiling hashbrown v0.11.2
[INFO] [stderr]    Compiling futures-sink v0.3.19
[INFO] [stderr]    Compiling futures-util v0.3.19
[INFO] [stderr]    Compiling pin-project-lite v0.2.8
[INFO] [stderr]    Compiling scopeguard v1.1.0
[INFO] [stderr]    Compiling lock_api v0.4.5
[INFO] [stderr]    Compiling pin-utils v0.1.0
[INFO] [stderr]    Compiling indexmap v1.8.0
[INFO] [stderr]    Compiling unicase v2.6.0
[INFO] [stderr]    Compiling unicode-width v0.1.9
[INFO] [stderr]    Compiling async-trait v0.1.52
[INFO] [stderr]    Compiling slab v0.4.5
[INFO] [stderr]    Compiling linked-hash-map v0.5.4
[INFO] [stderr]    Compiling futures-io v0.3.19
[INFO] [stderr]    Compiling textwrap v0.14.2
[INFO] [stderr]    Compiling x11-dl v2.19.1
[INFO] [stderr]    Compiling lazy_static v1.4.0
[INFO] [stderr]    Compiling bitflags v1.3.2
[INFO] [stderr]    Compiling once_cell v1.9.0
[INFO] [stderr]    Compiling bytes v1.1.0
[INFO] [stderr]    Compiling ryu v1.0.9
[INFO] [stderr]    Compiling yaml-rust v0.4.5
[INFO] [stderr]    Compiling os_str_bytes v6.0.0
[INFO] [stderr]    Compiling quote v1.0.14
[INFO] [stderr]    Compiling num_cpus v1.13.1
[INFO] [stderr]    Compiling mio v0.7.14
[INFO] [stderr]    Compiling signal-hook-registry v1.4.0
[INFO] [stderr]    Compiling parking_lot v0.11.2
[INFO] [stderr]    Compiling clap v3.0.7
[INFO] [stderr]    Compiling futures v0.3.19
[INFO] [stderr]    Compiling tokio-macros v1.7.0
[INFO] [stderr]    Compiling tokio v1.15.0
[INFO] [stderr]    Compiling serde_yaml v0.8.23
[INFO] [stderr]    Compiling asyncdwmblocks v0.1.0 (/opt/rustwide/workdir)
[INFO] [stderr]     Finished dev [unoptimized + debuginfo] target(s) in 11.47s
[INFO] running `Command { std: "docker" "inspect" "434627887c773030bdebb1ac97304fcdffdc08a00893c8b3669e81ed3ced6269", kill_on_drop: false }`
[INFO] running `Command { std: "docker" "rm" "-f" "434627887c773030bdebb1ac97304fcdffdc08a00893c8b3669e81ed3ced6269", kill_on_drop: false }`
[INFO] [stdout] 434627887c773030bdebb1ac97304fcdffdc08a00893c8b3669e81ed3ced6269
[INFO] running `Command { std: "docker" "create" "-v" "/var/lib/crater-agent-workspace/builds/worker-2-tc2/target:/opt/rustwide/target:rw,Z" "-v" "/var/lib/crater-agent-workspace/builds/worker-2-tc2/source:/opt/rustwide/workdir:ro,Z" "-v" "/var/lib/crater-agent-workspace/cargo-home:/opt/rustwide/cargo-home:ro,Z" "-v" "/var/lib/crater-agent-workspace/rustup-home:/opt/rustwide/rustup-home:ro,Z" "-e" "SOURCE_DIR=/opt/rustwide/workdir" "-e" "CARGO_TARGET_DIR=/opt/rustwide/target" "-e" "CARGO_INCREMENTAL=0" "-e" "RUST_BACKTRACE=full" "-e" "RUSTFLAGS=--cap-lints=warn" "-e" "RUSTDOCFLAGS=--cap-lints=warn" "-e" "CARGO_HOME=/opt/rustwide/cargo-home" "-e" "RUSTUP_HOME=/opt/rustwide/rustup-home" "-w" "/opt/rustwide/workdir" "-m" "1610612736" "--user" "0:0" "--network" "none" "ghcr.io/rust-lang/crates-build-env/linux@sha256:5ff2268d62e97bff2cde7d5815dd6ed5b47097566f13b8d0ca110b04b60e07ed" "/opt/rustwide/cargo-home/bin/cargo" "+beta-2023-04-20" "test" "--frozen" "--no-run" "--message-format=json", kill_on_drop: false }`
[INFO] [stdout] 0ec9d9d40bc84706c0f60559c5ff47a8391ceac6ea4ffdf1c9fd39e1f65a49e8
[INFO] running `Command { std: "docker" "start" "-a" "0ec9d9d40bc84706c0f60559c5ff47a8391ceac6ea4ffdf1c9fd39e1f65a49e8", kill_on_drop: false }`
[INFO] [stderr]    Compiling num-traits v0.2.14
[INFO] [stderr]    Compiling num-integer v0.1.44
[INFO] [stderr]    Compiling remove_dir_all v0.5.3
[INFO] [stderr]    Compiling fastrand v1.6.0
[INFO] [stderr]    Compiling time v0.1.44
[INFO] [stderr]    Compiling wait-timeout v0.2.0
[INFO] [stderr]    Compiling quick-error v1.2.3
[INFO] [stderr]    Compiling diff v0.1.12
[INFO] [stderr]    Compiling ansi_term v0.12.1
[INFO] [stderr]    Compiling fnv v1.0.7
[INFO] [stderr]    Compiling tempfile v3.3.0
[INFO] [stderr]    Compiling pretty_assertions v1.0.0
[INFO] [stderr]    Compiling rusty-fork v0.3.0
[INFO] [stderr]    Compiling chrono v0.4.19
[INFO] [stderr]    Compiling asyncdwmblocks v0.1.0 (/opt/rustwide/workdir)
[INFO] [stderr]     Finished test [unoptimized + debuginfo] target(s) in 7.48s
[INFO] running `Command { std: "docker" "inspect" "0ec9d9d40bc84706c0f60559c5ff47a8391ceac6ea4ffdf1c9fd39e1f65a49e8", kill_on_drop: false }`
[INFO] running `Command { std: "docker" "rm" "-f" "0ec9d9d40bc84706c0f60559c5ff47a8391ceac6ea4ffdf1c9fd39e1f65a49e8", kill_on_drop: false }`
[INFO] [stdout] 0ec9d9d40bc84706c0f60559c5ff47a8391ceac6ea4ffdf1c9fd39e1f65a49e8
[INFO] running `Command { std: "docker" "create" "-v" "/var/lib/crater-agent-workspace/builds/worker-2-tc2/target:/opt/rustwide/target:rw,Z" "-v" "/var/lib/crater-agent-workspace/builds/worker-2-tc2/source:/opt/rustwide/workdir:ro,Z" "-v" "/var/lib/crater-agent-workspace/cargo-home:/opt/rustwide/cargo-home:ro,Z" "-v" "/var/lib/crater-agent-workspace/rustup-home:/opt/rustwide/rustup-home:ro,Z" "-e" "SOURCE_DIR=/opt/rustwide/workdir" "-e" "CARGO_TARGET_DIR=/opt/rustwide/target" "-e" "CARGO_INCREMENTAL=0" "-e" "RUST_BACKTRACE=full" "-e" "RUSTFLAGS=--cap-lints=warn" "-e" "RUSTDOCFLAGS=--cap-lints=warn" "-e" "CARGO_HOME=/opt/rustwide/cargo-home" "-e" "RUSTUP_HOME=/opt/rustwide/rustup-home" "-w" "/opt/rustwide/workdir" "-m" "1610612736" "--user" "0:0" "--network" "none" "ghcr.io/rust-lang/crates-build-env/linux@sha256:5ff2268d62e97bff2cde7d5815dd6ed5b47097566f13b8d0ca110b04b60e07ed" "/opt/rustwide/cargo-home/bin/cargo" "+beta-2023-04-20" "test" "--frozen", kill_on_drop: false }`
[INFO] [stdout] ccee0df3c96ef005a888204e10d82e08a0f3b60ab73b9bb155d94dd52a277849
[INFO] running `Command { std: "docker" "start" "-a" "ccee0df3c96ef005a888204e10d82e08a0f3b60ab73b9bb155d94dd52a277849", kill_on_drop: false }`
[INFO] [stderr]     Finished test [unoptimized + debuginfo] target(s) in 0.03s
[INFO] [stderr]      Running unittests src/lib.rs (/opt/rustwide/target/debug/deps/asyncdwmblocks-f8130136814c81a5)
[INFO] [stdout] 
[INFO] [stdout] running 65 tests
[INFO] [stdout] test ipc::frame::tests::frame_decode_BUTTON ... ok
[INFO] [stdout] test ipc::frame::tests::frame_decode_REFRESH ... ok
[INFO] [stdout] test ipc::frame::tests::frame_decode_button ... ok
[INFO] [stdout] test ipc::frame::tests::frame_decode_button_different_cases ... ok
[INFO] [stdout] test ipc::frame::tests::frame_decode_button_wrong_number ... ok
[INFO] [stdout] test ipc::frame::tests::frame_decode_empty ... ok
[INFO] [stdout] test ipc::frame::tests::frame_decode_invalid ... ok
[INFO] [stdout] test ipc::frame::tests::frame_decode_button_extra_whitespaces ... ok
[INFO] [stdout] test ipc::frame::tests::frame_decode_invalid_utf8 ... ok
[INFO] [stdout] test ipc::frame::tests::frame_decode_empty_whitespaces ... ok
[INFO] [stdout] test ipc::frame::tests::frame_decode_refresh_different_cases ... ok
[INFO] [stdout] test ipc::frame::tests::frame_decode_refresh_extra_whitespaces ... ok
[INFO] [stdout] test ipc::frame::tests::frame_decode_refresh ... ok
[INFO] [stdout] test block::tests::block_run_multiple_lines ... ok
[INFO] [stdout] test ipc::frame::tests::frame_encode ... ok
[INFO] [stdout] test ipc::frame::tests::frames_encode ... ok
[INFO] [stdout] test ipc::frame::tests::frames_decode ... ok
[INFO] [stdout] test block::tests::run_nonexisting_command ... ok
[INFO] [stdout] test block::tests::block_run ... ok
[INFO] [stdout] test ipc::tcp::notifier::tests::notification_connection_error ... ok
[INFO] [stdout] test ipc::uds::notifier::tests::notification_connection_error ... ok
[INFO] [stdout] test ipc::tcp::notifier::tests::send_notification ... ok
[INFO] [stdout] test ipc::tcp::tests::server_and_notifier ... ok
[INFO] [stdout] test ipc::tcp::server::tests::run_tcp_server ... ok
[INFO] [stdout] test ipc::opaque::tests::opaque_server_tcp ... ok
[INFO] [stdout] test ipc::opaque::tests::opaque_notifier_uds ... ok
[INFO] [stdout] test ipc::opaque::tests::opaque_server_uds ... ok
[INFO] [stdout] test ipc::opaque::tests::opaque_notifier_tcp ... ok
[INFO] [stdout] test ipc::uds::notifier::tests::send_notification ... ok
[INFO] [stdout] test ipc::uds::server::tests::run_uds_server ... ok
[INFO] [stdout] test ipc::uds::notifier::tests::send_notification_abstract_namespace ... ok
[INFO] [stdout] test ipc::uds::server::tests::run_uds_server_abstract_namespace ... ok
[INFO] [stdout] test statusbar::tests::get_block_by_name ... ok
[INFO] [stdout] test statusbar::tests::statusbar_get_status_bar ... ok
[INFO] [stdout] test statusbar::tests::statusbar_get_status_bar_all_none ... ok
[INFO] [stdout] test ipc::uds::tests::server_and_notifier ... ok
[INFO] [stdout] test ipc::uds::tests::server_and_notifier_abstract_namespace ... ok
[INFO] [stdout] test statusbar::tests::statusbar_multiple_ids_error ... ok
[INFO] [stdout] test statusbar::tests::statusbar_get_status_bar_emojis ... ok
[INFO] [stdout] test utils::split::tests::split_at_rn_alone_n ... ok
[INFO] [stdout] test utils::split::tests::split_at_rn_adjecent_rn ... ok
[INFO] [stdout] test utils::split::tests::split_at_rn_alone_r ... ok
[INFO] [stdout] test utils::split::tests::split_at_rn_empty ... ok
[INFO] [stdout] test utils::split::tests::split_at_rn_long_and_short ... ok
[INFO] [stdout] test utils::split::tests::split_at_rn_n_after_rn ... ok
[INFO] [stdout] test utils::split::tests::split_at_rn_multiple ... ok
[INFO] [stdout] test utils::split::tests::split_at_rn_r_before_rn ... ok
[INFO] [stdout] test utils::split::tests::split_at_rn_single ... ok
[INFO] [stdout] test utils::split::tests::split_at_rn_no_rn ... ok
[INFO] [stdout] test utils::split::tests::split_at_rn_trailing ... ok
[INFO] [stdout] test utils::split::tests::split_at_rn_trailing_n ... ok
[INFO] [stdout] test utils::split::tests::split_at_rn_trailing_r ... ok
[INFO] [stdout] test statusbar::tests::statusbar_blocks_from_config ... ok
[INFO] [stdout] test statusbar::tests::statusbar_init ... ok
[INFO] [stdout] test statusbar::tests::run_intervals_reload ... ok
[INFO] [stdout] test block::tests::block_run_error_types ... ok
[INFO] [stdout] test statusbar::tests::run_intervals_channel_on_task ... FAILED
[INFO] [stdout] test ipc::tcp::server::tests::tcp_server_binding_error ... ok
[INFO] [stdout] test ipc::uds::server::tests::uds_server_binding_error ... ok
[INFO] [stdout] test ipc::uds::server::tests::uds_server_cleanup_on_drop ... ok
[INFO] [stdout] test ipc::uds::server::tests::uds_server_cleanup_on_termination_signal ... ok
[INFO] [stdout] test block::tests::block_get_scheduler ... ok
[INFO] [stdout] test block::tests::run_test_blocking ... ok
[INFO] [stdout] test statusbar::tests::run_intervals ... ok
[INFO] [stdout] test statusbar::tests::run_test_asynchronicity ... ok
[INFO] [stdout] 
[INFO] [stdout] failures:
[INFO] [stdout] 
[INFO] [stdout] ---- statusbar::tests::run_intervals_channel_on_task stdout ----
[INFO] [stdout] thread 'statusbar::tests::run_intervals_channel_on_task' panicked at 'assertion failed: timeout.is_ok()', src/statusbar.rs:637:9
[INFO] [stdout] stack backtrace:
[INFO] [stdout]    0:     0x555846c47ada - std::backtrace_rs::backtrace::libunwind::trace::h2f05d0192276a8f6
[INFO] [stdout]                                at /rustc/1b7dd2252b99671ce5d1cb9664c5f8636329436d/library/std/src/../../backtrace/src/backtrace/libunwind.rs:93:5
[INFO] [stdout]    1:     0x555846c47ada - std::backtrace_rs::backtrace::trace_unsynchronized::hedc23dff7a1af150
[INFO] [stdout]                                at /rustc/1b7dd2252b99671ce5d1cb9664c5f8636329436d/library/std/src/../../backtrace/src/backtrace/mod.rs:66:5
[INFO] [stdout]    2:     0x555846c47ada - std::sys_common::backtrace::_print_fmt::h17541ef7592f3ce2
[INFO] [stdout]                                at /rustc/1b7dd2252b99671ce5d1cb9664c5f8636329436d/library/std/src/sys_common/backtrace.rs:65:5
[INFO] [stdout]    3:     0x555846c47ada - <std::sys_common::backtrace::_print::DisplayBacktrace as core::fmt::Display>::fmt::h20f75df5ab0c0792
[INFO] [stdout]                                at /rustc/1b7dd2252b99671ce5d1cb9664c5f8636329436d/library/std/src/sys_common/backtrace.rs:44:22
[INFO] [stdout]    4:     0x555846c6c00f - core::fmt::write::h78109e6f466b3af6
[INFO] [stdout]                                at /rustc/1b7dd2252b99671ce5d1cb9664c5f8636329436d/library/core/src/fmt/mod.rs:1254:17
[INFO] [stdout]    5:     0x555846c448f5 - std::io::Write::write_fmt::hd24bfb68a1b35a25
[INFO] [stdout]                                at /rustc/1b7dd2252b99671ce5d1cb9664c5f8636329436d/library/std/src/io/mod.rs:1698:15
[INFO] [stdout]    6:     0x555846c478a5 - std::sys_common::backtrace::_print::h8dac57a9f8fbf9a5
[INFO] [stdout]                                at /rustc/1b7dd2252b99671ce5d1cb9664c5f8636329436d/library/std/src/sys_common/backtrace.rs:47:5
[INFO] [stdout]    7:     0x555846c478a5 - std::sys_common::backtrace::print::hf9ecbf41d1aa712f
[INFO] [stdout]                                at /rustc/1b7dd2252b99671ce5d1cb9664c5f8636329436d/library/std/src/sys_common/backtrace.rs:34:9
[INFO] [stdout]    8:     0x555846c4955e - std::panicking::default_hook::{{closure}}::h04c07acfc84ca028
[INFO] [stdout]                                at /rustc/1b7dd2252b99671ce5d1cb9664c5f8636329436d/library/std/src/panicking.rs:269:22
[INFO] [stdout]    9:     0x555846c49291 - std::panicking::default_hook::h01f6bb23e1eceb2c
[INFO] [stdout]                                at /rustc/1b7dd2252b99671ce5d1cb9664c5f8636329436d/library/std/src/panicking.rs:285:9
[INFO] [stdout]   10:     0x555846b00dcb - <alloc::boxed::Box<F,A> as core::ops::function::Fn<Args>>::call::h87fe9f7b2fd49e4c
[INFO] [stdout]                                at /rustc/1b7dd2252b99671ce5d1cb9664c5f8636329436d/library/alloc/src/boxed.rs:1987:9
[INFO] [stdout]   11:     0x555846b00dcb - test::test_main::{{closure}}::he94d679243a7531b
[INFO] [stdout]                                at /rustc/1b7dd2252b99671ce5d1cb9664c5f8636329436d/library/test/src/lib.rs:134:21
[INFO] [stdout]   12:     0x555846c49c44 - <alloc::boxed::Box<F,A> as core::ops::function::Fn<Args>>::call::h3f2d6d8b14c4769f
[INFO] [stdout]                                at /rustc/1b7dd2252b99671ce5d1cb9664c5f8636329436d/library/alloc/src/boxed.rs:1987:9
[INFO] [stdout]   13:     0x555846c49c44 - std::panicking::rust_panic_with_hook::h2bb3722bbaf2f6df
[INFO] [stdout]                                at /rustc/1b7dd2252b99671ce5d1cb9664c5f8636329436d/library/std/src/panicking.rs:695:13
[INFO] [stdout]   14:     0x555846c49972 - std::panicking::begin_panic_handler::{{closure}}::h91bc7f36a4be011b
[INFO] [stdout]                                at /rustc/1b7dd2252b99671ce5d1cb9664c5f8636329436d/library/std/src/panicking.rs:580:13
[INFO] [stdout]   15:     0x555846c47f46 - std::sys_common::backtrace::__rust_end_short_backtrace::h8b3d3717114f9e59
[INFO] [stdout]                                at /rustc/1b7dd2252b99671ce5d1cb9664c5f8636329436d/library/std/src/sys_common/backtrace.rs:150:18
[INFO] [stdout]   16:     0x555846c49712 - rust_begin_unwind
[INFO] [stdout]                                at /rustc/1b7dd2252b99671ce5d1cb9664c5f8636329436d/library/std/src/panicking.rs:578:5
[INFO] [stdout]   17:     0x555846849cc3 - core::panicking::panic_fmt::hfd368e3fbdabea26
[INFO] [stdout]                                at /rustc/1b7dd2252b99671ce5d1cb9664c5f8636329436d/library/core/src/panicking.rs:67:14
[INFO] [stdout]   18:     0x555846849d5d - core::panicking::panic::h3f9042d09bd0bf2e
[INFO] [stdout]                                at /rustc/1b7dd2252b99671ce5d1cb9664c5f8636329436d/library/core/src/panicking.rs:117:5
[INFO] [stdout]   19:     0x555846938aea - asyncdwmblocks::statusbar::tests::run_intervals_channel_on_task::{{closure}}::hc0108a88a42a3106
[INFO] [stdout]                                at /opt/rustwide/workdir/src/statusbar.rs:637:9
[INFO] [stdout]   20:     0x5558469d9c8b - <core::pin::Pin<P> as core::future::future::Future>::poll::h252eeedc288af706
[INFO] [stdout]                                at /rustc/1b7dd2252b99671ce5d1cb9664c5f8636329436d/library/core/src/future/future.rs:125:9
[INFO] [stdout]   21:     0x555846aab264 - tokio::runtime::basic_scheduler::Inner<P>::block_on::{{closure}}::{{closure}}::had0c2cc3d608ad50
[INFO] [stdout]                                at /opt/rustwide/cargo-home/registry/src/index.crates.io-6f17d22bba15001f/tokio-1.15.0/src/runtime/basic_scheduler.rs:240:62
[INFO] [stdout]   22:     0x5558469e4180 - tokio::coop::with_budget::{{closure}}::h68f85790cd215249
[INFO] [stdout]                                at /opt/rustwide/cargo-home/registry/src/index.crates.io-6f17d22bba15001f/tokio-1.15.0/src/coop.rs:102:9
[INFO] [stdout]   23:     0x55584698d519 - std::thread::local::LocalKey<T>::try_with::h96ba822aa09472a3
[INFO] [stdout]                                at /rustc/1b7dd2252b99671ce5d1cb9664c5f8636329436d/library/std/src/thread/local.rs:252:16
[INFO] [stdout]   24:     0x5558469846fa - std::thread::local::LocalKey<T>::with::hf37fcb46b0bdced5
[INFO] [stdout]                                at /rustc/1b7dd2252b99671ce5d1cb9664c5f8636329436d/library/std/src/thread/local.rs:228:9
[INFO] [stdout]   25:     0x555846aa5785 - tokio::coop::with_budget::h177552777b623fff
[INFO] [stdout]                                at /opt/rustwide/cargo-home/registry/src/index.crates.io-6f17d22bba15001f/tokio-1.15.0/src/coop.rs:95:5
[INFO] [stdout]   26:     0x555846aa5785 - tokio::coop::budget::hb9523f46407e469f
[INFO] [stdout]                                at /opt/rustwide/cargo-home/registry/src/index.crates.io-6f17d22bba15001f/tokio-1.15.0/src/coop.rs:72:5
[INFO] [stdout]   27:     0x555846aa5785 - tokio::runtime::basic_scheduler::Inner<P>::block_on::{{closure}}::hb8634923b62fde7a
[INFO] [stdout]                                at /opt/rustwide/cargo-home/registry/src/index.crates.io-6f17d22bba15001f/tokio-1.15.0/src/runtime/basic_scheduler.rs:240:39
[INFO] [stdout]   28:     0x555846abc0e1 - tokio::runtime::basic_scheduler::enter::{{closure}}::h5f68efc7f8712b57
[INFO] [stdout]                                at /opt/rustwide/cargo-home/registry/src/index.crates.io-6f17d22bba15001f/tokio-1.15.0/src/runtime/basic_scheduler.rs:349:29
[INFO] [stdout]   29:     0x555846a7c5d7 - tokio::macros::scoped_tls::ScopedKey<T>::set::h81c3d6f83bd3a907
[INFO] [stdout]                                at /opt/rustwide/cargo-home/registry/src/index.crates.io-6f17d22bba15001f/tokio-1.15.0/src/macros/scoped_tls.rs:61:9
[INFO] [stdout]   30:     0x555846ab740d - tokio::runtime::basic_scheduler::enter::h29920b636cba68ff
[INFO] [stdout]                                at /opt/rustwide/cargo-home/registry/src/index.crates.io-6f17d22bba15001f/tokio-1.15.0/src/runtime/basic_scheduler.rs:349:5
[INFO] [stdout]   31:     0x555846a9348b - tokio::runtime::basic_scheduler::Inner<P>::block_on::h16514fdcd8aa16f6
[INFO] [stdout]                                at /opt/rustwide/cargo-home/registry/src/index.crates.io-6f17d22bba15001f/tokio-1.15.0/src/runtime/basic_scheduler.rs:230:9
[INFO] [stdout]   32:     0x555846aac042 - tokio::runtime::basic_scheduler::InnerGuard<P>::block_on::h53c8f83ce974eac3
[INFO] [stdout]                                at /opt/rustwide/cargo-home/registry/src/index.crates.io-6f17d22bba15001f/tokio-1.15.0/src/runtime/basic_scheduler.rs:501:9
[INFO] [stdout]   33:     0x555846ab19d6 - tokio::runtime::basic_scheduler::BasicScheduler<P>::block_on::hc4e8d0106ebf239e
[INFO] [stdout]                                at /opt/rustwide/cargo-home/registry/src/index.crates.io-6f17d22bba15001f/tokio-1.15.0/src/runtime/basic_scheduler.rs:186:24
[INFO] [stdout]   34:     0x55584691d50a - tokio::runtime::Runtime::block_on::ha8684a742f3ec4ac
[INFO] [stdout]                                at /opt/rustwide/cargo-home/registry/src/index.crates.io-6f17d22bba15001f/tokio-1.15.0/src/runtime/mod.rs:461:46
[INFO] [stdout]   35:     0x555846937f68 - asyncdwmblocks::statusbar::tests::run_intervals_channel_on_task::h0a124c43a1521147
[INFO] [stdout]                                at /opt/rustwide/workdir/src/statusbar.rs:637:9
[INFO] [stdout]   36:     0x555846937e07 - asyncdwmblocks::statusbar::tests::run_intervals_channel_on_task::{{closure}}::h79e9ee9aa5b48fbe
[INFO] [stdout]                                at /opt/rustwide/workdir/src/statusbar.rs:591:46
[INFO] [stdout]   37:     0x5558468e12a5 - core::ops::function::FnOnce::call_once::h9c282728aa32b05f
[INFO] [stdout]                                at /rustc/1b7dd2252b99671ce5d1cb9664c5f8636329436d/library/core/src/ops/function.rs:250:5
[INFO] [stdout]   38:     0x555846b05c9f - core::ops::function::FnOnce::call_once::ha6a70e79f7481a7e
[INFO] [stdout]                                at /rustc/1b7dd2252b99671ce5d1cb9664c5f8636329436d/library/core/src/ops/function.rs:250:5
[INFO] [stdout]   39:     0x555846b05c9f - test::__rust_begin_short_backtrace::hce33033019b61e69
[INFO] [stdout]                                at /rustc/1b7dd2252b99671ce5d1cb9664c5f8636329436d/library/test/src/lib.rs:655:18
[INFO] [stdout]   40:     0x555846ad348c - test::run_test::{{closure}}::h858d3528838ae3e5
[INFO] [stdout]                                at /rustc/1b7dd2252b99671ce5d1cb9664c5f8636329436d/library/test/src/lib.rs:646:30
[INFO] [stdout]   41:     0x555846ad348c - core::ops::function::FnOnce::call_once{{vtable.shim}}::he8ac2b00f01ae79e
[INFO] [stdout]                                at /rustc/1b7dd2252b99671ce5d1cb9664c5f8636329436d/library/core/src/ops/function.rs:250:5
[INFO] [stdout]   42:     0x555846b04d76 - <alloc::boxed::Box<F,A> as core::ops::function::FnOnce<Args>>::call_once::h8093d25b522725ef
[INFO] [stdout]                                at /rustc/1b7dd2252b99671ce5d1cb9664c5f8636329436d/library/alloc/src/boxed.rs:1973:9
[INFO] [stdout]   43:     0x555846b04d76 - <core::panic::unwind_safe::AssertUnwindSafe<F> as core::ops::function::FnOnce<()>>::call_once::h5c334c204e4a3913
[INFO] [stdout]                                at /rustc/1b7dd2252b99671ce5d1cb9664c5f8636329436d/library/core/src/panic/unwind_safe.rs:271:9
[INFO] [stdout]   44:     0x555846b04d76 - std::panicking::try::do_call::ha8b740c7b9478074
[INFO] [stdout]                                at /rustc/1b7dd2252b99671ce5d1cb9664c5f8636329436d/library/std/src/panicking.rs:485:40
[INFO] [stdout]   45:     0x555846b04d76 - std::panicking::try::h5d34f63d0e41b64e
[INFO] [stdout]                                at /rustc/1b7dd2252b99671ce5d1cb9664c5f8636329436d/library/std/src/panicking.rs:449:19
[INFO] [stdout]   46:     0x555846b04d76 - std::panic::catch_unwind::hcfbb511e1aa7fc67
[INFO] [stdout]                                at /rustc/1b7dd2252b99671ce5d1cb9664c5f8636329436d/library/std/src/panic.rs:140:14
[INFO] [stdout]   47:     0x555846b04d76 - test::run_test_in_process::h9abda90f802eaf21
[INFO] [stdout]                                at /rustc/1b7dd2252b99671ce5d1cb9664c5f8636329436d/library/test/src/lib.rs:678:27
[INFO] [stdout]   48:     0x555846b04d76 - test::run_test::run_test_inner::{{closure}}::h0f058de91f6c6edf
[INFO] [stdout]                                at /rustc/1b7dd2252b99671ce5d1cb9664c5f8636329436d/library/test/src/lib.rs:572:39
[INFO] [stdout]   49:     0x555846acdc95 - test::run_test::run_test_inner::{{closure}}::h5ca48a4c59c6c1fb
[INFO] [stdout]                                at /rustc/1b7dd2252b99671ce5d1cb9664c5f8636329436d/library/test/src/lib.rs:599:37
[INFO] [stdout]   50:     0x555846acdc95 - std::sys_common::backtrace::__rust_begin_short_backtrace::h32bd51e1495d4a33
[INFO] [stdout]                                at /rustc/1b7dd2252b99671ce5d1cb9664c5f8636329436d/library/std/src/sys_common/backtrace.rs:134:18
[INFO] [stdout]   51:     0x555846ad31d1 - std::thread::Builder::spawn_unchecked_::{{closure}}::{{closure}}::hc086fae9b128b2db
[INFO] [stdout]                                at /rustc/1b7dd2252b99671ce5d1cb9664c5f8636329436d/library/std/src/thread/mod.rs:526:17
[INFO] [stdout]   52:     0x555846ad31d1 - <core::panic::unwind_safe::AssertUnwindSafe<F> as core::ops::function::FnOnce<()>>::call_once::hb66571888d270d43
[INFO] [stdout]                                at /rustc/1b7dd2252b99671ce5d1cb9664c5f8636329436d/library/core/src/panic/unwind_safe.rs:271:9
[INFO] [stdout]   53:     0x555846ad31d1 - std::panicking::try::do_call::h4fa2ef4f6e51fecf
[INFO] [stdout]                                at /rustc/1b7dd2252b99671ce5d1cb9664c5f8636329436d/library/std/src/panicking.rs:485:40
[INFO] [stdout]   54:     0x555846ad31d1 - std::panicking::try::h1e9e22b8584489b5
[INFO] [stdout]                                at /rustc/1b7dd2252b99671ce5d1cb9664c5f8636329436d/library/std/src/panicking.rs:449:19
[INFO] [stdout]   55:     0x555846ad31d1 - std::panic::catch_unwind::h44698a3de0e0769e
[INFO] [stdout]                                at /rustc/1b7dd2252b99671ce5d1cb9664c5f8636329436d/library/std/src/panic.rs:140:14
[INFO] [stdout]   56:     0x555846ad31d1 - std::thread::Builder::spawn_unchecked_::{{closure}}::h50153abde3fe239e
[INFO] [stdout]                                at /rustc/1b7dd2252b99671ce5d1cb9664c5f8636329436d/library/std/src/thread/mod.rs:525:30
[INFO] [stdout]   57:     0x555846ad31d1 - core::ops::function::FnOnce::call_once{{vtable.shim}}::hbe5bbf6f38394364
[INFO] [stdout]                                at /rustc/1b7dd2252b99671ce5d1cb9664c5f8636329436d/library/core/src/ops/function.rs:250:5
[INFO] [stdout]   58:     0x555846c4e495 - <alloc::boxed::Box<F,A> as core::ops::function::FnOnce<Args>>::call_once::h0d83cb2920a49046
[INFO] [stdout]                                at /rustc/1b7dd2252b99671ce5d1cb9664c5f8636329436d/library/alloc/src/boxed.rs:1973:9
[INFO] [stdout]   59:     0x555846c4e495 - <alloc::boxed::Box<F,A> as core::ops::function::FnOnce<Args>>::call_once::hbe0a008aa7d9ef59
[INFO] [stdout]                                at /rustc/1b7dd2252b99671ce5d1cb9664c5f8636329436d/library/alloc/src/boxed.rs:1973:9
[INFO] [stdout]   60:     0x555846c4e495 - std::sys::unix::thread::Thread::new::thread_start::h3a466996bdf6b1f9
[INFO] [stdout]                                at /rustc/1b7dd2252b99671ce5d1cb9664c5f8636329436d/library/std/src/sys/unix/thread.rs:108:17
[INFO] [stdout]   61:     0x7f361251bb43 - <unknown>
[INFO] [stdout]   62:     0x7f36125acbb4 - __clone
[INFO] [stdout]   63:                0x0 - <unknown>
[INFO] [stdout] 
[INFO] [stdout] 
[INFO] [stdout] failures:
[INFO] [stdout]     statusbar::tests::run_intervals_channel_on_task
[INFO] [stdout] 
[INFO] [stdout] test result: FAILED. 64 passed; 1 failed; 0 ignored; 0 measured; 0 filtered out; finished in 1.17s
[INFO] [stdout] 
[INFO] [stderr] error: test failed, to rerun pass `--lib`
[INFO] running `Command { std: "docker" "inspect" "ccee0df3c96ef005a888204e10d82e08a0f3b60ab73b9bb155d94dd52a277849", kill_on_drop: false }`
[INFO] running `Command { std: "docker" "rm" "-f" "ccee0df3c96ef005a888204e10d82e08a0f3b60ab73b9bb155d94dd52a277849", kill_on_drop: false }`
[INFO] [stdout] ccee0df3c96ef005a888204e10d82e08a0f3b60ab73b9bb155d94dd52a277849
