[INFO] cloning repository https://github.com/SirGFM/rusty-but-fast
[INFO] running `Command { std: "git" "-c" "credential.helper=" "-c" "credential.helper=/workspace/cargo-home/bin/git-credential-null" "clone" "--bare" "https://github.com/SirGFM/rusty-but-fast" "/workspace/cache/git-repos/https%3A%2F%2Fgithub.com%2FSirGFM%2Frusty-but-fast", kill_on_drop: false }`
[INFO] [stderr] Cloning into bare repository '/workspace/cache/git-repos/https%3A%2F%2Fgithub.com%2FSirGFM%2Frusty-but-fast'...
[INFO] running `Command { std: "git" "rev-parse" "HEAD", kill_on_drop: false }`
[INFO] [stdout] 65a81cd60661abd7c448d05c355f69fcbff6d5c5
[INFO] testing SirGFM/rusty-but-fast against beta-2023-04-20 for beta-1.70-1
[INFO] running `Command { std: "git" "clone" "/workspace/cache/git-repos/https%3A%2F%2Fgithub.com%2FSirGFM%2Frusty-but-fast" "/workspace/builds/worker-1-tc2/source", kill_on_drop: false }`
[INFO] [stderr] Cloning into '/workspace/builds/worker-1-tc2/source'...
[INFO] [stderr] done.
[INFO] validating manifest of git repo https://github.com/SirGFM/rusty-but-fast on toolchain beta-2023-04-20
[INFO] running `Command { std: CARGO_HOME="/workspace/cargo-home" RUSTUP_HOME="/workspace/rustup-home" "/workspace/cargo-home/bin/cargo" "+beta-2023-04-20" "metadata" "--manifest-path" "Cargo.toml" "--no-deps", kill_on_drop: false }`
[INFO] started tweaking git repo https://github.com/SirGFM/rusty-but-fast
[INFO] finished tweaking git repo https://github.com/SirGFM/rusty-but-fast
[INFO] tweaked toml for git repo https://github.com/SirGFM/rusty-but-fast written to /workspace/builds/worker-1-tc2/source/Cargo.toml
[INFO] crate git repo https://github.com/SirGFM/rusty-but-fast already has a lockfile, it will not be regenerated
[INFO] running `Command { std: CARGO_HOME="/workspace/cargo-home" RUSTUP_HOME="/workspace/rustup-home" "/workspace/cargo-home/bin/cargo" "+beta-2023-04-20" "fetch" "--manifest-path" "Cargo.toml", kill_on_drop: false }`
[INFO] running `Command { std: "docker" "create" "-v" "/var/lib/crater-agent-workspace/builds/worker-1-tc2/target:/opt/rustwide/target:rw,Z" "-v" "/var/lib/crater-agent-workspace/builds/worker-1-tc2/source:/opt/rustwide/workdir:ro,Z" "-v" "/var/lib/crater-agent-workspace/cargo-home:/opt/rustwide/cargo-home:ro,Z" "-v" "/var/lib/crater-agent-workspace/rustup-home:/opt/rustwide/rustup-home:ro,Z" "-e" "SOURCE_DIR=/opt/rustwide/workdir" "-e" "CARGO_TARGET_DIR=/opt/rustwide/target" "-e" "CARGO_HOME=/opt/rustwide/cargo-home" "-e" "RUSTUP_HOME=/opt/rustwide/rustup-home" "-w" "/opt/rustwide/workdir" "-m" "1610612736" "--user" "0:0" "--network" "none" "ghcr.io/rust-lang/crates-build-env/linux@sha256:5ff2268d62e97bff2cde7d5815dd6ed5b47097566f13b8d0ca110b04b60e07ed" "/opt/rustwide/cargo-home/bin/cargo" "+beta-2023-04-20" "metadata" "--no-deps" "--format-version=1", kill_on_drop: false }`
[INFO] [stdout] 98e0298eb8649dd63bb1ed3ee8053941aaf71287406ecf26248d92c83cfbbacf
[INFO] running `Command { std: "docker" "start" "-a" "98e0298eb8649dd63bb1ed3ee8053941aaf71287406ecf26248d92c83cfbbacf", kill_on_drop: false }`
[INFO] running `Command { std: "docker" "inspect" "98e0298eb8649dd63bb1ed3ee8053941aaf71287406ecf26248d92c83cfbbacf", kill_on_drop: false }`
[INFO] running `Command { std: "docker" "rm" "-f" "98e0298eb8649dd63bb1ed3ee8053941aaf71287406ecf26248d92c83cfbbacf", kill_on_drop: false }`
[INFO] [stdout] 98e0298eb8649dd63bb1ed3ee8053941aaf71287406ecf26248d92c83cfbbacf
[INFO] running `Command { std: "docker" "create" "-v" "/var/lib/crater-agent-workspace/builds/worker-1-tc2/target:/opt/rustwide/target:rw,Z" "-v" "/var/lib/crater-agent-workspace/builds/worker-1-tc2/source:/opt/rustwide/workdir:ro,Z" "-v" "/var/lib/crater-agent-workspace/cargo-home:/opt/rustwide/cargo-home:ro,Z" "-v" "/var/lib/crater-agent-workspace/rustup-home:/opt/rustwide/rustup-home:ro,Z" "-e" "SOURCE_DIR=/opt/rustwide/workdir" "-e" "CARGO_TARGET_DIR=/opt/rustwide/target" "-e" "CARGO_INCREMENTAL=0" "-e" "RUST_BACKTRACE=full" "-e" "RUSTFLAGS=--cap-lints=warn" "-e" "RUSTDOCFLAGS=--cap-lints=warn" "-e" "CARGO_HOME=/opt/rustwide/cargo-home" "-e" "RUSTUP_HOME=/opt/rustwide/rustup-home" "-w" "/opt/rustwide/workdir" "-m" "1610612736" "--user" "0:0" "--network" "none" "ghcr.io/rust-lang/crates-build-env/linux@sha256:5ff2268d62e97bff2cde7d5815dd6ed5b47097566f13b8d0ca110b04b60e07ed" "/opt/rustwide/cargo-home/bin/cargo" "+beta-2023-04-20" "build" "--frozen" "--message-format=json", kill_on_drop: false }`
[INFO] [stdout] 0393df15a9012c36ca0e9ba9482227428ccc0699653c8465634238abdfc8611d
[INFO] running `Command { std: "docker" "start" "-a" "0393df15a9012c36ca0e9ba9482227428ccc0699653c8465634238abdfc8611d", kill_on_drop: false }`
[INFO] [stderr]    Compiling libc v0.2.69
[INFO] [stderr]    Compiling bitflags v1.2.1
[INFO] [stderr]    Compiling nix v0.17.0
[INFO] [stderr]    Compiling void v1.0.2
[INFO] [stderr]    Compiling cfg-if v0.1.10
[INFO] [stderr]    Compiling ctrlc v3.1.4
[INFO] [stderr]    Compiling rusty-but-fast v0.1.0 (/opt/rustwide/workdir)
[INFO] [stdout] warning: unused variable: `tag`
[INFO] [stdout]    --> src/tlv.rs:269:21
[INFO] [stdout]     |
[INFO] [stdout] 269 |                 let tag = Tag::from(*t);
[INFO] [stdout]     |                     ^^^ help: if this is intentional, prefix it with an underscore: `_tag`
[INFO] [stdout]     |
[INFO] [stdout]     = note: `#[warn(unused_variables)]` on by default
[INFO] [stdout] 
[INFO] [stdout] 
[INFO] [stdout] warning: unused variable: `now`
[INFO] [stdout]    --> src/timer.rs:195:9
[INFO] [stdout]     |
[INFO] [stdout] 195 |     let now = time::Instant::now();
[INFO] [stdout]     |         ^^^ help: if this is intentional, prefix it with an underscore: `_now`
[INFO] [stdout] 
[INFO] [stdout] 
[INFO] [stdout] warning: unused variable: `err`
[INFO] [stdout]    --> src/timer.rs:310:17
[INFO] [stdout]     |
[INFO] [stdout] 310 |             Err(err) => {
[INFO] [stdout]     |                 ^^^ help: if this is intentional, prefix it with an underscore: `_err`
[INFO] [stdout] 
[INFO] [stdout] 
[INFO] [stdout] warning: unused variable: `err`
[INFO] [stdout]    --> src/timer.rs:322:21
[INFO] [stdout]     |
[INFO] [stdout] 322 |                 Err(err) => {
[INFO] [stdout]     |                     ^^^ help: if this is intentional, prefix it with an underscore: `_err`
[INFO] [stdout] 
[INFO] [stdout] 
[INFO] [stdout] warning: unused variable: `err`
[INFO] [stdout]    --> src/timer.rs:338:17
[INFO] [stdout]     |
[INFO] [stdout] 338 |             Err(err) => return Err(Error::BadMessageTag),
[INFO] [stdout]     |                 ^^^ help: if this is intentional, prefix it with an underscore: `_err`
[INFO] [stdout] 
[INFO] [stdout] 
[INFO] [stdout] warning: unused variable: `err`
[INFO] [stdout]    --> src/timer.rs:351:17
[INFO] [stdout]     |
[INFO] [stdout] 351 |             Err(err) => {
[INFO] [stdout]     |                 ^^^ help: if this is intentional, prefix it with an underscore: `_err`
[INFO] [stdout] 
[INFO] [stdout] 
[INFO] [stdout] warning: unused variable: `err`
[INFO] [stdout]    --> src/timer.rs:377:17
[INFO] [stdout]     |
[INFO] [stdout] 377 |             Err(err) => {
[INFO] [stdout]     |                 ^^^ help: if this is intentional, prefix it with an underscore: `_err`
[INFO] [stdout] 
[INFO] [stdout] 
[INFO] [stdout] warning: unused variable: `err`
[INFO] [stdout]    --> src/timer.rs:403:13
[INFO] [stdout]     |
[INFO] [stdout] 403 |         Err(err) => {
[INFO] [stdout]     |             ^^^ help: if this is intentional, prefix it with an underscore: `_err`
[INFO] [stdout] 
[INFO] [stdout] 
[INFO] [stdout] warning: unused variable: `err`
[INFO] [stdout]    --> src/timer.rs:425:21
[INFO] [stdout]     |
[INFO] [stdout] 425 |                 Err(err) => {
[INFO] [stdout]     |                     ^^^ help: if this is intentional, prefix it with an underscore: `_err`
[INFO] [stdout] 
[INFO] [stdout] 
[INFO] [stdout] warning: unused variable: `err`
[INFO] [stdout]    --> src/timer.rs:437:13
[INFO] [stdout]     |
[INFO] [stdout] 437 |         Err(err) => {
[INFO] [stdout]     |             ^^^ help: if this is intentional, prefix it with an underscore: `_err`
[INFO] [stdout] 
[INFO] [stdout] 
[INFO] [stdout] warning: unused variable: `err`
[INFO] [stdout]    --> src/timer.rs:485:13
[INFO] [stdout]     |
[INFO] [stdout] 485 |         Err(err) => return Err(res.unwrap_err()),
[INFO] [stdout]     |             ^^^ help: if this is intentional, prefix it with an underscore: `_err`
[INFO] [stdout] 
[INFO] [stdout] 
[INFO] [stdout] warning: unused variable: `err`
[INFO] [stdout]    --> src/timer.rs:489:13
[INFO] [stdout]     |
[INFO] [stdout] 489 |         Err(err) => {
[INFO] [stdout]     |             ^^^ help: if this is intentional, prefix it with an underscore: `_err`
[INFO] [stdout] 
[INFO] [stdout] 
[INFO] [stdout] warning: unused variable: `err`
[INFO] [stdout]    --> src/timer.rs:496:13
[INFO] [stdout]     |
[INFO] [stdout] 496 |         Err(err) => {
[INFO] [stdout]     |             ^^^ help: if this is intentional, prefix it with an underscore: `_err`
[INFO] [stdout] 
[INFO] [stdout] 
[INFO] [stdout] warning: variable does not need to be mutable
[INFO] [stdout]    --> src/timer.rs:309:16
[INFO] [stdout]     |
[INFO] [stdout] 309 |             Ok(mut ok_data) => ok_data,
[INFO] [stdout]     |                ----^^^^^^^
[INFO] [stdout]     |                |
[INFO] [stdout]     |                help: remove this `mut`
[INFO] [stdout]     |
[INFO] [stdout]     = note: `#[warn(unused_mut)]` on by default
[INFO] [stdout] 
[INFO] [stdout] 
[INFO] [stdout] warning: variable does not need to be mutable
[INFO] [stdout]    --> src/timer.rs:321:20
[INFO] [stdout]     |
[INFO] [stdout] 321 |                 Ok(mut ok_data) => ok_data,
[INFO] [stdout]     |                    ----^^^^^^^
[INFO] [stdout]     |                    |
[INFO] [stdout]     |                    help: remove this `mut`
[INFO] [stdout] 
[INFO] [stdout] 
[INFO] [stdout] warning: method `read_arr` is never used
[INFO] [stdout]    --> src/tlv.rs:704:8
[INFO] [stdout]     |
[INFO] [stdout] 701 | impl<'a: 'b, 'b> TagParser<'a, 'b> {
[INFO] [stdout]     | ---------------------------------- method in this implementation
[INFO] [stdout] ...
[INFO] [stdout] 704 |     fn read_arr<T>(&mut self, out: &mut [T])
[INFO] [stdout]     |        ^^^^^^^^
[INFO] [stdout]     |
[INFO] [stdout]     = note: `#[warn(dead_code)]` on by default
[INFO] [stdout] 
[INFO] [stdout] 
[INFO] [stdout] warning: 16 warnings emitted
[INFO] [stdout] 
[INFO] [stdout] 
[INFO] [stdout] warning: unused import: `std::io::ErrorKind::WouldBlock as ErrWouldBlock`
[INFO] [stdout]   --> src/bin/timer_server.rs:14:9
[INFO] [stdout]    |
[INFO] [stdout] 14 |     use std::io::ErrorKind::WouldBlock as ErrWouldBlock;
[INFO] [stdout]    |         ^^^^^^^^^^^^^^^^^^^^^^^^^^^^^^^^^^^^^^^^^^^^^^^
[INFO] [stdout]    |
[INFO] [stdout]    = note: `#[warn(unused_imports)]` on by default
[INFO] [stdout] 
[INFO] [stdout] 
[INFO] [stdout] warning: 1 warning emitted
[INFO] [stdout] 
[INFO] [stdout] 
[INFO] [stderr]     Finished dev [unoptimized + debuginfo] target(s) in 4.18s
[INFO] running `Command { std: "docker" "inspect" "0393df15a9012c36ca0e9ba9482227428ccc0699653c8465634238abdfc8611d", kill_on_drop: false }`
[INFO] running `Command { std: "docker" "rm" "-f" "0393df15a9012c36ca0e9ba9482227428ccc0699653c8465634238abdfc8611d", kill_on_drop: false }`
[INFO] [stdout] 0393df15a9012c36ca0e9ba9482227428ccc0699653c8465634238abdfc8611d
[INFO] running `Command { std: "docker" "create" "-v" "/var/lib/crater-agent-workspace/builds/worker-1-tc2/target:/opt/rustwide/target:rw,Z" "-v" "/var/lib/crater-agent-workspace/builds/worker-1-tc2/source:/opt/rustwide/workdir:ro,Z" "-v" "/var/lib/crater-agent-workspace/cargo-home:/opt/rustwide/cargo-home:ro,Z" "-v" "/var/lib/crater-agent-workspace/rustup-home:/opt/rustwide/rustup-home:ro,Z" "-e" "SOURCE_DIR=/opt/rustwide/workdir" "-e" "CARGO_TARGET_DIR=/opt/rustwide/target" "-e" "CARGO_INCREMENTAL=0" "-e" "RUST_BACKTRACE=full" "-e" "RUSTFLAGS=--cap-lints=warn" "-e" "RUSTDOCFLAGS=--cap-lints=warn" "-e" "CARGO_HOME=/opt/rustwide/cargo-home" "-e" "RUSTUP_HOME=/opt/rustwide/rustup-home" "-w" "/opt/rustwide/workdir" "-m" "1610612736" "--user" "0:0" "--network" "none" "ghcr.io/rust-lang/crates-build-env/linux@sha256:5ff2268d62e97bff2cde7d5815dd6ed5b47097566f13b8d0ca110b04b60e07ed" "/opt/rustwide/cargo-home/bin/cargo" "+beta-2023-04-20" "test" "--frozen" "--no-run" "--message-format=json", kill_on_drop: false }`
[INFO] [stdout] 16deb31e12472aff59282cedabef3b8b2d75297cd06b5d7f77992dc7f29bed2e
[INFO] running `Command { std: "docker" "start" "-a" "16deb31e12472aff59282cedabef3b8b2d75297cd06b5d7f77992dc7f29bed2e", kill_on_drop: false }`
[INFO] [stdout] warning: unused variable: `tag`
[INFO] [stdout]    --> src/tlv.rs:269:21
[INFO] [stdout]     |
[INFO] [stdout] 269 |                 let tag = Tag::from(*t);
[INFO] [stdout]     |                     ^^^ help: if this is intentional, prefix it with an underscore: `_tag`
[INFO] [stdout]     |
[INFO] [stdout]     = note: `#[warn(unused_variables)]` on by default
[INFO] [stdout] 
[INFO] [stdout] 
[INFO] [stdout] warning: unused variable: `now`
[INFO] [stdout]    --> src/timer.rs:195:9
[INFO] [stdout]     |
[INFO] [stdout] 195 |     let now = time::Instant::now();
[INFO] [stdout]     |         ^^^ help: if this is intentional, prefix it with an underscore: `_now`
[INFO] [stdout] 
[INFO] [stdout] 
[INFO] [stdout] warning: unused variable: `err`
[INFO] [stdout]    --> src/timer.rs:310:17
[INFO] [stdout]     |
[INFO] [stdout] 310 |             Err(err) => {
[INFO] [stdout]     |                 ^^^ help: if this is intentional, prefix it with an underscore: `_err`
[INFO] [stdout] 
[INFO] [stdout] 
[INFO] [stdout] warning: unused variable: `err`
[INFO] [stdout]    --> src/timer.rs:322:21
[INFO] [stdout]     |
[INFO] [stdout] 322 |                 Err(err) => {
[INFO] [stdout]     |                     ^^^ help: if this is intentional, prefix it with an underscore: `_err`
[INFO] [stdout] 
[INFO] [stdout] 
[INFO] [stdout] warning: unused variable: `err`
[INFO] [stdout]    --> src/timer.rs:338:17
[INFO] [stdout]     |
[INFO] [stdout] 338 |             Err(err) => return Err(Error::BadMessageTag),
[INFO] [stdout]     |                 ^^^ help: if this is intentional, prefix it with an underscore: `_err`
[INFO] [stdout] 
[INFO] [stdout] 
[INFO] [stdout] warning: unused variable: `err`
[INFO] [stdout]    --> src/timer.rs:351:17
[INFO] [stdout]     |
[INFO] [stdout] 351 |             Err(err) => {
[INFO] [stdout]     |                 ^^^ help: if this is intentional, prefix it with an underscore: `_err`
[INFO] [stdout] 
[INFO] [stdout] 
[INFO] [stdout] warning: unused variable: `err`
[INFO] [stdout]    --> src/timer.rs:377:17
[INFO] [stdout]     |
[INFO] [stdout] 377 |             Err(err) => {
[INFO] [stdout]     |                 ^^^ help: if this is intentional, prefix it with an underscore: `_err`
[INFO] [stdout] 
[INFO] [stdout] 
[INFO] [stdout] warning: unused variable: `err`
[INFO] [stdout]    --> src/timer.rs:403:13
[INFO] [stdout]     |
[INFO] [stdout] 403 |         Err(err) => {
[INFO] [stdout]     |             ^^^ help: if this is intentional, prefix it with an underscore: `_err`
[INFO] [stdout] 
[INFO] [stdout] 
[INFO] [stdout] warning: unused variable: `err`
[INFO] [stdout]    --> src/timer.rs:425:21
[INFO] [stdout]     |
[INFO] [stdout] 425 |                 Err(err) => {
[INFO] [stdout]     |                     ^^^ help: if this is intentional, prefix it with an underscore: `_err`
[INFO] [stdout] 
[INFO] [stdout] 
[INFO] [stderr]    Compiling rusty-but-fast v0.1.0 (/opt/rustwide/workdir)
[INFO] [stdout] warning: unused variable: `err`
[INFO] [stdout]    --> src/timer.rs:437:13
[INFO] [stdout]     |
[INFO] [stdout] 437 |         Err(err) => {
[INFO] [stdout]     |             ^^^ help: if this is intentional, prefix it with an underscore: `_err`
[INFO] [stdout] 
[INFO] [stdout] 
[INFO] [stdout] warning: unused variable: `err`
[INFO] [stdout]    --> src/timer.rs:485:13
[INFO] [stdout]     |
[INFO] [stdout] 485 |         Err(err) => return Err(res.unwrap_err()),
[INFO] [stdout]     |             ^^^ help: if this is intentional, prefix it with an underscore: `_err`
[INFO] [stdout] 
[INFO] [stdout] 
[INFO] [stdout] warning: unused variable: `err`
[INFO] [stdout]    --> src/timer.rs:489:13
[INFO] [stdout]     |
[INFO] [stdout] 489 |         Err(err) => {
[INFO] [stdout]     |             ^^^ help: if this is intentional, prefix it with an underscore: `_err`
[INFO] [stdout] 
[INFO] [stdout] 
[INFO] [stdout] warning: unused variable: `err`
[INFO] [stdout]    --> src/timer.rs:496:13
[INFO] [stdout]     |
[INFO] [stdout] 496 |         Err(err) => {
[INFO] [stdout]     |             ^^^ help: if this is intentional, prefix it with an underscore: `_err`
[INFO] [stdout] 
[INFO] [stdout] 
[INFO] [stdout] warning: variable does not need to be mutable
[INFO] [stdout]    --> src/timer.rs:309:16
[INFO] [stdout]     |
[INFO] [stdout] 309 |             Ok(mut ok_data) => ok_data,
[INFO] [stdout]     |                ----^^^^^^^
[INFO] [stdout]     |                |
[INFO] [stdout]     |                help: remove this `mut`
[INFO] [stdout]     |
[INFO] [stdout]     = note: `#[warn(unused_mut)]` on by default
[INFO] [stdout] 
[INFO] [stdout] 
[INFO] [stdout] warning: variable does not need to be mutable
[INFO] [stdout]    --> src/timer.rs:321:20
[INFO] [stdout]     |
[INFO] [stdout] 321 |                 Ok(mut ok_data) => ok_data,
[INFO] [stdout]     |                    ----^^^^^^^
[INFO] [stdout]     |                    |
[INFO] [stdout]     |                    help: remove this `mut`
[INFO] [stdout] 
[INFO] [stdout] 
[INFO] [stdout] warning: method `read_arr` is never used
[INFO] [stdout]    --> src/tlv.rs:704:8
[INFO] [stdout]     |
[INFO] [stdout] 701 | impl<'a: 'b, 'b> TagParser<'a, 'b> {
[INFO] [stdout]     | ---------------------------------- method in this implementation
[INFO] [stdout] ...
[INFO] [stdout] 704 |     fn read_arr<T>(&mut self, out: &mut [T])
[INFO] [stdout]     |        ^^^^^^^^
[INFO] [stdout]     |
[INFO] [stdout]     = note: `#[warn(dead_code)]` on by default
[INFO] [stdout] 
[INFO] [stdout] 
[INFO] [stdout] warning: 16 warnings emitted
[INFO] [stdout] 
[INFO] [stdout] 
[INFO] [stdout] warning: unused import: `std::io::ErrorKind::WouldBlock as ErrWouldBlock`
[INFO] [stdout]   --> src/bin/timer_server.rs:14:9
[INFO] [stdout]    |
[INFO] [stdout] 14 |     use std::io::ErrorKind::WouldBlock as ErrWouldBlock;
[INFO] [stdout]    |         ^^^^^^^^^^^^^^^^^^^^^^^^^^^^^^^^^^^^^^^^^^^^^^^
[INFO] [stdout]    |
[INFO] [stdout]    = note: `#[warn(unused_imports)]` on by default
[INFO] [stdout] 
[INFO] [stdout] 
[INFO] [stdout] warning: unused variable: `tag`
[INFO] [stdout]    --> src/tlv.rs:269:21
[INFO] [stdout]     |
[INFO] [stdout] 269 |                 let tag = Tag::from(*t);
[INFO] [stdout]     |                     ^^^ help: if this is intentional, prefix it with an underscore: `_tag`
[INFO] [stdout]     |
[INFO] [stdout]     = note: `#[warn(unused_variables)]` on by default
[INFO] [stdout] 
[INFO] [stdout] 
[INFO] [stdout] warning: unused variable: `now`
[INFO] [stdout]    --> src/timer.rs:195:9
[INFO] [stdout]     |
[INFO] [stdout] 195 |     let now = time::Instant::now();
[INFO] [stdout]     |         ^^^ help: if this is intentional, prefix it with an underscore: `_now`
[INFO] [stdout] 
[INFO] [stdout] 
[INFO] [stdout] warning: unused variable: `err`
[INFO] [stdout]    --> src/timer.rs:310:17
[INFO] [stdout]     |
[INFO] [stdout] 310 |             Err(err) => {
[INFO] [stdout]     |                 ^^^ help: if this is intentional, prefix it with an underscore: `_err`
[INFO] [stdout] 
[INFO] [stdout] 
[INFO] [stdout] warning: unused variable: `err`
[INFO] [stdout]    --> src/timer.rs:322:21
[INFO] [stdout]     |
[INFO] [stdout] 322 |                 Err(err) => {
[INFO] [stdout]     |                     ^^^ help: if this is intentional, prefix it with an underscore: `_err`
[INFO] [stdout] 
[INFO] [stdout] 
[INFO] [stdout] warning: unused variable: `err`
[INFO] [stdout]    --> src/timer.rs:338:17
[INFO] [stdout]     |
[INFO] [stdout] 338 |             Err(err) => return Err(Error::BadMessageTag),
[INFO] [stdout]     |                 ^^^ help: if this is intentional, prefix it with an underscore: `_err`
[INFO] [stdout] 
[INFO] [stdout] 
[INFO] [stdout] warning: unused variable: `err`
[INFO] [stdout]    --> src/timer.rs:351:17
[INFO] [stdout]     |
[INFO] [stdout] 351 |             Err(err) => {
[INFO] [stdout]     |                 ^^^ help: if this is intentional, prefix it with an underscore: `_err`
[INFO] [stdout] 
[INFO] [stdout] 
[INFO] [stdout] warning: unused variable: `err`
[INFO] [stdout]    --> src/timer.rs:377:17
[INFO] [stdout]     |
[INFO] [stdout] 377 |             Err(err) => {
[INFO] [stdout]     |                 ^^^ help: if this is intentional, prefix it with an underscore: `_err`
[INFO] [stdout] 
[INFO] [stdout] 
[INFO] [stdout] warning: unused variable: `err`
[INFO] [stdout]    --> src/timer.rs:403:13
[INFO] [stdout]     |
[INFO] [stdout] 403 |         Err(err) => {
[INFO] [stdout]     |             ^^^ help: if this is intentional, prefix it with an underscore: `_err`
[INFO] [stdout] 
[INFO] [stdout] 
[INFO] [stdout] warning: unused variable: `err`
[INFO] [stdout]    --> src/timer.rs:425:21
[INFO] [stdout]     |
[INFO] [stdout] 425 |                 Err(err) => {
[INFO] [stdout]     |                     ^^^ help: if this is intentional, prefix it with an underscore: `_err`
[INFO] [stdout] 
[INFO] [stdout] 
[INFO] [stdout] warning: unused variable: `err`
[INFO] [stdout]    --> src/timer.rs:437:13
[INFO] [stdout]     |
[INFO] [stdout] 437 |         Err(err) => {
[INFO] [stdout]     |             ^^^ help: if this is intentional, prefix it with an underscore: `_err`
[INFO] [stdout] 
[INFO] [stdout] 
[INFO] [stdout] warning: unused variable: `err`
[INFO] [stdout]    --> src/timer.rs:485:13
[INFO] [stdout]     |
[INFO] [stdout] 485 |         Err(err) => return Err(res.unwrap_err()),
[INFO] [stdout]     |             ^^^ help: if this is intentional, prefix it with an underscore: `_err`
[INFO] [stdout] 
[INFO] [stdout] 
[INFO] [stdout] warning: unused variable: `err`
[INFO] [stdout]    --> src/timer.rs:489:13
[INFO] [stdout]     |
[INFO] [stdout] 489 |         Err(err) => {
[INFO] [stdout]     |             ^^^ help: if this is intentional, prefix it with an underscore: `_err`
[INFO] [stdout] 
[INFO] [stdout] 
[INFO] [stdout] warning: unused variable: `err`
[INFO] [stdout]    --> src/timer.rs:496:13
[INFO] [stdout]     |
[INFO] [stdout] 496 |         Err(err) => {
[INFO] [stdout]     |             ^^^ help: if this is intentional, prefix it with an underscore: `_err`
[INFO] [stdout] 
[INFO] [stdout] 
[INFO] [stdout] warning: variable does not need to be mutable
[INFO] [stdout]    --> src/timer.rs:309:16
[INFO] [stdout]     |
[INFO] [stdout] 309 |             Ok(mut ok_data) => ok_data,
[INFO] [stdout]     |                ----^^^^^^^
[INFO] [stdout]     |                |
[INFO] [stdout]     |                help: remove this `mut`
[INFO] [stdout]     |
[INFO] [stdout]     = note: `#[warn(unused_mut)]` on by default
[INFO] [stdout] 
[INFO] [stdout] 
[INFO] [stdout] warning: variable does not need to be mutable
[INFO] [stdout]    --> src/timer.rs:321:20
[INFO] [stdout]     |
[INFO] [stdout] 321 |                 Ok(mut ok_data) => ok_data,
[INFO] [stdout]     |                    ----^^^^^^^
[INFO] [stdout]     |                    |
[INFO] [stdout]     |                    help: remove this `mut`
[INFO] [stdout] 
[INFO] [stdout] 
[INFO] [stdout] warning: 1 warning emitted
[INFO] [stdout] 
[INFO] [stdout] 
[INFO] [stdout] warning: 15 warnings emitted
[INFO] [stdout] 
[INFO] [stdout] 
[INFO] [stderr]     Finished test [unoptimized + debuginfo] target(s) in 0.73s
[INFO] running `Command { std: "docker" "inspect" "16deb31e12472aff59282cedabef3b8b2d75297cd06b5d7f77992dc7f29bed2e", kill_on_drop: false }`
[INFO] running `Command { std: "docker" "rm" "-f" "16deb31e12472aff59282cedabef3b8b2d75297cd06b5d7f77992dc7f29bed2e", kill_on_drop: false }`
[INFO] [stdout] 16deb31e12472aff59282cedabef3b8b2d75297cd06b5d7f77992dc7f29bed2e
[INFO] running `Command { std: "docker" "create" "-v" "/var/lib/crater-agent-workspace/builds/worker-1-tc2/target:/opt/rustwide/target:rw,Z" "-v" "/var/lib/crater-agent-workspace/builds/worker-1-tc2/source:/opt/rustwide/workdir:ro,Z" "-v" "/var/lib/crater-agent-workspace/cargo-home:/opt/rustwide/cargo-home:ro,Z" "-v" "/var/lib/crater-agent-workspace/rustup-home:/opt/rustwide/rustup-home:ro,Z" "-e" "SOURCE_DIR=/opt/rustwide/workdir" "-e" "CARGO_TARGET_DIR=/opt/rustwide/target" "-e" "CARGO_INCREMENTAL=0" "-e" "RUST_BACKTRACE=full" "-e" "RUSTFLAGS=--cap-lints=warn" "-e" "RUSTDOCFLAGS=--cap-lints=warn" "-e" "CARGO_HOME=/opt/rustwide/cargo-home" "-e" "RUSTUP_HOME=/opt/rustwide/rustup-home" "-w" "/opt/rustwide/workdir" "-m" "1610612736" "--user" "0:0" "--network" "none" "ghcr.io/rust-lang/crates-build-env/linux@sha256:5ff2268d62e97bff2cde7d5815dd6ed5b47097566f13b8d0ca110b04b60e07ed" "/opt/rustwide/cargo-home/bin/cargo" "+beta-2023-04-20" "test" "--frozen", kill_on_drop: false }`
[INFO] [stdout] f52571fbf34eea96980e98148d667bfbe84dd6c750b090644b24482295acc19c
[INFO] running `Command { std: "docker" "start" "-a" "f52571fbf34eea96980e98148d667bfbe84dd6c750b090644b24482295acc19c", kill_on_drop: false }`
[INFO] [stderr] warning: unused variable: `tag`
[INFO] [stderr]    --> src/tlv.rs:269:21
[INFO] [stderr]     |
[INFO] [stderr] 269 |                 let tag = Tag::from(*t);
[INFO] [stderr]     |                     ^^^ help: if this is intentional, prefix it with an underscore: `_tag`
[INFO] [stderr]     |
[INFO] [stderr]     = note: `#[warn(unused_variables)]` on by default
[INFO] [stderr] 
[INFO] [stderr] warning: unused variable: `now`
[INFO] [stderr]    --> src/timer.rs:195:9
[INFO] [stderr]     |
[INFO] [stderr] 195 |     let now = time::Instant::now();
[INFO] [stderr]     |         ^^^ help: if this is intentional, prefix it with an underscore: `_now`
[INFO] [stderr] 
[INFO] [stderr] warning: unused variable: `err`
[INFO] [stderr]    --> src/timer.rs:310:17
[INFO] [stderr]     |
[INFO] [stderr] 310 |             Err(err) => {
[INFO] [stderr]     |                 ^^^ help: if this is intentional, prefix it with an underscore: `_err`
[INFO] [stderr] 
[INFO] [stderr] warning: unused variable: `err`
[INFO] [stderr]    --> src/timer.rs:322:21
[INFO] [stderr]     |
[INFO] [stderr] 322 |                 Err(err) => {
[INFO] [stderr]     |                     ^^^ help: if this is intentional, prefix it with an underscore: `_err`
[INFO] [stderr] 
[INFO] [stderr] warning: unused variable: `err`
[INFO] [stderr]    --> src/timer.rs:338:17
[INFO] [stderr]     |
[INFO] [stderr] 338 |             Err(err) => return Err(Error::BadMessageTag),
[INFO] [stderr]     |                 ^^^ help: if this is intentional, prefix it with an underscore: `_err`
[INFO] [stderr] 
[INFO] [stderr] warning: unused variable: `err`
[INFO] [stderr]    --> src/timer.rs:351:17
[INFO] [stderr]     |
[INFO] [stderr] 351 |             Err(err) => {
[INFO] [stderr]     |                 ^^^ help: if this is intentional, prefix it with an underscore: `_err`
[INFO] [stderr] 
[INFO] [stderr] warning: unused variable: `err`
[INFO] [stderr]    --> src/timer.rs:377:17
[INFO] [stderr]     |
[INFO] [stderr] 377 |             Err(err) => {
[INFO] [stderr]     |                 ^^^ help: if this is intentional, prefix it with an underscore: `_err`
[INFO] [stderr] 
[INFO] [stderr] warning: unused variable: `err`
[INFO] [stderr]    --> src/timer.rs:403:13
[INFO] [stderr]     |
[INFO] [stderr] 403 |         Err(err) => {
[INFO] [stderr]     |             ^^^ help: if this is intentional, prefix it with an underscore: `_err`
[INFO] [stderr] 
[INFO] [stderr] warning: unused variable: `err`
[INFO] [stderr]    --> src/timer.rs:425:21
[INFO] [stderr]     |
[INFO] [stderr] 425 |                 Err(err) => {
[INFO] [stderr]     |                     ^^^ help: if this is intentional, prefix it with an underscore: `_err`
[INFO] [stderr] 
[INFO] [stderr] warning: unused variable: `err`
[INFO] [stderr]    --> src/timer.rs:437:13
[INFO] [stderr]     |
[INFO] [stderr] 437 |         Err(err) => {
[INFO] [stderr]     |             ^^^ help: if this is intentional, prefix it with an underscore: `_err`
[INFO] [stderr] 
[INFO] [stderr] warning: unused variable: `err`
[INFO] [stderr]    --> src/timer.rs:485:13
[INFO] [stderr]     |
[INFO] [stderr] 485 |         Err(err) => return Err(res.unwrap_err()),
[INFO] [stderr]     |             ^^^ help: if this is intentional, prefix it with an underscore: `_err`
[INFO] [stderr] 
[INFO] [stderr] warning: unused variable: `err`
[INFO] [stderr]    --> src/timer.rs:489:13
[INFO] [stderr]     |
[INFO] [stderr] 489 |         Err(err) => {
[INFO] [stderr]     |             ^^^ help: if this is intentional, prefix it with an underscore: `_err`
[INFO] [stderr] 
[INFO] [stderr] warning: unused variable: `err`
[INFO] [stderr]    --> src/timer.rs:496:13
[INFO] [stderr]     |
[INFO] [stderr] 496 |         Err(err) => {
[INFO] [stderr]     |             ^^^ help: if this is intentional, prefix it with an underscore: `_err`
[INFO] [stderr] 
[INFO] [stderr] warning: variable does not need to be mutable
[INFO] [stderr]    --> src/timer.rs:309:16
[INFO] [stderr]     |
[INFO] [stderr] 309 |             Ok(mut ok_data) => ok_data,
[INFO] [stderr]     |                ----^^^^^^^
[INFO] [stderr]     |                |
[INFO] [stderr]     |                help: remove this `mut`
[INFO] [stderr]     |
[INFO] [stderr]     = note: `#[warn(unused_mut)]` on by default
[INFO] [stderr] 
[INFO] [stderr] warning: variable does not need to be mutable
[INFO] [stderr]    --> src/timer.rs:321:20
[INFO] [stderr]     |
[INFO] [stderr] 321 |                 Ok(mut ok_data) => ok_data,
[INFO] [stderr]     |                    ----^^^^^^^
[INFO] [stderr]     |                    |
[INFO] [stderr]     |                    help: remove this `mut`
[INFO] [stderr] 
[INFO] [stderr] warning: method `read_arr` is never used
[INFO] [stderr]    --> src/tlv.rs:704:8
[INFO] [stderr]     |
[INFO] [stderr] 701 | impl<'a: 'b, 'b> TagParser<'a, 'b> {
[INFO] [stderr]     | ---------------------------------- method in this implementation
[INFO] [stderr] ...
[INFO] [stderr] 704 |     fn read_arr<T>(&mut self, out: &mut [T])
[INFO] [stderr]     |        ^^^^^^^^
[INFO] [stderr]     |
[INFO] [stderr]     = note: `#[warn(dead_code)]` on by default
[INFO] [stderr] 
[INFO] [stderr] warning: `rusty-but-fast` (lib) generated 16 warnings (run `cargo fix --lib -p rusty-but-fast` to apply 15 suggestions)
[INFO] [stderr] warning: `rusty-but-fast` (lib test) generated 15 warnings (15 duplicates)
[INFO] [stderr] warning: unused import: `std::io::ErrorKind::WouldBlock as ErrWouldBlock`
[INFO] [stderr]   --> src/bin/timer_server.rs:14:9
[INFO] [stderr]    |
[INFO] [stderr] 14 |     use std::io::ErrorKind::WouldBlock as ErrWouldBlock;
[INFO] [stderr]    |         ^^^^^^^^^^^^^^^^^^^^^^^^^^^^^^^^^^^^^^^^^^^^^^^
[INFO] [stderr]    |
[INFO] [stderr]    = note: `#[warn(unused_imports)]` on by default
[INFO] [stderr] 
[INFO] [stderr] warning: `rusty-but-fast` (bin "timer_server" test) generated 1 warning (run `cargo fix --bin "timer_server" --tests` to apply 1 suggestion)
[INFO] [stderr]     Finished test [unoptimized + debuginfo] target(s) in 0.01s
[INFO] [stderr]      Running unittests src/lib.rs (/opt/rustwide/target/debug/deps/rusty_but_fast-a03c89d88e48e9ef)
[INFO] [stdout] 
[INFO] [stdout] running 6 tests
[INFO] [stdout] test tlv::test::encode_example ... ok
[INFO] [stdout] test tlv::test::encode_test ... ok
[INFO] [stdout] test tlv::test::try_from_example ... ok
[INFO] [stdout] test tlv::test::tag_eq ... ok
[INFO] [stdout] test tlv::test::buf2tag ... ok
[INFO] [stdout] test timer::test::spawn_timer ... FAILED
[INFO] [stdout] 
[INFO] [stdout] failures:
[INFO] [stdout] 
[INFO] [stdout] ---- timer::test::spawn_timer stdout ----
[INFO] [stdout] dt: 1us
[INFO] [stdout] exp: 2000us
[INFO] [stdout] diff: 1998us
[INFO] [stdout] thread 'timer::test::spawn_timer' panicked at 'assertion failed: diff < err', src/timer.rs:559:9
[INFO] [stdout] stack backtrace:
[INFO] [stdout]    0:     0x56228de23bea - std::backtrace_rs::backtrace::libunwind::trace::h2f05d0192276a8f6
[INFO] [stdout]                                at /rustc/1b7dd2252b99671ce5d1cb9664c5f8636329436d/library/std/src/../../backtrace/src/backtrace/libunwind.rs:93:5
[INFO] [stdout]    1:     0x56228de23bea - std::backtrace_rs::backtrace::trace_unsynchronized::hedc23dff7a1af150
[INFO] [stdout]                                at /rustc/1b7dd2252b99671ce5d1cb9664c5f8636329436d/library/std/src/../../backtrace/src/backtrace/mod.rs:66:5
[INFO] [stdout]    2:     0x56228de23bea - std::sys_common::backtrace::_print_fmt::h17541ef7592f3ce2
[INFO] [stdout]                                at /rustc/1b7dd2252b99671ce5d1cb9664c5f8636329436d/library/std/src/sys_common/backtrace.rs:65:5
[INFO] [stdout]    3:     0x56228de23bea - <std::sys_common::backtrace::_print::DisplayBacktrace as core::fmt::Display>::fmt::h20f75df5ab0c0792
[INFO] [stdout]                                at /rustc/1b7dd2252b99671ce5d1cb9664c5f8636329436d/library/std/src/sys_common/backtrace.rs:44:22
[INFO] [stdout]    4:     0x56228de47e7f - core::fmt::write::h78109e6f466b3af6
[INFO] [stdout]                                at /rustc/1b7dd2252b99671ce5d1cb9664c5f8636329436d/library/core/src/fmt/mod.rs:1254:17
[INFO] [stdout]    5:     0x56228de20ea5 - std::io::Write::write_fmt::hd24bfb68a1b35a25
[INFO] [stdout]                                at /rustc/1b7dd2252b99671ce5d1cb9664c5f8636329436d/library/std/src/io/mod.rs:1698:15
[INFO] [stdout]    6:     0x56228de239b5 - std::sys_common::backtrace::_print::h8dac57a9f8fbf9a5
[INFO] [stdout]                                at /rustc/1b7dd2252b99671ce5d1cb9664c5f8636329436d/library/std/src/sys_common/backtrace.rs:47:5
[INFO] [stdout]    7:     0x56228de239b5 - std::sys_common::backtrace::print::hf9ecbf41d1aa712f
[INFO] [stdout]                                at /rustc/1b7dd2252b99671ce5d1cb9664c5f8636329436d/library/std/src/sys_common/backtrace.rs:34:9
[INFO] [stdout]    8:     0x56228de2566e - std::panicking::default_hook::{{closure}}::h04c07acfc84ca028
[INFO] [stdout]                                at /rustc/1b7dd2252b99671ce5d1cb9664c5f8636329436d/library/std/src/panicking.rs:269:22
[INFO] [stdout]    9:     0x56228de253a1 - std::panicking::default_hook::h01f6bb23e1eceb2c
[INFO] [stdout]                                at /rustc/1b7dd2252b99671ce5d1cb9664c5f8636329436d/library/std/src/panicking.rs:285:9
[INFO] [stdout]   10:     0x56228ddf8bdb - <alloc::boxed::Box<F,A> as core::ops::function::Fn<Args>>::call::h87fe9f7b2fd49e4c
[INFO] [stdout]                                at /rustc/1b7dd2252b99671ce5d1cb9664c5f8636329436d/library/alloc/src/boxed.rs:1987:9
[INFO] [stdout]   11:     0x56228ddf8bdb - test::test_main::{{closure}}::he94d679243a7531b
[INFO] [stdout]                                at /rustc/1b7dd2252b99671ce5d1cb9664c5f8636329436d/library/test/src/lib.rs:134:21
[INFO] [stdout]   12:     0x56228de25d54 - <alloc::boxed::Box<F,A> as core::ops::function::Fn<Args>>::call::h3f2d6d8b14c4769f
[INFO] [stdout]                                at /rustc/1b7dd2252b99671ce5d1cb9664c5f8636329436d/library/alloc/src/boxed.rs:1987:9
[INFO] [stdout]   13:     0x56228de25d54 - std::panicking::rust_panic_with_hook::h2bb3722bbaf2f6df
[INFO] [stdout]                                at /rustc/1b7dd2252b99671ce5d1cb9664c5f8636329436d/library/std/src/panicking.rs:695:13
[INFO] [stdout]   14:     0x56228de25a82 - std::panicking::begin_panic_handler::{{closure}}::h91bc7f36a4be011b
[INFO] [stdout]                                at /rustc/1b7dd2252b99671ce5d1cb9664c5f8636329436d/library/std/src/panicking.rs:580:13
[INFO] [stdout]   15:     0x56228de24056 - std::sys_common::backtrace::__rust_end_short_backtrace::h8b3d3717114f9e59
[INFO] [stdout]                                at /rustc/1b7dd2252b99671ce5d1cb9664c5f8636329436d/library/std/src/sys_common/backtrace.rs:150:18
[INFO] [stdout]   16:     0x56228de25822 - rust_begin_unwind
[INFO] [stdout]                                at /rustc/1b7dd2252b99671ce5d1cb9664c5f8636329436d/library/std/src/panicking.rs:578:5
[INFO] [stdout]   17:     0x56228dd99ba3 - core::panicking::panic_fmt::hfd368e3fbdabea26
[INFO] [stdout]                                at /rustc/1b7dd2252b99671ce5d1cb9664c5f8636329436d/library/core/src/panicking.rs:67:14
[INFO] [stdout]   18:     0x56228dd99c3d - core::panicking::panic::h3f9042d09bd0bf2e
[INFO] [stdout]                                at /rustc/1b7dd2252b99671ce5d1cb9664c5f8636329436d/library/core/src/panicking.rs:117:5
[INFO] [stdout]   19:     0x56228ddb0371 - rusty_but_fast::timer::test::spawn_timer::h9062b9f796732e04
[INFO] [stdout]                                at /opt/rustwide/workdir/src/timer.rs:559:9
[INFO] [stdout]   20:     0x56228ddb0147 - rusty_but_fast::timer::test::spawn_timer::{{closure}}::hf2ffe9124d56d985
[INFO] [stdout]                                at /opt/rustwide/workdir/src/timer.rs:545:22
[INFO] [stdout]   21:     0x56228ddc2215 - core::ops::function::FnOnce::call_once::hdcf8175dec381ca7
[INFO] [stdout]                                at /rustc/1b7dd2252b99671ce5d1cb9664c5f8636329436d/library/core/src/ops/function.rs:250:5
[INFO] [stdout]   22:     0x56228ddfdaaf - core::ops::function::FnOnce::call_once::ha6a70e79f7481a7e
[INFO] [stdout]                                at /rustc/1b7dd2252b99671ce5d1cb9664c5f8636329436d/library/core/src/ops/function.rs:250:5
[INFO] [stdout]   23:     0x56228ddfdaaf - test::__rust_begin_short_backtrace::hce33033019b61e69
[INFO] [stdout]                                at /rustc/1b7dd2252b99671ce5d1cb9664c5f8636329436d/library/test/src/lib.rs:655:18
[INFO] [stdout]   24:     0x56228ddcb29c - test::run_test::{{closure}}::h858d3528838ae3e5
[INFO] [stdout]                                at /rustc/1b7dd2252b99671ce5d1cb9664c5f8636329436d/library/test/src/lib.rs:646:30
[INFO] [stdout]   25:     0x56228ddcb29c - core::ops::function::FnOnce::call_once{{vtable.shim}}::he8ac2b00f01ae79e
[INFO] [stdout]                                at /rustc/1b7dd2252b99671ce5d1cb9664c5f8636329436d/library/core/src/ops/function.rs:250:5
[INFO] [stdout]   26:     0x56228ddfcb86 - <alloc::boxed::Box<F,A> as core::ops::function::FnOnce<Args>>::call_once::h8093d25b522725ef
[INFO] [stdout]                                at /rustc/1b7dd2252b99671ce5d1cb9664c5f8636329436d/library/alloc/src/boxed.rs:1973:9
[INFO] [stdout]   27:     0x56228ddfcb86 - <core::panic::unwind_safe::AssertUnwindSafe<F> as core::ops::function::FnOnce<()>>::call_once::h5c334c204e4a3913
[INFO] [stdout]                                at /rustc/1b7dd2252b99671ce5d1cb9664c5f8636329436d/library/core/src/panic/unwind_safe.rs:271:9
[INFO] [stdout]   28:     0x56228ddfcb86 - std::panicking::try::do_call::ha8b740c7b9478074
[INFO] [stdout]                                at /rustc/1b7dd2252b99671ce5d1cb9664c5f8636329436d/library/std/src/panicking.rs:485:40
[INFO] [stdout]   29:     0x56228ddfcb86 - std::panicking::try::h5d34f63d0e41b64e
[INFO] [stdout]                                at /rustc/1b7dd2252b99671ce5d1cb9664c5f8636329436d/library/std/src/panicking.rs:449:19
[INFO] [stdout]   30:     0x56228ddfcb86 - std::panic::catch_unwind::hcfbb511e1aa7fc67
[INFO] [stdout]                                at /rustc/1b7dd2252b99671ce5d1cb9664c5f8636329436d/library/std/src/panic.rs:140:14
[INFO] [stdout]   31:     0x56228ddfcb86 - test::run_test_in_process::h9abda90f802eaf21
[INFO] [stdout]                                at /rustc/1b7dd2252b99671ce5d1cb9664c5f8636329436d/library/test/src/lib.rs:678:27
[INFO] [stdout]   32:     0x56228ddfcb86 - test::run_test::run_test_inner::{{closure}}::h0f058de91f6c6edf
[INFO] [stdout]                                at /rustc/1b7dd2252b99671ce5d1cb9664c5f8636329436d/library/test/src/lib.rs:572:39
[INFO] [stdout]   33:     0x56228ddc5aa5 - test::run_test::run_test_inner::{{closure}}::h5ca48a4c59c6c1fb
[INFO] [stdout]                                at /rustc/1b7dd2252b99671ce5d1cb9664c5f8636329436d/library/test/src/lib.rs:599:37
[INFO] [stdout]   34:     0x56228ddc5aa5 - std::sys_common::backtrace::__rust_begin_short_backtrace::h32bd51e1495d4a33
[INFO] [stdout]                                at /rustc/1b7dd2252b99671ce5d1cb9664c5f8636329436d/library/std/src/sys_common/backtrace.rs:134:18
[INFO] [stdout]   35:     0x56228ddcafe1 - std::thread::Builder::spawn_unchecked_::{{closure}}::{{closure}}::hc086fae9b128b2db
[INFO] [stdout]                                at /rustc/1b7dd2252b99671ce5d1cb9664c5f8636329436d/library/std/src/thread/mod.rs:526:17
[INFO] [stdout]   36:     0x56228ddcafe1 - <core::panic::unwind_safe::AssertUnwindSafe<F> as core::ops::function::FnOnce<()>>::call_once::hb66571888d270d43
[INFO] [stdout]                                at /rustc/1b7dd2252b99671ce5d1cb9664c5f8636329436d/library/core/src/panic/unwind_safe.rs:271:9
[INFO] [stdout]   37:     0x56228ddcafe1 - std::panicking::try::do_call::h4fa2ef4f6e51fecf
[INFO] [stdout]                                at /rustc/1b7dd2252b99671ce5d1cb9664c5f8636329436d/library/std/src/panicking.rs:485:40
[INFO] [stdout]   38:     0x56228ddcafe1 - std::panicking::try::h1e9e22b8584489b5
[INFO] [stdout]                                at /rustc/1b7dd2252b99671ce5d1cb9664c5f8636329436d/library/std/src/panicking.rs:449:19
[INFO] [stdout]   39:     0x56228ddcafe1 - std::panic::catch_unwind::h44698a3de0e0769e
[INFO] [stdout]                                at /rustc/1b7dd2252b99671ce5d1cb9664c5f8636329436d/library/std/src/panic.rs:140:14
[INFO] [stdout]   40:     0x56228ddcafe1 - std::thread::Builder::spawn_unchecked_::{{closure}}::h50153abde3fe239e
[INFO] [stdout]                                at /rustc/1b7dd2252b99671ce5d1cb9664c5f8636329436d/library/std/src/thread/mod.rs:525:30
[INFO] [stdout]   41:     0x56228ddcafe1 - core::ops::function::FnOnce::call_once{{vtable.shim}}::hbe5bbf6f38394364
[INFO] [stdout]                                at /rustc/1b7dd2252b99671ce5d1cb9664c5f8636329436d/library/core/src/ops/function.rs:250:5
[INFO] [stdout]   42:     0x56228de2a225 - <alloc::boxed::Box<F,A> as core::ops::function::FnOnce<Args>>::call_once::h0d83cb2920a49046
[INFO] [stdout]                                at /rustc/1b7dd2252b99671ce5d1cb9664c5f8636329436d/library/alloc/src/boxed.rs:1973:9
[INFO] [stdout]   43:     0x56228de2a225 - <alloc::boxed::Box<F,A> as core::ops::function::FnOnce<Args>>::call_once::hbe0a008aa7d9ef59
[INFO] [stdout]                                at /rustc/1b7dd2252b99671ce5d1cb9664c5f8636329436d/library/alloc/src/boxed.rs:1973:9
[INFO] [stdout]   44:     0x56228de2a225 - std::sys::unix::thread::Thread::new::thread_start::h3a466996bdf6b1f9
[INFO] [stdout]                                at /rustc/1b7dd2252b99671ce5d1cb9664c5f8636329436d/library/std/src/sys/unix/thread.rs:108:17
[INFO] [stdout]   45:     0x7f0310773b43 - <unknown>
[INFO] [stdout]   46:     0x7f0310804bb4 - __clone
[INFO] [stdout]   47:                0x0 - <unknown>
[INFO] [stdout] 
[INFO] [stdout] 
[INFO] [stdout] failures:
[INFO] [stdout]     timer::test::spawn_timer
[INFO] [stdout] 
[INFO] [stdout] test result: FAILED. 5 passed; 1 failed; 0 ignored; 0 measured; 0 filtered out; finished in 0.04s
[INFO] [stdout] 
[INFO] [stderr] error: test failed, to rerun pass `--lib`
[INFO] running `Command { std: "docker" "inspect" "f52571fbf34eea96980e98148d667bfbe84dd6c750b090644b24482295acc19c", kill_on_drop: false }`
[INFO] running `Command { std: "docker" "rm" "-f" "f52571fbf34eea96980e98148d667bfbe84dd6c750b090644b24482295acc19c", kill_on_drop: false }`
[INFO] [stdout] f52571fbf34eea96980e98148d667bfbe84dd6c750b090644b24482295acc19c
