[INFO] cloning repository https://github.com/Pfeil/Fairris
[INFO] running `Command { std: "git" "-c" "credential.helper=" "-c" "credential.helper=/workspace/cargo-home/bin/git-credential-null" "clone" "--bare" "https://github.com/Pfeil/Fairris" "/workspace/cache/git-repos/https%3A%2F%2Fgithub.com%2FPfeil%2FFairris", kill_on_drop: false }`
[INFO] [stderr] Cloning into bare repository '/workspace/cache/git-repos/https%3A%2F%2Fgithub.com%2FPfeil%2FFairris'...
[INFO] running `Command { std: "git" "rev-parse" "HEAD", kill_on_drop: false }`
[INFO] [stdout] 6b074cdc11e2a5215d847bfd653c1971a9a6be80
[INFO] testing Pfeil/Fairris against beta-2023-04-20 for beta-1.70-1
[INFO] running `Command { std: "git" "clone" "/workspace/cache/git-repos/https%3A%2F%2Fgithub.com%2FPfeil%2FFairris" "/workspace/builds/worker-3-tc2/source", kill_on_drop: false }`
[INFO] [stderr] Cloning into '/workspace/builds/worker-3-tc2/source'...
[INFO] [stderr] done.
[INFO] validating manifest of git repo https://github.com/Pfeil/Fairris on toolchain beta-2023-04-20
[INFO] running `Command { std: CARGO_HOME="/workspace/cargo-home" RUSTUP_HOME="/workspace/rustup-home" "/workspace/cargo-home/bin/cargo" "+beta-2023-04-20" "metadata" "--manifest-path" "Cargo.toml" "--no-deps", kill_on_drop: false }`
[INFO] started tweaking git repo https://github.com/Pfeil/Fairris
[INFO] finished tweaking git repo https://github.com/Pfeil/Fairris
[INFO] tweaked toml for git repo https://github.com/Pfeil/Fairris written to /workspace/builds/worker-3-tc2/source/Cargo.toml
[INFO] crate git repo https://github.com/Pfeil/Fairris already has a lockfile, it will not be regenerated
[INFO] running `Command { std: CARGO_HOME="/workspace/cargo-home" RUSTUP_HOME="/workspace/rustup-home" "/workspace/cargo-home/bin/cargo" "+beta-2023-04-20" "fetch" "--manifest-path" "Cargo.toml", kill_on_drop: false }`
[INFO] [stderr] warning: only one of `license` or `license-file` is necessary
[INFO] [stderr] `license` should be used if the package license can be expressed with a standard SPDX expression.
[INFO] [stderr] `license-file` should be used if the package uses a non-standard license.
[INFO] [stderr] See https://doc.rust-lang.org/cargo/reference/manifest.html#the-license-and-license-file-fields for more information.
[INFO] [stderr]     Updating crates.io index
[INFO] [stderr]     Blocking waiting for file lock on package cache
[INFO] [stderr]  Downloading crates ...
[INFO] [stderr]   Downloaded anymap v0.12.1
[INFO] [stderr]   Downloaded yew v0.17.4
[INFO] [stderr]   Downloaded yewtil v0.4.0
[INFO] [stderr]   Downloaded wasm-logger v0.2.0
[INFO] [stderr]   Downloaded yew-macro v0.17.0
[INFO] [stderr]   Downloaded yew v0.18.0
[INFO] [stderr]   Downloaded yew-macro v0.18.0
[INFO] [stderr]   Downloaded cfg-match v0.2.1
[INFO] [stderr]   Downloaded gloo-console-timer v0.1.0
[INFO] [stderr]   Downloaded gloo v0.2.1
[INFO] [stderr]   Downloaded yew-router-macro v0.14.0
[INFO] [stderr]   Downloaded yew-router-route-parser v0.14.0
[INFO] [stderr]   Downloaded yew-router v0.14.0
[INFO] running `Command { std: "docker" "create" "-v" "/var/lib/crater-agent-workspace/builds/worker-3-tc2/target:/opt/rustwide/target:rw,Z" "-v" "/var/lib/crater-agent-workspace/builds/worker-3-tc2/source:/opt/rustwide/workdir:ro,Z" "-v" "/var/lib/crater-agent-workspace/cargo-home:/opt/rustwide/cargo-home:ro,Z" "-v" "/var/lib/crater-agent-workspace/rustup-home:/opt/rustwide/rustup-home:ro,Z" "-e" "SOURCE_DIR=/opt/rustwide/workdir" "-e" "CARGO_TARGET_DIR=/opt/rustwide/target" "-e" "CARGO_HOME=/opt/rustwide/cargo-home" "-e" "RUSTUP_HOME=/opt/rustwide/rustup-home" "-w" "/opt/rustwide/workdir" "-m" "1610612736" "--user" "0:0" "--network" "none" "ghcr.io/rust-lang/crates-build-env/linux@sha256:97d61d7686bf65f8ecb15491ab51835e82dc9176a96a831f143a431b191fc501" "/opt/rustwide/cargo-home/bin/cargo" "+beta-2023-04-20" "metadata" "--no-deps" "--format-version=1", kill_on_drop: false }`
[INFO] [stdout] ac84028f80176ff623ec7687774086163576fb436cbafa5b9e204f0f2dceab8d
[INFO] running `Command { std: "docker" "start" "-a" "ac84028f80176ff623ec7687774086163576fb436cbafa5b9e204f0f2dceab8d", kill_on_drop: false }`
[INFO] running `Command { std: "docker" "inspect" "ac84028f80176ff623ec7687774086163576fb436cbafa5b9e204f0f2dceab8d", kill_on_drop: false }`
[INFO] running `Command { std: "docker" "rm" "-f" "ac84028f80176ff623ec7687774086163576fb436cbafa5b9e204f0f2dceab8d", kill_on_drop: false }`
[INFO] [stdout] ac84028f80176ff623ec7687774086163576fb436cbafa5b9e204f0f2dceab8d
[INFO] running `Command { std: "docker" "create" "-v" "/var/lib/crater-agent-workspace/builds/worker-3-tc2/target:/opt/rustwide/target:rw,Z" "-v" "/var/lib/crater-agent-workspace/builds/worker-3-tc2/source:/opt/rustwide/workdir:ro,Z" "-v" "/var/lib/crater-agent-workspace/cargo-home:/opt/rustwide/cargo-home:ro,Z" "-v" "/var/lib/crater-agent-workspace/rustup-home:/opt/rustwide/rustup-home:ro,Z" "-e" "SOURCE_DIR=/opt/rustwide/workdir" "-e" "CARGO_TARGET_DIR=/opt/rustwide/target" "-e" "CARGO_INCREMENTAL=0" "-e" "RUST_BACKTRACE=full" "-e" "RUSTFLAGS=--cap-lints=warn" "-e" "RUSTDOCFLAGS=--cap-lints=warn" "-e" "CARGO_HOME=/opt/rustwide/cargo-home" "-e" "RUSTUP_HOME=/opt/rustwide/rustup-home" "-w" "/opt/rustwide/workdir" "-m" "1610612736" "--user" "0:0" "--network" "none" "ghcr.io/rust-lang/crates-build-env/linux@sha256:97d61d7686bf65f8ecb15491ab51835e82dc9176a96a831f143a431b191fc501" "/opt/rustwide/cargo-home/bin/cargo" "+beta-2023-04-20" "build" "--frozen" "--message-format=json", kill_on_drop: false }`
[INFO] [stdout] bd1f635b1eede57a1bf75d33a4ebbe0e8c410dc94dab6c0be6fd312b5abff93a
[INFO] running `Command { std: "docker" "start" "-a" "bd1f635b1eede57a1bf75d33a4ebbe0e8c410dc94dab6c0be6fd312b5abff93a", kill_on_drop: false }`
[INFO] [stderr] warning: only one of `license` or `license-file` is necessary
[INFO] [stderr] `license` should be used if the package license can be expressed with a standard SPDX expression.
[INFO] [stderr] `license-file` should be used if the package uses a non-standard license.
[INFO] [stderr] See https://doc.rust-lang.org/cargo/reference/manifest.html#the-license-and-license-file-fields for more information.
[INFO] [stderr]    Compiling proc-macro2 v1.0.27
[INFO] [stderr]    Compiling unicode-xid v0.2.2
[INFO] [stderr]    Compiling syn v1.0.73
[INFO] [stderr]    Compiling cfg-if v1.0.0
[INFO] [stderr]    Compiling ryu v1.0.5
[INFO] [stderr]    Compiling autocfg v1.0.1
[INFO] [stderr]    Compiling serde_derive v1.0.126
[INFO] [stderr]    Compiling log v0.4.14
[INFO] [stderr]    Compiling serde v1.0.126
[INFO] [stderr]    Compiling lazy_static v1.4.0
[INFO] [stderr]    Compiling wasm-bindgen-shared v0.2.74
[INFO] [stderr]    Compiling bumpalo v3.7.0
[INFO] [stderr]    Compiling serde_json v1.0.64
[INFO] [stderr]    Compiling itoa v0.4.7
[INFO] [stderr]    Compiling wasm-bindgen v0.2.74
[INFO] [stderr]    Compiling memchr v2.4.0
[INFO] [stderr]    Compiling proc-macro-hack v0.5.19
[INFO] [stderr]    Compiling libc v0.2.97
[INFO] [stderr]    Compiling futures-core v0.3.15
[INFO] [stderr]    Compiling proc-macro-nested v0.1.7
[INFO] [stderr]    Compiling futures-task v0.3.15
[INFO] [stderr]    Compiling futures-channel v0.3.15
[INFO] [stderr] LLVM ERROR: IO failure on output stream: No space left on device
[INFO] [stdout] error: linking with `cc` failed: exit status: 1
[INFO] [stdout]   |
[INFO] [stdout]   = note: LC_ALL="C" PATH="/opt/rustwide/rustup-home/toolchains/beta-2023-04-20-x86_64-unknown-linux-gnu/lib/rustlib/x86_64-unknown-linux-gnu/bin:/opt/rustwide/cargo-home/bin:/usr/local/sbin:/usr/local/bin:/usr/sbin:/usr/bin:/sbin:/bin" VSLANG="1033" "cc" "-m64" "/tmp/rustcLQxhH4/symbols.o" "/opt/rustwide/target/debug/build/ryu-1a3b07574550c022/build_script_build-1a3b07574550c022.build_script_build.dc93318d-cgu.0.rcgu.o" "/opt/rustwide/target/debug/build/ryu-1a3b07574550c022/build_script_build-1a3b07574550c022.build_script_build.dc93318d-cgu.1.rcgu.o" "/opt/rustwide/target/debug/build/ryu-1a3b07574550c022/build_script_build-1a3b07574550c022.build_script_build.dc93318d-cgu.10.rcgu.o" "/opt/rustwide/target/debug/build/ryu-1a3b07574550c022/build_script_build-1a3b07574550c022.build_script_build.dc93318d-cgu.11.rcgu.o" "/opt/rustwide/target/debug/build/ryu-1a3b07574550c022/build_script_build-1a3b07574550c022.build_script_build.dc93318d-cgu.12.rcgu.o" "/opt/rustwide/target/debug/build/ryu-1a3b07574550c022/build_script_build-1a3b07574550c022.build_script_build.dc93318d-cgu.13.rcgu.o" "/opt/rustwide/target/debug/build/ryu-1a3b07574550c022/build_script_build-1a3b07574550c022.build_script_build.dc93318d-cgu.14.rcgu.o" "/opt/rustwide/target/debug/build/ryu-1a3b07574550c022/build_script_build-1a3b07574550c022.build_script_build.dc93318d-cgu.15.rcgu.o" "/opt/rustwide/target/debug/build/ryu-1a3b07574550c022/build_script_build-1a3b07574550c022.build_script_build.dc93318d-cgu.2.rcgu.o" "/opt/rustwide/target/debug/build/ryu-1a3b07574550c022/build_script_build-1a3b07574550c022.build_script_build.dc93318d-cgu.3.rcgu.o" "/opt/rustwide/target/debug/build/ryu-1a3b07574550c022/build_script_build-1a3b07574550c022.build_script_build.dc93318d-cgu.4.rcgu.o" "/opt/rustwide/target/debug/build/ryu-1a3b07574550c022/build_script_build-1a3b07574550c022.build_script_build.dc93318d-cgu.5.rcgu.o" "/opt/rustwide/target/debug/build/ryu-1a3b07574550c022/build_script_build-1a3b07574550c022.build_script_build.dc93318d-cgu.6.rcgu.o" "/opt/rustwide/target/debug/build/ryu-1a3b07574550c022/build_script_build-1a3b07574550c022.build_script_build.dc93318d-cgu.7.rcgu.o" "/opt/rustwide/target/debug/build/ryu-1a3b07574550c022/build_script_build-1a3b07574550c022.build_script_build.dc93318d-cgu.8.rcgu.o" "/opt/rustwide/target/debug/build/ryu-1a3b07574550c022/build_script_build-1a3b07574550c022.build_script_build.dc93318d-cgu.9.rcgu.o" "/opt/rustwide/target/debug/build/ryu-1a3b07574550c022/build_script_build-1a3b07574550c022.c1cf62hngcrx4zz.rcgu.o" "-Wl,--as-needed" "-L" "/opt/rustwide/target/debug/deps" "-L" "/opt/rustwide/rustup-home/toolchains/beta-2023-04-20-x86_64-unknown-linux-gnu/lib/rustlib/x86_64-unknown-linux-gnu/lib" "-Wl,-Bstatic" "/opt/rustwide/rustup-home/toolchains/beta-2023-04-20-x86_64-unknown-linux-gnu/lib/rustlib/x86_64-unknown-linux-gnu/lib/libstd-0e29cc23c5e02021.rlib" "/opt/rustwide/rustup-home/toolchains/beta-2023-04-20-x86_64-unknown-linux-gnu/lib/rustlib/x86_64-unknown-linux-gnu/lib/libpanic_unwind-d903621768a861d9.rlib" "/opt/rustwide/rustup-home/toolchains/beta-2023-04-20-x86_64-unknown-linux-gnu/lib/rustlib/x86_64-unknown-linux-gnu/lib/libobject-6d0225e655f31c13.rlib" "/opt/rustwide/rustup-home/toolchains/beta-2023-04-20-x86_64-unknown-linux-gnu/lib/rustlib/x86_64-unknown-linux-gnu/lib/libmemchr-9dbaf4eac7eaa079.rlib" "/opt/rustwide/rustup-home/toolchains/beta-2023-04-20-x86_64-unknown-linux-gnu/lib/rustlib/x86_64-unknown-linux-gnu/lib/libaddr2line-27f05b3d42a66dd0.rlib" "/opt/rustwide/rustup-home/toolchains/beta-2023-04-20-x86_64-unknown-linux-gnu/lib/rustlib/x86_64-unknown-linux-gnu/lib/libgimli-4d73f1030321c9a2.rlib" "/opt/rustwide/rustup-home/toolchains/beta-2023-04-20-x86_64-unknown-linux-gnu/lib/rustlib/x86_64-unknown-linux-gnu/lib/librustc_demangle-2846c9e58abd0acb.rlib" "/opt/rustwide/rustup-home/toolchains/beta-2023-04-20-x86_64-unknown-linux-gnu/lib/rustlib/x86_64-unknown-linux-gnu/lib/libstd_detect-a53d0f50415947be.rlib" "/opt/rustwide/rustup-home/toolchains/beta-2023-04-20-x86_64-unknown-linux-gnu/lib/rustlib/x86_64-unknown-linux-gnu/lib/libhashbrown-d48e4b6abc25b9dc.rlib" "/opt/rustwide/rustup-home/toolchains/beta-2023-04-20-x86_64-unknown-linux-gnu/lib/rustlib/x86_64-unknown-linux-gnu/lib/libminiz_oxide-2991859439ef1207.rlib" "/opt/rustwide/rustup-home/toolchains/beta-2023-04-20-x86_64-unknown-linux-gnu/lib/rustlib/x86_64-unknown-linux-gnu/lib/libadler-8a687517e4221bae.rlib" "/opt/rustwide/rustup-home/toolchains/beta-2023-04-20-x86_64-unknown-linux-gnu/lib/rustlib/x86_64-unknown-linux-gnu/lib/librustc_std_workspace_alloc-e07b554f6a67f5b3.rlib" "/opt/rustwide/rustup-home/toolchains/beta-2023-04-20-x86_64-unknown-linux-gnu/lib/rustlib/x86_64-unknown-linux-gnu/lib/libunwind-b68238b7c3c619dd.rlib" "/opt/rustwide/rustup-home/toolchains/beta-2023-04-20-x86_64-unknown-linux-gnu/lib/rustlib/x86_64-unknown-linux-gnu/lib/libcfg_if-d5e213e896c017e4.rlib" "/opt/rustwide/rustup-home/toolchains/beta-2023-04-20-x86_64-unknown-linux-gnu/lib/rustlib/x86_64-unknown-linux-gnu/lib/liblibc-0211a3b2e61d8689.rlib" "/opt/rustwide/rustup-home/toolchains/beta-2023-04-20-x86_64-unknown-linux-gnu/lib/rustlib/x86_64-unknown-linux-gnu/lib/liballoc-b371f055239ba51f.rlib" "/opt/rustwide/rustup-home/toolchains/beta-2023-04-20-x86_64-unknown-linux-gnu/lib/rustlib/x86_64-unknown-linux-gnu/lib/librustc_std_workspace_core-e60518d2760eb01e.rlib" "/opt/rustwide/rustup-home/toolchains/beta-2023-04-20-x86_64-unknown-linux-gnu/lib/rustlib/x86_64-unknown-linux-gnu/lib/libcore-1ad943f92a4b1081.rlib" "/opt/rustwide/rustup-home/toolchains/beta-2023-04-20-x86_64-unknown-linux-gnu/lib/rustlib/x86_64-unknown-linux-gnu/lib/libcompiler_builtins-f0d6e4d0fc1e80b4.rlib" "-Wl,-Bdynamic" "-lgcc_s" "-lutil" "-lrt" "-lpthread" "-lm" "-ldl" "-lc" "-Wl,--eh-frame-hdr" "-Wl,-z,noexecstack" "-L" "/opt/rustwide/rustup-home/toolchains/beta-2023-04-20-x86_64-unknown-linux-gnu/lib/rustlib/x86_64-unknown-linux-gnu/lib" "-o" "/opt/rustwide/target/debug/build/ryu-1a3b07574550c022/build_script_build-1a3b07574550c022" "-Wl,--gc-sections" "-pie" "-Wl,-z,relro,-z,now" "-nodefaultlibs"
[INFO] [stdout]   = note: /usr/bin/ld: final link failed: No space left on device
[INFO] [stdout]           collect2: error: ld returned 1 exit status
[INFO] [stdout]           
[INFO] [stdout] 
[INFO] [stdout] 
[INFO] [stdout] error: aborting due to previous error
[INFO] [stdout] 
[INFO] [stdout] 
[INFO] [stdout] error: linking with `cc` failed: exit status: 1
[INFO] [stdout]   |
[INFO] [stdout]   = note: LC_ALL="C" PATH="/opt/rustwide/rustup-home/toolchains/beta-2023-04-20-x86_64-unknown-linux-gnu/lib/rustlib/x86_64-unknown-linux-gnu/bin:/opt/rustwide/cargo-home/bin:/usr/local/sbin:/usr/local/bin:/usr/sbin:/usr/bin:/sbin:/bin" VSLANG="1033" "cc" "-m64" "/tmp/rustcF90W2L/symbols.o" "/opt/rustwide/target/debug/build/serde_derive-98ddc8c4c1514f98/build_script_build-98ddc8c4c1514f98.build_script_build.c64ea0d3-cgu.0.rcgu.o" "/opt/rustwide/target/debug/build/serde_derive-98ddc8c4c1514f98/build_script_build-98ddc8c4c1514f98.build_script_build.c64ea0d3-cgu.1.rcgu.o" "/opt/rustwide/target/debug/build/serde_derive-98ddc8c4c1514f98/build_script_build-98ddc8c4c1514f98.build_script_build.c64ea0d3-cgu.10.rcgu.o" "/opt/rustwide/target/debug/build/serde_derive-98ddc8c4c1514f98/build_script_build-98ddc8c4c1514f98.build_script_build.c64ea0d3-cgu.11.rcgu.o" "/opt/rustwide/target/debug/build/serde_derive-98ddc8c4c1514f98/build_script_build-98ddc8c4c1514f98.build_script_build.c64ea0d3-cgu.12.rcgu.o" "/opt/rustwide/target/debug/build/serde_derive-98ddc8c4c1514f98/build_script_build-98ddc8c4c1514f98.build_script_build.c64ea0d3-cgu.13.rcgu.o" "/opt/rustwide/target/debug/build/serde_derive-98ddc8c4c1514f98/build_script_build-98ddc8c4c1514f98.build_script_build.c64ea0d3-cgu.14.rcgu.o" "/opt/rustwide/target/debug/build/serde_derive-98ddc8c4c1514f98/build_script_build-98ddc8c4c1514f98.build_script_build.c64ea0d3-cgu.15.rcgu.o" "/opt/rustwide/target/debug/build/serde_derive-98ddc8c4c1514f98/build_script_build-98ddc8c4c1514f98.build_script_build.c64ea0d3-cgu.2.rcgu.o" "/opt/rustwide/target/debug/build/serde_derive-98ddc8c4c1514f98/build_script_build-98ddc8c4c1514f98.build_script_build.c64ea0d3-cgu.3.rcgu.o" "/opt/rustwide/target/debug/build/serde_derive-98ddc8c4c1514f98/build_script_build-98ddc8c4c1514f98.build_script_build.c64ea0d3-cgu.4.rcgu.o" "/opt/rustwide/target/debug/build/serde_derive-98ddc8c4c1514f98/build_script_build-98ddc8c4c1514f98.build_script_build.c64ea0d3-cgu.5.rcgu.o" "/opt/rustwide/target/debug/build/serde_derive-98ddc8c4c1514f98/build_script_build-98ddc8c4c1514f98.build_script_build.c64ea0d3-cgu.6.rcgu.o" "/opt/rustwide/target/debug/build/serde_derive-98ddc8c4c1514f98/build_script_build-98ddc8c4c1514f98.build_script_build.c64ea0d3-cgu.7.rcgu.o" "/opt/rustwide/target/debug/build/serde_derive-98ddc8c4c1514f98/build_script_build-98ddc8c4c1514f98.build_script_build.c64ea0d3-cgu.8.rcgu.o" "/opt/rustwide/target/debug/build/serde_derive-98ddc8c4c1514f98/build_script_build-98ddc8c4c1514f98.build_script_build.c64ea0d3-cgu.9.rcgu.o" "/opt/rustwide/target/debug/build/serde_derive-98ddc8c4c1514f98/build_script_build-98ddc8c4c1514f98.103nmpms6uoh1ga.rcgu.o" "-Wl,--as-needed" "-L" "/opt/rustwide/target/debug/deps" "-L" "/opt/rustwide/rustup-home/toolchains/beta-2023-04-20-x86_64-unknown-linux-gnu/lib/rustlib/x86_64-unknown-linux-gnu/lib" "-Wl,-Bstatic" "/opt/rustwide/rustup-home/toolchains/beta-2023-04-20-x86_64-unknown-linux-gnu/lib/rustlib/x86_64-unknown-linux-gnu/lib/libstd-0e29cc23c5e02021.rlib" "/opt/rustwide/rustup-home/toolchains/beta-2023-04-20-x86_64-unknown-linux-gnu/lib/rustlib/x86_64-unknown-linux-gnu/lib/libpanic_unwind-d903621768a861d9.rlib" "/opt/rustwide/rustup-home/toolchains/beta-2023-04-20-x86_64-unknown-linux-gnu/lib/rustlib/x86_64-unknown-linux-gnu/lib/libobject-6d0225e655f31c13.rlib" "/opt/rustwide/rustup-home/toolchains/beta-2023-04-20-x86_64-unknown-linux-gnu/lib/rustlib/x86_64-unknown-linux-gnu/lib/libmemchr-9dbaf4eac7eaa079.rlib" "/opt/rustwide/rustup-home/toolchains/beta-2023-04-20-x86_64-unknown-linux-gnu/lib/rustlib/x86_64-unknown-linux-gnu/lib/libaddr2line-27f05b3d42a66dd0.rlib" "/opt/rustwide/rustup-home/toolchains/beta-2023-04-20-x86_64-unknown-linux-gnu/lib/rustlib/x86_64-unknown-linux-gnu/lib/libgimli-4d73f1030321c9a2.rlib" "/opt/rustwide/rustup-home/toolchains/beta-2023-04-20-x86_64-unknown-linux-gnu/lib/rustlib/x86_64-unknown-linux-gnu/lib/librustc_demangle-2846c9e58abd0acb.rlib" "/opt/rustwide/rustup-home/toolchains/beta-2023-04-20-x86_64-unknown-linux-gnu/lib/rustlib/x86_64-unknown-linux-gnu/lib/libstd_detect-a53d0f50415947be.rlib" "/opt/rustwide/rustup-home/toolchains/beta-2023-04-20-x86_64-unknown-linux-gnu/lib/rustlib/x86_64-unknown-linux-gnu/lib/libhashbrown-d48e4b6abc25b9dc.rlib" "/opt/rustwide/rustup-home/toolchains/beta-2023-04-20-x86_64-unknown-linux-gnu/lib/rustlib/x86_64-unknown-linux-gnu/lib/libminiz_oxide-2991859439ef1207.rlib" "/opt/rustwide/rustup-home/toolchains/beta-2023-04-20-x86_64-unknown-linux-gnu/lib/rustlib/x86_64-unknown-linux-gnu/lib/libadler-8a687517e4221bae.rlib" "/opt/rustwide/rustup-home/toolchains/beta-2023-04-20-x86_64-unknown-linux-gnu/lib/rustlib/x86_64-unknown-linux-gnu/lib/librustc_std_workspace_alloc-e07b554f6a67f5b3.rlib" "/opt/rustwide/rustup-home/toolchains/beta-2023-04-20-x86_64-unknown-linux-gnu/lib/rustlib/x86_64-unknown-linux-gnu/lib/libunwind-b68238b7c3c619dd.rlib" "/opt/rustwide/rustup-home/toolchains/beta-2023-04-20-x86_64-unknown-linux-gnu/lib/rustlib/x86_64-unknown-linux-gnu/lib/libcfg_if-d5e213e896c017e4.rlib" "/opt/rustwide/rustup-home/toolchains/beta-2023-04-20-x86_64-unknown-linux-gnu/lib/rustlib/x86_64-unknown-linux-gnu/lib/liblibc-0211a3b2e61d8689.rlib" "/opt/rustwide/rustup-home/toolchains/beta-2023-04-20-x86_64-unknown-linux-gnu/lib/rustlib/x86_64-unknown-linux-gnu/lib/liballoc-b371f055239ba51f.rlib" "/opt/rustwide/rustup-home/toolchains/beta-2023-04-20-x86_64-unknown-linux-gnu/lib/rustlib/x86_64-unknown-linux-gnu/lib/librustc_std_workspace_core-e60518d2760eb01e.rlib" "/opt/rustwide/rustup-home/toolchains/beta-2023-04-20-x86_64-unknown-linux-gnu/lib/rustlib/x86_64-unknown-linux-gnu/lib/libcore-1ad943f92a4b1081.rlib" "/opt/rustwide/rustup-home/toolchains/beta-2023-04-20-x86_64-unknown-linux-gnu/lib/rustlib/x86_64-unknown-linux-gnu/lib/libcompiler_builtins-f0d6e4d0fc1e80b4.rlib" "-Wl,-Bdynamic" "-lgcc_s" "-lutil" "-lrt" "-lpthread" "-lm" "-ldl" "-lc" "-Wl,--eh-frame-hdr" "-Wl,-z,noexecstack" "-L" "/opt/rustwide/rustup-home/toolchains/beta-2023-04-20-x86_64-unknown-linux-gnu/lib/rustlib/x86_64-unknown-linux-gnu/lib" "-o" "/opt/rustwide/target/debug/build/serde_derive-98ddc8c4c1514f98/build_script_build-98ddc8c4c1514f98" "-Wl,--gc-sections" "-pie" "-Wl,-z,relro,-z,now" "-nodefaultlibs"
[INFO] [stdout]   = note: /usr/bin/ld: final link failed: No space left on device
[INFO] [stdout]           collect2: error: ld returned 1 exit status
[INFO] [stdout]           
[INFO] [stdout] 
[INFO] [stdout] 
[INFO] [stdout] error: aborting due to previous error
[INFO] [stdout] 
[INFO] [stdout] 
[INFO] [stderr] error: could not compile `ryu` (build script) due to 2 previous errors
[INFO] [stderr] warning: build failed, waiting for other jobs to finish...
[INFO] [stderr] error: could not compile `autocfg` (lib)
[INFO] [stdout] error: linking with `cc` failed: exit status: 1
[INFO] [stdout]   |
[INFO] [stdout]   = note: LC_ALL="C" PATH="/opt/rustwide/rustup-home/toolchains/beta-2023-04-20-x86_64-unknown-linux-gnu/lib/rustlib/x86_64-unknown-linux-gnu/bin:/opt/rustwide/cargo-home/bin:/usr/local/sbin:/usr/local/bin:/usr/sbin:/usr/bin:/sbin:/bin" VSLANG="1033" "cc" "-m64" "/tmp/rustcJScujD/symbols.o" "/opt/rustwide/target/debug/build/serde-94fab6b2c4477e76/build_script_build-94fab6b2c4477e76.build_script_build.78a7c8b7-cgu.0.rcgu.o" "/opt/rustwide/target/debug/build/serde-94fab6b2c4477e76/build_script_build-94fab6b2c4477e76.build_script_build.78a7c8b7-cgu.1.rcgu.o" "/opt/rustwide/target/debug/build/serde-94fab6b2c4477e76/build_script_build-94fab6b2c4477e76.build_script_build.78a7c8b7-cgu.10.rcgu.o" "/opt/rustwide/target/debug/build/serde-94fab6b2c4477e76/build_script_build-94fab6b2c4477e76.build_script_build.78a7c8b7-cgu.11.rcgu.o" "/opt/rustwide/target/debug/build/serde-94fab6b2c4477e76/build_script_build-94fab6b2c4477e76.build_script_build.78a7c8b7-cgu.12.rcgu.o" "/opt/rustwide/target/debug/build/serde-94fab6b2c4477e76/build_script_build-94fab6b2c4477e76.build_script_build.78a7c8b7-cgu.13.rcgu.o" "/opt/rustwide/target/debug/build/serde-94fab6b2c4477e76/build_script_build-94fab6b2c4477e76.build_script_build.78a7c8b7-cgu.14.rcgu.o" "/opt/rustwide/target/debug/build/serde-94fab6b2c4477e76/build_script_build-94fab6b2c4477e76.build_script_build.78a7c8b7-cgu.15.rcgu.o" "/opt/rustwide/target/debug/build/serde-94fab6b2c4477e76/build_script_build-94fab6b2c4477e76.build_script_build.78a7c8b7-cgu.2.rcgu.o" "/opt/rustwide/target/debug/build/serde-94fab6b2c4477e76/build_script_build-94fab6b2c4477e76.build_script_build.78a7c8b7-cgu.3.rcgu.o" "/opt/rustwide/target/debug/build/serde-94fab6b2c4477e76/build_script_build-94fab6b2c4477e76.build_script_build.78a7c8b7-cgu.4.rcgu.o" "/opt/rustwide/target/debug/build/serde-94fab6b2c4477e76/build_script_build-94fab6b2c4477e76.build_script_build.78a7c8b7-cgu.5.rcgu.o" "/opt/rustwide/target/debug/build/serde-94fab6b2c4477e76/build_script_build-94fab6b2c4477e76.build_script_build.78a7c8b7-cgu.6.rcgu.o" "/opt/rustwide/target/debug/build/serde-94fab6b2c4477e76/build_script_build-94fab6b2c4477e76.build_script_build.78a7c8b7-cgu.7.rcgu.o" "/opt/rustwide/target/debug/build/serde-94fab6b2c4477e76/build_script_build-94fab6b2c4477e76.build_script_build.78a7c8b7-cgu.8.rcgu.o" "/opt/rustwide/target/debug/build/serde-94fab6b2c4477e76/build_script_build-94fab6b2c4477e76.build_script_build.78a7c8b7-cgu.9.rcgu.o" "/opt/rustwide/target/debug/build/serde-94fab6b2c4477e76/build_script_build-94fab6b2c4477e76.ldm1g5abl1l1b41.rcgu.o" "-Wl,--as-needed" "-L" "/opt/rustwide/target/debug/deps" "-L" "/opt/rustwide/rustup-home/toolchains/beta-2023-04-20-x86_64-unknown-linux-gnu/lib/rustlib/x86_64-unknown-linux-gnu/lib" "-Wl,-Bstatic" "/opt/rustwide/rustup-home/toolchains/beta-2023-04-20-x86_64-unknown-linux-gnu/lib/rustlib/x86_64-unknown-linux-gnu/lib/libstd-0e29cc23c5e02021.rlib" "/opt/rustwide/rustup-home/toolchains/beta-2023-04-20-x86_64-unknown-linux-gnu/lib/rustlib/x86_64-unknown-linux-gnu/lib/libpanic_unwind-d903621768a861d9.rlib" "/opt/rustwide/rustup-home/toolchains/beta-2023-04-20-x86_64-unknown-linux-gnu/lib/rustlib/x86_64-unknown-linux-gnu/lib/libobject-6d0225e655f31c13.rlib" "/opt/rustwide/rustup-home/toolchains/beta-2023-04-20-x86_64-unknown-linux-gnu/lib/rustlib/x86_64-unknown-linux-gnu/lib/libmemchr-9dbaf4eac7eaa079.rlib" "/opt/rustwide/rustup-home/toolchains/beta-2023-04-20-x86_64-unknown-linux-gnu/lib/rustlib/x86_64-unknown-linux-gnu/lib/libaddr2line-27f05b3d42a66dd0.rlib" "/opt/rustwide/rustup-home/toolchains/beta-2023-04-20-x86_64-unknown-linux-gnu/lib/rustlib/x86_64-unknown-linux-gnu/lib/libgimli-4d73f1030321c9a2.rlib" "/opt/rustwide/rustup-home/toolchains/beta-2023-04-20-x86_64-unknown-linux-gnu/lib/rustlib/x86_64-unknown-linux-gnu/lib/librustc_demangle-2846c9e58abd0acb.rlib" "/opt/rustwide/rustup-home/toolchains/beta-2023-04-20-x86_64-unknown-linux-gnu/lib/rustlib/x86_64-unknown-linux-gnu/lib/libstd_detect-a53d0f50415947be.rlib" "/opt/rustwide/rustup-home/toolchains/beta-2023-04-20-x86_64-unknown-linux-gnu/lib/rustlib/x86_64-unknown-linux-gnu/lib/libhashbrown-d48e4b6abc25b9dc.rlib" "/opt/rustwide/rustup-home/toolchains/beta-2023-04-20-x86_64-unknown-linux-gnu/lib/rustlib/x86_64-unknown-linux-gnu/lib/libminiz_oxide-2991859439ef1207.rlib" "/opt/rustwide/rustup-home/toolchains/beta-2023-04-20-x86_64-unknown-linux-gnu/lib/rustlib/x86_64-unknown-linux-gnu/lib/libadler-8a687517e4221bae.rlib" "/opt/rustwide/rustup-home/toolchains/beta-2023-04-20-x86_64-unknown-linux-gnu/lib/rustlib/x86_64-unknown-linux-gnu/lib/librustc_std_workspace_alloc-e07b554f6a67f5b3.rlib" "/opt/rustwide/rustup-home/toolchains/beta-2023-04-20-x86_64-unknown-linux-gnu/lib/rustlib/x86_64-unknown-linux-gnu/lib/libunwind-b68238b7c3c619dd.rlib" "/opt/rustwide/rustup-home/toolchains/beta-2023-04-20-x86_64-unknown-linux-gnu/lib/rustlib/x86_64-unknown-linux-gnu/lib/libcfg_if-d5e213e896c017e4.rlib" "/opt/rustwide/rustup-home/toolchains/beta-2023-04-20-x86_64-unknown-linux-gnu/lib/rustlib/x86_64-unknown-linux-gnu/lib/liblibc-0211a3b2e61d8689.rlib" "/opt/rustwide/rustup-home/toolchains/beta-2023-04-20-x86_64-unknown-linux-gnu/lib/rustlib/x86_64-unknown-linux-gnu/lib/liballoc-b371f055239ba51f.rlib" "/opt/rustwide/rustup-home/toolchains/beta-2023-04-20-x86_64-unknown-linux-gnu/lib/rustlib/x86_64-unknown-linux-gnu/lib/librustc_std_workspace_core-e60518d2760eb01e.rlib" "/opt/rustwide/rustup-home/toolchains/beta-2023-04-20-x86_64-unknown-linux-gnu/lib/rustlib/x86_64-unknown-linux-gnu/lib/libcore-1ad943f92a4b1081.rlib" "/opt/rustwide/rustup-home/toolchains/beta-2023-04-20-x86_64-unknown-linux-gnu/lib/rustlib/x86_64-unknown-linux-gnu/lib/libcompiler_builtins-f0d6e4d0fc1e80b4.rlib" "-Wl,-Bdynamic" "-lgcc_s" "-lutil" "-lrt" "-lpthread" "-lm" "-ldl" "-lc" "-Wl,--eh-frame-hdr" "-Wl,-z,noexecstack" "-L" "/opt/rustwide/rustup-home/toolchains/beta-2023-04-20-x86_64-unknown-linux-gnu/lib/rustlib/x86_64-unknown-linux-gnu/lib" "-o" "/opt/rustwide/target/debug/build/serde-94fab6b2c4477e76/build_script_build-94fab6b2c4477e76" "-Wl,--gc-sections" "-pie" "-Wl,-z,relro,-z,now" "-nodefaultlibs"
[INFO] [stdout]   = note: /usr/bin/ld: final link failed: No space left on device
[INFO] [stdout]           collect2: error: ld returned 1 exit status
[INFO] [stdout]           
[INFO] [stdout] 
[INFO] [stdout] 
[INFO] [stderr] error: could not compile `serde_derive` (build script) due to 2 previous errors
[INFO] [stderr] error: could not compile `serde` (build script) due to previous error
[INFO] [stdout] error: linking with `cc` failed: exit status: 1
[INFO] [stdout]   |
[INFO] [stdout]   = note: LC_ALL="C" PATH="/opt/rustwide/rustup-home/toolchains/beta-2023-04-20-x86_64-unknown-linux-gnu/lib/rustlib/x86_64-unknown-linux-gnu/bin:/opt/rustwide/cargo-home/bin:/usr/local/sbin:/usr/local/bin:/usr/sbin:/usr/bin:/sbin:/bin" VSLANG="1033" "cc" "-m64" "/tmp/rustcWBy9vM/symbols.o" "/opt/rustwide/target/debug/build/memchr-97f7922d6d4a4609/build_script_build-97f7922d6d4a4609.build_script_build.6112e6de-cgu.0.rcgu.o" "/opt/rustwide/target/debug/build/memchr-97f7922d6d4a4609/build_script_build-97f7922d6d4a4609.build_script_build.6112e6de-cgu.1.rcgu.o" "/opt/rustwide/target/debug/build/memchr-97f7922d6d4a4609/build_script_build-97f7922d6d4a4609.build_script_build.6112e6de-cgu.10.rcgu.o" "/opt/rustwide/target/debug/build/memchr-97f7922d6d4a4609/build_script_build-97f7922d6d4a4609.build_script_build.6112e6de-cgu.11.rcgu.o" "/opt/rustwide/target/debug/build/memchr-97f7922d6d4a4609/build_script_build-97f7922d6d4a4609.build_script_build.6112e6de-cgu.12.rcgu.o" "/opt/rustwide/target/debug/build/memchr-97f7922d6d4a4609/build_script_build-97f7922d6d4a4609.build_script_build.6112e6de-cgu.13.rcgu.o" "/opt/rustwide/target/debug/build/memchr-97f7922d6d4a4609/build_script_build-97f7922d6d4a4609.build_script_build.6112e6de-cgu.14.rcgu.o" "/opt/rustwide/target/debug/build/memchr-97f7922d6d4a4609/build_script_build-97f7922d6d4a4609.build_script_build.6112e6de-cgu.15.rcgu.o" "/opt/rustwide/target/debug/build/memchr-97f7922d6d4a4609/build_script_build-97f7922d6d4a4609.build_script_build.6112e6de-cgu.2.rcgu.o" "/opt/rustwide/target/debug/build/memchr-97f7922d6d4a4609/build_script_build-97f7922d6d4a4609.build_script_build.6112e6de-cgu.3.rcgu.o" "/opt/rustwide/target/debug/build/memchr-97f7922d6d4a4609/build_script_build-97f7922d6d4a4609.build_script_build.6112e6de-cgu.4.rcgu.o" "/opt/rustwide/target/debug/build/memchr-97f7922d6d4a4609/build_script_build-97f7922d6d4a4609.build_script_build.6112e6de-cgu.5.rcgu.o" "/opt/rustwide/target/debug/build/memchr-97f7922d6d4a4609/build_script_build-97f7922d6d4a4609.build_script_build.6112e6de-cgu.6.rcgu.o" "/opt/rustwide/target/debug/build/memchr-97f7922d6d4a4609/build_script_build-97f7922d6d4a4609.build_script_build.6112e6de-cgu.7.rcgu.o" "/opt/rustwide/target/debug/build/memchr-97f7922d6d4a4609/build_script_build-97f7922d6d4a4609.build_script_build.6112e6de-cgu.8.rcgu.o" "/opt/rustwide/target/debug/build/memchr-97f7922d6d4a4609/build_script_build-97f7922d6d4a4609.build_script_build.6112e6de-cgu.9.rcgu.o" "/opt/rustwide/target/debug/build/memchr-97f7922d6d4a4609/build_script_build-97f7922d6d4a4609.2q072fuztx4y4ltv.rcgu.o" "-Wl,--as-needed" "-L" "/opt/rustwide/target/debug/deps" "-L" "/opt/rustwide/rustup-home/toolchains/beta-2023-04-20-x86_64-unknown-linux-gnu/lib/rustlib/x86_64-unknown-linux-gnu/lib" "-Wl,-Bstatic" "/opt/rustwide/rustup-home/toolchains/beta-2023-04-20-x86_64-unknown-linux-gnu/lib/rustlib/x86_64-unknown-linux-gnu/lib/libstd-0e29cc23c5e02021.rlib" "/opt/rustwide/rustup-home/toolchains/beta-2023-04-20-x86_64-unknown-linux-gnu/lib/rustlib/x86_64-unknown-linux-gnu/lib/libpanic_unwind-d903621768a861d9.rlib" "/opt/rustwide/rustup-home/toolchains/beta-2023-04-20-x86_64-unknown-linux-gnu/lib/rustlib/x86_64-unknown-linux-gnu/lib/libobject-6d0225e655f31c13.rlib" "/opt/rustwide/rustup-home/toolchains/beta-2023-04-20-x86_64-unknown-linux-gnu/lib/rustlib/x86_64-unknown-linux-gnu/lib/libmemchr-9dbaf4eac7eaa079.rlib" "/opt/rustwide/rustup-home/toolchains/beta-2023-04-20-x86_64-unknown-linux-gnu/lib/rustlib/x86_64-unknown-linux-gnu/lib/libaddr2line-27f05b3d42a66dd0.rlib" "/opt/rustwide/rustup-home/toolchains/beta-2023-04-20-x86_64-unknown-linux-gnu/lib/rustlib/x86_64-unknown-linux-gnu/lib/libgimli-4d73f1030321c9a2.rlib" "/opt/rustwide/rustup-home/toolchains/beta-2023-04-20-x86_64-unknown-linux-gnu/lib/rustlib/x86_64-unknown-linux-gnu/lib/librustc_demangle-2846c9e58abd0acb.rlib" "/opt/rustwide/rustup-home/toolchains/beta-2023-04-20-x86_64-unknown-linux-gnu/lib/rustlib/x86_64-unknown-linux-gnu/lib/libstd_detect-a53d0f50415947be.rlib" "/opt/rustwide/rustup-home/toolchains/beta-2023-04-20-x86_64-unknown-linux-gnu/lib/rustlib/x86_64-unknown-linux-gnu/lib/libhashbrown-d48e4b6abc25b9dc.rlib" "/opt/rustwide/rustup-home/toolchains/beta-2023-04-20-x86_64-unknown-linux-gnu/lib/rustlib/x86_64-unknown-linux-gnu/lib/libminiz_oxide-2991859439ef1207.rlib" "/opt/rustwide/rustup-home/toolchains/beta-2023-04-20-x86_64-unknown-linux-gnu/lib/rustlib/x86_64-unknown-linux-gnu/lib/libadler-8a687517e4221bae.rlib" "/opt/rustwide/rustup-home/toolchains/beta-2023-04-20-x86_64-unknown-linux-gnu/lib/rustlib/x86_64-unknown-linux-gnu/lib/librustc_std_workspace_alloc-e07b554f6a67f5b3.rlib" "/opt/rustwide/rustup-home/toolchains/beta-2023-04-20-x86_64-unknown-linux-gnu/lib/rustlib/x86_64-unknown-linux-gnu/lib/libunwind-b68238b7c3c619dd.rlib" "/opt/rustwide/rustup-home/toolchains/beta-2023-04-20-x86_64-unknown-linux-gnu/lib/rustlib/x86_64-unknown-linux-gnu/lib/libcfg_if-d5e213e896c017e4.rlib" "/opt/rustwide/rustup-home/toolchains/beta-2023-04-20-x86_64-unknown-linux-gnu/lib/rustlib/x86_64-unknown-linux-gnu/lib/liblibc-0211a3b2e61d8689.rlib" "/opt/rustwide/rustup-home/toolchains/beta-2023-04-20-x86_64-unknown-linux-gnu/lib/rustlib/x86_64-unknown-linux-gnu/lib/liballoc-b371f055239ba51f.rlib" "/opt/rustwide/rustup-home/toolchains/beta-2023-04-20-x86_64-unknown-linux-gnu/lib/rustlib/x86_64-unknown-linux-gnu/lib/librustc_std_workspace_core-e60518d2760eb01e.rlib" "/opt/rustwide/rustup-home/toolchains/beta-2023-04-20-x86_64-unknown-linux-gnu/lib/rustlib/x86_64-unknown-linux-gnu/lib/libcore-1ad943f92a4b1081.rlib" "/opt/rustwide/rustup-home/toolchains/beta-2023-04-20-x86_64-unknown-linux-gnu/lib/rustlib/x86_64-unknown-linux-gnu/lib/libcompiler_builtins-f0d6e4d0fc1e80b4.rlib" "-Wl,-Bdynamic" "-lgcc_s" "-lutil" "-lrt" "-lpthread" "-lm" "-ldl" "-lc" "-Wl,--eh-frame-hdr" "-Wl,-z,noexecstack" "-L" "/opt/rustwide/rustup-home/toolchains/beta-2023-04-20-x86_64-unknown-linux-gnu/lib/rustlib/x86_64-unknown-linux-gnu/lib" "-o" "/opt/rustwide/target/debug/build/memchr-97f7922d6d4a4609/build_script_build-97f7922d6d4a4609" "-Wl,--gc-sections" "-pie" "-Wl,-z,relro,-z,now" "-nodefaultlibs"
[INFO] [stdout]   = note: /usr/bin/ld: final link failed: No space left on device
[INFO] [stdout]           collect2: error: ld returned 1 exit status
[INFO] [stdout]           
[INFO] [stdout] 
[INFO] [stdout] 
[INFO] [stdout] error: aborting due to previous error
[INFO] [stdout] 
[INFO] [stdout] 
[INFO] [stdout] error: linking with `cc` failed: exit status: 1
[INFO] [stdout]   |
[INFO] [stdout]   = note: LC_ALL="C" PATH="/opt/rustwide/rustup-home/toolchains/beta-2023-04-20-x86_64-unknown-linux-gnu/lib/rustlib/x86_64-unknown-linux-gnu/bin:/opt/rustwide/cargo-home/bin:/usr/local/sbin:/usr/local/bin:/usr/sbin:/usr/bin:/sbin:/bin" VSLANG="1033" "cc" "-m64" "/tmp/rustcZtyosy/symbols.o" "/opt/rustwide/target/debug/build/syn-5a1bb24bbe9e30b1/build_script_build-5a1bb24bbe9e30b1.build_script_build.c8270091-cgu.0.rcgu.o" "/opt/rustwide/target/debug/build/syn-5a1bb24bbe9e30b1/build_script_build-5a1bb24bbe9e30b1.build_script_build.c8270091-cgu.1.rcgu.o" "/opt/rustwide/target/debug/build/syn-5a1bb24bbe9e30b1/build_script_build-5a1bb24bbe9e30b1.build_script_build.c8270091-cgu.10.rcgu.o" "/opt/rustwide/target/debug/build/syn-5a1bb24bbe9e30b1/build_script_build-5a1bb24bbe9e30b1.build_script_build.c8270091-cgu.11.rcgu.o" "/opt/rustwide/target/debug/build/syn-5a1bb24bbe9e30b1/build_script_build-5a1bb24bbe9e30b1.build_script_build.c8270091-cgu.12.rcgu.o" "/opt/rustwide/target/debug/build/syn-5a1bb24bbe9e30b1/build_script_build-5a1bb24bbe9e30b1.build_script_build.c8270091-cgu.13.rcgu.o" "/opt/rustwide/target/debug/build/syn-5a1bb24bbe9e30b1/build_script_build-5a1bb24bbe9e30b1.build_script_build.c8270091-cgu.14.rcgu.o" "/opt/rustwide/target/debug/build/syn-5a1bb24bbe9e30b1/build_script_build-5a1bb24bbe9e30b1.build_script_build.c8270091-cgu.15.rcgu.o" "/opt/rustwide/target/debug/build/syn-5a1bb24bbe9e30b1/build_script_build-5a1bb24bbe9e30b1.build_script_build.c8270091-cgu.2.rcgu.o" "/opt/rustwide/target/debug/build/syn-5a1bb24bbe9e30b1/build_script_build-5a1bb24bbe9e30b1.build_script_build.c8270091-cgu.3.rcgu.o" "/opt/rustwide/target/debug/build/syn-5a1bb24bbe9e30b1/build_script_build-5a1bb24bbe9e30b1.build_script_build.c8270091-cgu.4.rcgu.o" "/opt/rustwide/target/debug/build/syn-5a1bb24bbe9e30b1/build_script_build-5a1bb24bbe9e30b1.build_script_build.c8270091-cgu.5.rcgu.o" "/opt/rustwide/target/debug/build/syn-5a1bb24bbe9e30b1/build_script_build-5a1bb24bbe9e30b1.build_script_build.c8270091-cgu.6.rcgu.o" "/opt/rustwide/target/debug/build/syn-5a1bb24bbe9e30b1/build_script_build-5a1bb24bbe9e30b1.build_script_build.c8270091-cgu.7.rcgu.o" "/opt/rustwide/target/debug/build/syn-5a1bb24bbe9e30b1/build_script_build-5a1bb24bbe9e30b1.build_script_build.c8270091-cgu.8.rcgu.o" "/opt/rustwide/target/debug/build/syn-5a1bb24bbe9e30b1/build_script_build-5a1bb24bbe9e30b1.build_script_build.c8270091-cgu.9.rcgu.o" "/opt/rustwide/target/debug/build/syn-5a1bb24bbe9e30b1/build_script_build-5a1bb24bbe9e30b1.3pjxri93t47m7qxs.rcgu.o" "-Wl,--as-needed" "-L" "/opt/rustwide/target/debug/deps" "-L" "/opt/rustwide/rustup-home/toolchains/beta-2023-04-20-x86_64-unknown-linux-gnu/lib/rustlib/x86_64-unknown-linux-gnu/lib" "-Wl,-Bstatic" "/opt/rustwide/rustup-home/toolchains/beta-2023-04-20-x86_64-unknown-linux-gnu/lib/rustlib/x86_64-unknown-linux-gnu/lib/libstd-0e29cc23c5e02021.rlib" "/opt/rustwide/rustup-home/toolchains/beta-2023-04-20-x86_64-unknown-linux-gnu/lib/rustlib/x86_64-unknown-linux-gnu/lib/libpanic_unwind-d903621768a861d9.rlib" "/opt/rustwide/rustup-home/toolchains/beta-2023-04-20-x86_64-unknown-linux-gnu/lib/rustlib/x86_64-unknown-linux-gnu/lib/libobject-6d0225e655f31c13.rlib" "/opt/rustwide/rustup-home/toolchains/beta-2023-04-20-x86_64-unknown-linux-gnu/lib/rustlib/x86_64-unknown-linux-gnu/lib/libmemchr-9dbaf4eac7eaa079.rlib" "/opt/rustwide/rustup-home/toolchains/beta-2023-04-20-x86_64-unknown-linux-gnu/lib/rustlib/x86_64-unknown-linux-gnu/lib/libaddr2line-27f05b3d42a66dd0.rlib" "/opt/rustwide/rustup-home/toolchains/beta-2023-04-20-x86_64-unknown-linux-gnu/lib/rustlib/x86_64-unknown-linux-gnu/lib/libgimli-4d73f1030321c9a2.rlib" "/opt/rustwide/rustup-home/toolchains/beta-2023-04-20-x86_64-unknown-linux-gnu/lib/rustlib/x86_64-unknown-linux-gnu/lib/librustc_demangle-2846c9e58abd0acb.rlib" "/opt/rustwide/rustup-home/toolchains/beta-2023-04-20-x86_64-unknown-linux-gnu/lib/rustlib/x86_64-unknown-linux-gnu/lib/libstd_detect-a53d0f50415947be.rlib" "/opt/rustwide/rustup-home/toolchains/beta-2023-04-20-x86_64-unknown-linux-gnu/lib/rustlib/x86_64-unknown-linux-gnu/lib/libhashbrown-d48e4b6abc25b9dc.rlib" "/opt/rustwide/rustup-home/toolchains/beta-2023-04-20-x86_64-unknown-linux-gnu/lib/rustlib/x86_64-unknown-linux-gnu/lib/libminiz_oxide-2991859439ef1207.rlib" "/opt/rustwide/rustup-home/toolchains/beta-2023-04-20-x86_64-unknown-linux-gnu/lib/rustlib/x86_64-unknown-linux-gnu/lib/libadler-8a687517e4221bae.rlib" "/opt/rustwide/rustup-home/toolchains/beta-2023-04-20-x86_64-unknown-linux-gnu/lib/rustlib/x86_64-unknown-linux-gnu/lib/librustc_std_workspace_alloc-e07b554f6a67f5b3.rlib" "/opt/rustwide/rustup-home/toolchains/beta-2023-04-20-x86_64-unknown-linux-gnu/lib/rustlib/x86_64-unknown-linux-gnu/lib/libunwind-b68238b7c3c619dd.rlib" "/opt/rustwide/rustup-home/toolchains/beta-2023-04-20-x86_64-unknown-linux-gnu/lib/rustlib/x86_64-unknown-linux-gnu/lib/libcfg_if-d5e213e896c017e4.rlib" "/opt/rustwide/rustup-home/toolchains/beta-2023-04-20-x86_64-unknown-linux-gnu/lib/rustlib/x86_64-unknown-linux-gnu/lib/liblibc-0211a3b2e61d8689.rlib" "/opt/rustwide/rustup-home/toolchains/beta-2023-04-20-x86_64-unknown-linux-gnu/lib/rustlib/x86_64-unknown-linux-gnu/lib/liballoc-b371f055239ba51f.rlib" "/opt/rustwide/rustup-home/toolchains/beta-2023-04-20-x86_64-unknown-linux-gnu/lib/rustlib/x86_64-unknown-linux-gnu/lib/librustc_std_workspace_core-e60518d2760eb01e.rlib" "/opt/rustwide/rustup-home/toolchains/beta-2023-04-20-x86_64-unknown-linux-gnu/lib/rustlib/x86_64-unknown-linux-gnu/lib/libcore-1ad943f92a4b1081.rlib" "/opt/rustwide/rustup-home/toolchains/beta-2023-04-20-x86_64-unknown-linux-gnu/lib/rustlib/x86_64-unknown-linux-gnu/lib/libcompiler_builtins-f0d6e4d0fc1e80b4.rlib" "-Wl,-Bdynamic" "-lgcc_s" "-lutil" "-lrt" "-lpthread" "-lm" "-ldl" "-lc" "-Wl,--eh-frame-hdr" "-Wl,-z,noexecstack" "-L" "/opt/rustwide/rustup-home/toolchains/beta-2023-04-20-x86_64-unknown-linux-gnu/lib/rustlib/x86_64-unknown-linux-gnu/lib" "-o" "/opt/rustwide/target/debug/build/syn-5a1bb24bbe9e30b1/build_script_build-5a1bb24bbe9e30b1" "-Wl,--gc-sections" "-pie" "-Wl,-z,relro,-z,now" "-nodefaultlibs"
[INFO] [stdout]   = note: /usr/bin/ld: final link failed: No space left on device
[INFO] [stdout]           collect2: error: ld returned 1 exit status
[INFO] [stdout]           
[INFO] [stdout] 
[INFO] [stdout] 
[INFO] [stdout] error: aborting due to previous error
[INFO] [stdout] 
[INFO] [stdout] 
[INFO] [stderr] error: could not compile `syn` (build script) due to 2 previous errors
[INFO] [stderr] error: could not compile `memchr` (build script) due to 2 previous errors
[INFO] [stdout] error: linking with `cc` failed: exit status: 1
[INFO] [stdout]   |
[INFO] [stdout]   = note: LC_ALL="C" PATH="/opt/rustwide/rustup-home/toolchains/beta-2023-04-20-x86_64-unknown-linux-gnu/lib/rustlib/x86_64-unknown-linux-gnu/bin:/opt/rustwide/cargo-home/bin:/usr/local/sbin:/usr/local/bin:/usr/sbin:/usr/bin:/sbin:/bin" VSLANG="1033" "cc" "-m64" "/tmp/rustcYVRyYE/symbols.o" "/opt/rustwide/target/debug/build/proc-macro2-48661196ca6bcff2/build_script_build-48661196ca6bcff2.build_script_build.3b0ff689-cgu.0.rcgu.o" "/opt/rustwide/target/debug/build/proc-macro2-48661196ca6bcff2/build_script_build-48661196ca6bcff2.build_script_build.3b0ff689-cgu.1.rcgu.o" "/opt/rustwide/target/debug/build/proc-macro2-48661196ca6bcff2/build_script_build-48661196ca6bcff2.build_script_build.3b0ff689-cgu.10.rcgu.o" "/opt/rustwide/target/debug/build/proc-macro2-48661196ca6bcff2/build_script_build-48661196ca6bcff2.build_script_build.3b0ff689-cgu.11.rcgu.o" "/opt/rustwide/target/debug/build/proc-macro2-48661196ca6bcff2/build_script_build-48661196ca6bcff2.build_script_build.3b0ff689-cgu.12.rcgu.o" "/opt/rustwide/target/debug/build/proc-macro2-48661196ca6bcff2/build_script_build-48661196ca6bcff2.build_script_build.3b0ff689-cgu.13.rcgu.o" "/opt/rustwide/target/debug/build/proc-macro2-48661196ca6bcff2/build_script_build-48661196ca6bcff2.build_script_build.3b0ff689-cgu.14.rcgu.o" "/opt/rustwide/target/debug/build/proc-macro2-48661196ca6bcff2/build_script_build-48661196ca6bcff2.build_script_build.3b0ff689-cgu.15.rcgu.o" "/opt/rustwide/target/debug/build/proc-macro2-48661196ca6bcff2/build_script_build-48661196ca6bcff2.build_script_build.3b0ff689-cgu.2.rcgu.o" "/opt/rustwide/target/debug/build/proc-macro2-48661196ca6bcff2/build_script_build-48661196ca6bcff2.build_script_build.3b0ff689-cgu.3.rcgu.o" "/opt/rustwide/target/debug/build/proc-macro2-48661196ca6bcff2/build_script_build-48661196ca6bcff2.build_script_build.3b0ff689-cgu.4.rcgu.o" "/opt/rustwide/target/debug/build/proc-macro2-48661196ca6bcff2/build_script_build-48661196ca6bcff2.build_script_build.3b0ff689-cgu.5.rcgu.o" "/opt/rustwide/target/debug/build/proc-macro2-48661196ca6bcff2/build_script_build-48661196ca6bcff2.build_script_build.3b0ff689-cgu.6.rcgu.o" "/opt/rustwide/target/debug/build/proc-macro2-48661196ca6bcff2/build_script_build-48661196ca6bcff2.build_script_build.3b0ff689-cgu.7.rcgu.o" "/opt/rustwide/target/debug/build/proc-macro2-48661196ca6bcff2/build_script_build-48661196ca6bcff2.build_script_build.3b0ff689-cgu.8.rcgu.o" "/opt/rustwide/target/debug/build/proc-macro2-48661196ca6bcff2/build_script_build-48661196ca6bcff2.build_script_build.3b0ff689-cgu.9.rcgu.o" "/opt/rustwide/target/debug/build/proc-macro2-48661196ca6bcff2/build_script_build-48661196ca6bcff2.1jkiphmvf6ogdyof.rcgu.o" "-Wl,--as-needed" "-L" "/opt/rustwide/target/debug/deps" "-L" "/opt/rustwide/rustup-home/toolchains/beta-2023-04-20-x86_64-unknown-linux-gnu/lib/rustlib/x86_64-unknown-linux-gnu/lib" "-Wl,-Bstatic" "/opt/rustwide/rustup-home/toolchains/beta-2023-04-20-x86_64-unknown-linux-gnu/lib/rustlib/x86_64-unknown-linux-gnu/lib/libstd-0e29cc23c5e02021.rlib" "/opt/rustwide/rustup-home/toolchains/beta-2023-04-20-x86_64-unknown-linux-gnu/lib/rustlib/x86_64-unknown-linux-gnu/lib/libpanic_unwind-d903621768a861d9.rlib" "/opt/rustwide/rustup-home/toolchains/beta-2023-04-20-x86_64-unknown-linux-gnu/lib/rustlib/x86_64-unknown-linux-gnu/lib/libobject-6d0225e655f31c13.rlib" "/opt/rustwide/rustup-home/toolchains/beta-2023-04-20-x86_64-unknown-linux-gnu/lib/rustlib/x86_64-unknown-linux-gnu/lib/libmemchr-9dbaf4eac7eaa079.rlib" "/opt/rustwide/rustup-home/toolchains/beta-2023-04-20-x86_64-unknown-linux-gnu/lib/rustlib/x86_64-unknown-linux-gnu/lib/libaddr2line-27f05b3d42a66dd0.rlib" "/opt/rustwide/rustup-home/toolchains/beta-2023-04-20-x86_64-unknown-linux-gnu/lib/rustlib/x86_64-unknown-linux-gnu/lib/libgimli-4d73f1030321c9a2.rlib" "/opt/rustwide/rustup-home/toolchains/beta-2023-04-20-x86_64-unknown-linux-gnu/lib/rustlib/x86_64-unknown-linux-gnu/lib/librustc_demangle-2846c9e58abd0acb.rlib" "/opt/rustwide/rustup-home/toolchains/beta-2023-04-20-x86_64-unknown-linux-gnu/lib/rustlib/x86_64-unknown-linux-gnu/lib/libstd_detect-a53d0f50415947be.rlib" "/opt/rustwide/rustup-home/toolchains/beta-2023-04-20-x86_64-unknown-linux-gnu/lib/rustlib/x86_64-unknown-linux-gnu/lib/libhashbrown-d48e4b6abc25b9dc.rlib" "/opt/rustwide/rustup-home/toolchains/beta-2023-04-20-x86_64-unknown-linux-gnu/lib/rustlib/x86_64-unknown-linux-gnu/lib/libminiz_oxide-2991859439ef1207.rlib" "/opt/rustwide/rustup-home/toolchains/beta-2023-04-20-x86_64-unknown-linux-gnu/lib/rustlib/x86_64-unknown-linux-gnu/lib/libadler-8a687517e4221bae.rlib" "/opt/rustwide/rustup-home/toolchains/beta-2023-04-20-x86_64-unknown-linux-gnu/lib/rustlib/x86_64-unknown-linux-gnu/lib/librustc_std_workspace_alloc-e07b554f6a67f5b3.rlib" "/opt/rustwide/rustup-home/toolchains/beta-2023-04-20-x86_64-unknown-linux-gnu/lib/rustlib/x86_64-unknown-linux-gnu/lib/libunwind-b68238b7c3c619dd.rlib" "/opt/rustwide/rustup-home/toolchains/beta-2023-04-20-x86_64-unknown-linux-gnu/lib/rustlib/x86_64-unknown-linux-gnu/lib/libcfg_if-d5e213e896c017e4.rlib" "/opt/rustwide/rustup-home/toolchains/beta-2023-04-20-x86_64-unknown-linux-gnu/lib/rustlib/x86_64-unknown-linux-gnu/lib/liblibc-0211a3b2e61d8689.rlib" "/opt/rustwide/rustup-home/toolchains/beta-2023-04-20-x86_64-unknown-linux-gnu/lib/rustlib/x86_64-unknown-linux-gnu/lib/liballoc-b371f055239ba51f.rlib" "/opt/rustwide/rustup-home/toolchains/beta-2023-04-20-x86_64-unknown-linux-gnu/lib/rustlib/x86_64-unknown-linux-gnu/lib/librustc_std_workspace_core-e60518d2760eb01e.rlib" "/opt/rustwide/rustup-home/toolchains/beta-2023-04-20-x86_64-unknown-linux-gnu/lib/rustlib/x86_64-unknown-linux-gnu/lib/libcore-1ad943f92a4b1081.rlib" "/opt/rustwide/rustup-home/toolchains/beta-2023-04-20-x86_64-unknown-linux-gnu/lib/rustlib/x86_64-unknown-linux-gnu/lib/libcompiler_builtins-f0d6e4d0fc1e80b4.rlib" "-Wl,-Bdynamic" "-lgcc_s" "-lutil" "-lrt" "-lpthread" "-lm" "-ldl" "-lc" "-Wl,--eh-frame-hdr" "-Wl,-z,noexecstack" "-L" "/opt/rustwide/rustup-home/toolchains/beta-2023-04-20-x86_64-unknown-linux-gnu/lib/rustlib/x86_64-unknown-linux-gnu/lib" "-o" "/opt/rustwide/target/debug/build/proc-macro2-48661196ca6bcff2/build_script_build-48661196ca6bcff2" "-Wl,--gc-sections" "-pie" "-Wl,-z,relro,-z,now" "-nodefaultlibs"
[INFO] [stdout]   = note: /usr/bin/ld: final link failed: No space left on device
[INFO] [stdout]           collect2: error: ld returned 1 exit status
[INFO] [stdout]           
[INFO] [stdout] 
[INFO] [stdout] 
[INFO] [stdout] error: linking with `cc` failed: exit status: 1
[INFO] [stdout]   |
[INFO] [stdout]   = note: LC_ALL="C" PATH="/opt/rustwide/rustup-home/toolchains/beta-2023-04-20-x86_64-unknown-linux-gnu/lib/rustlib/x86_64-unknown-linux-gnu/bin:/opt/rustwide/cargo-home/bin:/usr/local/sbin:/usr/local/bin:/usr/sbin:/usr/bin:/sbin:/bin" VSLANG="1033" "cc" "-m64" "/tmp/rustcpCXwxa/symbols.o" "/opt/rustwide/target/debug/build/serde_json-43e2a84278412970/build_script_build-43e2a84278412970.build_script_build.db2127cd-cgu.0.rcgu.o" "/opt/rustwide/target/debug/build/serde_json-43e2a84278412970/build_script_build-43e2a84278412970.build_script_build.db2127cd-cgu.1.rcgu.o" "/opt/rustwide/target/debug/build/serde_json-43e2a84278412970/build_script_build-43e2a84278412970.build_script_build.db2127cd-cgu.10.rcgu.o" "/opt/rustwide/target/debug/build/serde_json-43e2a84278412970/build_script_build-43e2a84278412970.build_script_build.db2127cd-cgu.11.rcgu.o" "/opt/rustwide/target/debug/build/serde_json-43e2a84278412970/build_script_build-43e2a84278412970.build_script_build.db2127cd-cgu.12.rcgu.o" "/opt/rustwide/target/debug/build/serde_json-43e2a84278412970/build_script_build-43e2a84278412970.build_script_build.db2127cd-cgu.13.rcgu.o" "/opt/rustwide/target/debug/build/serde_json-43e2a84278412970/build_script_build-43e2a84278412970.build_script_build.db2127cd-cgu.14.rcgu.o" "/opt/rustwide/target/debug/build/serde_json-43e2a84278412970/build_script_build-43e2a84278412970.build_script_build.db2127cd-cgu.15.rcgu.o" "/opt/rustwide/target/debug/build/serde_json-43e2a84278412970/build_script_build-43e2a84278412970.build_script_build.db2127cd-cgu.2.rcgu.o" "/opt/rustwide/target/debug/build/serde_json-43e2a84278412970/build_script_build-43e2a84278412970.build_script_build.db2127cd-cgu.3.rcgu.o" "/opt/rustwide/target/debug/build/serde_json-43e2a84278412970/build_script_build-43e2a84278412970.build_script_build.db2127cd-cgu.4.rcgu.o" "/opt/rustwide/target/debug/build/serde_json-43e2a84278412970/build_script_build-43e2a84278412970.build_script_build.db2127cd-cgu.5.rcgu.o" "/opt/rustwide/target/debug/build/serde_json-43e2a84278412970/build_script_build-43e2a84278412970.build_script_build.db2127cd-cgu.6.rcgu.o" "/opt/rustwide/target/debug/build/serde_json-43e2a84278412970/build_script_build-43e2a84278412970.build_script_build.db2127cd-cgu.7.rcgu.o" "/opt/rustwide/target/debug/build/serde_json-43e2a84278412970/build_script_build-43e2a84278412970.build_script_build.db2127cd-cgu.8.rcgu.o" "/opt/rustwide/target/debug/build/serde_json-43e2a84278412970/build_script_build-43e2a84278412970.build_script_build.db2127cd-cgu.9.rcgu.o" "/opt/rustwide/target/debug/build/serde_json-43e2a84278412970/build_script_build-43e2a84278412970.1kef5o3jyvqlhxcc.rcgu.o" "-Wl,--as-needed" "-L" "/opt/rustwide/target/debug/deps" "-L" "/opt/rustwide/rustup-home/toolchains/beta-2023-04-20-x86_64-unknown-linux-gnu/lib/rustlib/x86_64-unknown-linux-gnu/lib" "-Wl,-Bstatic" "/opt/rustwide/rustup-home/toolchains/beta-2023-04-20-x86_64-unknown-linux-gnu/lib/rustlib/x86_64-unknown-linux-gnu/lib/libstd-0e29cc23c5e02021.rlib" "/opt/rustwide/rustup-home/toolchains/beta-2023-04-20-x86_64-unknown-linux-gnu/lib/rustlib/x86_64-unknown-linux-gnu/lib/libpanic_unwind-d903621768a861d9.rlib" "/opt/rustwide/rustup-home/toolchains/beta-2023-04-20-x86_64-unknown-linux-gnu/lib/rustlib/x86_64-unknown-linux-gnu/lib/libobject-6d0225e655f31c13.rlib" "/opt/rustwide/rustup-home/toolchains/beta-2023-04-20-x86_64-unknown-linux-gnu/lib/rustlib/x86_64-unknown-linux-gnu/lib/libmemchr-9dbaf4eac7eaa079.rlib" "/opt/rustwide/rustup-home/toolchains/beta-2023-04-20-x86_64-unknown-linux-gnu/lib/rustlib/x86_64-unknown-linux-gnu/lib/libaddr2line-27f05b3d42a66dd0.rlib" "/opt/rustwide/rustup-home/toolchains/beta-2023-04-20-x86_64-unknown-linux-gnu/lib/rustlib/x86_64-unknown-linux-gnu/lib/libgimli-4d73f1030321c9a2.rlib" "/opt/rustwide/rustup-home/toolchains/beta-2023-04-20-x86_64-unknown-linux-gnu/lib/rustlib/x86_64-unknown-linux-gnu/lib/librustc_demangle-2846c9e58abd0acb.rlib" "/opt/rustwide/rustup-home/toolchains/beta-2023-04-20-x86_64-unknown-linux-gnu/lib/rustlib/x86_64-unknown-linux-gnu/lib/libstd_detect-a53d0f50415947be.rlib" "/opt/rustwide/rustup-home/toolchains/beta-2023-04-20-x86_64-unknown-linux-gnu/lib/rustlib/x86_64-unknown-linux-gnu/lib/libhashbrown-d48e4b6abc25b9dc.rlib" "/opt/rustwide/rustup-home/toolchains/beta-2023-04-20-x86_64-unknown-linux-gnu/lib/rustlib/x86_64-unknown-linux-gnu/lib/libminiz_oxide-2991859439ef1207.rlib" "/opt/rustwide/rustup-home/toolchains/beta-2023-04-20-x86_64-unknown-linux-gnu/lib/rustlib/x86_64-unknown-linux-gnu/lib/libadler-8a687517e4221bae.rlib" "/opt/rustwide/rustup-home/toolchains/beta-2023-04-20-x86_64-unknown-linux-gnu/lib/rustlib/x86_64-unknown-linux-gnu/lib/librustc_std_workspace_alloc-e07b554f6a67f5b3.rlib" "/opt/rustwide/rustup-home/toolchains/beta-2023-04-20-x86_64-unknown-linux-gnu/lib/rustlib/x86_64-unknown-linux-gnu/lib/libunwind-b68238b7c3c619dd.rlib" "/opt/rustwide/rustup-home/toolchains/beta-2023-04-20-x86_64-unknown-linux-gnu/lib/rustlib/x86_64-unknown-linux-gnu/lib/libcfg_if-d5e213e896c017e4.rlib" "/opt/rustwide/rustup-home/toolchains/beta-2023-04-20-x86_64-unknown-linux-gnu/lib/rustlib/x86_64-unknown-linux-gnu/lib/liblibc-0211a3b2e61d8689.rlib" "/opt/rustwide/rustup-home/toolchains/beta-2023-04-20-x86_64-unknown-linux-gnu/lib/rustlib/x86_64-unknown-linux-gnu/lib/liballoc-b371f055239ba51f.rlib" "/opt/rustwide/rustup-home/toolchains/beta-2023-04-20-x86_64-unknown-linux-gnu/lib/rustlib/x86_64-unknown-linux-gnu/lib/librustc_std_workspace_core-e60518d2760eb01e.rlib" "/opt/rustwide/rustup-home/toolchains/beta-2023-04-20-x86_64-unknown-linux-gnu/lib/rustlib/x86_64-unknown-linux-gnu/lib/libcore-1ad943f92a4b1081.rlib" "/opt/rustwide/rustup-home/toolchains/beta-2023-04-20-x86_64-unknown-linux-gnu/lib/rustlib/x86_64-unknown-linux-gnu/lib/libcompiler_builtins-f0d6e4d0fc1e80b4.rlib" "-Wl,-Bdynamic" "-lgcc_s" "-lutil" "-lrt" "-lpthread" "-lm" "-ldl" "-lc" "-Wl,--eh-frame-hdr" "-Wl,-z,noexecstack" "-L" "/opt/rustwide/rustup-home/toolchains/beta-2023-04-20-x86_64-unknown-linux-gnu/lib/rustlib/x86_64-unknown-linux-gnu/lib" "-o" "/opt/rustwide/target/debug/build/serde_json-43e2a84278412970/build_script_build-43e2a84278412970" "-Wl,--gc-sections" "-pie" "-Wl,-z,relro,-z,now" "-nodefaultlibs"
[INFO] [stdout]   = note: /usr/bin/ld: final link failed: No space left on device
[INFO] [stdout]           collect2: error: ld returned 1 exit status
[INFO] [stdout]           
[INFO] [stdout] 
[INFO] [stdout] 
[INFO] [stdout] error: aborting due to previous error
[INFO] [stdout] 
[INFO] [stdout] 
[INFO] [stderr] error: could not compile `serde_json` (build script) due to 2 previous errors
[INFO] [stderr] error: could not compile `proc-macro2` (build script) due to previous error
[INFO] [stdout] error: linking with `cc` failed: exit status: 1
[INFO] [stdout]   |
[INFO] [stdout]   = note: LC_ALL="C" PATH="/opt/rustwide/rustup-home/toolchains/beta-2023-04-20-x86_64-unknown-linux-gnu/lib/rustlib/x86_64-unknown-linux-gnu/bin:/opt/rustwide/cargo-home/bin:/usr/local/sbin:/usr/local/bin:/usr/sbin:/usr/bin:/sbin:/bin" VSLANG="1033" "cc" "-m64" "/tmp/rustcyYWo74/symbols.o" "/opt/rustwide/target/debug/build/wasm-bindgen-shared-e80b909bb41e75b5/build_script_build-e80b909bb41e75b5.build_script_build.e59cc1b8-cgu.0.rcgu.o" "/opt/rustwide/target/debug/build/wasm-bindgen-shared-e80b909bb41e75b5/build_script_build-e80b909bb41e75b5.build_script_build.e59cc1b8-cgu.1.rcgu.o" "/opt/rustwide/target/debug/build/wasm-bindgen-shared-e80b909bb41e75b5/build_script_build-e80b909bb41e75b5.build_script_build.e59cc1b8-cgu.10.rcgu.o" "/opt/rustwide/target/debug/build/wasm-bindgen-shared-e80b909bb41e75b5/build_script_build-e80b909bb41e75b5.build_script_build.e59cc1b8-cgu.11.rcgu.o" "/opt/rustwide/target/debug/build/wasm-bindgen-shared-e80b909bb41e75b5/build_script_build-e80b909bb41e75b5.build_script_build.e59cc1b8-cgu.12.rcgu.o" "/opt/rustwide/target/debug/build/wasm-bindgen-shared-e80b909bb41e75b5/build_script_build-e80b909bb41e75b5.build_script_build.e59cc1b8-cgu.13.rcgu.o" "/opt/rustwide/target/debug/build/wasm-bindgen-shared-e80b909bb41e75b5/build_script_build-e80b909bb41e75b5.build_script_build.e59cc1b8-cgu.14.rcgu.o" "/opt/rustwide/target/debug/build/wasm-bindgen-shared-e80b909bb41e75b5/build_script_build-e80b909bb41e75b5.build_script_build.e59cc1b8-cgu.15.rcgu.o" "/opt/rustwide/target/debug/build/wasm-bindgen-shared-e80b909bb41e75b5/build_script_build-e80b909bb41e75b5.build_script_build.e59cc1b8-cgu.2.rcgu.o" "/opt/rustwide/target/debug/build/wasm-bindgen-shared-e80b909bb41e75b5/build_script_build-e80b909bb41e75b5.build_script_build.e59cc1b8-cgu.3.rcgu.o" "/opt/rustwide/target/debug/build/wasm-bindgen-shared-e80b909bb41e75b5/build_script_build-e80b909bb41e75b5.build_script_build.e59cc1b8-cgu.4.rcgu.o" "/opt/rustwide/target/debug/build/wasm-bindgen-shared-e80b909bb41e75b5/build_script_build-e80b909bb41e75b5.build_script_build.e59cc1b8-cgu.5.rcgu.o" "/opt/rustwide/target/debug/build/wasm-bindgen-shared-e80b909bb41e75b5/build_script_build-e80b909bb41e75b5.build_script_build.e59cc1b8-cgu.6.rcgu.o" "/opt/rustwide/target/debug/build/wasm-bindgen-shared-e80b909bb41e75b5/build_script_build-e80b909bb41e75b5.build_script_build.e59cc1b8-cgu.7.rcgu.o" "/opt/rustwide/target/debug/build/wasm-bindgen-shared-e80b909bb41e75b5/build_script_build-e80b909bb41e75b5.build_script_build.e59cc1b8-cgu.8.rcgu.o" "/opt/rustwide/target/debug/build/wasm-bindgen-shared-e80b909bb41e75b5/build_script_build-e80b909bb41e75b5.build_script_build.e59cc1b8-cgu.9.rcgu.o" "/opt/rustwide/target/debug/build/wasm-bindgen-shared-e80b909bb41e75b5/build_script_build-e80b909bb41e75b5.23x45w554ks7qgc8.rcgu.o" "-Wl,--as-needed" "-L" "/opt/rustwide/target/debug/deps" "-L" "/opt/rustwide/rustup-home/toolchains/beta-2023-04-20-x86_64-unknown-linux-gnu/lib/rustlib/x86_64-unknown-linux-gnu/lib" "-Wl,-Bstatic" "/opt/rustwide/rustup-home/toolchains/beta-2023-04-20-x86_64-unknown-linux-gnu/lib/rustlib/x86_64-unknown-linux-gnu/lib/libstd-0e29cc23c5e02021.rlib" "/opt/rustwide/rustup-home/toolchains/beta-2023-04-20-x86_64-unknown-linux-gnu/lib/rustlib/x86_64-unknown-linux-gnu/lib/libpanic_unwind-d903621768a861d9.rlib" "/opt/rustwide/rustup-home/toolchains/beta-2023-04-20-x86_64-unknown-linux-gnu/lib/rustlib/x86_64-unknown-linux-gnu/lib/libobject-6d0225e655f31c13.rlib" "/opt/rustwide/rustup-home/toolchains/beta-2023-04-20-x86_64-unknown-linux-gnu/lib/rustlib/x86_64-unknown-linux-gnu/lib/libmemchr-9dbaf4eac7eaa079.rlib" "/opt/rustwide/rustup-home/toolchains/beta-2023-04-20-x86_64-unknown-linux-gnu/lib/rustlib/x86_64-unknown-linux-gnu/lib/libaddr2line-27f05b3d42a66dd0.rlib" "/opt/rustwide/rustup-home/toolchains/beta-2023-04-20-x86_64-unknown-linux-gnu/lib/rustlib/x86_64-unknown-linux-gnu/lib/libgimli-4d73f1030321c9a2.rlib" "/opt/rustwide/rustup-home/toolchains/beta-2023-04-20-x86_64-unknown-linux-gnu/lib/rustlib/x86_64-unknown-linux-gnu/lib/librustc_demangle-2846c9e58abd0acb.rlib" "/opt/rustwide/rustup-home/toolchains/beta-2023-04-20-x86_64-unknown-linux-gnu/lib/rustlib/x86_64-unknown-linux-gnu/lib/libstd_detect-a53d0f50415947be.rlib" "/opt/rustwide/rustup-home/toolchains/beta-2023-04-20-x86_64-unknown-linux-gnu/lib/rustlib/x86_64-unknown-linux-gnu/lib/libhashbrown-d48e4b6abc25b9dc.rlib" "/opt/rustwide/rustup-home/toolchains/beta-2023-04-20-x86_64-unknown-linux-gnu/lib/rustlib/x86_64-unknown-linux-gnu/lib/libminiz_oxide-2991859439ef1207.rlib" "/opt/rustwide/rustup-home/toolchains/beta-2023-04-20-x86_64-unknown-linux-gnu/lib/rustlib/x86_64-unknown-linux-gnu/lib/libadler-8a687517e4221bae.rlib" "/opt/rustwide/rustup-home/toolchains/beta-2023-04-20-x86_64-unknown-linux-gnu/lib/rustlib/x86_64-unknown-linux-gnu/lib/librustc_std_workspace_alloc-e07b554f6a67f5b3.rlib" "/opt/rustwide/rustup-home/toolchains/beta-2023-04-20-x86_64-unknown-linux-gnu/lib/rustlib/x86_64-unknown-linux-gnu/lib/libunwind-b68238b7c3c619dd.rlib" "/opt/rustwide/rustup-home/toolchains/beta-2023-04-20-x86_64-unknown-linux-gnu/lib/rustlib/x86_64-unknown-linux-gnu/lib/libcfg_if-d5e213e896c017e4.rlib" "/opt/rustwide/rustup-home/toolchains/beta-2023-04-20-x86_64-unknown-linux-gnu/lib/rustlib/x86_64-unknown-linux-gnu/lib/liblibc-0211a3b2e61d8689.rlib" "/opt/rustwide/rustup-home/toolchains/beta-2023-04-20-x86_64-unknown-linux-gnu/lib/rustlib/x86_64-unknown-linux-gnu/lib/liballoc-b371f055239ba51f.rlib" "/opt/rustwide/rustup-home/toolchains/beta-2023-04-20-x86_64-unknown-linux-gnu/lib/rustlib/x86_64-unknown-linux-gnu/lib/librustc_std_workspace_core-e60518d2760eb01e.rlib" "/opt/rustwide/rustup-home/toolchains/beta-2023-04-20-x86_64-unknown-linux-gnu/lib/rustlib/x86_64-unknown-linux-gnu/lib/libcore-1ad943f92a4b1081.rlib" "/opt/rustwide/rustup-home/toolchains/beta-2023-04-20-x86_64-unknown-linux-gnu/lib/rustlib/x86_64-unknown-linux-gnu/lib/libcompiler_builtins-f0d6e4d0fc1e80b4.rlib" "-Wl,-Bdynamic" "-lgcc_s" "-lutil" "-lrt" "-lpthread" "-lm" "-ldl" "-lc" "-Wl,--eh-frame-hdr" "-Wl,-z,noexecstack" "-L" "/opt/rustwide/rustup-home/toolchains/beta-2023-04-20-x86_64-unknown-linux-gnu/lib/rustlib/x86_64-unknown-linux-gnu/lib" "-o" "/opt/rustwide/target/debug/build/wasm-bindgen-shared-e80b909bb41e75b5/build_script_build-e80b909bb41e75b5" "-Wl,--gc-sections" "-pie" "-Wl,-z,relro,-z,now" "-nodefaultlibs"
[INFO] [stdout]   = note: /usr/bin/ld: final link failed: No space left on device
[INFO] [stdout]           collect2: error: ld returned 1 exit status
[INFO] [stdout]           
[INFO] [stdout] 
[INFO] [stdout] 
[INFO] [stdout] error: aborting due to previous error
[INFO] [stdout] 
[INFO] [stdout] 
[INFO] [stderr] error: could not compile `wasm-bindgen-shared` (build script) due to 2 previous errors
[INFO] [stderr] LLVM ERROR: IO failure on output stream: No space left on device
[INFO] [stderr] LLVM ERROR: IO failure on output stream: No space left on device
[INFO] [stderr] error: could not compile `proc-macro-nested` (build script)
[INFO] [stdout] error: linking with `cc` failed: exit status: 1
[INFO] [stdout]   |
[INFO] [stdout]   = note: LC_ALL="C" PATH="/opt/rustwide/rustup-home/toolchains/beta-2023-04-20-x86_64-unknown-linux-gnu/lib/rustlib/x86_64-unknown-linux-gnu/bin:/opt/rustwide/cargo-home/bin:/usr/local/sbin:/usr/local/bin:/usr/sbin:/usr/bin:/sbin:/bin" VSLANG="1033" "cc" "-m64" "/tmp/rustcNAXPjt/symbols.o" "/opt/rustwide/target/debug/build/proc-macro-hack-219d0e575d8defd3/build_script_build-219d0e575d8defd3.build_script_build.8a22e764-cgu.0.rcgu.o" "/opt/rustwide/target/debug/build/proc-macro-hack-219d0e575d8defd3/build_script_build-219d0e575d8defd3.build_script_build.8a22e764-cgu.1.rcgu.o" "/opt/rustwide/target/debug/build/proc-macro-hack-219d0e575d8defd3/build_script_build-219d0e575d8defd3.build_script_build.8a22e764-cgu.10.rcgu.o" "/opt/rustwide/target/debug/build/proc-macro-hack-219d0e575d8defd3/build_script_build-219d0e575d8defd3.build_script_build.8a22e764-cgu.11.rcgu.o" "/opt/rustwide/target/debug/build/proc-macro-hack-219d0e575d8defd3/build_script_build-219d0e575d8defd3.build_script_build.8a22e764-cgu.12.rcgu.o" "/opt/rustwide/target/debug/build/proc-macro-hack-219d0e575d8defd3/build_script_build-219d0e575d8defd3.build_script_build.8a22e764-cgu.13.rcgu.o" "/opt/rustwide/target/debug/build/proc-macro-hack-219d0e575d8defd3/build_script_build-219d0e575d8defd3.build_script_build.8a22e764-cgu.14.rcgu.o" "/opt/rustwide/target/debug/build/proc-macro-hack-219d0e575d8defd3/build_script_build-219d0e575d8defd3.build_script_build.8a22e764-cgu.15.rcgu.o" "/opt/rustwide/target/debug/build/proc-macro-hack-219d0e575d8defd3/build_script_build-219d0e575d8defd3.build_script_build.8a22e764-cgu.2.rcgu.o" "/opt/rustwide/target/debug/build/proc-macro-hack-219d0e575d8defd3/build_script_build-219d0e575d8defd3.build_script_build.8a22e764-cgu.3.rcgu.o" "/opt/rustwide/target/debug/build/proc-macro-hack-219d0e575d8defd3/build_script_build-219d0e575d8defd3.build_script_build.8a22e764-cgu.4.rcgu.o" "/opt/rustwide/target/debug/build/proc-macro-hack-219d0e575d8defd3/build_script_build-219d0e575d8defd3.build_script_build.8a22e764-cgu.5.rcgu.o" "/opt/rustwide/target/debug/build/proc-macro-hack-219d0e575d8defd3/build_script_build-219d0e575d8defd3.build_script_build.8a22e764-cgu.6.rcgu.o" "/opt/rustwide/target/debug/build/proc-macro-hack-219d0e575d8defd3/build_script_build-219d0e575d8defd3.build_script_build.8a22e764-cgu.7.rcgu.o" "/opt/rustwide/target/debug/build/proc-macro-hack-219d0e575d8defd3/build_script_build-219d0e575d8defd3.build_script_build.8a22e764-cgu.8.rcgu.o" "/opt/rustwide/target/debug/build/proc-macro-hack-219d0e575d8defd3/build_script_build-219d0e575d8defd3.build_script_build.8a22e764-cgu.9.rcgu.o" "/opt/rustwide/target/debug/build/proc-macro-hack-219d0e575d8defd3/build_script_build-219d0e575d8defd3.4gjow84gh07jm388.rcgu.o" "-Wl,--as-needed" "-L" "/opt/rustwide/target/debug/deps" "-L" "/opt/rustwide/rustup-home/toolchains/beta-2023-04-20-x86_64-unknown-linux-gnu/lib/rustlib/x86_64-unknown-linux-gnu/lib" "-Wl,-Bstatic" "/opt/rustwide/rustup-home/toolchains/beta-2023-04-20-x86_64-unknown-linux-gnu/lib/rustlib/x86_64-unknown-linux-gnu/lib/libstd-0e29cc23c5e02021.rlib" "/opt/rustwide/rustup-home/toolchains/beta-2023-04-20-x86_64-unknown-linux-gnu/lib/rustlib/x86_64-unknown-linux-gnu/lib/libpanic_unwind-d903621768a861d9.rlib" "/opt/rustwide/rustup-home/toolchains/beta-2023-04-20-x86_64-unknown-linux-gnu/lib/rustlib/x86_64-unknown-linux-gnu/lib/libobject-6d0225e655f31c13.rlib" "/opt/rustwide/rustup-home/toolchains/beta-2023-04-20-x86_64-unknown-linux-gnu/lib/rustlib/x86_64-unknown-linux-gnu/lib/libmemchr-9dbaf4eac7eaa079.rlib" "/opt/rustwide/rustup-home/toolchains/beta-2023-04-20-x86_64-unknown-linux-gnu/lib/rustlib/x86_64-unknown-linux-gnu/lib/libaddr2line-27f05b3d42a66dd0.rlib" "/opt/rustwide/rustup-home/toolchains/beta-2023-04-20-x86_64-unknown-linux-gnu/lib/rustlib/x86_64-unknown-linux-gnu/lib/libgimli-4d73f1030321c9a2.rlib" "/opt/rustwide/rustup-home/toolchains/beta-2023-04-20-x86_64-unknown-linux-gnu/lib/rustlib/x86_64-unknown-linux-gnu/lib/librustc_demangle-2846c9e58abd0acb.rlib" "/opt/rustwide/rustup-home/toolchains/beta-2023-04-20-x86_64-unknown-linux-gnu/lib/rustlib/x86_64-unknown-linux-gnu/lib/libstd_detect-a53d0f50415947be.rlib" "/opt/rustwide/rustup-home/toolchains/beta-2023-04-20-x86_64-unknown-linux-gnu/lib/rustlib/x86_64-unknown-linux-gnu/lib/libhashbrown-d48e4b6abc25b9dc.rlib" "/opt/rustwide/rustup-home/toolchains/beta-2023-04-20-x86_64-unknown-linux-gnu/lib/rustlib/x86_64-unknown-linux-gnu/lib/libminiz_oxide-2991859439ef1207.rlib" "/opt/rustwide/rustup-home/toolchains/beta-2023-04-20-x86_64-unknown-linux-gnu/lib/rustlib/x86_64-unknown-linux-gnu/lib/libadler-8a687517e4221bae.rlib" "/opt/rustwide/rustup-home/toolchains/beta-2023-04-20-x86_64-unknown-linux-gnu/lib/rustlib/x86_64-unknown-linux-gnu/lib/librustc_std_workspace_alloc-e07b554f6a67f5b3.rlib" "/opt/rustwide/rustup-home/toolchains/beta-2023-04-20-x86_64-unknown-linux-gnu/lib/rustlib/x86_64-unknown-linux-gnu/lib/libunwind-b68238b7c3c619dd.rlib" "/opt/rustwide/rustup-home/toolchains/beta-2023-04-20-x86_64-unknown-linux-gnu/lib/rustlib/x86_64-unknown-linux-gnu/lib/libcfg_if-d5e213e896c017e4.rlib" "/opt/rustwide/rustup-home/toolchains/beta-2023-04-20-x86_64-unknown-linux-gnu/lib/rustlib/x86_64-unknown-linux-gnu/lib/liblibc-0211a3b2e61d8689.rlib" "/opt/rustwide/rustup-home/toolchains/beta-2023-04-20-x86_64-unknown-linux-gnu/lib/rustlib/x86_64-unknown-linux-gnu/lib/liballoc-b371f055239ba51f.rlib" "/opt/rustwide/rustup-home/toolchains/beta-2023-04-20-x86_64-unknown-linux-gnu/lib/rustlib/x86_64-unknown-linux-gnu/lib/librustc_std_workspace_core-e60518d2760eb01e.rlib" "/opt/rustwide/rustup-home/toolchains/beta-2023-04-20-x86_64-unknown-linux-gnu/lib/rustlib/x86_64-unknown-linux-gnu/lib/libcore-1ad943f92a4b1081.rlib" "/opt/rustwide/rustup-home/toolchains/beta-2023-04-20-x86_64-unknown-linux-gnu/lib/rustlib/x86_64-unknown-linux-gnu/lib/libcompiler_builtins-f0d6e4d0fc1e80b4.rlib" "-Wl,-Bdynamic" "-lgcc_s" "-lutil" "-lrt" "-lpthread" "-lm" "-ldl" "-lc" "-Wl,--eh-frame-hdr" "-Wl,-z,noexecstack" "-L" "/opt/rustwide/rustup-home/toolchains/beta-2023-04-20-x86_64-unknown-linux-gnu/lib/rustlib/x86_64-unknown-linux-gnu/lib" "-o" "/opt/rustwide/target/debug/build/proc-macro-hack-219d0e575d8defd3/build_script_build-219d0e575d8defd3" "-Wl,--gc-sections" "-pie" "-Wl,-z,relro,-z,now" "-nodefaultlibs"
[INFO] [stdout]   = note: /usr/bin/ld: final link failed: No space left on device
[INFO] [stdout]           collect2: error: ld returned 1 exit status
[INFO] [stdout]           
[INFO] [stdout] 
[INFO] [stdout] 
[INFO] [stdout] error: aborting due to previous error
[INFO] [stdout] 
[INFO] [stdout] 
[INFO] [stderr] error: could not compile `proc-macro-hack` (build script) due to 2 previous errors
[INFO] [stderr] error: could not compile `futures-task` (build script)
[INFO] [stderr] LLVM ERROR: IO failure on output stream: No space left on device
[INFO] [stderr] error: could not compile `futures-channel` (build script)
[INFO] [stdout] error: linking with `cc` failed: exit status: 1
[INFO] [stdout]   |
[INFO] [stdout]   = note: LC_ALL="C" PATH="/opt/rustwide/rustup-home/toolchains/beta-2023-04-20-x86_64-unknown-linux-gnu/lib/rustlib/x86_64-unknown-linux-gnu/bin:/opt/rustwide/cargo-home/bin:/usr/local/sbin:/usr/local/bin:/usr/sbin:/usr/bin:/sbin:/bin" VSLANG="1033" "cc" "-m64" "/tmp/rustcCVU56q/symbols.o" "/opt/rustwide/target/debug/build/libc-8c95420235c132f3/build_script_build-8c95420235c132f3.build_script_build.ed4f4c1e-cgu.0.rcgu.o" "/opt/rustwide/target/debug/build/libc-8c95420235c132f3/build_script_build-8c95420235c132f3.build_script_build.ed4f4c1e-cgu.1.rcgu.o" "/opt/rustwide/target/debug/build/libc-8c95420235c132f3/build_script_build-8c95420235c132f3.build_script_build.ed4f4c1e-cgu.10.rcgu.o" "/opt/rustwide/target/debug/build/libc-8c95420235c132f3/build_script_build-8c95420235c132f3.build_script_build.ed4f4c1e-cgu.11.rcgu.o" "/opt/rustwide/target/debug/build/libc-8c95420235c132f3/build_script_build-8c95420235c132f3.build_script_build.ed4f4c1e-cgu.12.rcgu.o" "/opt/rustwide/target/debug/build/libc-8c95420235c132f3/build_script_build-8c95420235c132f3.build_script_build.ed4f4c1e-cgu.13.rcgu.o" "/opt/rustwide/target/debug/build/libc-8c95420235c132f3/build_script_build-8c95420235c132f3.build_script_build.ed4f4c1e-cgu.14.rcgu.o" "/opt/rustwide/target/debug/build/libc-8c95420235c132f3/build_script_build-8c95420235c132f3.build_script_build.ed4f4c1e-cgu.15.rcgu.o" "/opt/rustwide/target/debug/build/libc-8c95420235c132f3/build_script_build-8c95420235c132f3.build_script_build.ed4f4c1e-cgu.2.rcgu.o" "/opt/rustwide/target/debug/build/libc-8c95420235c132f3/build_script_build-8c95420235c132f3.build_script_build.ed4f4c1e-cgu.3.rcgu.o" "/opt/rustwide/target/debug/build/libc-8c95420235c132f3/build_script_build-8c95420235c132f3.build_script_build.ed4f4c1e-cgu.4.rcgu.o" "/opt/rustwide/target/debug/build/libc-8c95420235c132f3/build_script_build-8c95420235c132f3.build_script_build.ed4f4c1e-cgu.5.rcgu.o" "/opt/rustwide/target/debug/build/libc-8c95420235c132f3/build_script_build-8c95420235c132f3.build_script_build.ed4f4c1e-cgu.6.rcgu.o" "/opt/rustwide/target/debug/build/libc-8c95420235c132f3/build_script_build-8c95420235c132f3.build_script_build.ed4f4c1e-cgu.7.rcgu.o" "/opt/rustwide/target/debug/build/libc-8c95420235c132f3/build_script_build-8c95420235c132f3.build_script_build.ed4f4c1e-cgu.8.rcgu.o" "/opt/rustwide/target/debug/build/libc-8c95420235c132f3/build_script_build-8c95420235c132f3.build_script_build.ed4f4c1e-cgu.9.rcgu.o" "/opt/rustwide/target/debug/build/libc-8c95420235c132f3/build_script_build-8c95420235c132f3.eiqmuho07fo9jfc.rcgu.o" "-Wl,--as-needed" "-L" "/opt/rustwide/target/debug/deps" "-L" "/opt/rustwide/rustup-home/toolchains/beta-2023-04-20-x86_64-unknown-linux-gnu/lib/rustlib/x86_64-unknown-linux-gnu/lib" "-Wl,-Bstatic" "/opt/rustwide/rustup-home/toolchains/beta-2023-04-20-x86_64-unknown-linux-gnu/lib/rustlib/x86_64-unknown-linux-gnu/lib/libstd-0e29cc23c5e02021.rlib" "/opt/rustwide/rustup-home/toolchains/beta-2023-04-20-x86_64-unknown-linux-gnu/lib/rustlib/x86_64-unknown-linux-gnu/lib/libpanic_unwind-d903621768a861d9.rlib" "/opt/rustwide/rustup-home/toolchains/beta-2023-04-20-x86_64-unknown-linux-gnu/lib/rustlib/x86_64-unknown-linux-gnu/lib/libobject-6d0225e655f31c13.rlib" "/opt/rustwide/rustup-home/toolchains/beta-2023-04-20-x86_64-unknown-linux-gnu/lib/rustlib/x86_64-unknown-linux-gnu/lib/libmemchr-9dbaf4eac7eaa079.rlib" "/opt/rustwide/rustup-home/toolchains/beta-2023-04-20-x86_64-unknown-linux-gnu/lib/rustlib/x86_64-unknown-linux-gnu/lib/libaddr2line-27f05b3d42a66dd0.rlib" "/opt/rustwide/rustup-home/toolchains/beta-2023-04-20-x86_64-unknown-linux-gnu/lib/rustlib/x86_64-unknown-linux-gnu/lib/libgimli-4d73f1030321c9a2.rlib" "/opt/rustwide/rustup-home/toolchains/beta-2023-04-20-x86_64-unknown-linux-gnu/lib/rustlib/x86_64-unknown-linux-gnu/lib/librustc_demangle-2846c9e58abd0acb.rlib" "/opt/rustwide/rustup-home/toolchains/beta-2023-04-20-x86_64-unknown-linux-gnu/lib/rustlib/x86_64-unknown-linux-gnu/lib/libstd_detect-a53d0f50415947be.rlib" "/opt/rustwide/rustup-home/toolchains/beta-2023-04-20-x86_64-unknown-linux-gnu/lib/rustlib/x86_64-unknown-linux-gnu/lib/libhashbrown-d48e4b6abc25b9dc.rlib" "/opt/rustwide/rustup-home/toolchains/beta-2023-04-20-x86_64-unknown-linux-gnu/lib/rustlib/x86_64-unknown-linux-gnu/lib/libminiz_oxide-2991859439ef1207.rlib" "/opt/rustwide/rustup-home/toolchains/beta-2023-04-20-x86_64-unknown-linux-gnu/lib/rustlib/x86_64-unknown-linux-gnu/lib/libadler-8a687517e4221bae.rlib" "/opt/rustwide/rustup-home/toolchains/beta-2023-04-20-x86_64-unknown-linux-gnu/lib/rustlib/x86_64-unknown-linux-gnu/lib/librustc_std_workspace_alloc-e07b554f6a67f5b3.rlib" "/opt/rustwide/rustup-home/toolchains/beta-2023-04-20-x86_64-unknown-linux-gnu/lib/rustlib/x86_64-unknown-linux-gnu/lib/libunwind-b68238b7c3c619dd.rlib" "/opt/rustwide/rustup-home/toolchains/beta-2023-04-20-x86_64-unknown-linux-gnu/lib/rustlib/x86_64-unknown-linux-gnu/lib/libcfg_if-d5e213e896c017e4.rlib" "/opt/rustwide/rustup-home/toolchains/beta-2023-04-20-x86_64-unknown-linux-gnu/lib/rustlib/x86_64-unknown-linux-gnu/lib/liblibc-0211a3b2e61d8689.rlib" "/opt/rustwide/rustup-home/toolchains/beta-2023-04-20-x86_64-unknown-linux-gnu/lib/rustlib/x86_64-unknown-linux-gnu/lib/liballoc-b371f055239ba51f.rlib" "/opt/rustwide/rustup-home/toolchains/beta-2023-04-20-x86_64-unknown-linux-gnu/lib/rustlib/x86_64-unknown-linux-gnu/lib/librustc_std_workspace_core-e60518d2760eb01e.rlib" "/opt/rustwide/rustup-home/toolchains/beta-2023-04-20-x86_64-unknown-linux-gnu/lib/rustlib/x86_64-unknown-linux-gnu/lib/libcore-1ad943f92a4b1081.rlib" "/opt/rustwide/rustup-home/toolchains/beta-2023-04-20-x86_64-unknown-linux-gnu/lib/rustlib/x86_64-unknown-linux-gnu/lib/libcompiler_builtins-f0d6e4d0fc1e80b4.rlib" "-Wl,-Bdynamic" "-lgcc_s" "-lutil" "-lrt" "-lpthread" "-lm" "-ldl" "-lc" "-Wl,--eh-frame-hdr" "-Wl,-z,noexecstack" "-L" "/opt/rustwide/rustup-home/toolchains/beta-2023-04-20-x86_64-unknown-linux-gnu/lib/rustlib/x86_64-unknown-linux-gnu/lib" "-o" "/opt/rustwide/target/debug/build/libc-8c95420235c132f3/build_script_build-8c95420235c132f3" "-Wl,--gc-sections" "-pie" "-Wl,-z,relro,-z,now" "-nodefaultlibs"
[INFO] [stdout]   = note: /usr/bin/ld: final link failed: No space left on device
[INFO] [stdout]           collect2: error: ld returned 1 exit status
[INFO] [stdout]           
[INFO] [stdout] 
[INFO] [stdout] 
[INFO] [stdout] error: aborting due to previous error
[INFO] [stdout] 
[INFO] [stdout] 
[INFO] [stdout] error: linking with `cc` failed: exit status: 1
[INFO] [stdout]   |
[INFO] [stdout]   = note: LC_ALL="C" PATH="/opt/rustwide/rustup-home/toolchains/beta-2023-04-20-x86_64-unknown-linux-gnu/lib/rustlib/x86_64-unknown-linux-gnu/bin:/opt/rustwide/cargo-home/bin:/usr/local/sbin:/usr/local/bin:/usr/sbin:/usr/bin:/sbin:/bin" VSLANG="1033" "cc" "-m64" "/tmp/rustcjHUjnD/symbols.o" "/opt/rustwide/target/debug/build/futures-core-2e0d439a350fc7aa/build_script_build-2e0d439a350fc7aa.build_script_build.d9cf044f-cgu.0.rcgu.o" "/opt/rustwide/target/debug/build/futures-core-2e0d439a350fc7aa/build_script_build-2e0d439a350fc7aa.build_script_build.d9cf044f-cgu.1.rcgu.o" "/opt/rustwide/target/debug/build/futures-core-2e0d439a350fc7aa/build_script_build-2e0d439a350fc7aa.build_script_build.d9cf044f-cgu.10.rcgu.o" "/opt/rustwide/target/debug/build/futures-core-2e0d439a350fc7aa/build_script_build-2e0d439a350fc7aa.build_script_build.d9cf044f-cgu.11.rcgu.o" "/opt/rustwide/target/debug/build/futures-core-2e0d439a350fc7aa/build_script_build-2e0d439a350fc7aa.build_script_build.d9cf044f-cgu.12.rcgu.o" "/opt/rustwide/target/debug/build/futures-core-2e0d439a350fc7aa/build_script_build-2e0d439a350fc7aa.build_script_build.d9cf044f-cgu.13.rcgu.o" "/opt/rustwide/target/debug/build/futures-core-2e0d439a350fc7aa/build_script_build-2e0d439a350fc7aa.build_script_build.d9cf044f-cgu.14.rcgu.o" "/opt/rustwide/target/debug/build/futures-core-2e0d439a350fc7aa/build_script_build-2e0d439a350fc7aa.build_script_build.d9cf044f-cgu.15.rcgu.o" "/opt/rustwide/target/debug/build/futures-core-2e0d439a350fc7aa/build_script_build-2e0d439a350fc7aa.build_script_build.d9cf044f-cgu.2.rcgu.o" "/opt/rustwide/target/debug/build/futures-core-2e0d439a350fc7aa/build_script_build-2e0d439a350fc7aa.build_script_build.d9cf044f-cgu.3.rcgu.o" "/opt/rustwide/target/debug/build/futures-core-2e0d439a350fc7aa/build_script_build-2e0d439a350fc7aa.build_script_build.d9cf044f-cgu.4.rcgu.o" "/opt/rustwide/target/debug/build/futures-core-2e0d439a350fc7aa/build_script_build-2e0d439a350fc7aa.build_script_build.d9cf044f-cgu.5.rcgu.o" "/opt/rustwide/target/debug/build/futures-core-2e0d439a350fc7aa/build_script_build-2e0d439a350fc7aa.build_script_build.d9cf044f-cgu.6.rcgu.o" "/opt/rustwide/target/debug/build/futures-core-2e0d439a350fc7aa/build_script_build-2e0d439a350fc7aa.build_script_build.d9cf044f-cgu.7.rcgu.o" "/opt/rustwide/target/debug/build/futures-core-2e0d439a350fc7aa/build_script_build-2e0d439a350fc7aa.build_script_build.d9cf044f-cgu.8.rcgu.o" "/opt/rustwide/target/debug/build/futures-core-2e0d439a350fc7aa/build_script_build-2e0d439a350fc7aa.build_script_build.d9cf044f-cgu.9.rcgu.o" "/opt/rustwide/target/debug/build/futures-core-2e0d439a350fc7aa/build_script_build-2e0d439a350fc7aa.5r8rh3hs9pw9f1e.rcgu.o" "-Wl,--as-needed" "-L" "/opt/rustwide/target/debug/deps" "-L" "/opt/rustwide/rustup-home/toolchains/beta-2023-04-20-x86_64-unknown-linux-gnu/lib/rustlib/x86_64-unknown-linux-gnu/lib" "-Wl,-Bstatic" "/opt/rustwide/rustup-home/toolchains/beta-2023-04-20-x86_64-unknown-linux-gnu/lib/rustlib/x86_64-unknown-linux-gnu/lib/libstd-0e29cc23c5e02021.rlib" "/opt/rustwide/rustup-home/toolchains/beta-2023-04-20-x86_64-unknown-linux-gnu/lib/rustlib/x86_64-unknown-linux-gnu/lib/libpanic_unwind-d903621768a861d9.rlib" "/opt/rustwide/rustup-home/toolchains/beta-2023-04-20-x86_64-unknown-linux-gnu/lib/rustlib/x86_64-unknown-linux-gnu/lib/libobject-6d0225e655f31c13.rlib" "/opt/rustwide/rustup-home/toolchains/beta-2023-04-20-x86_64-unknown-linux-gnu/lib/rustlib/x86_64-unknown-linux-gnu/lib/libmemchr-9dbaf4eac7eaa079.rlib" "/opt/rustwide/rustup-home/toolchains/beta-2023-04-20-x86_64-unknown-linux-gnu/lib/rustlib/x86_64-unknown-linux-gnu/lib/libaddr2line-27f05b3d42a66dd0.rlib" "/opt/rustwide/rustup-home/toolchains/beta-2023-04-20-x86_64-unknown-linux-gnu/lib/rustlib/x86_64-unknown-linux-gnu/lib/libgimli-4d73f1030321c9a2.rlib" "/opt/rustwide/rustup-home/toolchains/beta-2023-04-20-x86_64-unknown-linux-gnu/lib/rustlib/x86_64-unknown-linux-gnu/lib/librustc_demangle-2846c9e58abd0acb.rlib" "/opt/rustwide/rustup-home/toolchains/beta-2023-04-20-x86_64-unknown-linux-gnu/lib/rustlib/x86_64-unknown-linux-gnu/lib/libstd_detect-a53d0f50415947be.rlib" "/opt/rustwide/rustup-home/toolchains/beta-2023-04-20-x86_64-unknown-linux-gnu/lib/rustlib/x86_64-unknown-linux-gnu/lib/libhashbrown-d48e4b6abc25b9dc.rlib" "/opt/rustwide/rustup-home/toolchains/beta-2023-04-20-x86_64-unknown-linux-gnu/lib/rustlib/x86_64-unknown-linux-gnu/lib/libminiz_oxide-2991859439ef1207.rlib" "/opt/rustwide/rustup-home/toolchains/beta-2023-04-20-x86_64-unknown-linux-gnu/lib/rustlib/x86_64-unknown-linux-gnu/lib/libadler-8a687517e4221bae.rlib" "/opt/rustwide/rustup-home/toolchains/beta-2023-04-20-x86_64-unknown-linux-gnu/lib/rustlib/x86_64-unknown-linux-gnu/lib/librustc_std_workspace_alloc-e07b554f6a67f5b3.rlib" "/opt/rustwide/rustup-home/toolchains/beta-2023-04-20-x86_64-unknown-linux-gnu/lib/rustlib/x86_64-unknown-linux-gnu/lib/libunwind-b68238b7c3c619dd.rlib" "/opt/rustwide/rustup-home/toolchains/beta-2023-04-20-x86_64-unknown-linux-gnu/lib/rustlib/x86_64-unknown-linux-gnu/lib/libcfg_if-d5e213e896c017e4.rlib" "/opt/rustwide/rustup-home/toolchains/beta-2023-04-20-x86_64-unknown-linux-gnu/lib/rustlib/x86_64-unknown-linux-gnu/lib/liblibc-0211a3b2e61d8689.rlib" "/opt/rustwide/rustup-home/toolchains/beta-2023-04-20-x86_64-unknown-linux-gnu/lib/rustlib/x86_64-unknown-linux-gnu/lib/liballoc-b371f055239ba51f.rlib" "/opt/rustwide/rustup-home/toolchains/beta-2023-04-20-x86_64-unknown-linux-gnu/lib/rustlib/x86_64-unknown-linux-gnu/lib/librustc_std_workspace_core-e60518d2760eb01e.rlib" "/opt/rustwide/rustup-home/toolchains/beta-2023-04-20-x86_64-unknown-linux-gnu/lib/rustlib/x86_64-unknown-linux-gnu/lib/libcore-1ad943f92a4b1081.rlib" "/opt/rustwide/rustup-home/toolchains/beta-2023-04-20-x86_64-unknown-linux-gnu/lib/rustlib/x86_64-unknown-linux-gnu/lib/libcompiler_builtins-f0d6e4d0fc1e80b4.rlib" "-Wl,-Bdynamic" "-lgcc_s" "-lutil" "-lrt" "-lpthread" "-lm" "-ldl" "-lc" "-Wl,--eh-frame-hdr" "-Wl,-z,noexecstack" "-L" "/opt/rustwide/rustup-home/toolchains/beta-2023-04-20-x86_64-unknown-linux-gnu/lib/rustlib/x86_64-unknown-linux-gnu/lib" "-o" "/opt/rustwide/target/debug/build/futures-core-2e0d439a350fc7aa/build_script_build-2e0d439a350fc7aa" "-Wl,--gc-sections" "-pie" "-Wl,-z,relro,-z,now" "-nodefaultlibs"
[INFO] [stdout]   = note: /usr/bin/ld: final link failed: No space left on device
[INFO] [stdout]           collect2: error: ld returned 1 exit status
[INFO] [stdout]           
[INFO] [stdout] 
[INFO] [stdout] 
[INFO] [stdout] error: aborting due to previous error
[INFO] [stdout] 
[INFO] [stdout] 
[INFO] [stderr] error: could not compile `libc` (build script) due to 2 previous errors
[INFO] [stderr] error: could not compile `futures-core` (build script) due to 2 previous errors
[INFO] [stdout] error: couldn't create a temp dir: No space left on device (os error 28) at path "/opt/rustwide/target/debug/deps/rmetaPFDGMY"
[INFO] [stdout] 
[INFO] [stdout] 
[INFO] [stderr] error: could not compile `log` (lib) due to previous error
[INFO] running `Command { std: "docker" "inspect" "bd1f635b1eede57a1bf75d33a4ebbe0e8c410dc94dab6c0be6fd312b5abff93a", kill_on_drop: false }`
[INFO] running `Command { std: "docker" "rm" "-f" "bd1f635b1eede57a1bf75d33a4ebbe0e8c410dc94dab6c0be6fd312b5abff93a", kill_on_drop: false }`
[INFO] [stdout] bd1f635b1eede57a1bf75d33a4ebbe0e8c410dc94dab6c0be6fd312b5abff93a
