[INFO] cloning repository https://github.com/Pablushka/actix-app
[INFO] running `Command { std: "git" "-c" "credential.helper=" "-c" "credential.helper=/workspace/cargo-home/bin/git-credential-null" "clone" "--bare" "https://github.com/Pablushka/actix-app" "/workspace/cache/git-repos/https%3A%2F%2Fgithub.com%2FPablushka%2Factix-app", kill_on_drop: false }`
[INFO] [stderr] Cloning into bare repository '/workspace/cache/git-repos/https%3A%2F%2Fgithub.com%2FPablushka%2Factix-app'...
[INFO] running `Command { std: "git" "rev-parse" "HEAD", kill_on_drop: false }`
[INFO] [stdout] 90607156d0c7bd4ca2c067a81d0176c6d4aa0dc2
[INFO] testing Pablushka/actix-app against beta-2023-04-20 for beta-1.70-1
[INFO] running `Command { std: "git" "clone" "/workspace/cache/git-repos/https%3A%2F%2Fgithub.com%2FPablushka%2Factix-app" "/workspace/builds/worker-4-tc2/source", kill_on_drop: false }`
[INFO] [stderr] Cloning into '/workspace/builds/worker-4-tc2/source'...
[INFO] [stderr] done.
[INFO] validating manifest of git repo https://github.com/Pablushka/actix-app on toolchain beta-2023-04-20
[INFO] running `Command { std: CARGO_HOME="/workspace/cargo-home" RUSTUP_HOME="/workspace/rustup-home" "/workspace/cargo-home/bin/cargo" "+beta-2023-04-20" "metadata" "--manifest-path" "Cargo.toml" "--no-deps", kill_on_drop: false }`
[INFO] started tweaking git repo https://github.com/Pablushka/actix-app
[INFO] finished tweaking git repo https://github.com/Pablushka/actix-app
[INFO] tweaked toml for git repo https://github.com/Pablushka/actix-app written to /workspace/builds/worker-4-tc2/source/Cargo.toml
[INFO] crate git repo https://github.com/Pablushka/actix-app already has a lockfile, it will not be regenerated
[INFO] running `Command { std: CARGO_HOME="/workspace/cargo-home" RUSTUP_HOME="/workspace/rustup-home" "/workspace/cargo-home/bin/cargo" "+beta-2023-04-20" "fetch" "--manifest-path" "Cargo.toml", kill_on_drop: false }`
[INFO] [stderr]  Downloading crates ...
[INFO] [stderr]   Downloaded standback v0.2.13
[INFO] [stderr]   Downloaded time v0.2.23
[INFO] running `Command { std: "docker" "create" "-v" "/var/lib/crater-agent-workspace/builds/worker-4-tc2/target:/opt/rustwide/target:rw,Z" "-v" "/var/lib/crater-agent-workspace/builds/worker-4-tc2/source:/opt/rustwide/workdir:ro,Z" "-v" "/var/lib/crater-agent-workspace/cargo-home:/opt/rustwide/cargo-home:ro,Z" "-v" "/var/lib/crater-agent-workspace/rustup-home:/opt/rustwide/rustup-home:ro,Z" "-e" "SOURCE_DIR=/opt/rustwide/workdir" "-e" "CARGO_TARGET_DIR=/opt/rustwide/target" "-e" "CARGO_HOME=/opt/rustwide/cargo-home" "-e" "RUSTUP_HOME=/opt/rustwide/rustup-home" "-w" "/opt/rustwide/workdir" "-m" "1610612736" "--user" "0:0" "--network" "none" "ghcr.io/rust-lang/crates-build-env/linux@sha256:97d61d7686bf65f8ecb15491ab51835e82dc9176a96a831f143a431b191fc501" "/opt/rustwide/cargo-home/bin/cargo" "+beta-2023-04-20" "metadata" "--no-deps" "--format-version=1", kill_on_drop: false }`
[INFO] [stdout] 0dca2d8025eec29e57f4ab9eb4023c6c5191691bb9fe05c41aea8d0036bedc3a
[INFO] running `Command { std: "docker" "start" "-a" "0dca2d8025eec29e57f4ab9eb4023c6c5191691bb9fe05c41aea8d0036bedc3a", kill_on_drop: false }`
[INFO] running `Command { std: "docker" "inspect" "0dca2d8025eec29e57f4ab9eb4023c6c5191691bb9fe05c41aea8d0036bedc3a", kill_on_drop: false }`
[INFO] running `Command { std: "docker" "rm" "-f" "0dca2d8025eec29e57f4ab9eb4023c6c5191691bb9fe05c41aea8d0036bedc3a", kill_on_drop: false }`
[INFO] [stdout] 0dca2d8025eec29e57f4ab9eb4023c6c5191691bb9fe05c41aea8d0036bedc3a
[INFO] running `Command { std: "docker" "create" "-v" "/var/lib/crater-agent-workspace/builds/worker-4-tc2/target:/opt/rustwide/target:rw,Z" "-v" "/var/lib/crater-agent-workspace/builds/worker-4-tc2/source:/opt/rustwide/workdir:ro,Z" "-v" "/var/lib/crater-agent-workspace/cargo-home:/opt/rustwide/cargo-home:ro,Z" "-v" "/var/lib/crater-agent-workspace/rustup-home:/opt/rustwide/rustup-home:ro,Z" "-e" "SOURCE_DIR=/opt/rustwide/workdir" "-e" "CARGO_TARGET_DIR=/opt/rustwide/target" "-e" "CARGO_INCREMENTAL=0" "-e" "RUST_BACKTRACE=full" "-e" "RUSTFLAGS=--cap-lints=warn" "-e" "RUSTDOCFLAGS=--cap-lints=warn" "-e" "CARGO_HOME=/opt/rustwide/cargo-home" "-e" "RUSTUP_HOME=/opt/rustwide/rustup-home" "-w" "/opt/rustwide/workdir" "-m" "1610612736" "--user" "0:0" "--network" "none" "ghcr.io/rust-lang/crates-build-env/linux@sha256:97d61d7686bf65f8ecb15491ab51835e82dc9176a96a831f143a431b191fc501" "/opt/rustwide/cargo-home/bin/cargo" "+beta-2023-04-20" "build" "--frozen" "--message-format=json", kill_on_drop: false }`
[INFO] [stdout] 09ae8e171a26426b4d790451db06ce19ad4584866d8d89fc2d4cca764c04b3fd
[INFO] running `Command { std: "docker" "start" "-a" "09ae8e171a26426b4d790451db06ce19ad4584866d8d89fc2d4cca764c04b3fd", kill_on_drop: false }`
[INFO] [stderr]    Compiling proc-macro2 v1.0.24
[INFO] [stderr]    Compiling unicode-xid v0.2.1
[INFO] [stderr]    Compiling syn v1.0.55
[INFO] [stderr]    Compiling libc v0.2.81
[INFO] [stderr]    Compiling cfg-if v0.1.10
[INFO] [stderr]    Compiling cfg-if v1.0.0
[INFO] [stderr]    Compiling memchr v2.3.4
[INFO] [stderr]    Compiling log v0.4.11
[INFO] [stderr]    Compiling lazy_static v1.4.0
[INFO] [stderr]    Compiling proc-macro-hack v0.5.19
[INFO] [stderr]    Compiling version_check v0.9.2
[INFO] [stderr]    Compiling futures-core v0.3.8
[INFO] [stderr]    Compiling slab v0.4.2
[INFO] [stderr]    Compiling futures-sink v0.3.8
[INFO] [stderr]    Compiling bytes v0.5.6
[INFO] [stderr]    Compiling proc-macro-nested v0.1.6
[INFO] [stderr]    Compiling once_cell v1.5.2
[INFO] [stderr]    Compiling pin-project-internal v0.4.27
[INFO] [stderr]    Compiling pin-utils v0.1.0
[INFO] [stderr]    Compiling futures-io v0.3.8
[INFO] [stderr]    Compiling autocfg v1.0.1
[INFO] [stderr]    Compiling futures-channel v0.3.8
[INFO] [stderr]    Compiling pin-project-lite v0.1.11
[INFO] [stderr]    Compiling smallvec v1.5.1
[INFO] [stderr]    Compiling futures-task v0.3.8
[INFO] [stderr]    Compiling instant v0.1.9
[INFO] [stderr]    Compiling scopeguard v1.1.0
[INFO] [stderr]    Compiling matches v0.1.8
[INFO] [stderr]    Compiling bitflags v1.2.1
[INFO] [stderr]    Compiling lock_api v0.4.2
[INFO] [stderr]    Compiling getrandom v0.1.15
[INFO] [stderr]    Compiling percent-encoding v2.1.0
[INFO] [stderr]    Compiling tinyvec_macros v0.1.0
[INFO] [stderr]    Compiling standback v0.2.13
[INFO] [stderr]    Compiling serde_derive v1.0.118
[INFO] [stderr]    Compiling adler v0.2.3
[INFO] [stderr]    Compiling itoa v0.4.6
[INFO] [stderr]    Compiling tinyvec v1.1.0
[INFO] [stderr]    Compiling typenum v1.12.0
[INFO] [stderr]    Compiling miniz_oxide v0.4.3
[INFO] [stderr]    Compiling copyless v0.1.5
[INFO] [stderr]    Compiling form_urlencoded v1.0.0
[INFO] [stderr]    Compiling unicode-bidi v0.3.4
[INFO] [stderr]    Compiling generic-array v0.14.4
[INFO] [stderr]    Compiling ppv-lite86 v0.2.10
[INFO] [stderr]    Compiling serde v1.0.118
[INFO] [stderr]    Compiling unicode-segmentation v1.7.1
[INFO] [stderr]    Compiling gimli v0.23.0
[INFO] [stderr]    Compiling quote v1.0.8
[INFO] [stderr]    Compiling either v1.6.1
[INFO] [stderr]    Compiling net2 v0.2.37
[INFO] [stderr]    Compiling iovec v0.1.4
[INFO] [stderr]    Compiling signal-hook-registry v1.3.0
[INFO] [stderr]    Compiling num_cpus v1.13.0
[INFO] [stderr]    Compiling parking_lot_core v0.8.2
[INFO] [stderr]    Compiling heck v0.3.2
[INFO] [stderr]    Compiling mio v0.6.23
[INFO] [stderr]    Compiling threadpool v1.8.1
[INFO] [stderr]    Compiling rand_core v0.5.1
[INFO] [stderr]    Compiling parking_lot v0.11.1
[INFO] [stderr]    Compiling unicode-normalization v0.1.16
[INFO] [stderr]    Compiling ryu v1.0.5
[INFO] [stderr]    Compiling const_fn v0.4.4
[INFO] [stderr]    Compiling rustc-demangle v0.1.18
[INFO] [stderr]    Compiling object v0.22.0
[INFO] [stderr]    Compiling rand_chacha v0.2.2
[INFO] [stderr]    Compiling match_cfg v0.1.0
[INFO] [stderr]    Compiling fnv v1.0.7
[INFO] [stderr]    Compiling cc v1.0.66
[INFO] [stderr]    Compiling hostname v0.3.1
[INFO] [stderr]    Compiling http v0.2.2
[INFO] [stderr]    Compiling rand v0.7.3
[INFO] [stderr]    Compiling indexmap v1.6.1
[INFO] [stderr]    Compiling mio-uds v0.6.8
[INFO] [stderr]    Compiling time v0.2.23
[INFO] [stderr]    Compiling idna v0.2.0
[INFO] [stderr]    Compiling tracing-core v0.1.17
[INFO] [stderr]    Compiling tokio v0.2.24
[INFO] [stderr]    Compiling linked-hash-map v0.5.3
[INFO] [stderr]    Compiling byteorder v1.3.4
[INFO] [stderr]    Compiling crc32fast v1.2.1
[INFO] [stderr]    Compiling pin-project-lite v0.2.0
[INFO] [stderr]    Compiling quick-error v1.2.3
[INFO] [stderr]    Compiling resolv-conf v0.7.0
[INFO] [stderr]    Compiling lru-cache v0.1.2
[INFO] [stderr]    Compiling tracing v0.1.22
[INFO] [stderr]    Compiling url v2.2.0
[INFO] [stderr]    Compiling addr2line v0.14.0
[INFO] [stderr]    Compiling aho-corasick v0.7.15
[INFO] [stderr]    Compiling cookie v0.14.3
[INFO] [stderr]    Compiling thread_local v1.0.1
[INFO] [stderr]    Compiling brotli-sys v0.3.2
[INFO] [stderr]    Compiling regex-syntax v0.6.21
[INFO] [stderr]    Compiling httparse v1.3.4
[INFO] [stderr]    Compiling serde_json v1.0.60
[INFO] [stderr]    Compiling hashbrown v0.9.1
[INFO] [stderr]    Compiling encoding_rs v0.8.26
[INFO] [stderr]    Compiling digest v0.9.0
[INFO] [stderr]    Compiling block-buffer v0.9.0
[INFO] [stderr]    Compiling cpuid-bool v0.1.2
[INFO] [stderr]    Compiling opaque-debug v0.3.0
[INFO] [stderr]    Compiling sha-1 v0.9.2
[INFO] [stderr]    Compiling flate2 v1.0.19
[INFO] [stderr]    Compiling fxhash v0.2.1
[INFO] [stderr]    Compiling socket2 v0.3.19
[INFO] [stderr]    Compiling backtrace v0.3.55
[INFO] [stderr]    Compiling mime v0.3.16
[INFO] [stderr]    Compiling language-tags v0.2.2
[INFO] [stderr]    Compiling base64 v0.13.0
[INFO] [stderr]    Compiling bytestring v0.1.5
[INFO] [stderr]    Compiling regex v1.4.2
[INFO] [stderr]    Compiling tokio-util v0.3.1
[INFO] [stderr]    Compiling pin-project-internal v1.0.2
[INFO] [stderr]    Compiling futures-macro v0.3.8
[INFO] [stderr]    Compiling derive_more v0.99.11
[INFO] [stderr]    Compiling actix-macros v0.1.3
[INFO] [stderr]    Compiling thiserror-impl v1.0.22
[INFO] [stderr]    Compiling async-trait v0.1.42
[INFO] [stderr]    Compiling enum-as-inner v0.3.3
[INFO] [stderr]    Compiling time-macros-impl v0.1.1
[INFO] [stderr]    Compiling actix-web-codegen v0.4.0
[INFO] [stderr]    Compiling time-macros v0.1.1
[INFO] [stdout] error: linking with `cc` failed: exit status: 1
[INFO] [stdout]   |
[INFO] [stdout]   = note: LC_ALL="C" PATH="/opt/rustwide/rustup-home/toolchains/beta-2023-04-20-x86_64-unknown-linux-gnu/lib/rustlib/x86_64-unknown-linux-gnu/bin:/opt/rustwide/cargo-home/bin:/usr/local/sbin:/usr/local/bin:/usr/sbin:/usr/bin:/sbin:/bin" VSLANG="1033" "cc" "-Wl,--version-script=/tmp/rustczbGyTj/list" "-Wl,--no-undefined-version" "-m64" "/tmp/rustczbGyTj/symbols.o" "/opt/rustwide/target/debug/deps/thiserror_impl-b6b135f292351e05.thiserror_impl.15fc6ebe-cgu.0.rcgu.o" "/opt/rustwide/target/debug/deps/thiserror_impl-b6b135f292351e05.thiserror_impl.15fc6ebe-cgu.1.rcgu.o" "/opt/rustwide/target/debug/deps/thiserror_impl-b6b135f292351e05.thiserror_impl.15fc6ebe-cgu.10.rcgu.o" "/opt/rustwide/target/debug/deps/thiserror_impl-b6b135f292351e05.thiserror_impl.15fc6ebe-cgu.11.rcgu.o" "/opt/rustwide/target/debug/deps/thiserror_impl-b6b135f292351e05.thiserror_impl.15fc6ebe-cgu.12.rcgu.o" "/opt/rustwide/target/debug/deps/thiserror_impl-b6b135f292351e05.thiserror_impl.15fc6ebe-cgu.13.rcgu.o" "/opt/rustwide/target/debug/deps/thiserror_impl-b6b135f292351e05.thiserror_impl.15fc6ebe-cgu.14.rcgu.o" "/opt/rustwide/target/debug/deps/thiserror_impl-b6b135f292351e05.thiserror_impl.15fc6ebe-cgu.15.rcgu.o" "/opt/rustwide/target/debug/deps/thiserror_impl-b6b135f292351e05.thiserror_impl.15fc6ebe-cgu.2.rcgu.o" "/opt/rustwide/target/debug/deps/thiserror_impl-b6b135f292351e05.thiserror_impl.15fc6ebe-cgu.3.rcgu.o" "/opt/rustwide/target/debug/deps/thiserror_impl-b6b135f292351e05.thiserror_impl.15fc6ebe-cgu.4.rcgu.o" "/opt/rustwide/target/debug/deps/thiserror_impl-b6b135f292351e05.thiserror_impl.15fc6ebe-cgu.5.rcgu.o" "/opt/rustwide/target/debug/deps/thiserror_impl-b6b135f292351e05.thiserror_impl.15fc6ebe-cgu.6.rcgu.o" "/opt/rustwide/target/debug/deps/thiserror_impl-b6b135f292351e05.thiserror_impl.15fc6ebe-cgu.7.rcgu.o" "/opt/rustwide/target/debug/deps/thiserror_impl-b6b135f292351e05.thiserror_impl.15fc6ebe-cgu.8.rcgu.o" "/opt/rustwide/target/debug/deps/thiserror_impl-b6b135f292351e05.thiserror_impl.15fc6ebe-cgu.9.rcgu.o" "/opt/rustwide/target/debug/deps/thiserror_impl-b6b135f292351e05.4gmu57pei2mh00o1.rcgu.rmeta" "/opt/rustwide/target/debug/deps/thiserror_impl-b6b135f292351e05.5dbu8zt2w301krof.rcgu.o" "-Wl,--as-needed" "-L" "/opt/rustwide/target/debug/deps" "-L" "/opt/rustwide/rustup-home/toolchains/beta-2023-04-20-x86_64-unknown-linux-gnu/lib/rustlib/x86_64-unknown-linux-gnu/lib" "-Wl,-Bstatic" "/opt/rustwide/target/debug/deps/libsyn-226f36a4e4175a09.rlib" "/opt/rustwide/target/debug/deps/libquote-33e6b16f64c27696.rlib" "/opt/rustwide/target/debug/deps/libproc_macro2-ae60fa44d0b280c6.rlib" "/opt/rustwide/target/debug/deps/libunicode_xid-ea6b0825650b08ef.rlib" "/opt/rustwide/rustup-home/toolchains/beta-2023-04-20-x86_64-unknown-linux-gnu/lib/rustlib/x86_64-unknown-linux-gnu/lib/libproc_macro-4ae0b5c8ec17d92d.rlib" "/opt/rustwide/rustup-home/toolchains/beta-2023-04-20-x86_64-unknown-linux-gnu/lib/rustlib/x86_64-unknown-linux-gnu/lib/libstd-0e29cc23c5e02021.rlib" "/opt/rustwide/rustup-home/toolchains/beta-2023-04-20-x86_64-unknown-linux-gnu/lib/rustlib/x86_64-unknown-linux-gnu/lib/libpanic_unwind-d903621768a861d9.rlib" "/opt/rustwide/rustup-home/toolchains/beta-2023-04-20-x86_64-unknown-linux-gnu/lib/rustlib/x86_64-unknown-linux-gnu/lib/libobject-6d0225e655f31c13.rlib" "/opt/rustwide/rustup-home/toolchains/beta-2023-04-20-x86_64-unknown-linux-gnu/lib/rustlib/x86_64-unknown-linux-gnu/lib/libmemchr-9dbaf4eac7eaa079.rlib" "/opt/rustwide/rustup-home/toolchains/beta-2023-04-20-x86_64-unknown-linux-gnu/lib/rustlib/x86_64-unknown-linux-gnu/lib/libaddr2line-27f05b3d42a66dd0.rlib" "/opt/rustwide/rustup-home/toolchains/beta-2023-04-20-x86_64-unknown-linux-gnu/lib/rustlib/x86_64-unknown-linux-gnu/lib/libgimli-4d73f1030321c9a2.rlib" "/opt/rustwide/rustup-home/toolchains/beta-2023-04-20-x86_64-unknown-linux-gnu/lib/rustlib/x86_64-unknown-linux-gnu/lib/librustc_demangle-2846c9e58abd0acb.rlib" "/opt/rustwide/rustup-home/toolchains/beta-2023-04-20-x86_64-unknown-linux-gnu/lib/rustlib/x86_64-unknown-linux-gnu/lib/libstd_detect-a53d0f50415947be.rlib" "/opt/rustwide/rustup-home/toolchains/beta-2023-04-20-x86_64-unknown-linux-gnu/lib/rustlib/x86_64-unknown-linux-gnu/lib/libhashbrown-d48e4b6abc25b9dc.rlib" "/opt/rustwide/rustup-home/toolchains/beta-2023-04-20-x86_64-unknown-linux-gnu/lib/rustlib/x86_64-unknown-linux-gnu/lib/libminiz_oxide-2991859439ef1207.rlib" "/opt/rustwide/rustup-home/toolchains/beta-2023-04-20-x86_64-unknown-linux-gnu/lib/rustlib/x86_64-unknown-linux-gnu/lib/libadler-8a687517e4221bae.rlib" "/opt/rustwide/rustup-home/toolchains/beta-2023-04-20-x86_64-unknown-linux-gnu/lib/rustlib/x86_64-unknown-linux-gnu/lib/librustc_std_workspace_alloc-e07b554f6a67f5b3.rlib" "/opt/rustwide/rustup-home/toolchains/beta-2023-04-20-x86_64-unknown-linux-gnu/lib/rustlib/x86_64-unknown-linux-gnu/lib/libunwind-b68238b7c3c619dd.rlib" "/opt/rustwide/rustup-home/toolchains/beta-2023-04-20-x86_64-unknown-linux-gnu/lib/rustlib/x86_64-unknown-linux-gnu/lib/libcfg_if-d5e213e896c017e4.rlib" "/opt/rustwide/rustup-home/toolchains/beta-2023-04-20-x86_64-unknown-linux-gnu/lib/rustlib/x86_64-unknown-linux-gnu/lib/liblibc-0211a3b2e61d8689.rlib" "/opt/rustwide/rustup-home/toolchains/beta-2023-04-20-x86_64-unknown-linux-gnu/lib/rustlib/x86_64-unknown-linux-gnu/lib/liballoc-b371f055239ba51f.rlib" "/opt/rustwide/rustup-home/toolchains/beta-2023-04-20-x86_64-unknown-linux-gnu/lib/rustlib/x86_64-unknown-linux-gnu/lib/librustc_std_workspace_core-e60518d2760eb01e.rlib" "/opt/rustwide/rustup-home/toolchains/beta-2023-04-20-x86_64-unknown-linux-gnu/lib/rustlib/x86_64-unknown-linux-gnu/lib/libcore-1ad943f92a4b1081.rlib" "/opt/rustwide/rustup-home/toolchains/beta-2023-04-20-x86_64-unknown-linux-gnu/lib/rustlib/x86_64-unknown-linux-gnu/lib/libcompiler_builtins-f0d6e4d0fc1e80b4.rlib" "-Wl,-Bdynamic" "-lgcc_s" "-lutil" "-lrt" "-lpthread" "-lm" "-ldl" "-lc" "-Wl,--eh-frame-hdr" "-Wl,-z,noexecstack" "-L" "/opt/rustwide/rustup-home/toolchains/beta-2023-04-20-x86_64-unknown-linux-gnu/lib/rustlib/x86_64-unknown-linux-gnu/lib" "-o" "/opt/rustwide/target/debug/deps/libthiserror_impl-b6b135f292351e05.so" "-Wl,--gc-sections" "-shared" "-Wl,-z,relro,-z,now" "-nodefaultlibs"
[INFO] [stdout]   = note: /usr/bin/ld: final link failed: No space left on device
[INFO] [stdout]           collect2: error: ld returned 1 exit status
[INFO] [stdout]           
[INFO] [stdout] 
[INFO] [stdout] 
[INFO] [stdout] error: linking with `cc` failed: exit status: 1
[INFO] [stdout]   |
[INFO] [stdout]   = note: LC_ALL="C" PATH="/opt/rustwide/rustup-home/toolchains/beta-2023-04-20-x86_64-unknown-linux-gnu/lib/rustlib/x86_64-unknown-linux-gnu/bin:/opt/rustwide/cargo-home/bin:/usr/local/sbin:/usr/local/bin:/usr/sbin:/usr/bin:/sbin:/bin" VSLANG="1033" "cc" "-Wl,--version-script=/tmp/rustcyfXOEo/list" "-Wl,--no-undefined-version" "-m64" "/tmp/rustcyfXOEo/symbols.o" "/opt/rustwide/target/debug/deps/async_trait-a05062d00897b68c.async_trait.e716a290-cgu.0.rcgu.o" "/opt/rustwide/target/debug/deps/async_trait-a05062d00897b68c.async_trait.e716a290-cgu.1.rcgu.o" "/opt/rustwide/target/debug/deps/async_trait-a05062d00897b68c.async_trait.e716a290-cgu.10.rcgu.o" "/opt/rustwide/target/debug/deps/async_trait-a05062d00897b68c.async_trait.e716a290-cgu.11.rcgu.o" "/opt/rustwide/target/debug/deps/async_trait-a05062d00897b68c.async_trait.e716a290-cgu.12.rcgu.o" "/opt/rustwide/target/debug/deps/async_trait-a05062d00897b68c.async_trait.e716a290-cgu.13.rcgu.o" "/opt/rustwide/target/debug/deps/async_trait-a05062d00897b68c.async_trait.e716a290-cgu.14.rcgu.o" "/opt/rustwide/target/debug/deps/async_trait-a05062d00897b68c.async_trait.e716a290-cgu.15.rcgu.o" "/opt/rustwide/target/debug/deps/async_trait-a05062d00897b68c.async_trait.e716a290-cgu.2.rcgu.o" "/opt/rustwide/target/debug/deps/async_trait-a05062d00897b68c.async_trait.e716a290-cgu.3.rcgu.o" "/opt/rustwide/target/debug/deps/async_trait-a05062d00897b68c.async_trait.e716a290-cgu.4.rcgu.o" "/opt/rustwide/target/debug/deps/async_trait-a05062d00897b68c.async_trait.e716a290-cgu.5.rcgu.o" "/opt/rustwide/target/debug/deps/async_trait-a05062d00897b68c.async_trait.e716a290-cgu.6.rcgu.o" "/opt/rustwide/target/debug/deps/async_trait-a05062d00897b68c.async_trait.e716a290-cgu.7.rcgu.o" "/opt/rustwide/target/debug/deps/async_trait-a05062d00897b68c.async_trait.e716a290-cgu.8.rcgu.o" "/opt/rustwide/target/debug/deps/async_trait-a05062d00897b68c.async_trait.e716a290-cgu.9.rcgu.o" "/opt/rustwide/target/debug/deps/async_trait-a05062d00897b68c.js86x7v3a08u4fi.rcgu.rmeta" "/opt/rustwide/target/debug/deps/async_trait-a05062d00897b68c.2ro1xceu7wxuajy8.rcgu.o" "-Wl,--as-needed" "-L" "/opt/rustwide/target/debug/deps" "-L" "/opt/rustwide/rustup-home/toolchains/beta-2023-04-20-x86_64-unknown-linux-gnu/lib/rustlib/x86_64-unknown-linux-gnu/lib" "-Wl,-Bstatic" "/opt/rustwide/target/debug/deps/libsyn-226f36a4e4175a09.rlib" "/opt/rustwide/target/debug/deps/libquote-33e6b16f64c27696.rlib" "/opt/rustwide/target/debug/deps/libproc_macro2-ae60fa44d0b280c6.rlib" "/opt/rustwide/target/debug/deps/libunicode_xid-ea6b0825650b08ef.rlib" "/opt/rustwide/rustup-home/toolchains/beta-2023-04-20-x86_64-unknown-linux-gnu/lib/rustlib/x86_64-unknown-linux-gnu/lib/libproc_macro-4ae0b5c8ec17d92d.rlib" "/opt/rustwide/rustup-home/toolchains/beta-2023-04-20-x86_64-unknown-linux-gnu/lib/rustlib/x86_64-unknown-linux-gnu/lib/libstd-0e29cc23c5e02021.rlib" "/opt/rustwide/rustup-home/toolchains/beta-2023-04-20-x86_64-unknown-linux-gnu/lib/rustlib/x86_64-unknown-linux-gnu/lib/libpanic_unwind-d903621768a861d9.rlib" "/opt/rustwide/rustup-home/toolchains/beta-2023-04-20-x86_64-unknown-linux-gnu/lib/rustlib/x86_64-unknown-linux-gnu/lib/libobject-6d0225e655f31c13.rlib" "/opt/rustwide/rustup-home/toolchains/beta-2023-04-20-x86_64-unknown-linux-gnu/lib/rustlib/x86_64-unknown-linux-gnu/lib/libmemchr-9dbaf4eac7eaa079.rlib" "/opt/rustwide/rustup-home/toolchains/beta-2023-04-20-x86_64-unknown-linux-gnu/lib/rustlib/x86_64-unknown-linux-gnu/lib/libaddr2line-27f05b3d42a66dd0.rlib" "/opt/rustwide/rustup-home/toolchains/beta-2023-04-20-x86_64-unknown-linux-gnu/lib/rustlib/x86_64-unknown-linux-gnu/lib/libgimli-4d73f1030321c9a2.rlib" "/opt/rustwide/rustup-home/toolchains/beta-2023-04-20-x86_64-unknown-linux-gnu/lib/rustlib/x86_64-unknown-linux-gnu/lib/librustc_demangle-2846c9e58abd0acb.rlib" "/opt/rustwide/rustup-home/toolchains/beta-2023-04-20-x86_64-unknown-linux-gnu/lib/rustlib/x86_64-unknown-linux-gnu/lib/libstd_detect-a53d0f50415947be.rlib" "/opt/rustwide/rustup-home/toolchains/beta-2023-04-20-x86_64-unknown-linux-gnu/lib/rustlib/x86_64-unknown-linux-gnu/lib/libhashbrown-d48e4b6abc25b9dc.rlib" "/opt/rustwide/rustup-home/toolchains/beta-2023-04-20-x86_64-unknown-linux-gnu/lib/rustlib/x86_64-unknown-linux-gnu/lib/libminiz_oxide-2991859439ef1207.rlib" "/opt/rustwide/rustup-home/toolchains/beta-2023-04-20-x86_64-unknown-linux-gnu/lib/rustlib/x86_64-unknown-linux-gnu/lib/libadler-8a687517e4221bae.rlib" "/opt/rustwide/rustup-home/toolchains/beta-2023-04-20-x86_64-unknown-linux-gnu/lib/rustlib/x86_64-unknown-linux-gnu/lib/librustc_std_workspace_alloc-e07b554f6a67f5b3.rlib" "/opt/rustwide/rustup-home/toolchains/beta-2023-04-20-x86_64-unknown-linux-gnu/lib/rustlib/x86_64-unknown-linux-gnu/lib/libunwind-b68238b7c3c619dd.rlib" "/opt/rustwide/rustup-home/toolchains/beta-2023-04-20-x86_64-unknown-linux-gnu/lib/rustlib/x86_64-unknown-linux-gnu/lib/libcfg_if-d5e213e896c017e4.rlib" "/opt/rustwide/rustup-home/toolchains/beta-2023-04-20-x86_64-unknown-linux-gnu/lib/rustlib/x86_64-unknown-linux-gnu/lib/liblibc-0211a3b2e61d8689.rlib" "/opt/rustwide/rustup-home/toolchains/beta-2023-04-20-x86_64-unknown-linux-gnu/lib/rustlib/x86_64-unknown-linux-gnu/lib/liballoc-b371f055239ba51f.rlib" "/opt/rustwide/rustup-home/toolchains/beta-2023-04-20-x86_64-unknown-linux-gnu/lib/rustlib/x86_64-unknown-linux-gnu/lib/librustc_std_workspace_core-e60518d2760eb01e.rlib" "/opt/rustwide/rustup-home/toolchains/beta-2023-04-20-x86_64-unknown-linux-gnu/lib/rustlib/x86_64-unknown-linux-gnu/lib/libcore-1ad943f92a4b1081.rlib" "/opt/rustwide/rustup-home/toolchains/beta-2023-04-20-x86_64-unknown-linux-gnu/lib/rustlib/x86_64-unknown-linux-gnu/lib/libcompiler_builtins-f0d6e4d0fc1e80b4.rlib" "-Wl,-Bdynamic" "-lgcc_s" "-lutil" "-lrt" "-lpthread" "-lm" "-ldl" "-lc" "-Wl,--eh-frame-hdr" "-Wl,-z,noexecstack" "-L" "/opt/rustwide/rustup-home/toolchains/beta-2023-04-20-x86_64-unknown-linux-gnu/lib/rustlib/x86_64-unknown-linux-gnu/lib" "-o" "/opt/rustwide/target/debug/deps/libasync_trait-a05062d00897b68c.so" "-Wl,--gc-sections" "-shared" "-Wl,-z,relro,-z,now" "-nodefaultlibs"
[INFO] [stdout]   = note: /usr/bin/ld: final link failed: No space left on device
[INFO] [stdout]           collect2: error: ld returned 1 exit status
[INFO] [stdout]           
[INFO] [stdout] 
[INFO] [stdout] 
[INFO] [stdout] error: aborting due to previous error
[INFO] [stdout] 
[INFO] [stdout] 
[INFO] [stderr] error: could not compile `thiserror-impl` (lib) due to previous error
[INFO] [stderr] warning: build failed, waiting for other jobs to finish...
[INFO] [stdout] error: linking with `cc` failed: exit status: 1
[INFO] [stdout]   |
[INFO] [stdout]   = note: LC_ALL="C" PATH="/opt/rustwide/rustup-home/toolchains/beta-2023-04-20-x86_64-unknown-linux-gnu/lib/rustlib/x86_64-unknown-linux-gnu/bin:/opt/rustwide/cargo-home/bin:/usr/local/sbin:/usr/local/bin:/usr/sbin:/usr/bin:/sbin:/bin" VSLANG="1033" "cc" "-Wl,--version-script=/tmp/rustcbGX9Sn/list" "-Wl,--no-undefined-version" "-m64" "/tmp/rustcbGX9Sn/symbols.o" "/opt/rustwide/target/debug/deps/actix_web_codegen-bbd875eb056bddfb.actix_web_codegen.453a936c-cgu.0.rcgu.o" "/opt/rustwide/target/debug/deps/actix_web_codegen-bbd875eb056bddfb.actix_web_codegen.453a936c-cgu.1.rcgu.o" "/opt/rustwide/target/debug/deps/actix_web_codegen-bbd875eb056bddfb.actix_web_codegen.453a936c-cgu.10.rcgu.o" "/opt/rustwide/target/debug/deps/actix_web_codegen-bbd875eb056bddfb.actix_web_codegen.453a936c-cgu.11.rcgu.o" "/opt/rustwide/target/debug/deps/actix_web_codegen-bbd875eb056bddfb.actix_web_codegen.453a936c-cgu.12.rcgu.o" "/opt/rustwide/target/debug/deps/actix_web_codegen-bbd875eb056bddfb.actix_web_codegen.453a936c-cgu.13.rcgu.o" "/opt/rustwide/target/debug/deps/actix_web_codegen-bbd875eb056bddfb.actix_web_codegen.453a936c-cgu.14.rcgu.o" "/opt/rustwide/target/debug/deps/actix_web_codegen-bbd875eb056bddfb.actix_web_codegen.453a936c-cgu.15.rcgu.o" "/opt/rustwide/target/debug/deps/actix_web_codegen-bbd875eb056bddfb.actix_web_codegen.453a936c-cgu.2.rcgu.o" "/opt/rustwide/target/debug/deps/actix_web_codegen-bbd875eb056bddfb.actix_web_codegen.453a936c-cgu.3.rcgu.o" "/opt/rustwide/target/debug/deps/actix_web_codegen-bbd875eb056bddfb.actix_web_codegen.453a936c-cgu.4.rcgu.o" "/opt/rustwide/target/debug/deps/actix_web_codegen-bbd875eb056bddfb.actix_web_codegen.453a936c-cgu.5.rcgu.o" "/opt/rustwide/target/debug/deps/actix_web_codegen-bbd875eb056bddfb.actix_web_codegen.453a936c-cgu.6.rcgu.o" "/opt/rustwide/target/debug/deps/actix_web_codegen-bbd875eb056bddfb.actix_web_codegen.453a936c-cgu.7.rcgu.o" "/opt/rustwide/target/debug/deps/actix_web_codegen-bbd875eb056bddfb.actix_web_codegen.453a936c-cgu.8.rcgu.o" "/opt/rustwide/target/debug/deps/actix_web_codegen-bbd875eb056bddfb.actix_web_codegen.453a936c-cgu.9.rcgu.o" "/opt/rustwide/target/debug/deps/actix_web_codegen-bbd875eb056bddfb.3qxdd63oizs5gcvl.rcgu.rmeta" "/opt/rustwide/target/debug/deps/actix_web_codegen-bbd875eb056bddfb.15ip7i41kqhhm7vn.rcgu.o" "-Wl,--as-needed" "-L" "/opt/rustwide/target/debug/deps" "-L" "/opt/rustwide/rustup-home/toolchains/beta-2023-04-20-x86_64-unknown-linux-gnu/lib/rustlib/x86_64-unknown-linux-gnu/lib" "-Wl,-Bstatic" "/opt/rustwide/target/debug/deps/libsyn-226f36a4e4175a09.rlib" "/opt/rustwide/target/debug/deps/libquote-33e6b16f64c27696.rlib" "/opt/rustwide/target/debug/deps/libproc_macro2-ae60fa44d0b280c6.rlib" "/opt/rustwide/target/debug/deps/libunicode_xid-ea6b0825650b08ef.rlib" "/opt/rustwide/rustup-home/toolchains/beta-2023-04-20-x86_64-unknown-linux-gnu/lib/rustlib/x86_64-unknown-linux-gnu/lib/libproc_macro-4ae0b5c8ec17d92d.rlib" "/opt/rustwide/rustup-home/toolchains/beta-2023-04-20-x86_64-unknown-linux-gnu/lib/rustlib/x86_64-unknown-linux-gnu/lib/libstd-0e29cc23c5e02021.rlib" "/opt/rustwide/rustup-home/toolchains/beta-2023-04-20-x86_64-unknown-linux-gnu/lib/rustlib/x86_64-unknown-linux-gnu/lib/libpanic_unwind-d903621768a861d9.rlib" "/opt/rustwide/rustup-home/toolchains/beta-2023-04-20-x86_64-unknown-linux-gnu/lib/rustlib/x86_64-unknown-linux-gnu/lib/libobject-6d0225e655f31c13.rlib" "/opt/rustwide/rustup-home/toolchains/beta-2023-04-20-x86_64-unknown-linux-gnu/lib/rustlib/x86_64-unknown-linux-gnu/lib/libmemchr-9dbaf4eac7eaa079.rlib" "/opt/rustwide/rustup-home/toolchains/beta-2023-04-20-x86_64-unknown-linux-gnu/lib/rustlib/x86_64-unknown-linux-gnu/lib/libaddr2line-27f05b3d42a66dd0.rlib" "/opt/rustwide/rustup-home/toolchains/beta-2023-04-20-x86_64-unknown-linux-gnu/lib/rustlib/x86_64-unknown-linux-gnu/lib/libgimli-4d73f1030321c9a2.rlib" "/opt/rustwide/rustup-home/toolchains/beta-2023-04-20-x86_64-unknown-linux-gnu/lib/rustlib/x86_64-unknown-linux-gnu/lib/librustc_demangle-2846c9e58abd0acb.rlib" "/opt/rustwide/rustup-home/toolchains/beta-2023-04-20-x86_64-unknown-linux-gnu/lib/rustlib/x86_64-unknown-linux-gnu/lib/libstd_detect-a53d0f50415947be.rlib" "/opt/rustwide/rustup-home/toolchains/beta-2023-04-20-x86_64-unknown-linux-gnu/lib/rustlib/x86_64-unknown-linux-gnu/lib/libhashbrown-d48e4b6abc25b9dc.rlib" "/opt/rustwide/rustup-home/toolchains/beta-2023-04-20-x86_64-unknown-linux-gnu/lib/rustlib/x86_64-unknown-linux-gnu/lib/libminiz_oxide-2991859439ef1207.rlib" "/opt/rustwide/rustup-home/toolchains/beta-2023-04-20-x86_64-unknown-linux-gnu/lib/rustlib/x86_64-unknown-linux-gnu/lib/libadler-8a687517e4221bae.rlib" "/opt/rustwide/rustup-home/toolchains/beta-2023-04-20-x86_64-unknown-linux-gnu/lib/rustlib/x86_64-unknown-linux-gnu/lib/librustc_std_workspace_alloc-e07b554f6a67f5b3.rlib" "/opt/rustwide/rustup-home/toolchains/beta-2023-04-20-x86_64-unknown-linux-gnu/lib/rustlib/x86_64-unknown-linux-gnu/lib/libunwind-b68238b7c3c619dd.rlib" "/opt/rustwide/rustup-home/toolchains/beta-2023-04-20-x86_64-unknown-linux-gnu/lib/rustlib/x86_64-unknown-linux-gnu/lib/libcfg_if-d5e213e896c017e4.rlib" "/opt/rustwide/rustup-home/toolchains/beta-2023-04-20-x86_64-unknown-linux-gnu/lib/rustlib/x86_64-unknown-linux-gnu/lib/liblibc-0211a3b2e61d8689.rlib" "/opt/rustwide/rustup-home/toolchains/beta-2023-04-20-x86_64-unknown-linux-gnu/lib/rustlib/x86_64-unknown-linux-gnu/lib/liballoc-b371f055239ba51f.rlib" "/opt/rustwide/rustup-home/toolchains/beta-2023-04-20-x86_64-unknown-linux-gnu/lib/rustlib/x86_64-unknown-linux-gnu/lib/librustc_std_workspace_core-e60518d2760eb01e.rlib" "/opt/rustwide/rustup-home/toolchains/beta-2023-04-20-x86_64-unknown-linux-gnu/lib/rustlib/x86_64-unknown-linux-gnu/lib/libcore-1ad943f92a4b1081.rlib" "/opt/rustwide/rustup-home/toolchains/beta-2023-04-20-x86_64-unknown-linux-gnu/lib/rustlib/x86_64-unknown-linux-gnu/lib/libcompiler_builtins-f0d6e4d0fc1e80b4.rlib" "-Wl,-Bdynamic" "-lgcc_s" "-lutil" "-lrt" "-lpthread" "-lm" "-ldl" "-lc" "-Wl,--eh-frame-hdr" "-Wl,-z,noexecstack" "-L" "/opt/rustwide/rustup-home/toolchains/beta-2023-04-20-x86_64-unknown-linux-gnu/lib/rustlib/x86_64-unknown-linux-gnu/lib" "-o" "/opt/rustwide/target/debug/deps/libactix_web_codegen-bbd875eb056bddfb.so" "-Wl,--gc-sections" "-shared" "-Wl,-z,relro,-z,now" "-nodefaultlibs"
[INFO] [stdout]   = note: /usr/bin/ld: final link failed: No space left on device
[INFO] [stdout]           collect2: error: ld returned 1 exit status
[INFO] [stdout]           
[INFO] [stdout] 
[INFO] [stdout] 
[INFO] [stderr] error: could not compile `async-trait` (lib) due to 2 previous errors
[INFO] [stdout] error: aborting due to previous error
[INFO] [stdout] 
[INFO] [stdout] 
[INFO] [stderr] error: could not compile `actix-web-codegen` (lib) due to 2 previous errors
[INFO] [stdout] error: error writing metadata object file: No space left on device (os error 28)
[INFO] [stdout] 
[INFO] [stdout] 
[INFO] [stderr] error: could not compile `derive_more` (lib) due to previous error
[INFO] [stderr] error: could not parse/generate dep info at: /opt/rustwide/target/debug/deps/futures_macro-ab478e2d0bdd4c20.d
[INFO] [stderr] 
[INFO] [stderr] Caused by:
[INFO] [stderr]   failed to write `/opt/rustwide/target/debug/.fingerprint/futures-macro-ab478e2d0bdd4c20/dep-lib-futures-macro`
[INFO] [stderr] 
[INFO] [stderr] Caused by:
[INFO] [stderr]   No space left on device (os error 28)
[INFO] [stderr] The following warnings were emitted during compilation:
[INFO] [stderr] 
[INFO] [stderr] warning: brotli/enc/metablock.c:524:1: fatal error: error writing to /tmp/ccmLT9Gt.s: No space left on device
[INFO] [stderr] warning:   524 | }
[INFO] [stderr] warning:       | ^
[INFO] [stderr] warning: compilation terminated.
[INFO] [stderr] 
[INFO] [stderr] error: failed to run custom build command for `brotli-sys v0.3.2`
[INFO] [stderr] note: To improve backtraces for build dependencies, set the CARGO_PROFILE_DEV_BUILD_OVERRIDE_DEBUG=true environment variable to enable debug information generation.
[INFO] [stderr] 
[INFO] [stderr] Caused by:
[INFO] [stderr]   process didn't exit successfully: `/opt/rustwide/target/debug/build/brotli-sys-5d4985761727eb41/build-script-build` (exit status: 1)
[INFO] [stderr]   --- stdout
[INFO] [stderr]   cargo:include=/opt/rustwide/cargo-home/registry/src/index.crates.io-6f17d22bba15001f/brotli-sys-0.3.2/brotli/include
[INFO] [stderr]   TARGET = Some("x86_64-unknown-linux-gnu")
[INFO] [stderr]   OPT_LEVEL = Some("0")
[INFO] [stderr]   HOST = Some("x86_64-unknown-linux-gnu")
[INFO] [stderr]   CC_x86_64-unknown-linux-gnu = None
[INFO] [stderr]   CC_x86_64_unknown_linux_gnu = None
[INFO] [stderr]   HOST_CC = None
[INFO] [stderr]   CC = None
[INFO] [stderr]   CFLAGS_x86_64-unknown-linux-gnu = None
[INFO] [stderr]   CFLAGS_x86_64_unknown_linux_gnu = None
[INFO] [stderr]   HOST_CFLAGS = None
[INFO] [stderr]   CFLAGS = None
[INFO] [stderr]   CRATE_CC_NO_DEFAULTS = None
[INFO] [stderr]   DEBUG = Some("true")
[INFO] [stderr]   CARGO_CFG_TARGET_FEATURE = Some("fxsr,sse,sse2")
[INFO] [stderr]   running: "cc" "-O0" "-ffunction-sections" "-fdata-sections" "-fPIC" "-g" "-fno-omit-frame-pointer" "-m64" "-I" "brotli/include" "-o" "/opt/rustwide/target/debug/build/brotli-sys-39f144cccc6cce10/out/brotli/common/dictionary.o" "-c" "brotli/common/dictionary.c"
[INFO] [stderr]   exit status: 0
[INFO] [stderr]   running: "cc" "-O0" "-ffunction-sections" "-fdata-sections" "-fPIC" "-g" "-fno-omit-frame-pointer" "-m64" "-I" "brotli/include" "-o" "/opt/rustwide/target/debug/build/brotli-sys-39f144cccc6cce10/out/brotli/dec/bit_reader.o" "-c" "brotli/dec/bit_reader.c"
[INFO] [stderr]   exit status: 0
[INFO] [stderr]   running: "cc" "-O0" "-ffunction-sections" "-fdata-sections" "-fPIC" "-g" "-fno-omit-frame-pointer" "-m64" "-I" "brotli/include" "-o" "/opt/rustwide/target/debug/build/brotli-sys-39f144cccc6cce10/out/brotli/dec/decode.o" "-c" "brotli/dec/decode.c"
[INFO] [stderr]   exit status: 0
[INFO] [stderr]   running: "cc" "-O0" "-ffunction-sections" "-fdata-sections" "-fPIC" "-g" "-fno-omit-frame-pointer" "-m64" "-I" "brotli/include" "-o" "/opt/rustwide/target/debug/build/brotli-sys-39f144cccc6cce10/out/brotli/dec/huffman.o" "-c" "brotli/dec/huffman.c"
[INFO] [stderr]   exit status: 0
[INFO] [stderr]   running: "cc" "-O0" "-ffunction-sections" "-fdata-sections" "-fPIC" "-g" "-fno-omit-frame-pointer" "-m64" "-I" "brotli/include" "-o" "/opt/rustwide/target/debug/build/brotli-sys-39f144cccc6cce10/out/brotli/dec/state.o" "-c" "brotli/dec/state.c"
[INFO] [stderr]   exit status: 0
[INFO] [stderr]   running: "cc" "-O0" "-ffunction-sections" "-fdata-sections" "-fPIC" "-g" "-fno-omit-frame-pointer" "-m64" "-I" "brotli/include" "-o" "/opt/rustwide/target/debug/build/brotli-sys-39f144cccc6cce10/out/brotli/enc/backward_references.o" "-c" "brotli/enc/backward_references.c"
[INFO] [stderr]   exit status: 0
[INFO] [stderr]   running: "cc" "-O0" "-ffunction-sections" "-fdata-sections" "-fPIC" "-g" "-fno-omit-frame-pointer" "-m64" "-I" "brotli/include" "-o" "/opt/rustwide/target/debug/build/brotli-sys-39f144cccc6cce10/out/brotli/enc/backward_references_hq.o" "-c" "brotli/enc/backward_references_hq.c"
[INFO] [stderr]   exit status: 0
[INFO] [stderr]   running: "cc" "-O0" "-ffunction-sections" "-fdata-sections" "-fPIC" "-g" "-fno-omit-frame-pointer" "-m64" "-I" "brotli/include" "-o" "/opt/rustwide/target/debug/build/brotli-sys-39f144cccc6cce10/out/brotli/enc/bit_cost.o" "-c" "brotli/enc/bit_cost.c"
[INFO] [stderr]   exit status: 0
[INFO] [stderr]   running: "cc" "-O0" "-ffunction-sections" "-fdata-sections" "-fPIC" "-g" "-fno-omit-frame-pointer" "-m64" "-I" "brotli/include" "-o" "/opt/rustwide/target/debug/build/brotli-sys-39f144cccc6cce10/out/brotli/enc/block_splitter.o" "-c" "brotli/enc/block_splitter.c"
[INFO] [stderr]   exit status: 0
[INFO] [stderr]   running: "cc" "-O0" "-ffunction-sections" "-fdata-sections" "-fPIC" "-g" "-fno-omit-frame-pointer" "-m64" "-I" "brotli/include" "-o" "/opt/rustwide/target/debug/build/brotli-sys-39f144cccc6cce10/out/brotli/enc/brotli_bit_stream.o" "-c" "brotli/enc/brotli_bit_stream.c"
[INFO] [stderr]   exit status: 0
[INFO] [stderr]   running: "cc" "-O0" "-ffunction-sections" "-fdata-sections" "-fPIC" "-g" "-fno-omit-frame-pointer" "-m64" "-I" "brotli/include" "-o" "/opt/rustwide/target/debug/build/brotli-sys-39f144cccc6cce10/out/brotli/enc/cluster.o" "-c" "brotli/enc/cluster.c"
[INFO] [stderr]   exit status: 0
[INFO] [stderr]   running: "cc" "-O0" "-ffunction-sections" "-fdata-sections" "-fPIC" "-g" "-fno-omit-frame-pointer" "-m64" "-I" "brotli/include" "-o" "/opt/rustwide/target/debug/build/brotli-sys-39f144cccc6cce10/out/brotli/enc/compress_fragment.o" "-c" "brotli/enc/compress_fragment.c"
[INFO] [stderr]   exit status: 0
[INFO] [stderr]   running: "cc" "-O0" "-ffunction-sections" "-fdata-sections" "-fPIC" "-g" "-fno-omit-frame-pointer" "-m64" "-I" "brotli/include" "-o" "/opt/rustwide/target/debug/build/brotli-sys-39f144cccc6cce10/out/brotli/enc/compress_fragment_two_pass.o" "-c" "brotli/enc/compress_fragment_two_pass.c"
[INFO] [stderr]   exit status: 0
[INFO] [stderr]   running: "cc" "-O0" "-ffunction-sections" "-fdata-sections" "-fPIC" "-g" "-fno-omit-frame-pointer" "-m64" "-I" "brotli/include" "-o" "/opt/rustwide/target/debug/build/brotli-sys-39f144cccc6cce10/out/brotli/enc/dictionary_hash.o" "-c" "brotli/enc/dictionary_hash.c"
[INFO] [stderr]   exit status: 0
[INFO] [stderr]   running: "cc" "-O0" "-ffunction-sections" "-fdata-sections" "-fPIC" "-g" "-fno-omit-frame-pointer" "-m64" "-I" "brotli/include" "-o" "/opt/rustwide/target/debug/build/brotli-sys-39f144cccc6cce10/out/brotli/enc/encode.o" "-c" "brotli/enc/encode.c"
[INFO] [stderr]   exit status: 0
[INFO] [stderr]   running: "cc" "-O0" "-ffunction-sections" "-fdata-sections" "-fPIC" "-g" "-fno-omit-frame-pointer" "-m64" "-I" "brotli/include" "-o" "/opt/rustwide/target/debug/build/brotli-sys-39f144cccc6cce10/out/brotli/enc/entropy_encode.o" "-c" "brotli/enc/entropy_encode.c"
[INFO] [stderr]   exit status: 0
[INFO] [stderr]   running: "cc" "-O0" "-ffunction-sections" "-fdata-sections" "-fPIC" "-g" "-fno-omit-frame-pointer" "-m64" "-I" "brotli/include" "-o" "/opt/rustwide/target/debug/build/brotli-sys-39f144cccc6cce10/out/brotli/enc/histogram.o" "-c" "brotli/enc/histogram.c"
[INFO] [stderr]   exit status: 0
[INFO] [stderr]   running: "cc" "-O0" "-ffunction-sections" "-fdata-sections" "-fPIC" "-g" "-fno-omit-frame-pointer" "-m64" "-I" "brotli/include" "-o" "/opt/rustwide/target/debug/build/brotli-sys-39f144cccc6cce10/out/brotli/enc/literal_cost.o" "-c" "brotli/enc/literal_cost.c"
[INFO] [stderr]   exit status: 0
[INFO] [stderr]   running: "cc" "-O0" "-ffunction-sections" "-fdata-sections" "-fPIC" "-g" "-fno-omit-frame-pointer" "-m64" "-I" "brotli/include" "-o" "/opt/rustwide/target/debug/build/brotli-sys-39f144cccc6cce10/out/brotli/enc/memory.o" "-c" "brotli/enc/memory.c"
[INFO] [stderr]   exit status: 0
[INFO] [stderr]   running: "cc" "-O0" "-ffunction-sections" "-fdata-sections" "-fPIC" "-g" "-fno-omit-frame-pointer" "-m64" "-I" "brotli/include" "-o" "/opt/rustwide/target/debug/build/brotli-sys-39f144cccc6cce10/out/brotli/enc/metablock.o" "-c" "brotli/enc/metablock.c"
[INFO] [stderr]   cargo:warning=brotli/enc/metablock.c:524:1: fatal error: error writing to /tmp/ccmLT9Gt.s: No space left on device
[INFO] [stderr]   cargo:warning=  524 | }
[INFO] [stderr]   cargo:warning=      | ^
[INFO] [stderr]   cargo:warning=compilation terminated.
[INFO] [stderr]   exit status: 1
[INFO] [stderr] 
[INFO] [stderr]   --- stderr
[INFO] [stderr]   fatal: not a git repository (or any parent up to mount point /opt/rustwide)
[INFO] [stderr]   Stopping at filesystem boundary (GIT_DISCOVERY_ACROSS_FILESYSTEM not set).
[INFO] [stderr] 
[INFO] [stderr] 
[INFO] [stderr]   error occurred: Command "cc" "-O0" "-ffunction-sections" "-fdata-sections" "-fPIC" "-g" "-fno-omit-frame-pointer" "-m64" "-I" "brotli/include" "-o" "/opt/rustwide/target/debug/build/brotli-sys-39f144cccc6cce10/out/brotli/enc/metablock.o" "-c" "brotli/enc/metablock.c" with args "cc" did not execute successfully (status code exit status: 1).
[INFO] [stderr] 
[INFO] [stderr] 
[INFO] [stdout] error: linking with `cc` failed: exit status: 1
[INFO] [stdout]   |
[INFO] [stdout]   = note: LC_ALL="C" PATH="/opt/rustwide/rustup-home/toolchains/beta-2023-04-20-x86_64-unknown-linux-gnu/lib/rustlib/x86_64-unknown-linux-gnu/bin:/opt/rustwide/cargo-home/bin:/usr/local/sbin:/usr/local/bin:/usr/sbin:/usr/bin:/sbin:/bin" VSLANG="1033" "cc" "-Wl,--version-script=/tmp/rustcseNHjl/list" "-Wl,--no-undefined-version" "-m64" "/tmp/rustcseNHjl/symbols.o" "/opt/rustwide/target/debug/deps/pin_project_internal-a08f99c29a2ea185.pin_project_internal.2fc2dd31-cgu.0.rcgu.o" "/opt/rustwide/target/debug/deps/pin_project_internal-a08f99c29a2ea185.pin_project_internal.2fc2dd31-cgu.1.rcgu.o" "/opt/rustwide/target/debug/deps/pin_project_internal-a08f99c29a2ea185.pin_project_internal.2fc2dd31-cgu.10.rcgu.o" "/opt/rustwide/target/debug/deps/pin_project_internal-a08f99c29a2ea185.pin_project_internal.2fc2dd31-cgu.11.rcgu.o" "/opt/rustwide/target/debug/deps/pin_project_internal-a08f99c29a2ea185.pin_project_internal.2fc2dd31-cgu.12.rcgu.o" "/opt/rustwide/target/debug/deps/pin_project_internal-a08f99c29a2ea185.pin_project_internal.2fc2dd31-cgu.13.rcgu.o" "/opt/rustwide/target/debug/deps/pin_project_internal-a08f99c29a2ea185.pin_project_internal.2fc2dd31-cgu.14.rcgu.o" "/opt/rustwide/target/debug/deps/pin_project_internal-a08f99c29a2ea185.pin_project_internal.2fc2dd31-cgu.15.rcgu.o" "/opt/rustwide/target/debug/deps/pin_project_internal-a08f99c29a2ea185.pin_project_internal.2fc2dd31-cgu.2.rcgu.o" "/opt/rustwide/target/debug/deps/pin_project_internal-a08f99c29a2ea185.pin_project_internal.2fc2dd31-cgu.3.rcgu.o" "/opt/rustwide/target/debug/deps/pin_project_internal-a08f99c29a2ea185.pin_project_internal.2fc2dd31-cgu.4.rcgu.o" "/opt/rustwide/target/debug/deps/pin_project_internal-a08f99c29a2ea185.pin_project_internal.2fc2dd31-cgu.5.rcgu.o" "/opt/rustwide/target/debug/deps/pin_project_internal-a08f99c29a2ea185.pin_project_internal.2fc2dd31-cgu.6.rcgu.o" "/opt/rustwide/target/debug/deps/pin_project_internal-a08f99c29a2ea185.pin_project_internal.2fc2dd31-cgu.7.rcgu.o" "/opt/rustwide/target/debug/deps/pin_project_internal-a08f99c29a2ea185.pin_project_internal.2fc2dd31-cgu.8.rcgu.o" "/opt/rustwide/target/debug/deps/pin_project_internal-a08f99c29a2ea185.pin_project_internal.2fc2dd31-cgu.9.rcgu.o" "/opt/rustwide/target/debug/deps/pin_project_internal-a08f99c29a2ea185.2rxms5bzyvzuhru8.rcgu.rmeta" "/opt/rustwide/target/debug/deps/pin_project_internal-a08f99c29a2ea185.drxl0mwiw7mleqa.rcgu.o" "-Wl,--as-needed" "-L" "/opt/rustwide/target/debug/deps" "-L" "/opt/rustwide/rustup-home/toolchains/beta-2023-04-20-x86_64-unknown-linux-gnu/lib/rustlib/x86_64-unknown-linux-gnu/lib" "-Wl,-Bstatic" "/opt/rustwide/target/debug/deps/libsyn-226f36a4e4175a09.rlib" "/opt/rustwide/target/debug/deps/libquote-33e6b16f64c27696.rlib" "/opt/rustwide/target/debug/deps/libproc_macro2-ae60fa44d0b280c6.rlib" "/opt/rustwide/target/debug/deps/libunicode_xid-ea6b0825650b08ef.rlib" "/opt/rustwide/rustup-home/toolchains/beta-2023-04-20-x86_64-unknown-linux-gnu/lib/rustlib/x86_64-unknown-linux-gnu/lib/libproc_macro-4ae0b5c8ec17d92d.rlib" "/opt/rustwide/rustup-home/toolchains/beta-2023-04-20-x86_64-unknown-linux-gnu/lib/rustlib/x86_64-unknown-linux-gnu/lib/libstd-0e29cc23c5e02021.rlib" "/opt/rustwide/rustup-home/toolchains/beta-2023-04-20-x86_64-unknown-linux-gnu/lib/rustlib/x86_64-unknown-linux-gnu/lib/libpanic_unwind-d903621768a861d9.rlib" "/opt/rustwide/rustup-home/toolchains/beta-2023-04-20-x86_64-unknown-linux-gnu/lib/rustlib/x86_64-unknown-linux-gnu/lib/libobject-6d0225e655f31c13.rlib" "/opt/rustwide/rustup-home/toolchains/beta-2023-04-20-x86_64-unknown-linux-gnu/lib/rustlib/x86_64-unknown-linux-gnu/lib/libmemchr-9dbaf4eac7eaa079.rlib" "/opt/rustwide/rustup-home/toolchains/beta-2023-04-20-x86_64-unknown-linux-gnu/lib/rustlib/x86_64-unknown-linux-gnu/lib/libaddr2line-27f05b3d42a66dd0.rlib" "/opt/rustwide/rustup-home/toolchains/beta-2023-04-20-x86_64-unknown-linux-gnu/lib/rustlib/x86_64-unknown-linux-gnu/lib/libgimli-4d73f1030321c9a2.rlib" "/opt/rustwide/rustup-home/toolchains/beta-2023-04-20-x86_64-unknown-linux-gnu/lib/rustlib/x86_64-unknown-linux-gnu/lib/librustc_demangle-2846c9e58abd0acb.rlib" "/opt/rustwide/rustup-home/toolchains/beta-2023-04-20-x86_64-unknown-linux-gnu/lib/rustlib/x86_64-unknown-linux-gnu/lib/libstd_detect-a53d0f50415947be.rlib" "/opt/rustwide/rustup-home/toolchains/beta-2023-04-20-x86_64-unknown-linux-gnu/lib/rustlib/x86_64-unknown-linux-gnu/lib/libhashbrown-d48e4b6abc25b9dc.rlib" "/opt/rustwide/rustup-home/toolchains/beta-2023-04-20-x86_64-unknown-linux-gnu/lib/rustlib/x86_64-unknown-linux-gnu/lib/libminiz_oxide-2991859439ef1207.rlib" "/opt/rustwide/rustup-home/toolchains/beta-2023-04-20-x86_64-unknown-linux-gnu/lib/rustlib/x86_64-unknown-linux-gnu/lib/libadler-8a687517e4221bae.rlib" "/opt/rustwide/rustup-home/toolchains/beta-2023-04-20-x86_64-unknown-linux-gnu/lib/rustlib/x86_64-unknown-linux-gnu/lib/librustc_std_workspace_alloc-e07b554f6a67f5b3.rlib" "/opt/rustwide/rustup-home/toolchains/beta-2023-04-20-x86_64-unknown-linux-gnu/lib/rustlib/x86_64-unknown-linux-gnu/lib/libunwind-b68238b7c3c619dd.rlib" "/opt/rustwide/rustup-home/toolchains/beta-2023-04-20-x86_64-unknown-linux-gnu/lib/rustlib/x86_64-unknown-linux-gnu/lib/libcfg_if-d5e213e896c017e4.rlib" "/opt/rustwide/rustup-home/toolchains/beta-2023-04-20-x86_64-unknown-linux-gnu/lib/rustlib/x86_64-unknown-linux-gnu/lib/liblibc-0211a3b2e61d8689.rlib" "/opt/rustwide/rustup-home/toolchains/beta-2023-04-20-x86_64-unknown-linux-gnu/lib/rustlib/x86_64-unknown-linux-gnu/lib/liballoc-b371f055239ba51f.rlib" "/opt/rustwide/rustup-home/toolchains/beta-2023-04-20-x86_64-unknown-linux-gnu/lib/rustlib/x86_64-unknown-linux-gnu/lib/librustc_std_workspace_core-e60518d2760eb01e.rlib" "/opt/rustwide/rustup-home/toolchains/beta-2023-04-20-x86_64-unknown-linux-gnu/lib/rustlib/x86_64-unknown-linux-gnu/lib/libcore-1ad943f92a4b1081.rlib" "/opt/rustwide/rustup-home/toolchains/beta-2023-04-20-x86_64-unknown-linux-gnu/lib/rustlib/x86_64-unknown-linux-gnu/lib/libcompiler_builtins-f0d6e4d0fc1e80b4.rlib" "-Wl,-Bdynamic" "-lgcc_s" "-lutil" "-lrt" "-lpthread" "-lm" "-ldl" "-lc" "-Wl,--eh-frame-hdr" "-Wl,-z,noexecstack" "-L" "/opt/rustwide/rustup-home/toolchains/beta-2023-04-20-x86_64-unknown-linux-gnu/lib/rustlib/x86_64-unknown-linux-gnu/lib" "-o" "/opt/rustwide/target/debug/deps/libpin_project_internal-a08f99c29a2ea185.so" "-Wl,--gc-sections" "-shared" "-Wl,-z,relro,-z,now" "-nodefaultlibs"
[INFO] [stdout]   = note: /usr/bin/ld: final link failed: No space left on device
[INFO] [stdout]           collect2: error: ld returned 1 exit status
[INFO] [stdout]           
[INFO] [stdout] 
[INFO] [stdout] 
[INFO] [stderr] error: could not compile `pin-project-internal` (lib) due to previous error
[INFO] [stdout] error: couldn't create a temp dir: No space left on device (os error 28) at path "/opt/rustwide/target/debug/deps/rmetabp3wNY"
[INFO] [stdout] 
[INFO] [stdout] 
[INFO] [stderr] error: could not compile `time` (lib) due to previous error
[INFO] [stdout] error: linking with `cc` failed: exit status: 1
[INFO] [stdout]   |
[INFO] [stdout]   = note: LC_ALL="C" PATH="/opt/rustwide/rustup-home/toolchains/beta-2023-04-20-x86_64-unknown-linux-gnu/lib/rustlib/x86_64-unknown-linux-gnu/bin:/opt/rustwide/cargo-home/bin:/usr/local/sbin:/usr/local/bin:/usr/sbin:/usr/bin:/sbin:/bin" VSLANG="1033" "cc" "-Wl,--version-script=/tmp/rustc168ufn/list" "-Wl,--no-undefined-version" "-m64" "/tmp/rustc168ufn/symbols.o" "/opt/rustwide/target/debug/deps/pin_project_internal-7018f3124266a3ac.pin_project_internal.3f9c4962-cgu.0.rcgu.o" "/opt/rustwide/target/debug/deps/pin_project_internal-7018f3124266a3ac.pin_project_internal.3f9c4962-cgu.1.rcgu.o" "/opt/rustwide/target/debug/deps/pin_project_internal-7018f3124266a3ac.pin_project_internal.3f9c4962-cgu.10.rcgu.o" "/opt/rustwide/target/debug/deps/pin_project_internal-7018f3124266a3ac.pin_project_internal.3f9c4962-cgu.11.rcgu.o" "/opt/rustwide/target/debug/deps/pin_project_internal-7018f3124266a3ac.pin_project_internal.3f9c4962-cgu.12.rcgu.o" "/opt/rustwide/target/debug/deps/pin_project_internal-7018f3124266a3ac.pin_project_internal.3f9c4962-cgu.13.rcgu.o" "/opt/rustwide/target/debug/deps/pin_project_internal-7018f3124266a3ac.pin_project_internal.3f9c4962-cgu.14.rcgu.o" "/opt/rustwide/target/debug/deps/pin_project_internal-7018f3124266a3ac.pin_project_internal.3f9c4962-cgu.15.rcgu.o" "/opt/rustwide/target/debug/deps/pin_project_internal-7018f3124266a3ac.pin_project_internal.3f9c4962-cgu.2.rcgu.o" "/opt/rustwide/target/debug/deps/pin_project_internal-7018f3124266a3ac.pin_project_internal.3f9c4962-cgu.3.rcgu.o" "/opt/rustwide/target/debug/deps/pin_project_internal-7018f3124266a3ac.pin_project_internal.3f9c4962-cgu.4.rcgu.o" "/opt/rustwide/target/debug/deps/pin_project_internal-7018f3124266a3ac.pin_project_internal.3f9c4962-cgu.5.rcgu.o" "/opt/rustwide/target/debug/deps/pin_project_internal-7018f3124266a3ac.pin_project_internal.3f9c4962-cgu.6.rcgu.o" "/opt/rustwide/target/debug/deps/pin_project_internal-7018f3124266a3ac.pin_project_internal.3f9c4962-cgu.7.rcgu.o" "/opt/rustwide/target/debug/deps/pin_project_internal-7018f3124266a3ac.pin_project_internal.3f9c4962-cgu.8.rcgu.o" "/opt/rustwide/target/debug/deps/pin_project_internal-7018f3124266a3ac.pin_project_internal.3f9c4962-cgu.9.rcgu.o" "/opt/rustwide/target/debug/deps/pin_project_internal-7018f3124266a3ac.dp3lsddwimmolkt.rcgu.rmeta" "/opt/rustwide/target/debug/deps/pin_project_internal-7018f3124266a3ac.55evvwue0ja8c5e.rcgu.o" "-Wl,--as-needed" "-L" "/opt/rustwide/target/debug/deps" "-L" "/opt/rustwide/rustup-home/toolchains/beta-2023-04-20-x86_64-unknown-linux-gnu/lib/rustlib/x86_64-unknown-linux-gnu/lib" "-Wl,-Bstatic" "/opt/rustwide/target/debug/deps/libsyn-226f36a4e4175a09.rlib" "/opt/rustwide/target/debug/deps/libquote-33e6b16f64c27696.rlib" "/opt/rustwide/target/debug/deps/libproc_macro2-ae60fa44d0b280c6.rlib" "/opt/rustwide/target/debug/deps/libunicode_xid-ea6b0825650b08ef.rlib" "/opt/rustwide/rustup-home/toolchains/beta-2023-04-20-x86_64-unknown-linux-gnu/lib/rustlib/x86_64-unknown-linux-gnu/lib/libproc_macro-4ae0b5c8ec17d92d.rlib" "/opt/rustwide/rustup-home/toolchains/beta-2023-04-20-x86_64-unknown-linux-gnu/lib/rustlib/x86_64-unknown-linux-gnu/lib/libstd-0e29cc23c5e02021.rlib" "/opt/rustwide/rustup-home/toolchains/beta-2023-04-20-x86_64-unknown-linux-gnu/lib/rustlib/x86_64-unknown-linux-gnu/lib/libpanic_unwind-d903621768a861d9.rlib" "/opt/rustwide/rustup-home/toolchains/beta-2023-04-20-x86_64-unknown-linux-gnu/lib/rustlib/x86_64-unknown-linux-gnu/lib/libobject-6d0225e655f31c13.rlib" "/opt/rustwide/rustup-home/toolchains/beta-2023-04-20-x86_64-unknown-linux-gnu/lib/rustlib/x86_64-unknown-linux-gnu/lib/libmemchr-9dbaf4eac7eaa079.rlib" "/opt/rustwide/rustup-home/toolchains/beta-2023-04-20-x86_64-unknown-linux-gnu/lib/rustlib/x86_64-unknown-linux-gnu/lib/libaddr2line-27f05b3d42a66dd0.rlib" "/opt/rustwide/rustup-home/toolchains/beta-2023-04-20-x86_64-unknown-linux-gnu/lib/rustlib/x86_64-unknown-linux-gnu/lib/libgimli-4d73f1030321c9a2.rlib" "/opt/rustwide/rustup-home/toolchains/beta-2023-04-20-x86_64-unknown-linux-gnu/lib/rustlib/x86_64-unknown-linux-gnu/lib/librustc_demangle-2846c9e58abd0acb.rlib" "/opt/rustwide/rustup-home/toolchains/beta-2023-04-20-x86_64-unknown-linux-gnu/lib/rustlib/x86_64-unknown-linux-gnu/lib/libstd_detect-a53d0f50415947be.rlib" "/opt/rustwide/rustup-home/toolchains/beta-2023-04-20-x86_64-unknown-linux-gnu/lib/rustlib/x86_64-unknown-linux-gnu/lib/libhashbrown-d48e4b6abc25b9dc.rlib" "/opt/rustwide/rustup-home/toolchains/beta-2023-04-20-x86_64-unknown-linux-gnu/lib/rustlib/x86_64-unknown-linux-gnu/lib/libminiz_oxide-2991859439ef1207.rlib" "/opt/rustwide/rustup-home/toolchains/beta-2023-04-20-x86_64-unknown-linux-gnu/lib/rustlib/x86_64-unknown-linux-gnu/lib/libadler-8a687517e4221bae.rlib" "/opt/rustwide/rustup-home/toolchains/beta-2023-04-20-x86_64-unknown-linux-gnu/lib/rustlib/x86_64-unknown-linux-gnu/lib/librustc_std_workspace_alloc-e07b554f6a67f5b3.rlib" "/opt/rustwide/rustup-home/toolchains/beta-2023-04-20-x86_64-unknown-linux-gnu/lib/rustlib/x86_64-unknown-linux-gnu/lib/libunwind-b68238b7c3c619dd.rlib" "/opt/rustwide/rustup-home/toolchains/beta-2023-04-20-x86_64-unknown-linux-gnu/lib/rustlib/x86_64-unknown-linux-gnu/lib/libcfg_if-d5e213e896c017e4.rlib" "/opt/rustwide/rustup-home/toolchains/beta-2023-04-20-x86_64-unknown-linux-gnu/lib/rustlib/x86_64-unknown-linux-gnu/lib/liblibc-0211a3b2e61d8689.rlib" "/opt/rustwide/rustup-home/toolchains/beta-2023-04-20-x86_64-unknown-linux-gnu/lib/rustlib/x86_64-unknown-linux-gnu/lib/liballoc-b371f055239ba51f.rlib" "/opt/rustwide/rustup-home/toolchains/beta-2023-04-20-x86_64-unknown-linux-gnu/lib/rustlib/x86_64-unknown-linux-gnu/lib/librustc_std_workspace_core-e60518d2760eb01e.rlib" "/opt/rustwide/rustup-home/toolchains/beta-2023-04-20-x86_64-unknown-linux-gnu/lib/rustlib/x86_64-unknown-linux-gnu/lib/libcore-1ad943f92a4b1081.rlib" "/opt/rustwide/rustup-home/toolchains/beta-2023-04-20-x86_64-unknown-linux-gnu/lib/rustlib/x86_64-unknown-linux-gnu/lib/libcompiler_builtins-f0d6e4d0fc1e80b4.rlib" "-Wl,-Bdynamic" "-lgcc_s" "-lutil" "-lrt" "-lpthread" "-lm" "-ldl" "-lc" "-Wl,--eh-frame-hdr" "-Wl,-z,noexecstack" "-L" "/opt/rustwide/rustup-home/toolchains/beta-2023-04-20-x86_64-unknown-linux-gnu/lib/rustlib/x86_64-unknown-linux-gnu/lib" "-o" "/opt/rustwide/target/debug/deps/libpin_project_internal-7018f3124266a3ac.so" "-Wl,--gc-sections" "-shared" "-Wl,-z,relro,-z,now" "-nodefaultlibs"
[INFO] [stdout]   = note: /usr/bin/ld: final link failed: No space left on device
[INFO] [stdout]           collect2: error: ld returned 1 exit status
[INFO] [stdout]           
[INFO] [stdout] 
[INFO] [stdout] 
[INFO] [stdout] error: aborting due to previous error
[INFO] [stdout] 
[INFO] [stdout] 
[INFO] [stderr] error: could not compile `pin-project-internal` (lib) due to 2 previous errors
[INFO] [stdout] error: couldn't create a temp dir: No space left on device (os error 28) at path "/opt/rustwide/target/debug/deps/rmetaHg3eU5"
[INFO] [stdout] 
[INFO] [stdout] 
[INFO] [stderr] error: could not compile `serde_derive` (lib) due to previous error
[INFO] running `Command { std: "docker" "inspect" "09ae8e171a26426b4d790451db06ce19ad4584866d8d89fc2d4cca764c04b3fd", kill_on_drop: false }`
[INFO] running `Command { std: "docker" "rm" "-f" "09ae8e171a26426b4d790451db06ce19ad4584866d8d89fc2d4cca764c04b3fd", kill_on_drop: false }`
[INFO] [stdout] 09ae8e171a26426b4d790451db06ce19ad4584866d8d89fc2d4cca764c04b3fd
