[INFO] cloning repository https://github.com/Nilstrieb/node-package-manager
[INFO] running `Command { std: "git" "-c" "credential.helper=" "-c" "credential.helper=/workspace/cargo-home/bin/git-credential-null" "clone" "--bare" "https://github.com/Nilstrieb/node-package-manager" "/workspace/cache/git-repos/https%3A%2F%2Fgithub.com%2FNilstrieb%2Fnode-package-manager", kill_on_drop: false }`
[INFO] [stderr] Cloning into bare repository '/workspace/cache/git-repos/https%3A%2F%2Fgithub.com%2FNilstrieb%2Fnode-package-manager'...
[INFO] running `Command { std: "git" "rev-parse" "HEAD", kill_on_drop: false }`
[INFO] [stdout] 13b2c9f56d4b3bfcbd36651d00a7e3bc08fa0d0b
[INFO] testing Nilstrieb/node-package-manager against beta-2023-04-20 for beta-1.70-1
[INFO] running `Command { std: "git" "clone" "/workspace/cache/git-repos/https%3A%2F%2Fgithub.com%2FNilstrieb%2Fnode-package-manager" "/workspace/builds/worker-3-tc2/source", kill_on_drop: false }`
[INFO] [stderr] Cloning into '/workspace/builds/worker-3-tc2/source'...
[INFO] [stderr] done.
[INFO] validating manifest of git repo https://github.com/Nilstrieb/node-package-manager on toolchain beta-2023-04-20
[INFO] running `Command { std: CARGO_HOME="/workspace/cargo-home" RUSTUP_HOME="/workspace/rustup-home" "/workspace/cargo-home/bin/cargo" "+beta-2023-04-20" "metadata" "--manifest-path" "Cargo.toml" "--no-deps", kill_on_drop: false }`
[INFO] started tweaking git repo https://github.com/Nilstrieb/node-package-manager
[INFO] finished tweaking git repo https://github.com/Nilstrieb/node-package-manager
[INFO] tweaked toml for git repo https://github.com/Nilstrieb/node-package-manager written to /workspace/builds/worker-3-tc2/source/Cargo.toml
[INFO] crate git repo https://github.com/Nilstrieb/node-package-manager already has a lockfile, it will not be regenerated
[INFO] running `Command { std: CARGO_HOME="/workspace/cargo-home" RUSTUP_HOME="/workspace/rustup-home" "/workspace/cargo-home/bin/cargo" "+beta-2023-04-20" "fetch" "--manifest-path" "Cargo.toml", kill_on_drop: false }`
[INFO] [stderr]     Updating crates.io index
[INFO] [stderr]  Downloading crates ...
[INFO] [stderr]   Downloaded miette-derive v3.3.0
[INFO] [stderr]   Downloaded node-semver v2.0.0
[INFO] [stderr]   Downloaded tracing-tree v0.2.0
[INFO] [stderr]   Downloaded tracing-forest v0.1.4
[INFO] [stderr]   Downloaded miette v3.3.0
[INFO] [stderr]   Downloaded rustls v0.20.5
[INFO] [stderr]   Downloaded color-eyre v0.6.1
[INFO] running `Command { std: "docker" "create" "-v" "/var/lib/crater-agent-workspace/builds/worker-3-tc2/target:/opt/rustwide/target:rw,Z" "-v" "/var/lib/crater-agent-workspace/builds/worker-3-tc2/source:/opt/rustwide/workdir:ro,Z" "-v" "/var/lib/crater-agent-workspace/cargo-home:/opt/rustwide/cargo-home:ro,Z" "-v" "/var/lib/crater-agent-workspace/rustup-home:/opt/rustwide/rustup-home:ro,Z" "-e" "SOURCE_DIR=/opt/rustwide/workdir" "-e" "CARGO_TARGET_DIR=/opt/rustwide/target" "-e" "CARGO_HOME=/opt/rustwide/cargo-home" "-e" "RUSTUP_HOME=/opt/rustwide/rustup-home" "-w" "/opt/rustwide/workdir" "-m" "1610612736" "--user" "0:0" "--network" "none" "ghcr.io/rust-lang/crates-build-env/linux@sha256:97d61d7686bf65f8ecb15491ab51835e82dc9176a96a831f143a431b191fc501" "/opt/rustwide/cargo-home/bin/cargo" "+beta-2023-04-20" "metadata" "--no-deps" "--format-version=1", kill_on_drop: false }`
[INFO] [stdout] 9f5755c44ae04790f95eb5a8eab7278652aa64fd6fc8a9d7a09d5296dbfcfb6c
[INFO] running `Command { std: "docker" "start" "-a" "9f5755c44ae04790f95eb5a8eab7278652aa64fd6fc8a9d7a09d5296dbfcfb6c", kill_on_drop: false }`
[INFO] running `Command { std: "docker" "inspect" "9f5755c44ae04790f95eb5a8eab7278652aa64fd6fc8a9d7a09d5296dbfcfb6c", kill_on_drop: false }`
[INFO] running `Command { std: "docker" "rm" "-f" "9f5755c44ae04790f95eb5a8eab7278652aa64fd6fc8a9d7a09d5296dbfcfb6c", kill_on_drop: false }`
[INFO] [stdout] 9f5755c44ae04790f95eb5a8eab7278652aa64fd6fc8a9d7a09d5296dbfcfb6c
[INFO] running `Command { std: "docker" "create" "-v" "/var/lib/crater-agent-workspace/builds/worker-3-tc2/target:/opt/rustwide/target:rw,Z" "-v" "/var/lib/crater-agent-workspace/builds/worker-3-tc2/source:/opt/rustwide/workdir:ro,Z" "-v" "/var/lib/crater-agent-workspace/cargo-home:/opt/rustwide/cargo-home:ro,Z" "-v" "/var/lib/crater-agent-workspace/rustup-home:/opt/rustwide/rustup-home:ro,Z" "-e" "SOURCE_DIR=/opt/rustwide/workdir" "-e" "CARGO_TARGET_DIR=/opt/rustwide/target" "-e" "CARGO_INCREMENTAL=0" "-e" "RUST_BACKTRACE=full" "-e" "RUSTFLAGS=--cap-lints=warn" "-e" "RUSTDOCFLAGS=--cap-lints=warn" "-e" "CARGO_HOME=/opt/rustwide/cargo-home" "-e" "RUSTUP_HOME=/opt/rustwide/rustup-home" "-w" "/opt/rustwide/workdir" "-m" "1610612736" "--user" "0:0" "--network" "none" "ghcr.io/rust-lang/crates-build-env/linux@sha256:97d61d7686bf65f8ecb15491ab51835e82dc9176a96a831f143a431b191fc501" "/opt/rustwide/cargo-home/bin/cargo" "+beta-2023-04-20" "build" "--frozen" "--message-format=json", kill_on_drop: false }`
[INFO] [stdout] 6eef3701985e5ace243989534dccdfd1939477fec105aa0422dedd9c2ea42813
[INFO] running `Command { std: "docker" "start" "-a" "6eef3701985e5ace243989534dccdfd1939477fec105aa0422dedd9c2ea42813", kill_on_drop: false }`
[INFO] [stderr]    Compiling proc-macro2 v1.0.38
[INFO] [stderr]    Compiling unicode-xid v0.2.3
[INFO] [stderr]    Compiling syn v1.0.94
[INFO] [stderr]    Compiling libc v0.2.125
[INFO] [stderr]    Compiling cfg-if v1.0.0
[INFO] [stderr]    Compiling once_cell v1.10.0
[INFO] [stderr]    Compiling cc v1.0.73
[INFO] [stderr]    Compiling autocfg v1.1.0
[INFO] [stderr]    Compiling log v0.4.17
[INFO] [stderr]    Compiling pin-project-lite v0.2.9
[INFO] [stderr]    Compiling lazy_static v1.4.0
[INFO] [stderr]    Compiling smallvec v1.8.0
[INFO] [stderr]    Compiling memchr v2.5.0
[INFO] [stderr]    Compiling serde_derive v1.0.137
[INFO] [stderr]    Compiling serde v1.0.137
[INFO] [stderr]    Compiling parking_lot_core v0.9.3
[INFO] [stderr]    Compiling tracing-core v0.1.26
[INFO] [stderr]    Compiling scopeguard v1.1.0
[INFO] [stderr]    Compiling bytes v1.1.0
[INFO] [stderr]    Compiling pkg-config v0.3.25
[INFO] [stderr]    Compiling futures-core v0.3.21
[INFO] [stderr]    Compiling itoa v1.0.1
[INFO] [stderr]    Compiling regex-syntax v0.6.25
[INFO] [stderr]    Compiling version_check v0.9.4
[INFO] [stderr]    Compiling spin v0.5.2
[INFO] [stderr]    Compiling futures-task v0.3.21
[INFO] [stderr]    Compiling untrusted v0.7.1
[INFO] [stderr]    Compiling hashbrown v0.11.2
[INFO] [stderr]    Compiling lock_api v0.4.7
[INFO] [stderr]    Compiling indexmap v1.8.1
[INFO] [stderr]    Compiling futures-util v0.3.21
[INFO] [stderr]    Compiling fnv v1.0.7
[INFO] [stderr]    Compiling tracing-log v0.1.3
[INFO] [stderr]    Compiling http v0.2.7
[INFO] [stderr]    Compiling thread_local v1.1.4
[INFO] [stderr]    Compiling sharded-slab v0.1.4
[INFO] [stderr]    Compiling pin-utils v0.1.0
[INFO] [stderr]    Compiling quote v1.0.18
[INFO] [stderr]    Compiling futures-channel v0.3.21
[INFO] [stderr]    Compiling httparse v1.7.1
[INFO] [stderr]    Compiling bitflags v1.3.2
[INFO] [stderr]    Compiling openssl v0.10.40
[INFO] [stderr]    Compiling ansi_term v0.12.1
[INFO] [stderr]    Compiling foreign-types-shared v0.1.1
[INFO] [stderr]    Compiling signal-hook-registry v1.4.0
[INFO] [stderr]    Compiling mio v0.8.3
[INFO] [stderr]    Compiling num_cpus v1.13.1
[INFO] [stderr]    Compiling socket2 v0.4.4
[INFO] [stderr]    Compiling futures-sink v0.3.21
[INFO] [stderr]    Compiling foreign-types v0.3.2
[INFO] [stderr]    Compiling ring v0.16.20
[INFO] [stderr]    Compiling openssl-sys v0.9.73
[INFO] [stderr]    Compiling proc-macro-error-attr v1.0.4
[INFO] [stderr]    Compiling tinyvec_macros v0.1.0
[INFO] [stderr]    Compiling rustls v0.20.5
[INFO] [stderr]    Compiling native-tls v0.2.10
[INFO] [stderr]    Compiling parking_lot v0.12.0
[INFO] [stderr]    Compiling matches v0.1.9
[INFO] [stderr] thread 'rustc' panicked at 'assertion failed: pos.get() <= self.position()', compiler/rustc_metadata/src/rmeta/encoder.rs:452:9
[INFO] [stderr] LLVM ERROR: IO failure on output stream: No space left on device
[INFO] [stderr] error: could not compile `parking_lot_core` (lib)
[INFO] [stderr] warning: build failed, waiting for other jobs to finish...
[INFO] [stdout] error: linking with `cc` failed: exit status: 1
[INFO] [stdout]   |
[INFO] [stdout]   = note: LC_ALL="C" PATH="/opt/rustwide/rustup-home/toolchains/beta-2023-04-20-x86_64-unknown-linux-gnu/lib/rustlib/x86_64-unknown-linux-gnu/bin:/opt/rustwide/cargo-home/bin:/usr/local/sbin:/usr/local/bin:/usr/sbin:/usr/bin:/sbin:/bin" VSLANG="1033" "cc" "-m64" "/tmp/rustcTBzLzL/symbols.o" "/opt/rustwide/target/debug/build/proc-macro-error-attr-16cf955bdabb0708/build_script_build-16cf955bdabb0708.build_script_build.e122b126-cgu.0.rcgu.o" "/opt/rustwide/target/debug/build/proc-macro-error-attr-16cf955bdabb0708/build_script_build-16cf955bdabb0708.build_script_build.e122b126-cgu.1.rcgu.o" "/opt/rustwide/target/debug/build/proc-macro-error-attr-16cf955bdabb0708/build_script_build-16cf955bdabb0708.build_script_build.e122b126-cgu.2.rcgu.o" "/opt/rustwide/target/debug/build/proc-macro-error-attr-16cf955bdabb0708/build_script_build-16cf955bdabb0708.build_script_build.e122b126-cgu.3.rcgu.o" "/opt/rustwide/target/debug/build/proc-macro-error-attr-16cf955bdabb0708/build_script_build-16cf955bdabb0708.build_script_build.e122b126-cgu.4.rcgu.o" "/opt/rustwide/target/debug/build/proc-macro-error-attr-16cf955bdabb0708/build_script_build-16cf955bdabb0708.build_script_build.e122b126-cgu.5.rcgu.o" "/opt/rustwide/target/debug/build/proc-macro-error-attr-16cf955bdabb0708/build_script_build-16cf955bdabb0708.2nwmvcg3sydv75h4.rcgu.o" "-Wl,--as-needed" "-L" "/opt/rustwide/target/debug/deps" "-L" "/opt/rustwide/rustup-home/toolchains/beta-2023-04-20-x86_64-unknown-linux-gnu/lib/rustlib/x86_64-unknown-linux-gnu/lib" "-Wl,-Bstatic" "/opt/rustwide/target/debug/deps/libversion_check-c932dd0ed5069dd2.rlib" "/opt/rustwide/rustup-home/toolchains/beta-2023-04-20-x86_64-unknown-linux-gnu/lib/rustlib/x86_64-unknown-linux-gnu/lib/libstd-0e29cc23c5e02021.rlib" "/opt/rustwide/rustup-home/toolchains/beta-2023-04-20-x86_64-unknown-linux-gnu/lib/rustlib/x86_64-unknown-linux-gnu/lib/libpanic_unwind-d903621768a861d9.rlib" "/opt/rustwide/rustup-home/toolchains/beta-2023-04-20-x86_64-unknown-linux-gnu/lib/rustlib/x86_64-unknown-linux-gnu/lib/libobject-6d0225e655f31c13.rlib" "/opt/rustwide/rustup-home/toolchains/beta-2023-04-20-x86_64-unknown-linux-gnu/lib/rustlib/x86_64-unknown-linux-gnu/lib/libmemchr-9dbaf4eac7eaa079.rlib" "/opt/rustwide/rustup-home/toolchains/beta-2023-04-20-x86_64-unknown-linux-gnu/lib/rustlib/x86_64-unknown-linux-gnu/lib/libaddr2line-27f05b3d42a66dd0.rlib" "/opt/rustwide/rustup-home/toolchains/beta-2023-04-20-x86_64-unknown-linux-gnu/lib/rustlib/x86_64-unknown-linux-gnu/lib/libgimli-4d73f1030321c9a2.rlib" "/opt/rustwide/rustup-home/toolchains/beta-2023-04-20-x86_64-unknown-linux-gnu/lib/rustlib/x86_64-unknown-linux-gnu/lib/librustc_demangle-2846c9e58abd0acb.rlib" "/opt/rustwide/rustup-home/toolchains/beta-2023-04-20-x86_64-unknown-linux-gnu/lib/rustlib/x86_64-unknown-linux-gnu/lib/libstd_detect-a53d0f50415947be.rlib" "/opt/rustwide/rustup-home/toolchains/beta-2023-04-20-x86_64-unknown-linux-gnu/lib/rustlib/x86_64-unknown-linux-gnu/lib/libhashbrown-d48e4b6abc25b9dc.rlib" "/opt/rustwide/rustup-home/toolchains/beta-2023-04-20-x86_64-unknown-linux-gnu/lib/rustlib/x86_64-unknown-linux-gnu/lib/libminiz_oxide-2991859439ef1207.rlib" "/opt/rustwide/rustup-home/toolchains/beta-2023-04-20-x86_64-unknown-linux-gnu/lib/rustlib/x86_64-unknown-linux-gnu/lib/libadler-8a687517e4221bae.rlib" "/opt/rustwide/rustup-home/toolchains/beta-2023-04-20-x86_64-unknown-linux-gnu/lib/rustlib/x86_64-unknown-linux-gnu/lib/librustc_std_workspace_alloc-e07b554f6a67f5b3.rlib" "/opt/rustwide/rustup-home/toolchains/beta-2023-04-20-x86_64-unknown-linux-gnu/lib/rustlib/x86_64-unknown-linux-gnu/lib/libunwind-b68238b7c3c619dd.rlib" "/opt/rustwide/rustup-home/toolchains/beta-2023-04-20-x86_64-unknown-linux-gnu/lib/rustlib/x86_64-unknown-linux-gnu/lib/libcfg_if-d5e213e896c017e4.rlib" "/opt/rustwide/rustup-home/toolchains/beta-2023-04-20-x86_64-unknown-linux-gnu/lib/rustlib/x86_64-unknown-linux-gnu/lib/liblibc-0211a3b2e61d8689.rlib" "/opt/rustwide/rustup-home/toolchains/beta-2023-04-20-x86_64-unknown-linux-gnu/lib/rustlib/x86_64-unknown-linux-gnu/lib/liballoc-b371f055239ba51f.rlib" "/opt/rustwide/rustup-home/toolchains/beta-2023-04-20-x86_64-unknown-linux-gnu/lib/rustlib/x86_64-unknown-linux-gnu/lib/librustc_std_workspace_core-e60518d2760eb01e.rlib" "/opt/rustwide/rustup-home/toolchains/beta-2023-04-20-x86_64-unknown-linux-gnu/lib/rustlib/x86_64-unknown-linux-gnu/lib/libcore-1ad943f92a4b1081.rlib" "/opt/rustwide/rustup-home/toolchains/beta-2023-04-20-x86_64-unknown-linux-gnu/lib/rustlib/x86_64-unknown-linux-gnu/lib/libcompiler_builtins-f0d6e4d0fc1e80b4.rlib" "-Wl,-Bdynamic" "-lgcc_s" "-lutil" "-lrt" "-lpthread" "-lm" "-ldl" "-lc" "-Wl,--eh-frame-hdr" "-Wl,-z,noexecstack" "-L" "/opt/rustwide/rustup-home/toolchains/beta-2023-04-20-x86_64-unknown-linux-gnu/lib/rustlib/x86_64-unknown-linux-gnu/lib" "-o" "/opt/rustwide/target/debug/build/proc-macro-error-attr-16cf955bdabb0708/build_script_build-16cf955bdabb0708" "-Wl,--gc-sections" "-pie" "-Wl,-z,relro,-z,now" "-nodefaultlibs"
[INFO] [stdout]   = note: /usr/bin/ld: final link failed: No space left on device
[INFO] [stdout]           collect2: error: ld returned 1 exit status
[INFO] [stdout]           
[INFO] [stdout] 
[INFO] [stdout] 
[INFO] [stdout] error: aborting due to previous error
[INFO] [stdout] 
[INFO] [stdout] 
[INFO] [stderr] error: could not compile `proc-macro-error-attr` (build script) due to 2 previous errors
[INFO] [stderr] LLVM ERROR: IO failure on output stream: No space left on device
[INFO] [stdout] error: linking with `cc` failed: exit status: 1
[INFO] [stdout]   |
[INFO] [stdout]   = note: LC_ALL="C" PATH="/opt/rustwide/rustup-home/toolchains/beta-2023-04-20-x86_64-unknown-linux-gnu/lib/rustlib/x86_64-unknown-linux-gnu/bin:/opt/rustwide/cargo-home/bin:/usr/local/sbin:/usr/local/bin:/usr/sbin:/usr/bin:/sbin:/bin" VSLANG="1033" "cc" "-m64" "/tmp/rustckGJ62m/symbols.o" "/opt/rustwide/target/debug/build/native-tls-4c211accc0ec07c0/build_script_build-4c211accc0ec07c0.build_script_build.46de74d7-cgu.0.rcgu.o" "/opt/rustwide/target/debug/build/native-tls-4c211accc0ec07c0/build_script_build-4c211accc0ec07c0.build_script_build.46de74d7-cgu.1.rcgu.o" "/opt/rustwide/target/debug/build/native-tls-4c211accc0ec07c0/build_script_build-4c211accc0ec07c0.build_script_build.46de74d7-cgu.10.rcgu.o" "/opt/rustwide/target/debug/build/native-tls-4c211accc0ec07c0/build_script_build-4c211accc0ec07c0.build_script_build.46de74d7-cgu.11.rcgu.o" "/opt/rustwide/target/debug/build/native-tls-4c211accc0ec07c0/build_script_build-4c211accc0ec07c0.build_script_build.46de74d7-cgu.12.rcgu.o" "/opt/rustwide/target/debug/build/native-tls-4c211accc0ec07c0/build_script_build-4c211accc0ec07c0.build_script_build.46de74d7-cgu.13.rcgu.o" "/opt/rustwide/target/debug/build/native-tls-4c211accc0ec07c0/build_script_build-4c211accc0ec07c0.build_script_build.46de74d7-cgu.2.rcgu.o" "/opt/rustwide/target/debug/build/native-tls-4c211accc0ec07c0/build_script_build-4c211accc0ec07c0.build_script_build.46de74d7-cgu.3.rcgu.o" "/opt/rustwide/target/debug/build/native-tls-4c211accc0ec07c0/build_script_build-4c211accc0ec07c0.build_script_build.46de74d7-cgu.4.rcgu.o" "/opt/rustwide/target/debug/build/native-tls-4c211accc0ec07c0/build_script_build-4c211accc0ec07c0.build_script_build.46de74d7-cgu.5.rcgu.o" "/opt/rustwide/target/debug/build/native-tls-4c211accc0ec07c0/build_script_build-4c211accc0ec07c0.build_script_build.46de74d7-cgu.6.rcgu.o" "/opt/rustwide/target/debug/build/native-tls-4c211accc0ec07c0/build_script_build-4c211accc0ec07c0.build_script_build.46de74d7-cgu.7.rcgu.o" "/opt/rustwide/target/debug/build/native-tls-4c211accc0ec07c0/build_script_build-4c211accc0ec07c0.build_script_build.46de74d7-cgu.8.rcgu.o" "/opt/rustwide/target/debug/build/native-tls-4c211accc0ec07c0/build_script_build-4c211accc0ec07c0.build_script_build.46de74d7-cgu.9.rcgu.o" "/opt/rustwide/target/debug/build/native-tls-4c211accc0ec07c0/build_script_build-4c211accc0ec07c0.2ymslr1mifd8b8jn.rcgu.o" "-Wl,--as-needed" "-L" "/opt/rustwide/target/debug/deps" "-L" "/opt/rustwide/rustup-home/toolchains/beta-2023-04-20-x86_64-unknown-linux-gnu/lib/rustlib/x86_64-unknown-linux-gnu/lib" "-Wl,-Bstatic" "/opt/rustwide/rustup-home/toolchains/beta-2023-04-20-x86_64-unknown-linux-gnu/lib/rustlib/x86_64-unknown-linux-gnu/lib/libstd-0e29cc23c5e02021.rlib" "/opt/rustwide/rustup-home/toolchains/beta-2023-04-20-x86_64-unknown-linux-gnu/lib/rustlib/x86_64-unknown-linux-gnu/lib/libpanic_unwind-d903621768a861d9.rlib" "/opt/rustwide/rustup-home/toolchains/beta-2023-04-20-x86_64-unknown-linux-gnu/lib/rustlib/x86_64-unknown-linux-gnu/lib/libobject-6d0225e655f31c13.rlib" "/opt/rustwide/rustup-home/toolchains/beta-2023-04-20-x86_64-unknown-linux-gnu/lib/rustlib/x86_64-unknown-linux-gnu/lib/libmemchr-9dbaf4eac7eaa079.rlib" "/opt/rustwide/rustup-home/toolchains/beta-2023-04-20-x86_64-unknown-linux-gnu/lib/rustlib/x86_64-unknown-linux-gnu/lib/libaddr2line-27f05b3d42a66dd0.rlib" "/opt/rustwide/rustup-home/toolchains/beta-2023-04-20-x86_64-unknown-linux-gnu/lib/rustlib/x86_64-unknown-linux-gnu/lib/libgimli-4d73f1030321c9a2.rlib" "/opt/rustwide/rustup-home/toolchains/beta-2023-04-20-x86_64-unknown-linux-gnu/lib/rustlib/x86_64-unknown-linux-gnu/lib/librustc_demangle-2846c9e58abd0acb.rlib" "/opt/rustwide/rustup-home/toolchains/beta-2023-04-20-x86_64-unknown-linux-gnu/lib/rustlib/x86_64-unknown-linux-gnu/lib/libstd_detect-a53d0f50415947be.rlib" "/opt/rustwide/rustup-home/toolchains/beta-2023-04-20-x86_64-unknown-linux-gnu/lib/rustlib/x86_64-unknown-linux-gnu/lib/libhashbrown-d48e4b6abc25b9dc.rlib" "/opt/rustwide/rustup-home/toolchains/beta-2023-04-20-x86_64-unknown-linux-gnu/lib/rustlib/x86_64-unknown-linux-gnu/lib/libminiz_oxide-2991859439ef1207.rlib" "/opt/rustwide/rustup-home/toolchains/beta-2023-04-20-x86_64-unknown-linux-gnu/lib/rustlib/x86_64-unknown-linux-gnu/lib/libadler-8a687517e4221bae.rlib" "/opt/rustwide/rustup-home/toolchains/beta-2023-04-20-x86_64-unknown-linux-gnu/lib/rustlib/x86_64-unknown-linux-gnu/lib/librustc_std_workspace_alloc-e07b554f6a67f5b3.rlib" "/opt/rustwide/rustup-home/toolchains/beta-2023-04-20-x86_64-unknown-linux-gnu/lib/rustlib/x86_64-unknown-linux-gnu/lib/libunwind-b68238b7c3c619dd.rlib" "/opt/rustwide/rustup-home/toolchains/beta-2023-04-20-x86_64-unknown-linux-gnu/lib/rustlib/x86_64-unknown-linux-gnu/lib/libcfg_if-d5e213e896c017e4.rlib" "/opt/rustwide/rustup-home/toolchains/beta-2023-04-20-x86_64-unknown-linux-gnu/lib/rustlib/x86_64-unknown-linux-gnu/lib/liblibc-0211a3b2e61d8689.rlib" "/opt/rustwide/rustup-home/toolchains/beta-2023-04-20-x86_64-unknown-linux-gnu/lib/rustlib/x86_64-unknown-linux-gnu/lib/liballoc-b371f055239ba51f.rlib" "/opt/rustwide/rustup-home/toolchains/beta-2023-04-20-x86_64-unknown-linux-gnu/lib/rustlib/x86_64-unknown-linux-gnu/lib/librustc_std_workspace_core-e60518d2760eb01e.rlib" "/opt/rustwide/rustup-home/toolchains/beta-2023-04-20-x86_64-unknown-linux-gnu/lib/rustlib/x86_64-unknown-linux-gnu/lib/libcore-1ad943f92a4b1081.rlib" "/opt/rustwide/rustup-home/toolchains/beta-2023-04-20-x86_64-unknown-linux-gnu/lib/rustlib/x86_64-unknown-linux-gnu/lib/libcompiler_builtins-f0d6e4d0fc1e80b4.rlib" "-Wl,-Bdynamic" "-lgcc_s" "-lutil" "-lrt" "-lpthread" "-lm" "-ldl" "-lc" "-Wl,--eh-frame-hdr" "-Wl,-z,noexecstack" "-L" "/opt/rustwide/rustup-home/toolchains/beta-2023-04-20-x86_64-unknown-linux-gnu/lib/rustlib/x86_64-unknown-linux-gnu/lib" "-o" "/opt/rustwide/target/debug/build/native-tls-4c211accc0ec07c0/build_script_build-4c211accc0ec07c0" "-Wl,--gc-sections" "-pie" "-Wl,-z,relro,-z,now" "-nodefaultlibs"
[INFO] [stdout]   = note: /usr/bin/ld: final link failed: No space left on device
[INFO] [stdout]           collect2: error: ld returned 1 exit status
[INFO] [stdout]           
[INFO] [stdout] 
[INFO] [stdout] 
[INFO] [stdout] error: aborting due to previous error
[INFO] [stdout] 
[INFO] [stdout] 
[INFO] [stderr] error: could not compile `native-tls` (build script) due to 2 previous errors
[INFO] [stderr] error: could not compile `mio` (lib)
[INFO] [stderr] error: could not compile `parking_lot` (lib)
[INFO] [stderr] LLVM ERROR: IO failure on output stream: No space left on device
[INFO] [stderr] LLVM ERROR: IO failure on output stream: No space left on device
[INFO] [stderr] LLVM ERROR: IO failure on output stream: No space left on device
[INFO] [stderr] LLVM ERROR: IO failure on output stream: No space left on device
[INFO] [stderr] LLVM ERROR: IO failure on output stream: No space left on device
[INFO] [stderr] error: could not compile `num_cpus` (lib)
[INFO] [stderr] error: could not compile `sharded-slab` (lib)
[INFO] [stderr] error: could not compile `signal-hook-registry` (lib)
[INFO] [stderr] error: could not compile `http` (lib)
[INFO] [stderr] error: could not compile `socket2` (lib)
[INFO] [stdout] error: couldn't create a temp dir: No space left on device (os error 28) at path "/opt/rustwide/target/debug/deps/rmetavPf4fR"
[INFO] [stdout] 
[INFO] [stdout] 
[INFO] [stdout] error: linking with `cc` failed: exit status: 1
[INFO] [stdout]   |
[INFO] [stdout]   = note: LC_ALL="C" PATH="/opt/rustwide/rustup-home/toolchains/beta-2023-04-20-x86_64-unknown-linux-gnu/lib/rustlib/x86_64-unknown-linux-gnu/bin:/opt/rustwide/cargo-home/bin:/usr/local/sbin:/usr/local/bin:/usr/sbin:/usr/bin:/sbin:/bin" VSLANG="1033" "cc" "-m64" "/tmp/rustc1Gfjq9/symbols.o" "/opt/rustwide/target/debug/build/ring-c5a8d8805e59f2c0/build_script_build-c5a8d8805e59f2c0.build_script_build.61737673-cgu.0.rcgu.o" "/opt/rustwide/target/debug/build/ring-c5a8d8805e59f2c0/build_script_build-c5a8d8805e59f2c0.build_script_build.61737673-cgu.1.rcgu.o" "/opt/rustwide/target/debug/build/ring-c5a8d8805e59f2c0/build_script_build-c5a8d8805e59f2c0.build_script_build.61737673-cgu.10.rcgu.o" "/opt/rustwide/target/debug/build/ring-c5a8d8805e59f2c0/build_script_build-c5a8d8805e59f2c0.build_script_build.61737673-cgu.11.rcgu.o" "/opt/rustwide/target/debug/build/ring-c5a8d8805e59f2c0/build_script_build-c5a8d8805e59f2c0.build_script_build.61737673-cgu.12.rcgu.o" "/opt/rustwide/target/debug/build/ring-c5a8d8805e59f2c0/build_script_build-c5a8d8805e59f2c0.build_script_build.61737673-cgu.13.rcgu.o" "/opt/rustwide/target/debug/build/ring-c5a8d8805e59f2c0/build_script_build-c5a8d8805e59f2c0.build_script_build.61737673-cgu.14.rcgu.o" "/opt/rustwide/target/debug/build/ring-c5a8d8805e59f2c0/build_script_build-c5a8d8805e59f2c0.build_script_build.61737673-cgu.15.rcgu.o" "/opt/rustwide/target/debug/build/ring-c5a8d8805e59f2c0/build_script_build-c5a8d8805e59f2c0.build_script_build.61737673-cgu.2.rcgu.o" "/opt/rustwide/target/debug/build/ring-c5a8d8805e59f2c0/build_script_build-c5a8d8805e59f2c0.build_script_build.61737673-cgu.3.rcgu.o" "/opt/rustwide/target/debug/build/ring-c5a8d8805e59f2c0/build_script_build-c5a8d8805e59f2c0.build_script_build.61737673-cgu.4.rcgu.o" "/opt/rustwide/target/debug/build/ring-c5a8d8805e59f2c0/build_script_build-c5a8d8805e59f2c0.build_script_build.61737673-cgu.5.rcgu.o" "/opt/rustwide/target/debug/build/ring-c5a8d8805e59f2c0/build_script_build-c5a8d8805e59f2c0.build_script_build.61737673-cgu.6.rcgu.o" "/opt/rustwide/target/debug/build/ring-c5a8d8805e59f2c0/build_script_build-c5a8d8805e59f2c0.build_script_build.61737673-cgu.7.rcgu.o" "/opt/rustwide/target/debug/build/ring-c5a8d8805e59f2c0/build_script_build-c5a8d8805e59f2c0.build_script_build.61737673-cgu.8.rcgu.o" "/opt/rustwide/target/debug/build/ring-c5a8d8805e59f2c0/build_script_build-c5a8d8805e59f2c0.build_script_build.61737673-cgu.9.rcgu.o" "/opt/rustwide/target/debug/build/ring-c5a8d8805e59f2c0/build_script_build-c5a8d8805e59f2c0.1ae0fkuzuud55949.rcgu.o" "-Wl,--as-needed" "-L" "/opt/rustwide/target/debug/deps" "-L" "/opt/rustwide/rustup-home/toolchains/beta-2023-04-20-x86_64-unknown-linux-gnu/lib/rustlib/x86_64-unknown-linux-gnu/lib" "-Wl,-Bstatic" "/opt/rustwide/target/debug/deps/libcc-f12accced3c55116.rlib" "/opt/rustwide/rustup-home/toolchains/beta-2023-04-20-x86_64-unknown-linux-gnu/lib/rustlib/x86_64-unknown-linux-gnu/lib/libstd-0e29cc23c5e02021.rlib" "/opt/rustwide/rustup-home/toolchains/beta-2023-04-20-x86_64-unknown-linux-gnu/lib/rustlib/x86_64-unknown-linux-gnu/lib/libpanic_unwind-d903621768a861d9.rlib" "/opt/rustwide/rustup-home/toolchains/beta-2023-04-20-x86_64-unknown-linux-gnu/lib/rustlib/x86_64-unknown-linux-gnu/lib/libobject-6d0225e655f31c13.rlib" "/opt/rustwide/rustup-home/toolchains/beta-2023-04-20-x86_64-unknown-linux-gnu/lib/rustlib/x86_64-unknown-linux-gnu/lib/libmemchr-9dbaf4eac7eaa079.rlib" "/opt/rustwide/rustup-home/toolchains/beta-2023-04-20-x86_64-unknown-linux-gnu/lib/rustlib/x86_64-unknown-linux-gnu/lib/libaddr2line-27f05b3d42a66dd0.rlib" "/opt/rustwide/rustup-home/toolchains/beta-2023-04-20-x86_64-unknown-linux-gnu/lib/rustlib/x86_64-unknown-linux-gnu/lib/libgimli-4d73f1030321c9a2.rlib" "/opt/rustwide/rustup-home/toolchains/beta-2023-04-20-x86_64-unknown-linux-gnu/lib/rustlib/x86_64-unknown-linux-gnu/lib/librustc_demangle-2846c9e58abd0acb.rlib" "/opt/rustwide/rustup-home/toolchains/beta-2023-04-20-x86_64-unknown-linux-gnu/lib/rustlib/x86_64-unknown-linux-gnu/lib/libstd_detect-a53d0f50415947be.rlib" "/opt/rustwide/rustup-home/toolchains/beta-2023-04-20-x86_64-unknown-linux-gnu/lib/rustlib/x86_64-unknown-linux-gnu/lib/libhashbrown-d48e4b6abc25b9dc.rlib" "/opt/rustwide/rustup-home/toolchains/beta-2023-04-20-x86_64-unknown-linux-gnu/lib/rustlib/x86_64-unknown-linux-gnu/lib/libminiz_oxide-2991859439ef1207.rlib" "/opt/rustwide/rustup-home/toolchains/beta-2023-04-20-x86_64-unknown-linux-gnu/lib/rustlib/x86_64-unknown-linux-gnu/lib/libadler-8a687517e4221bae.rlib" "/opt/rustwide/rustup-home/toolchains/beta-2023-04-20-x86_64-unknown-linux-gnu/lib/rustlib/x86_64-unknown-linux-gnu/lib/librustc_std_workspace_alloc-e07b554f6a67f5b3.rlib" "/opt/rustwide/rustup-home/toolchains/beta-2023-04-20-x86_64-unknown-linux-gnu/lib/rustlib/x86_64-unknown-linux-gnu/lib/libunwind-b68238b7c3c619dd.rlib" "/opt/rustwide/rustup-home/toolchains/beta-2023-04-20-x86_64-unknown-linux-gnu/lib/rustlib/x86_64-unknown-linux-gnu/lib/libcfg_if-d5e213e896c017e4.rlib" "/opt/rustwide/rustup-home/toolchains/beta-2023-04-20-x86_64-unknown-linux-gnu/lib/rustlib/x86_64-unknown-linux-gnu/lib/liblibc-0211a3b2e61d8689.rlib" "/opt/rustwide/rustup-home/toolchains/beta-2023-04-20-x86_64-unknown-linux-gnu/lib/rustlib/x86_64-unknown-linux-gnu/lib/liballoc-b371f055239ba51f.rlib" "/opt/rustwide/rustup-home/toolchains/beta-2023-04-20-x86_64-unknown-linux-gnu/lib/rustlib/x86_64-unknown-linux-gnu/lib/librustc_std_workspace_core-e60518d2760eb01e.rlib" "/opt/rustwide/rustup-home/toolchains/beta-2023-04-20-x86_64-unknown-linux-gnu/lib/rustlib/x86_64-unknown-linux-gnu/lib/libcore-1ad943f92a4b1081.rlib" "/opt/rustwide/rustup-home/toolchains/beta-2023-04-20-x86_64-unknown-linux-gnu/lib/rustlib/x86_64-unknown-linux-gnu/lib/libcompiler_builtins-f0d6e4d0fc1e80b4.rlib" "-Wl,-Bdynamic" "-lgcc_s" "-lutil" "-lrt" "-lpthread" "-lm" "-ldl" "-lc" "-Wl,--eh-frame-hdr" "-Wl,-z,noexecstack" "-L" "/opt/rustwide/rustup-home/toolchains/beta-2023-04-20-x86_64-unknown-linux-gnu/lib/rustlib/x86_64-unknown-linux-gnu/lib" "-o" "/opt/rustwide/target/debug/build/ring-c5a8d8805e59f2c0/build_script_build-c5a8d8805e59f2c0" "-Wl,--gc-sections" "-pie" "-Wl,-z,relro,-z,now" "-nodefaultlibs"
[INFO] [stdout]   = note: /usr/bin/ld: final link failed: No space left on device
[INFO] [stdout]           collect2: error: ld returned 1 exit status
[INFO] [stdout]           
[INFO] [stdout] 
[INFO] [stdout] 
[INFO] [stderr] error: could not compile `ring` (build script) due to previous error
[INFO] [stdout] error: linking with `cc` failed: exit status: 1
[INFO] [stdout]   |
[INFO] [stdout]   = note: LC_ALL="C" PATH="/opt/rustwide/rustup-home/toolchains/beta-2023-04-20-x86_64-unknown-linux-gnu/lib/rustlib/x86_64-unknown-linux-gnu/bin:/opt/rustwide/cargo-home/bin:/usr/local/sbin:/usr/local/bin:/usr/sbin:/usr/bin:/sbin:/bin" VSLANG="1033" "cc" "-m64" "/tmp/rustcmsyfPO/symbols.o" "/opt/rustwide/target/debug/build/openssl-sys-c12962575159e6d2/build_script_main-c12962575159e6d2.build_script_main.3a1c8562-cgu.0.rcgu.o" "/opt/rustwide/target/debug/build/openssl-sys-c12962575159e6d2/build_script_main-c12962575159e6d2.build_script_main.3a1c8562-cgu.1.rcgu.o" "/opt/rustwide/target/debug/build/openssl-sys-c12962575159e6d2/build_script_main-c12962575159e6d2.build_script_main.3a1c8562-cgu.10.rcgu.o" "/opt/rustwide/target/debug/build/openssl-sys-c12962575159e6d2/build_script_main-c12962575159e6d2.build_script_main.3a1c8562-cgu.11.rcgu.o" "/opt/rustwide/target/debug/build/openssl-sys-c12962575159e6d2/build_script_main-c12962575159e6d2.build_script_main.3a1c8562-cgu.12.rcgu.o" "/opt/rustwide/target/debug/build/openssl-sys-c12962575159e6d2/build_script_main-c12962575159e6d2.build_script_main.3a1c8562-cgu.13.rcgu.o" "/opt/rustwide/target/debug/build/openssl-sys-c12962575159e6d2/build_script_main-c12962575159e6d2.build_script_main.3a1c8562-cgu.14.rcgu.o" "/opt/rustwide/target/debug/build/openssl-sys-c12962575159e6d2/build_script_main-c12962575159e6d2.build_script_main.3a1c8562-cgu.15.rcgu.o" "/opt/rustwide/target/debug/build/openssl-sys-c12962575159e6d2/build_script_main-c12962575159e6d2.build_script_main.3a1c8562-cgu.2.rcgu.o" "/opt/rustwide/target/debug/build/openssl-sys-c12962575159e6d2/build_script_main-c12962575159e6d2.build_script_main.3a1c8562-cgu.3.rcgu.o" "/opt/rustwide/target/debug/build/openssl-sys-c12962575159e6d2/build_script_main-c12962575159e6d2.build_script_main.3a1c8562-cgu.4.rcgu.o" "/opt/rustwide/target/debug/build/openssl-sys-c12962575159e6d2/build_script_main-c12962575159e6d2.build_script_main.3a1c8562-cgu.5.rcgu.o" "/opt/rustwide/target/debug/build/openssl-sys-c12962575159e6d2/build_script_main-c12962575159e6d2.build_script_main.3a1c8562-cgu.6.rcgu.o" "/opt/rustwide/target/debug/build/openssl-sys-c12962575159e6d2/build_script_main-c12962575159e6d2.build_script_main.3a1c8562-cgu.7.rcgu.o" "/opt/rustwide/target/debug/build/openssl-sys-c12962575159e6d2/build_script_main-c12962575159e6d2.build_script_main.3a1c8562-cgu.8.rcgu.o" "/opt/rustwide/target/debug/build/openssl-sys-c12962575159e6d2/build_script_main-c12962575159e6d2.build_script_main.3a1c8562-cgu.9.rcgu.o" "/opt/rustwide/target/debug/build/openssl-sys-c12962575159e6d2/build_script_main-c12962575159e6d2.34crav0bf3mcs5j3.rcgu.o" "-Wl,--as-needed" "-L" "/opt/rustwide/target/debug/deps" "-L" "/opt/rustwide/rustup-home/toolchains/beta-2023-04-20-x86_64-unknown-linux-gnu/lib/rustlib/x86_64-unknown-linux-gnu/lib" "-Wl,-Bstatic" "/opt/rustwide/target/debug/deps/libpkg_config-4fb12c7087c641b2.rlib" "/opt/rustwide/target/debug/deps/libcc-f12accced3c55116.rlib" "/opt/rustwide/target/debug/deps/libautocfg-2a455f138db37d2f.rlib" "/opt/rustwide/rustup-home/toolchains/beta-2023-04-20-x86_64-unknown-linux-gnu/lib/rustlib/x86_64-unknown-linux-gnu/lib/libstd-0e29cc23c5e02021.rlib" "/opt/rustwide/rustup-home/toolchains/beta-2023-04-20-x86_64-unknown-linux-gnu/lib/rustlib/x86_64-unknown-linux-gnu/lib/libpanic_unwind-d903621768a861d9.rlib" "/opt/rustwide/rustup-home/toolchains/beta-2023-04-20-x86_64-unknown-linux-gnu/lib/rustlib/x86_64-unknown-linux-gnu/lib/libobject-6d0225e655f31c13.rlib" "/opt/rustwide/rustup-home/toolchains/beta-2023-04-20-x86_64-unknown-linux-gnu/lib/rustlib/x86_64-unknown-linux-gnu/lib/libmemchr-9dbaf4eac7eaa079.rlib" "/opt/rustwide/rustup-home/toolchains/beta-2023-04-20-x86_64-unknown-linux-gnu/lib/rustlib/x86_64-unknown-linux-gnu/lib/libaddr2line-27f05b3d42a66dd0.rlib" "/opt/rustwide/rustup-home/toolchains/beta-2023-04-20-x86_64-unknown-linux-gnu/lib/rustlib/x86_64-unknown-linux-gnu/lib/libgimli-4d73f1030321c9a2.rlib" "/opt/rustwide/rustup-home/toolchains/beta-2023-04-20-x86_64-unknown-linux-gnu/lib/rustlib/x86_64-unknown-linux-gnu/lib/librustc_demangle-2846c9e58abd0acb.rlib" "/opt/rustwide/rustup-home/toolchains/beta-2023-04-20-x86_64-unknown-linux-gnu/lib/rustlib/x86_64-unknown-linux-gnu/lib/libstd_detect-a53d0f50415947be.rlib" "/opt/rustwide/rustup-home/toolchains/beta-2023-04-20-x86_64-unknown-linux-gnu/lib/rustlib/x86_64-unknown-linux-gnu/lib/libhashbrown-d48e4b6abc25b9dc.rlib" "/opt/rustwide/rustup-home/toolchains/beta-2023-04-20-x86_64-unknown-linux-gnu/lib/rustlib/x86_64-unknown-linux-gnu/lib/libminiz_oxide-2991859439ef1207.rlib" "/opt/rustwide/rustup-home/toolchains/beta-2023-04-20-x86_64-unknown-linux-gnu/lib/rustlib/x86_64-unknown-linux-gnu/lib/libadler-8a687517e4221bae.rlib" "/opt/rustwide/rustup-home/toolchains/beta-2023-04-20-x86_64-unknown-linux-gnu/lib/rustlib/x86_64-unknown-linux-gnu/lib/librustc_std_workspace_alloc-e07b554f6a67f5b3.rlib" "/opt/rustwide/rustup-home/toolchains/beta-2023-04-20-x86_64-unknown-linux-gnu/lib/rustlib/x86_64-unknown-linux-gnu/lib/libunwind-b68238b7c3c619dd.rlib" "/opt/rustwide/rustup-home/toolchains/beta-2023-04-20-x86_64-unknown-linux-gnu/lib/rustlib/x86_64-unknown-linux-gnu/lib/libcfg_if-d5e213e896c017e4.rlib" "/opt/rustwide/rustup-home/toolchains/beta-2023-04-20-x86_64-unknown-linux-gnu/lib/rustlib/x86_64-unknown-linux-gnu/lib/liblibc-0211a3b2e61d8689.rlib" "/opt/rustwide/rustup-home/toolchains/beta-2023-04-20-x86_64-unknown-linux-gnu/lib/rustlib/x86_64-unknown-linux-gnu/lib/liballoc-b371f055239ba51f.rlib" "/opt/rustwide/rustup-home/toolchains/beta-2023-04-20-x86_64-unknown-linux-gnu/lib/rustlib/x86_64-unknown-linux-gnu/lib/librustc_std_workspace_core-e60518d2760eb01e.rlib" "/opt/rustwide/rustup-home/toolchains/beta-2023-04-20-x86_64-unknown-linux-gnu/lib/rustlib/x86_64-unknown-linux-gnu/lib/libcore-1ad943f92a4b1081.rlib" "/opt/rustwide/rustup-home/toolchains/beta-2023-04-20-x86_64-unknown-linux-gnu/lib/rustlib/x86_64-unknown-linux-gnu/lib/libcompiler_builtins-f0d6e4d0fc1e80b4.rlib" "-Wl,-Bdynamic" "-lgcc_s" "-lutil" "-lrt" "-lpthread" "-lm" "-ldl" "-lc" "-Wl,--eh-frame-hdr" "-Wl,-z,noexecstack" "-L" "/opt/rustwide/rustup-home/toolchains/beta-2023-04-20-x86_64-unknown-linux-gnu/lib/rustlib/x86_64-unknown-linux-gnu/lib" "-o" "/opt/rustwide/target/debug/build/openssl-sys-c12962575159e6d2/build_script_main-c12962575159e6d2" "-Wl,--gc-sections" "-pie" "-Wl,-z,relro,-z,now" "-nodefaultlibs"
[INFO] [stdout]   = note: /usr/bin/ld: final link failed: No space left on device
[INFO] [stdout]           collect2: error: ld returned 1 exit status
[INFO] [stdout]           
[INFO] [stdout] 
[INFO] [stdout] 
[INFO] [stderr] error: could not compile `regex-syntax` (lib) due to previous error
[INFO] [stderr] error: could not compile `openssl-sys` (build script) due to previous error
[INFO] [stderr] thread 'rustc' panicked at 'assertion failed: pos.get() <= self.position()', compiler/rustc_metadata/src/rmeta/encoder.rs:433:9
[INFO] [stderr] error: could not compile `futures-util` (lib)
[INFO] [stdout] error: couldn't create a temp dir: No space left on device (os error 28) at path "/opt/rustwide/target/debug/deps/rmeta2yK4zR"
[INFO] [stdout] 
[INFO] [stdout] 
[INFO] [stderr] error: could not compile `syn` (lib) due to previous error
[INFO] running `Command { std: "docker" "inspect" "6eef3701985e5ace243989534dccdfd1939477fec105aa0422dedd9c2ea42813", kill_on_drop: false }`
[INFO] running `Command { std: "docker" "rm" "-f" "6eef3701985e5ace243989534dccdfd1939477fec105aa0422dedd9c2ea42813", kill_on_drop: false }`
[INFO] [stdout] 6eef3701985e5ace243989534dccdfd1939477fec105aa0422dedd9c2ea42813
