[INFO] fetching crate zc 0.4.0...
[INFO] testing zc-0.4.0 against 1.69.0 for beta-1.70-1
[INFO] extracting crate zc 0.4.0 into /workspace/builds/worker-1-tc1/source
[INFO] validating manifest of crates.io crate zc 0.4.0 on toolchain 1.69.0
[INFO] running `Command { std: CARGO_HOME="/workspace/cargo-home" RUSTUP_HOME="/workspace/rustup-home" "/workspace/cargo-home/bin/cargo" "+1.69.0" "metadata" "--manifest-path" "Cargo.toml" "--no-deps", kill_on_drop: false }`
[INFO] started tweaking crates.io crate zc 0.4.0
[INFO] finished tweaking crates.io crate zc 0.4.0
[INFO] tweaked toml for crates.io crate zc 0.4.0 written to /workspace/builds/worker-1-tc1/source/Cargo.toml
[INFO] crate crates.io crate zc 0.4.0 already has a lockfile, it will not be regenerated
[INFO] running `Command { std: CARGO_HOME="/workspace/cargo-home" RUSTUP_HOME="/workspace/rustup-home" "/workspace/cargo-home/bin/cargo" "+1.69.0" "fetch" "--manifest-path" "Cargo.toml", kill_on_drop: false }`
[INFO] [stderr]  Downloading crates ...
[INFO] [stderr]   Downloaded syn v1.0.58
[INFO] [stderr]   Downloaded serde_derive v1.0.120
[INFO] [stderr]   Downloaded zc-derive v0.4.0
[INFO] [stderr]   Downloaded serde v1.0.120
[INFO] [stderr]   Downloaded trybuild v1.0.38
[INFO] [stderr]   Downloaded dangerous v0.8.0
[INFO] running `Command { std: "docker" "create" "-v" "/var/lib/crater-agent-workspace/builds/worker-1-tc1/target:/opt/rustwide/target:rw,Z" "-v" "/var/lib/crater-agent-workspace/builds/worker-1-tc1/source:/opt/rustwide/workdir:ro,Z" "-v" "/var/lib/crater-agent-workspace/cargo-home:/opt/rustwide/cargo-home:ro,Z" "-v" "/var/lib/crater-agent-workspace/rustup-home:/opt/rustwide/rustup-home:ro,Z" "-e" "SOURCE_DIR=/opt/rustwide/workdir" "-e" "CARGO_TARGET_DIR=/opt/rustwide/target" "-e" "CARGO_HOME=/opt/rustwide/cargo-home" "-e" "RUSTUP_HOME=/opt/rustwide/rustup-home" "-w" "/opt/rustwide/workdir" "-m" "1610612736" "--user" "0:0" "--network" "none" "ghcr.io/rust-lang/crates-build-env/linux@sha256:5ff2268d62e97bff2cde7d5815dd6ed5b47097566f13b8d0ca110b04b60e07ed" "/opt/rustwide/cargo-home/bin/cargo" "+1.69.0" "metadata" "--no-deps" "--format-version=1", kill_on_drop: false }`
[INFO] [stdout] 4a3c04b89a6c502de41bb54c937e8d6ebbf3fc9dd7ef2511b406eac587d4a012
[INFO] running `Command { std: "docker" "start" "-a" "4a3c04b89a6c502de41bb54c937e8d6ebbf3fc9dd7ef2511b406eac587d4a012", kill_on_drop: false }`
[INFO] running `Command { std: "docker" "inspect" "4a3c04b89a6c502de41bb54c937e8d6ebbf3fc9dd7ef2511b406eac587d4a012", kill_on_drop: false }`
[INFO] running `Command { std: "docker" "rm" "-f" "4a3c04b89a6c502de41bb54c937e8d6ebbf3fc9dd7ef2511b406eac587d4a012", kill_on_drop: false }`
[INFO] [stdout] 4a3c04b89a6c502de41bb54c937e8d6ebbf3fc9dd7ef2511b406eac587d4a012
[INFO] running `Command { std: "docker" "create" "-v" "/var/lib/crater-agent-workspace/builds/worker-1-tc1/target:/opt/rustwide/target:rw,Z" "-v" "/var/lib/crater-agent-workspace/builds/worker-1-tc1/source:/opt/rustwide/workdir:ro,Z" "-v" "/var/lib/crater-agent-workspace/cargo-home:/opt/rustwide/cargo-home:ro,Z" "-v" "/var/lib/crater-agent-workspace/rustup-home:/opt/rustwide/rustup-home:ro,Z" "-e" "SOURCE_DIR=/opt/rustwide/workdir" "-e" "CARGO_TARGET_DIR=/opt/rustwide/target" "-e" "CARGO_INCREMENTAL=0" "-e" "RUST_BACKTRACE=full" "-e" "RUSTFLAGS=--cap-lints=warn" "-e" "RUSTDOCFLAGS=--cap-lints=warn" "-e" "CARGO_HOME=/opt/rustwide/cargo-home" "-e" "RUSTUP_HOME=/opt/rustwide/rustup-home" "-w" "/opt/rustwide/workdir" "-m" "1610612736" "--user" "0:0" "--network" "none" "ghcr.io/rust-lang/crates-build-env/linux@sha256:5ff2268d62e97bff2cde7d5815dd6ed5b47097566f13b8d0ca110b04b60e07ed" "/opt/rustwide/cargo-home/bin/cargo" "+1.69.0" "build" "--frozen" "--message-format=json", kill_on_drop: false }`
[INFO] [stdout] 8e5d73638713e4d63c365cdc0285072369ebbb5b3ed48ff6add3a104298e7a03
[INFO] running `Command { std: "docker" "start" "-a" "8e5d73638713e4d63c365cdc0285072369ebbb5b3ed48ff6add3a104298e7a03", kill_on_drop: false }`
[INFO] [stderr]    Compiling syn v1.0.58
[INFO] [stderr]    Compiling aliasable v0.1.3
[INFO] [stderr]    Compiling quote v1.0.8
[INFO] [stderr]    Compiling zc-derive v0.4.0
[INFO] [stderr]    Compiling zc v0.4.0 (/opt/rustwide/workdir)
[INFO] [stderr]     Finished dev [unoptimized + debuginfo] target(s) in 2.43s
[INFO] running `Command { std: "docker" "inspect" "8e5d73638713e4d63c365cdc0285072369ebbb5b3ed48ff6add3a104298e7a03", kill_on_drop: false }`
[INFO] running `Command { std: "docker" "rm" "-f" "8e5d73638713e4d63c365cdc0285072369ebbb5b3ed48ff6add3a104298e7a03", kill_on_drop: false }`
[INFO] [stdout] 8e5d73638713e4d63c365cdc0285072369ebbb5b3ed48ff6add3a104298e7a03
[INFO] running `Command { std: "docker" "create" "-v" "/var/lib/crater-agent-workspace/builds/worker-1-tc1/target:/opt/rustwide/target:rw,Z" "-v" "/var/lib/crater-agent-workspace/builds/worker-1-tc1/source:/opt/rustwide/workdir:ro,Z" "-v" "/var/lib/crater-agent-workspace/cargo-home:/opt/rustwide/cargo-home:ro,Z" "-v" "/var/lib/crater-agent-workspace/rustup-home:/opt/rustwide/rustup-home:ro,Z" "-e" "SOURCE_DIR=/opt/rustwide/workdir" "-e" "CARGO_TARGET_DIR=/opt/rustwide/target" "-e" "CARGO_INCREMENTAL=0" "-e" "RUST_BACKTRACE=full" "-e" "RUSTFLAGS=--cap-lints=warn" "-e" "RUSTDOCFLAGS=--cap-lints=warn" "-e" "CARGO_HOME=/opt/rustwide/cargo-home" "-e" "RUSTUP_HOME=/opt/rustwide/rustup-home" "-w" "/opt/rustwide/workdir" "-m" "1610612736" "--user" "0:0" "--network" "none" "ghcr.io/rust-lang/crates-build-env/linux@sha256:5ff2268d62e97bff2cde7d5815dd6ed5b47097566f13b8d0ca110b04b60e07ed" "/opt/rustwide/cargo-home/bin/cargo" "+1.69.0" "test" "--frozen" "--no-run" "--message-format=json", kill_on_drop: false }`
[INFO] [stdout] 17ba2cf8991c3cbd019c96ea3f5595851b8a41bce23ae022d98541b31beb6cd5
[INFO] running `Command { std: "docker" "start" "-a" "17ba2cf8991c3cbd019c96ea3f5595851b8a41bce23ae022d98541b31beb6cd5", kill_on_drop: false }`
[INFO] [stderr]    Compiling serde_derive v1.0.120
[INFO] [stderr]    Compiling serde v1.0.120
[INFO] [stderr]    Compiling memchr v2.3.4
[INFO] [stderr]    Compiling serde_json v1.0.61
[INFO] [stderr]    Compiling trybuild v1.0.38
[INFO] [stderr]    Compiling rustversion v1.0.4
[INFO] [stderr]    Compiling glob v0.3.0
[INFO] [stderr]    Compiling bytecount v0.6.2
[INFO] [stderr]    Compiling once_cell v1.5.2
[INFO] [stderr]    Compiling dangerous v0.8.0
[INFO] [stderr]    Compiling toml v0.5.8
[INFO] [stderr]    Compiling zc v0.4.0 (/opt/rustwide/workdir)
[INFO] [stderr]     Finished test [unoptimized + debuginfo] target(s) in 7.23s
[INFO] running `Command { std: "docker" "inspect" "17ba2cf8991c3cbd019c96ea3f5595851b8a41bce23ae022d98541b31beb6cd5", kill_on_drop: false }`
[INFO] running `Command { std: "docker" "rm" "-f" "17ba2cf8991c3cbd019c96ea3f5595851b8a41bce23ae022d98541b31beb6cd5", kill_on_drop: false }`
[INFO] [stdout] 17ba2cf8991c3cbd019c96ea3f5595851b8a41bce23ae022d98541b31beb6cd5
[INFO] running `Command { std: "docker" "create" "-v" "/var/lib/crater-agent-workspace/builds/worker-1-tc1/target:/opt/rustwide/target:rw,Z" "-v" "/var/lib/crater-agent-workspace/builds/worker-1-tc1/source:/opt/rustwide/workdir:ro,Z" "-v" "/var/lib/crater-agent-workspace/cargo-home:/opt/rustwide/cargo-home:ro,Z" "-v" "/var/lib/crater-agent-workspace/rustup-home:/opt/rustwide/rustup-home:ro,Z" "-e" "SOURCE_DIR=/opt/rustwide/workdir" "-e" "CARGO_TARGET_DIR=/opt/rustwide/target" "-e" "CARGO_INCREMENTAL=0" "-e" "RUST_BACKTRACE=full" "-e" "RUSTFLAGS=--cap-lints=warn" "-e" "RUSTDOCFLAGS=--cap-lints=warn" "-e" "CARGO_HOME=/opt/rustwide/cargo-home" "-e" "RUSTUP_HOME=/opt/rustwide/rustup-home" "-w" "/opt/rustwide/workdir" "-m" "1610612736" "--user" "0:0" "--network" "none" "ghcr.io/rust-lang/crates-build-env/linux@sha256:5ff2268d62e97bff2cde7d5815dd6ed5b47097566f13b8d0ca110b04b60e07ed" "/opt/rustwide/cargo-home/bin/cargo" "+1.69.0" "test" "--frozen", kill_on_drop: false }`
[INFO] [stdout] 030a0bc780d949e442d3e84f555224c79b4c0a298bff7f3d5a394ab886d872d3
[INFO] running `Command { std: "docker" "start" "-a" "030a0bc780d949e442d3e84f555224c79b4c0a298bff7f3d5a394ab886d872d3", kill_on_drop: false }`
[INFO] [stderr]     Finished test [unoptimized + debuginfo] target(s) in 0.02s
[INFO] [stderr]      Running unittests src/lib.rs (/opt/rustwide/target/debug/deps/zc-5c2c21c97be77e8c)
[INFO] [stdout] 
[INFO] [stdout] running 0 tests
[INFO] [stdout] 
[INFO] [stdout] test result: ok. 0 passed; 0 failed; 0 ignored; 0 measured; 0 filtered out; finished in 0.00s
[INFO] [stdout] 
[INFO] [stderr]      Running tests/test_invalid_use.rs (/opt/rustwide/target/debug/deps/test_invalid_use-22ab650de8382901)
[INFO] [stdout] 
[INFO] [stdout] running 1 test
[INFO] [stderr]    Compiling proc-macro2 v1.0.24
[INFO] [stderr]    Compiling unicode-xid v0.2.1
[INFO] [stderr]    Compiling syn v1.0.58
[INFO] [stderr]    Compiling memchr v2.3.4
[INFO] [stderr]    Compiling rustversion v1.0.4
[INFO] [stderr]     Checking aliasable v0.1.3
[INFO] [stderr]     Checking unicode-width v0.1.8
[INFO] [stderr]     Checking bytecount v0.6.2
[INFO] [stderr]     Checking once_cell v1.5.2
[INFO] [stderr]     Checking dangerous v0.8.0
[INFO] [stderr]    Compiling quote v1.0.8
[INFO] [stderr]    Compiling zc-derive v0.4.0
[INFO] [stderr]     Checking zc v0.4.0 (/opt/rustwide/workdir)
[INFO] [stderr]     Checking zc-tests v0.0.0 (/opt/rustwide/target/tests/zc)
[INFO] [stderr]     Finished dev [unoptimized + debuginfo] target(s) in 5.26s
[INFO] [stderr] 
[INFO] [stderr] 
[INFO] [stderr] test tests/invalid-use/dependant_interior_mut.rs ... mismatch
[INFO] [stderr] 
[INFO] [stderr] EXPECTED:
[INFO] [stderr] ┈┈┈┈┈┈┈┈┈┈┈┈┈┈┈┈┈┈┈┈┈┈┈┈┈┈┈┈┈┈┈┈┈┈┈┈┈┈┈┈┈┈┈┈┈┈┈┈┈┈┈┈┈┈┈┈┈┈┈┈
[INFO] [stderr] error[E0277]: the trait bound `Mutex<&'a [u8]>: Dependant<'a>` is not satisfied
[INFO] [stderr]  --> $DIR/dependant_interior_mut.rs:6:32
[INFO] [stderr]   |
[INFO] [stderr] 5 | #[derive(Debug, Dependant)]
[INFO] [stderr]   |                 --------- required by this bound in `dependant_check`
[INFO] [stderr] 6 | pub struct StructWithBytes<'a>(Mutex<&'a [u8]>);
[INFO] [stderr]   |                                ^^^^^^^^^^^^^^^ the trait `Dependant<'a>` is not implemented for `Mutex<&'a [u8]>`
[INFO] [stderr] ┈┈┈┈┈┈┈┈┈┈┈┈┈┈┈┈┈┈┈┈┈┈┈┈┈┈┈┈┈┈┈┈┈┈┈┈┈┈┈┈┈┈┈┈┈┈┈┈┈┈┈┈┈┈┈┈┈┈┈┈
[INFO] [stderr] 
[INFO] [stderr] ACTUAL OUTPUT:
[INFO] [stderr] ┈┈┈┈┈┈┈┈┈┈┈┈┈┈┈┈┈┈┈┈┈┈┈┈┈┈┈┈┈┈┈┈┈┈┈┈┈┈┈┈┈┈┈┈┈┈┈┈┈┈┈┈┈┈┈┈┈┈┈┈
[INFO] [stderr] error[E0277]: the trait bound `Mutex<&'a [u8]>: Dependant<'a>` is not satisfied
[INFO] [stderr]  --> $DIR/dependant_interior_mut.rs:6:32
[INFO] [stderr]   |
[INFO] [stderr] 6 | pub struct StructWithBytes<'a>(Mutex<&'a [u8]>);
[INFO] [stderr]   |                                ^^^^^^^^^^^^^^^ the trait `Dependant<'a>` is not implemented for `Mutex<&'a [u8]>`
[INFO] [stderr]   |
[INFO] [stderr]   = help: the following other types implement trait `Dependant<'o>`:
[INFO] [stderr]             <&'o T as Dependant<'o>>
[INFO] [stderr]             <&'o [u8] as Dependant<'o>>
[INFO] [stderr]             <&'o str as Dependant<'o>>
[INFO] [stderr]             <() as Dependant<'o>>
[INFO] [stderr]             <(T1, T2) as Dependant<'o>>
[INFO] [stderr]             <(T1, T2, T3) as Dependant<'o>>
[INFO] [stderr]             <(T1, T2, T3, T4) as Dependant<'o>>
[INFO] [stderr]             <(T1, T2, T3, T4, T5) as Dependant<'o>>
[INFO] [stderr]           and 75 others
[INFO] [stderr] note: required by a bound in `dependant_check`
[INFO] [stderr]  --> $DIR/dependant_interior_mut.rs:5:17
[INFO] [stderr]   |
[INFO] [stderr] 5 | #[derive(Debug, Dependant)]
[INFO] [stderr]   |                 ^^^^^^^^^ required by this bound in `dependant_check`
[INFO] [stderr]   = note: this error originates in the derive macro `Dependant` (in Nightly builds, run with -Z macro-backtrace for more info)
[INFO] [stderr] ┈┈┈┈┈┈┈┈┈┈┈┈┈┈┈┈┈┈┈┈┈┈┈┈┈┈┈┈┈┈┈┈┈┈┈┈┈┈┈┈┈┈┈┈┈┈┈┈┈┈┈┈┈┈┈┈┈┈┈┈
[INFO] [stderr] note: If the actual output is the correct output you can bless it by rerunning
[INFO] [stderr]       your test with the environment variable TRYBUILD=overwrite
[INFO] [stderr] 
[INFO] [stderr] test tests/invalid-use/get_dependant_with_static.rs ... mismatch
[INFO] [stderr] 
[INFO] [stderr] EXPECTED:
[INFO] [stderr] ┈┈┈┈┈┈┈┈┈┈┈┈┈┈┈┈┈┈┈┈┈┈┈┈┈┈┈┈┈┈┈┈┈┈┈┈┈┈┈┈┈┈┈┈┈┈┈┈┈┈┈┈┈┈┈┈┈┈┈┈
[INFO] [stderr] error[E0597]: `data` does not live long enough
[INFO] [stderr]   --> $DIR/get_dependant_with_static.rs:15:25
[INFO] [stderr]    |
[INFO] [stderr] 15 |     let dependant_ref = data.get::<MyStruct<'static>>();
[INFO] [stderr]    |                         ^^^^---------------------------
[INFO] [stderr]    |                         |
[INFO] [stderr]    |                         borrowed value does not live long enough
[INFO] [stderr]    |                         argument requires that `data` is borrowed for `'static`
[INFO] [stderr] ...
[INFO] [stderr] 20 | }
[INFO] [stderr]    | - `data` dropped here while still borrowed
[INFO] [stderr] ┈┈┈┈┈┈┈┈┈┈┈┈┈┈┈┈┈┈┈┈┈┈┈┈┈┈┈┈┈┈┈┈┈┈┈┈┈┈┈┈┈┈┈┈┈┈┈┈┈┈┈┈┈┈┈┈┈┈┈┈
[INFO] [stderr] 
[INFO] [stderr] ACTUAL OUTPUT:
[INFO] [stderr] ┈┈┈┈┈┈┈┈┈┈┈┈┈┈┈┈┈┈┈┈┈┈┈┈┈┈┈┈┈┈┈┈┈┈┈┈┈┈┈┈┈┈┈┈┈┈┈┈┈┈┈┈┈┈┈┈┈┈┈┈
[INFO] [stderr] error[E0597]: `data` does not live long enough
[INFO] [stderr]   --> $DIR/get_dependant_with_static.rs:15:25
[INFO] [stderr]    |
[INFO] [stderr] 14 |     let data = zc::from!(owner, MyStruct, [u8]);
[INFO] [stderr]    |         ---- binding `data` declared here
[INFO] [stderr] 15 |     let dependant_ref = data.get::<MyStruct<'static>>();
[INFO] [stderr]    |                         ^^^^^^^^^^^^^^^^^^^^^^^^^^^^^^^
[INFO] [stderr]    |                         |
[INFO] [stderr]    |                         borrowed value does not live long enough
[INFO] [stderr]    |                         argument requires that `data` is borrowed for `'static`
[INFO] [stderr] ...
[INFO] [stderr] 20 | }
[INFO] [stderr]    | - `data` dropped here while still borrowed
[INFO] [stderr] ┈┈┈┈┈┈┈┈┈┈┈┈┈┈┈┈┈┈┈┈┈┈┈┈┈┈┈┈┈┈┈┈┈┈┈┈┈┈┈┈┈┈┈┈┈┈┈┈┈┈┈┈┈┈┈┈┈┈┈┈
[INFO] [stderr] note: If the actual output is the correct output you can bless it by rerunning
[INFO] [stderr]       your test with the environment variable TRYBUILD=overwrite
[INFO] [stderr] 
[INFO] [stderr] test tests/invalid-use/non_static_error.rs ... mismatch
[INFO] [stderr] 
[INFO] [stderr] EXPECTED:
[INFO] [stderr] ┈┈┈┈┈┈┈┈┈┈┈┈┈┈┈┈┈┈┈┈┈┈┈┈┈┈┈┈┈┈┈┈┈┈┈┈┈┈┈┈┈┈┈┈┈┈┈┈┈┈┈┈┈┈┈┈┈┈┈┈
[INFO] [stderr] error: implementation of `zc::private::TryConstruct` is not general enough
[INFO] [stderr]    --> $DIR/non_static_error.rs:20:18
[INFO] [stderr]     |
[INFO] [stderr] 20  |       let result = zc::try_from!(owner, MyStruct, [u8]);
[INFO] [stderr]     |                    ^^^^^^^^^^^^^^^^^^^^^^^^^^^^^^^^^^^^ doesn't satisfy where-clause
[INFO] [stderr]     |
[INFO] [stderr]    ::: $WORKSPACE/src/private.rs
[INFO] [stderr]     |
[INFO] [stderr]     | / pub unsafe trait TryConstruct<'o, O>: Sized
[INFO] [stderr] 35  | | where
[INFO] [stderr] 36  | |     O: ?Sized,
[INFO] [stderr] 37  | | {
[INFO] [stderr] ...   |
[INFO] [stderr] 41  | |     unsafe fn try_construct(self, owned: &'o O) -> Result<Self::Dependant, Self::Error>;
[INFO] [stderr] 42  | | }
[INFO] [stderr]     | |_- trait `zc::private::TryConstruct` defined here
[INFO] [stderr]     |
[INFO] [stderr]    ::: $WORKSPACE/src/lib.rs
[INFO] [stderr]     |
[INFO] [stderr]     | /     pub fn try_new<C, E>(owner: O, constructor: C) -> Result<Self, (E, O)>
[INFO] [stderr] 110 | |     where
[INFO] [stderr] 111 | |         E: 'static,
[INFO] [stderr] 112 | |         C: for<'o> TryConstruct<'o, <O::Storage as Deref>::Target, Error = E, Dependant = D>,
[INFO] [stderr] ...   |
[INFO] [stderr] 119 | |         }
[INFO] [stderr] 120 | |     }
[INFO] [stderr]     | |_____- due to a where-clause on `Zc::<O, D>::try_new`...
[INFO] [stderr]     |
[INFO] [stderr]     = note: ...`for<'r> fn(&'r [u8]) -> std::result::Result<MyStruct<'r>, <MyStruct<'r> as TryFrom<&'r [u8]>>::Error> {_new_fn}` must implement `zc::private::TryConstruct<'0, [u8]>`, for any lifetime `'0`...
[INFO] [stderr]     = note: ...but `for<'r> fn(&'r [u8]) -> std::result::Result<MyStruct<'r>, <MyStruct<'r> as TryFrom<&'r [u8]>>::Error> {_new_fn}` actually implements `zc::private::TryConstruct<'1, [u8]>`, for some specific lifetime `'1`
[INFO] [stderr]     = note: this error originates in a macro (in Nightly builds, run with -Z macro-backtrace for more info)
[INFO] [stderr] ┈┈┈┈┈┈┈┈┈┈┈┈┈┈┈┈┈┈┈┈┈┈┈┈┈┈┈┈┈┈┈┈┈┈┈┈┈┈┈┈┈┈┈┈┈┈┈┈┈┈┈┈┈┈┈┈┈┈┈┈
[INFO] [stderr] 
[INFO] [stderr] ACTUAL OUTPUT:
[INFO] [stderr] ┈┈┈┈┈┈┈┈┈┈┈┈┈┈┈┈┈┈┈┈┈┈┈┈┈┈┈┈┈┈┈┈┈┈┈┈┈┈┈┈┈┈┈┈┈┈┈┈┈┈┈┈┈┈┈┈┈┈┈┈
[INFO] [stderr] error: implementation of `zc::private::TryConstruct` is not general enough
[INFO] [stderr]   --> $DIR/non_static_error.rs:20:18
[INFO] [stderr]    |
[INFO] [stderr] 20 |     let result = zc::try_from!(owner, MyStruct, [u8]);
[INFO] [stderr]    |                  ^^^^^^^^^^^^^^^^^^^^^^^^^^^^^^^^^^^^ implementation of `zc::private::TryConstruct` is not general enough
[INFO] [stderr]    |
[INFO] [stderr]    = note: `for<'a> fn(&'a [u8]) -> Result<MyStruct<'a>, <MyStruct<'a> as TryFrom<&'a [u8]>>::Error> {_new_fn}` must implement `zc::private::TryConstruct<'0, [u8]>`, for any lifetime `'0`...
[INFO] [stderr]    = note: ...but it actually implements `zc::private::TryConstruct<'1, [u8]>`, for some specific lifetime `'1`
[INFO] [stderr]    = note: this error originates in the macro `zc::try_from` (in Nightly builds, run with -Z macro-backtrace for more info)
[INFO] [stderr] ┈┈┈┈┈┈┈┈┈┈┈┈┈┈┈┈┈┈┈┈┈┈┈┈┈┈┈┈┈┈┈┈┈┈┈┈┈┈┈┈┈┈┈┈┈┈┈┈┈┈┈┈┈┈┈┈┈┈┈┈
[INFO] [stderr] note: If the actual output is the correct output you can bless it by rerunning
[INFO] [stderr]       your test with the environment variable TRYBUILD=overwrite
[INFO] [stderr] 
[INFO] [stderr] test tests/invalid-use/steal_owned_data.rs ... mismatch
[INFO] [stderr] 
[INFO] [stderr] EXPECTED:
[INFO] [stderr] ┈┈┈┈┈┈┈┈┈┈┈┈┈┈┈┈┈┈┈┈┈┈┈┈┈┈┈┈┈┈┈┈┈┈┈┈┈┈┈┈┈┈┈┈┈┈┈┈┈┈┈┈┈┈┈┈┈┈┈┈
[INFO] [stderr] error: implementation of `zc::private::Construct` is not general enough
[INFO] [stderr]   --> $DIR/steal_owned_data.rs:17:13
[INFO] [stderr]    |
[INFO] [stderr] 17 |       let _ = Zc::new(owner, steal_owned_data);
[INFO] [stderr]    |               ^^^^^^^ doesn't satisfy where-clause
[INFO] [stderr]    |
[INFO] [stderr]   ::: $WORKSPACE/src/private.rs
[INFO] [stderr]    |
[INFO] [stderr]    | / pub unsafe trait Construct<'o, O>: Sized
[INFO] [stderr] 13 | | where
[INFO] [stderr] 14 | |     O: ?Sized,
[INFO] [stderr] 15 | | {
[INFO] [stderr] ...  |
[INFO] [stderr] 18 | |     unsafe fn construct(self, owned: &'o O) -> Self::Dependant;
[INFO] [stderr] 19 | | }
[INFO] [stderr]    | |_- trait `zc::private::Construct` defined here
[INFO] [stderr]    |
[INFO] [stderr]   ::: $WORKSPACE/src/lib.rs
[INFO] [stderr]    |
[INFO] [stderr]    | /     pub fn new<C>(owner: O, constructor: C) -> Self
[INFO] [stderr] 74 | |     where
[INFO] [stderr] 75 | |         C: for<'o> Construct<'o, <O::Storage as Deref>::Target, Dependant = D>,
[INFO] [stderr] 76 | |     {
[INFO] [stderr] ...  |
[INFO] [stderr] 81 | |         Self { storage, value }
[INFO] [stderr] 82 | |     }
[INFO] [stderr]    | |_____- due to a where-clause on `Zc::<O, D>::new`...
[INFO] [stderr]    |
[INFO] [stderr]    = note: ...`fn(&'static [u8]) -> MyStruct<'static> {steal_owned_data}` must implement `zc::private::Construct<'0, [u8]>`, for any lifetime `'0`...
[INFO] [stderr]    = note: ...but `fn(&'static [u8]) -> MyStruct<'static> {steal_owned_data}` actually implements `zc::private::Construct<'1, [u8]>`, for some specific lifetime `'1`
[INFO] [stderr] ┈┈┈┈┈┈┈┈┈┈┈┈┈┈┈┈┈┈┈┈┈┈┈┈┈┈┈┈┈┈┈┈┈┈┈┈┈┈┈┈┈┈┈┈┈┈┈┈┈┈┈┈┈┈┈┈┈┈┈┈
[INFO] [stderr] 
[INFO] [stderr] ACTUAL OUTPUT:
[INFO] [stderr] ┈┈┈┈┈┈┈┈┈┈┈┈┈┈┈┈┈┈┈┈┈┈┈┈┈┈┈┈┈┈┈┈┈┈┈┈┈┈┈┈┈┈┈┈┈┈┈┈┈┈┈┈┈┈┈┈┈┈┈┈
[INFO] [stderr] error: implementation of `zc::private::Construct` is not general enough
[INFO] [stderr]   --> $DIR/steal_owned_data.rs:17:13
[INFO] [stderr]    |
[INFO] [stderr] 17 |     let _ = Zc::new(owner, steal_owned_data);
[INFO] [stderr]    |             ^^^^^^^ implementation of `zc::private::Construct` is not general enough
[INFO] [stderr]    |
[INFO] [stderr]    = note: `fn(&'static [u8]) -> MyStruct<'static> {steal_owned_data}` must implement `zc::private::Construct<'0, [u8]>`, for any lifetime `'0`...
[INFO] [stderr]    = note: ...but it actually implements `zc::private::Construct<'1, [u8]>`, for some specific lifetime `'1`
[INFO] [stderr] ┈┈┈┈┈┈┈┈┈┈┈┈┈┈┈┈┈┈┈┈┈┈┈┈┈┈┈┈┈┈┈┈┈┈┈┈┈┈┈┈┈┈┈┈┈┈┈┈┈┈┈┈┈┈┈┈┈┈┈┈
[INFO] [stderr] note: If the actual output is the correct output you can bless it by rerunning
[INFO] [stderr]       your test with the environment variable TRYBUILD=overwrite
[INFO] [stderr] 
[INFO] [stderr] test tests/invalid-use/two_lifetimes_on_dependant.rs ... ok
[INFO] [stderr] test tests/invalid-use/use_dependant_ref_after_drop.rs ... mismatch
[INFO] [stderr] 
[INFO] [stderr] EXPECTED:
[INFO] [stderr] ┈┈┈┈┈┈┈┈┈┈┈┈┈┈┈┈┈┈┈┈┈┈┈┈┈┈┈┈┈┈┈┈┈┈┈┈┈┈┈┈┈┈┈┈┈┈┈┈┈┈┈┈┈┈┈┈┈┈┈┈
[INFO] [stderr] error[E0505]: cannot move out of `data` because it is borrowed
[INFO] [stderr]   --> $DIR/use_dependant_ref_after_drop.rs:16:21
[INFO] [stderr]    |
[INFO] [stderr] 15 |       let dependant_ref = data.get::<MyStruct>();
[INFO] [stderr]    |                           ---- borrow of `data` occurs here
[INFO] [stderr] 16 |       core::mem::drop(data);
[INFO] [stderr]    |                       ^^^^ move out of `data` occurs here
[INFO] [stderr] 17 | /     assert_eq!(
[INFO] [stderr] 18 | |         dependant_ref,
[INFO] [stderr] 19 | |         &MyStruct(&[1, 2, 3])
[INFO] [stderr] 20 | |     )
[INFO] [stderr]    | |_____- borrow later used here
[INFO] [stderr] ┈┈┈┈┈┈┈┈┈┈┈┈┈┈┈┈┈┈┈┈┈┈┈┈┈┈┈┈┈┈┈┈┈┈┈┈┈┈┈┈┈┈┈┈┈┈┈┈┈┈┈┈┈┈┈┈┈┈┈┈
[INFO] [stderr] 
[INFO] [stderr] ACTUAL OUTPUT:
[INFO] [stderr] ┈┈┈┈┈┈┈┈┈┈┈┈┈┈┈┈┈┈┈┈┈┈┈┈┈┈┈┈┈┈┈┈┈┈┈┈┈┈┈┈┈┈┈┈┈┈┈┈┈┈┈┈┈┈┈┈┈┈┈┈
[INFO] [stderr] error[E0505]: cannot move out of `data` because it is borrowed
[INFO] [stderr]   --> $DIR/use_dependant_ref_after_drop.rs:16:21
[INFO] [stderr]    |
[INFO] [stderr] 14 |       let data = zc::from!(owner, MyStruct, [u8]);
[INFO] [stderr]    |           ---- binding `data` declared here
[INFO] [stderr] 15 |       let dependant_ref = data.get::<MyStruct>();
[INFO] [stderr]    |                           ---------------------- borrow of `data` occurs here
[INFO] [stderr] 16 |       core::mem::drop(data);
[INFO] [stderr]    |                       ^^^^ move out of `data` occurs here
[INFO] [stderr] 17 | /     assert_eq!(
[INFO] [stderr] 18 | |         dependant_ref,
[INFO] [stderr] 19 | |         &MyStruct(&[1, 2, 3])
[INFO] [stderr] 20 | |     )
[INFO] [stderr]    | |_____- borrow later used here
[INFO] [stderr] ┈┈┈┈┈┈┈┈┈┈┈┈┈┈┈┈┈┈┈┈┈┈┈┈┈┈┈┈┈┈┈┈┈┈┈┈┈┈┈┈┈┈┈┈┈┈┈┈┈┈┈┈┈┈┈┈┈┈┈┈
[INFO] [stderr] note: If the actual output is the correct output you can bless it by rerunning
[INFO] [stderr]       your test with the environment variable TRYBUILD=overwrite
[INFO] [stderr] 
[INFO] [stderr] 
[INFO] [stderr] 
[INFO] [stdout] test invalid_use ... FAILED
[INFO] [stdout] 
[INFO] [stdout] failures:
[INFO] [stdout] 
[INFO] [stdout] ---- invalid_use stdout ----
[INFO] [stdout] thread 'invalid_use' panicked at '5 of 6 tests failed', /opt/rustwide/cargo-home/registry/src/github.com-1ecc6299db9ec823/trybuild-1.0.38/src/run.rs:57:13
[INFO] [stdout] stack backtrace:
[INFO] [stdout]    0:     0x56386e8345ba - std::backtrace_rs::backtrace::libunwind::trace::ha9053a9a07ca49cb
[INFO] [stdout]                                at /rustc/84c898d65adf2f39a5a98507f1fe0ce10a2b8dbc/library/std/src/../../backtrace/src/backtrace/libunwind.rs:93:5
[INFO] [stdout]    1:     0x56386e8345ba - std::backtrace_rs::backtrace::trace_unsynchronized::h9c2852a457ad564e
[INFO] [stdout]                                at /rustc/84c898d65adf2f39a5a98507f1fe0ce10a2b8dbc/library/std/src/../../backtrace/src/backtrace/mod.rs:66:5
[INFO] [stdout]    2:     0x56386e8345ba - std::sys_common::backtrace::_print_fmt::h457936fbfaa0070f
[INFO] [stdout]                                at /rustc/84c898d65adf2f39a5a98507f1fe0ce10a2b8dbc/library/std/src/sys_common/backtrace.rs:65:5
[INFO] [stdout]    3:     0x56386e8345ba - <std::sys_common::backtrace::_print::DisplayBacktrace as core::fmt::Display>::fmt::h5779d7bf7f70cb0c
[INFO] [stdout]                                at /rustc/84c898d65adf2f39a5a98507f1fe0ce10a2b8dbc/library/std/src/sys_common/backtrace.rs:44:22
[INFO] [stdout]    4:     0x56386e859dfe - core::fmt::write::h5a4baaff1bcd3eb5
[INFO] [stdout]                                at /rustc/84c898d65adf2f39a5a98507f1fe0ce10a2b8dbc/library/core/src/fmt/mod.rs:1232:17
[INFO] [stdout]    5:     0x56386e830cd5 - std::io::Write::write_fmt::h478f79c628ef31d1
[INFO] [stdout]                                at /rustc/84c898d65adf2f39a5a98507f1fe0ce10a2b8dbc/library/std/src/io/mod.rs:1684:15
[INFO] [stdout]    6:     0x56386e834385 - std::sys_common::backtrace::_print::h5fcdc36060f177e8
[INFO] [stdout]                                at /rustc/84c898d65adf2f39a5a98507f1fe0ce10a2b8dbc/library/std/src/sys_common/backtrace.rs:47:5
[INFO] [stdout]    7:     0x56386e834385 - std::sys_common::backtrace::print::h54ca9458b876c8bf
[INFO] [stdout]                                at /rustc/84c898d65adf2f39a5a98507f1fe0ce10a2b8dbc/library/std/src/sys_common/backtrace.rs:34:9
[INFO] [stdout]    8:     0x56386e83614f - std::panicking::default_hook::{{closure}}::hbe471161c7664ed6
[INFO] [stdout]                                at /rustc/84c898d65adf2f39a5a98507f1fe0ce10a2b8dbc/library/std/src/panicking.rs:271:22
[INFO] [stdout]    9:     0x56386e835e0f - std::panicking::default_hook::ha3500da57aa4ac4f
[INFO] [stdout]                                at /rustc/84c898d65adf2f39a5a98507f1fe0ce10a2b8dbc/library/std/src/panicking.rs:287:9
[INFO] [stdout]   10:     0x56386e806e17 - <alloc::boxed::Box<F,A> as core::ops::function::Fn<Args>>::call::hdf1b89dd137ece34
[INFO] [stdout]                                at /rustc/84c898d65adf2f39a5a98507f1fe0ce10a2b8dbc/library/alloc/src/boxed.rs:2001:9
[INFO] [stdout]   11:     0x56386e806e17 - test::test_main::{{closure}}::h9081a79f20e75698
[INFO] [stdout]                                at /rustc/84c898d65adf2f39a5a98507f1fe0ce10a2b8dbc/library/test/src/lib.rs:135:21
[INFO] [stdout]   12:     0x56386e83687d - <alloc::boxed::Box<F,A> as core::ops::function::Fn<Args>>::call::h6507bddc3eebb4a5
[INFO] [stdout]                                at /rustc/84c898d65adf2f39a5a98507f1fe0ce10a2b8dbc/library/alloc/src/boxed.rs:2001:9
[INFO] [stdout]   13:     0x56386e83687d - std::panicking::rust_panic_with_hook::h50c09d000dc561d2
[INFO] [stdout]                                at /rustc/84c898d65adf2f39a5a98507f1fe0ce10a2b8dbc/library/std/src/panicking.rs:696:13
[INFO] [stdout]   14:     0x56386e8365f9 - std::panicking::begin_panic_handler::{{closure}}::h9e2b2176e00e0d9c
[INFO] [stdout]                                at /rustc/84c898d65adf2f39a5a98507f1fe0ce10a2b8dbc/library/std/src/panicking.rs:583:13
[INFO] [stdout]   15:     0x56386e834a26 - std::sys_common::backtrace::__rust_end_short_backtrace::h5739b8e512c09d02
[INFO] [stdout]                                at /rustc/84c898d65adf2f39a5a98507f1fe0ce10a2b8dbc/library/std/src/sys_common/backtrace.rs:150:18
[INFO] [stdout]   16:     0x56386e836302 - rust_begin_unwind
[INFO] [stdout]                                at /rustc/84c898d65adf2f39a5a98507f1fe0ce10a2b8dbc/library/std/src/panicking.rs:579:5
[INFO] [stdout]   17:     0x56386e60cdb3 - core::panicking::panic_fmt::hf33a1475b4dc5c3e
[INFO] [stdout]                                at /rustc/84c898d65adf2f39a5a98507f1fe0ce10a2b8dbc/library/core/src/panicking.rs:64:14
[INFO] [stdout]   18:     0x56386e67b2a8 - trybuild::run::<impl trybuild::Runner>::run::he69f4f21ba02d506
[INFO] [stdout]                                at /opt/rustwide/cargo-home/registry/src/github.com-1ecc6299db9ec823/trybuild-1.0.38/src/run.rs:57:13
[INFO] [stdout]   19:     0x56386e67ef9a - <trybuild::TestCases as core::ops::drop::Drop>::drop::he23a4b074db01a5a
[INFO] [stdout]                                at /opt/rustwide/cargo-home/registry/src/github.com-1ecc6299db9ec823/trybuild-1.0.38/src/lib.rs:293:13
[INFO] [stdout]   20:     0x56386e60e337 - core::ptr::drop_in_place<trybuild::TestCases>::h90c464868aed53a5
[INFO] [stdout]                                at /rustc/84c898d65adf2f39a5a98507f1fe0ce10a2b8dbc/library/core/src/ptr/mod.rs:490:1
[INFO] [stdout]   21:     0x56386e60e5e3 - test_invalid_use::invalid_use::h1c2b35a60822c885
[INFO] [stdout]                                at /opt/rustwide/workdir/tests/test_invalid_use.rs:6:1
[INFO] [stdout]   22:     0x56386e60e577 - test_invalid_use::invalid_use::{{closure}}::hb7ab844c856a0ee3
[INFO] [stdout]                                at /opt/rustwide/workdir/tests/test_invalid_use.rs:3:18
[INFO] [stdout]   23:     0x56386e60e2e5 - core::ops::function::FnOnce::call_once::hfb834bb4e82a96d4
[INFO] [stdout]                                at /rustc/84c898d65adf2f39a5a98507f1fe0ce10a2b8dbc/library/core/src/ops/function.rs:250:5
[INFO] [stdout]   24:     0x56386e80c1ff - core::ops::function::FnOnce::call_once::h7d969581be7d0075
[INFO] [stdout]                                at /rustc/84c898d65adf2f39a5a98507f1fe0ce10a2b8dbc/library/core/src/ops/function.rs:250:5
[INFO] [stdout]   25:     0x56386e80c1ff - test::__rust_begin_short_backtrace::hca25a52684e56655
[INFO] [stdout]                                at /rustc/84c898d65adf2f39a5a98507f1fe0ce10a2b8dbc/library/test/src/lib.rs:656:18
[INFO] [stdout]   26:     0x56386e7dd81c - test::run_test::{{closure}}::ha8ac744c4af1a4bb
[INFO] [stdout]                                at /rustc/84c898d65adf2f39a5a98507f1fe0ce10a2b8dbc/library/test/src/lib.rs:647:30
[INFO] [stdout]   27:     0x56386e7dd81c - core::ops::function::FnOnce::call_once{{vtable.shim}}::h7b411a9ed45bdecf
[INFO] [stdout]                                at /rustc/84c898d65adf2f39a5a98507f1fe0ce10a2b8dbc/library/core/src/ops/function.rs:250:5
[INFO] [stdout]   28:     0x56386e80b1c6 - <alloc::boxed::Box<F,A> as core::ops::function::FnOnce<Args>>::call_once::hd05328869a8ed200
[INFO] [stdout]                                at /rustc/84c898d65adf2f39a5a98507f1fe0ce10a2b8dbc/library/alloc/src/boxed.rs:1987:9
[INFO] [stdout]   29:     0x56386e80b1c6 - <core::panic::unwind_safe::AssertUnwindSafe<F> as core::ops::function::FnOnce<()>>::call_once::h0c601ce20bd5b2be
[INFO] [stdout]                                at /rustc/84c898d65adf2f39a5a98507f1fe0ce10a2b8dbc/library/core/src/panic/unwind_safe.rs:271:9
[INFO] [stdout]   30:     0x56386e80b1c6 - std::panicking::try::do_call::ha4be5c164fe30854
[INFO] [stdout]                                at /rustc/84c898d65adf2f39a5a98507f1fe0ce10a2b8dbc/library/std/src/panicking.rs:487:40
[INFO] [stdout]   31:     0x56386e80b1c6 - std::panicking::try::h604546f3609af05f
[INFO] [stdout]                                at /rustc/84c898d65adf2f39a5a98507f1fe0ce10a2b8dbc/library/std/src/panicking.rs:451:19
[INFO] [stdout]   32:     0x56386e80b1c6 - std::panic::catch_unwind::h5bfa8afe44c9c2f9
[INFO] [stdout]                                at /rustc/84c898d65adf2f39a5a98507f1fe0ce10a2b8dbc/library/std/src/panic.rs:140:14
[INFO] [stdout]   33:     0x56386e80b1c6 - test::run_test_in_process::hd50dee55dd63e6aa
[INFO] [stdout]                                at /rustc/84c898d65adf2f39a5a98507f1fe0ce10a2b8dbc/library/test/src/lib.rs:679:27
[INFO] [stdout]   34:     0x56386e80b1c6 - test::run_test::run_test_inner::{{closure}}::h4aa0f433aa85cea8
[INFO] [stdout]                                at /rustc/84c898d65adf2f39a5a98507f1fe0ce10a2b8dbc/library/test/src/lib.rs:573:39
[INFO] [stdout]   35:     0x56386e7d7e91 - test::run_test::run_test_inner::{{closure}}::had56431adf24b4d6
[INFO] [stdout]                                at /rustc/84c898d65adf2f39a5a98507f1fe0ce10a2b8dbc/library/test/src/lib.rs:600:37
[INFO] [stdout]   36:     0x56386e7d7e91 - std::sys_common::backtrace::__rust_begin_short_backtrace::ha8d9890e0c73bf13
[INFO] [stdout]                                at /rustc/84c898d65adf2f39a5a98507f1fe0ce10a2b8dbc/library/std/src/sys_common/backtrace.rs:134:18
[INFO] [stdout]   37:     0x56386e7dd8ab - std::thread::Builder::spawn_unchecked_::{{closure}}::{{closure}}::h251832bcb4a95327
[INFO] [stdout]                                at /rustc/84c898d65adf2f39a5a98507f1fe0ce10a2b8dbc/library/std/src/thread/mod.rs:560:17
[INFO] [stdout]   38:     0x56386e7dd8ab - <core::panic::unwind_safe::AssertUnwindSafe<F> as core::ops::function::FnOnce<()>>::call_once::h8fdff598fa414831
[INFO] [stdout]                                at /rustc/84c898d65adf2f39a5a98507f1fe0ce10a2b8dbc/library/core/src/panic/unwind_safe.rs:271:9
[INFO] [stdout]   39:     0x56386e7dd8ab - std::panicking::try::do_call::h455dd2f7764a950f
[INFO] [stdout]                                at /rustc/84c898d65adf2f39a5a98507f1fe0ce10a2b8dbc/library/std/src/panicking.rs:487:40
[INFO] [stdout]   40:     0x56386e7dd8ab - std::panicking::try::had6f23b7b73ae72a
[INFO] [stdout]                                at /rustc/84c898d65adf2f39a5a98507f1fe0ce10a2b8dbc/library/std/src/panicking.rs:451:19
[INFO] [stdout]   41:     0x56386e7dd8ab - std::panic::catch_unwind::ha6a5ca3915b4dad0
[INFO] [stdout]                                at /rustc/84c898d65adf2f39a5a98507f1fe0ce10a2b8dbc/library/std/src/panic.rs:140:14
[INFO] [stdout]   42:     0x56386e7dd8ab - std::thread::Builder::spawn_unchecked_::{{closure}}::h883b72ef75da6231
[INFO] [stdout]                                at /rustc/84c898d65adf2f39a5a98507f1fe0ce10a2b8dbc/library/std/src/thread/mod.rs:559:30
[INFO] [stdout]   43:     0x56386e7dd8ab - core::ops::function::FnOnce::call_once{{vtable.shim}}::hb7dff73dc8bd2ccb
[INFO] [stdout]                                at /rustc/84c898d65adf2f39a5a98507f1fe0ce10a2b8dbc/library/core/src/ops/function.rs:250:5
[INFO] [stdout]   44:     0x56386e83ba33 - <alloc::boxed::Box<F,A> as core::ops::function::FnOnce<Args>>::call_once::h39990b24eedef2ab
[INFO] [stdout]                                at /rustc/84c898d65adf2f39a5a98507f1fe0ce10a2b8dbc/library/alloc/src/boxed.rs:1987:9
[INFO] [stdout]   45:     0x56386e83ba33 - <alloc::boxed::Box<F,A> as core::ops::function::FnOnce<Args>>::call_once::h01a027258444143b
[INFO] [stdout]                                at /rustc/84c898d65adf2f39a5a98507f1fe0ce10a2b8dbc/library/alloc/src/boxed.rs:1987:9
[INFO] [stdout]   46:     0x56386e83ba33 - std::sys::unix::thread::Thread::new::thread_start::ha4f1cdd9c25884ba
[INFO] [stdout]                                at /rustc/84c898d65adf2f39a5a98507f1fe0ce10a2b8dbc/library/std/src/sys/unix/thread.rs:108:17
[INFO] [stdout]   47:     0x7f87ecac1b43 - <unknown>
[INFO] [stdout]   48:     0x7f87ecb52bb4 - __clone
[INFO] [stdout]   49:                0x0 - <unknown>
[INFO] [stdout] 
[INFO] [stdout] 
[INFO] [stdout] failures:
[INFO] [stdout]     invalid_use
[INFO] [stdout] 
[INFO] [stdout] test result: FAILED. 0 passed; 1 failed; 0 ignored; 0 measured; 0 filtered out; finished in 6.18s
[INFO] [stdout] 
[INFO] [stderr] error: test failed, to rerun pass `--test test_invalid_use`
[INFO] running `Command { std: "docker" "inspect" "030a0bc780d949e442d3e84f555224c79b4c0a298bff7f3d5a394ab886d872d3", kill_on_drop: false }`
[INFO] running `Command { std: "docker" "rm" "-f" "030a0bc780d949e442d3e84f555224c79b4c0a298bff7f3d5a394ab886d872d3", kill_on_drop: false }`
[INFO] [stdout] 030a0bc780d949e442d3e84f555224c79b4c0a298bff7f3d5a394ab886d872d3
